66.249.79.71 - - [07/Jul/2025:20:50:55 +0700] "GET /recollection.php?shopdetail/420076912 HTTP/1.1" 200 19872 "-" "Mozilla/5.0 (Linux; Android 6.0.1; Nexus 5X Build/MMB29P) AppleWebKit/537.36 (KHTML, like Gecko) Chrome/137.0.7151.103 Mobile Safari/537.36 (compatible; Googlebot/2.1; +http://www.google.com/bot.html)"
66.249.79.71 - - [07/Jul/2025:20:50:58 +0700] "POST /get-message-notify HTTP/1.1" 200 19363 "https://bodieukhiencuacuon.vn/recollection.php?shopdetail/420076912" "Mozilla/5.0 (Linux; Android 6.0.1; Nexus 5X Build/MMB29P) AppleWebKit/537.36 (KHTML, like Gecko) Chrome/137.0.7151.119 Mobile Safari/537.36 (compatible; Googlebot/2.1; +http://www.google.com/bot.html)"
66.249.71.203 - - [07/Jul/2025:20:49:55 +0700] "GET /recollection.php?shopdetail/165183612 HTTP/1.1" 200 19580 "-" "Mozilla/5.0 (Linux; Android 6.0.1; Nexus 5X Build/MMB29P) AppleWebKit/537.36 (KHTML, like Gecko) Chrome/137.0.7151.103 Mobile Safari/537.36 (compatible; Googlebot/2.1; +http://www.google.com/bot.html)"
66.249.71.204 - - [07/Jul/2025:20:49:59 +0700] "POST /get-message-notify HTTP/1.1" 200 19363 "https://bodieukhiencuacuon.vn/recollection.php?shopdetail/165183612" "Mozilla/5.0 (Linux; Android 6.0.1; Nexus 5X Build/MMB29P) AppleWebKit/537.36 (KHTML, like Gecko) Chrome/137.0.7151.119 Mobile Safari/537.36 (compatible; Googlebot/2.1; +http://www.google.com/bot.html)"
66.249.79.71 - - [07/Jul/2025:20:50:12 +0700] "POST /get-message-notify HTTP/1.1" 200 19363 "https://bodieukhiencuacuon.vn/news2025-04-15/%E3%82%AC%E3%82%B9%E3%82%B3%E3%83%B3%E3%83%AD%20PA-A64WCK%20%E3%83%91%E3%83%AD%E3%83%9E%20%E3%83%86%E3%83%BC%E3%83%96%E3%83%AB%E3%82%B3%E3%83%B3%E3%83%AD%20%E9%83%BD%E5%B8%82%E3%82%AC%E3%82%B9%E7%94%A8%20%E3%83%97%E3%83%AD%E3%83%91%E3%83%B3%E3%82%AC%E3%82%B9" "Mozilla/5.0 (Linux; Android 6.0.1; Nexus 5X Build/MMB29P) AppleWebKit/537.36 (KHTML, like Gecko) Chrome/137.0.7151.119 Mobile Safari/537.36 (compatible; Googlebot/2.1; +http://www.google.com/bot.html)"
66.249.79.71 - - [07/Jul/2025:20:50:14 +0700] "GET /recollection.php?shopdetail/100785012 HTTP/1.1" 200 20857 "-" "Mozilla/5.0 (Linux; Android 6.0.1; Nexus 5X Build/MMB29P) AppleWebKit/537.36 (KHTML, like Gecko) Chrome/137.0.7151.103 Mobile Safari/537.36 (compatible; Googlebot/2.1; +http://www.google.com/bot.html)"
66.249.79.71 - - [07/Jul/2025:20:50:16 +0700] "GET /recollection.php?shopdetail/34656412 HTTP/1.1" 200 21491 "-" "Mozilla/5.0 (Linux; Android 6.0.1; Nexus 5X Build/MMB29P) AppleWebKit/537.36 (KHTML, like Gecko) Chrome/137.0.7151.103 Mobile Safari/537.36 (compatible; Googlebot/2.1; +http://www.google.com/bot.html)"
66.249.71.203 - - [07/Jul/2025:20:50:39 +0700] "GET /recollection.php?shopdetail/284592112 HTTP/1.1" 200 19398 "-" "Mozilla/5.0 (Linux; Android 6.0.1; Nexus 5X Build/MMB29P) AppleWebKit/537.36 (KHTML, like Gecko) Chrome/137.0.7151.103 Mobile Safari/537.36 (compatible; Googlebot/2.1; +http://www.google.com/bot.html)"
66.249.71.204 - - [07/Jul/2025:20:51:19 +0700] "GET /recollection.php?shopdetail/96578612 HTTP/1.1" 200 20108 "-" "Mozilla/5.0 (Linux; Android 6.0.1; Nexus 5X Build/MMB29P) AppleWebKit/537.36 (KHTML, like Gecko) Chrome/137.0.7151.103 Mobile Safari/537.36 (compatible; Googlebot/2.1; +http://www.google.com/bot.html)"
66.249.79.71 - - [07/Jul/2025:20:51:35 +0700] "GET /shopdetail/%E3%83%A4%E3%83%95%E3%82%AA%E3%82%AF!%20-%E3%80%8Cbcl-d120k%E3%80%8D%E3%81%AE%E8%90%BD%E6%9C%AD%E7%9B%B8%E5%A0%B4%E3%83%BB%E8%90%BD%E6%9C%AD%E4%BE%A1%E6%A0%BC HTTP/1.1" 200 21408 "-" "Mozilla/5.0 (Linux; Android 6.0.1; Nexus 5X Build/MMB29P) AppleWebKit/537.36 (KHTML, like Gecko) Chrome/137.0.7151.103 Mobile Safari/537.36 (compatible; Googlebot/2.1; +http://www.google.com/bot.html)"
66.249.79.72 - - [07/Jul/2025:20:52:06 +0700] "GET /recollection.php?shopdetail/96973112 HTTP/1.1" 200 20140 "-" "Mozilla/5.0 (Linux; Android 6.0.1; Nexus 5X Build/MMB29P) AppleWebKit/537.36 (KHTML, like Gecko) Chrome/137.0.7151.103 Mobile Safari/537.36 (compatible; Googlebot/2.1; +http://www.google.com/bot.html)"
66.249.71.203 - - [07/Jul/2025:20:52:08 +0700] "GET /recollection.php?shopdetail/2581812 HTTP/1.1" 200 21037 "-" "Mozilla/5.0 (Linux; Android 6.0.1; Nexus 5X Build/MMB29P) AppleWebKit/537.36 (KHTML, like Gecko) Chrome/137.0.7151.103 Mobile Safari/537.36 (compatible; Googlebot/2.1; +http://www.google.com/bot.html)"
66.249.79.71 - - [07/Jul/2025:20:52:53 +0700] "GET /recollection.php?shopdetail/97264312 HTTP/1.1" 200 19756 "-" "Mozilla/5.0 (Linux; Android 6.0.1; Nexus 5X Build/MMB29P) AppleWebKit/537.36 (KHTML, like Gecko) Chrome/137.0.7151.103 Mobile Safari/537.36 (compatible; Googlebot/2.1; +http://www.google.com/bot.html)"
66.249.71.203 - - [07/Jul/2025:20:51:23 +0700] "GET /recollection.php?shopdetail/420242612 HTTP/1.1" 200 19523 "-" "Mozilla/5.0 (Linux; Android 6.0.1; Nexus 5X Build/MMB29P) AppleWebKit/537.36 (KHTML, like Gecko) Chrome/137.0.7151.103 Mobile Safari/537.36 (compatible; Googlebot/2.1; +http://www.google.com/bot.html)"
66.249.79.71 - - [07/Jul/2025:20:51:28 +0700] "GET /recollection.php?shopdetail/268082412 HTTP/1.1" 200 19767 "-" "Mozilla/5.0 (Linux; Android 6.0.1; Nexus 5X Build/MMB29P) AppleWebKit/537.36 (KHTML, like Gecko) Chrome/137.0.7151.103 Mobile Safari/537.36 (compatible; Googlebot/2.1; +http://www.google.com/bot.html)"
66.249.71.203 - - [07/Jul/2025:20:51:36 +0700] "GET /recollection.php?shopdetail/139501512 HTTP/1.1" 200 21767 "-" "Mozilla/5.0 (Linux; Android 6.0.1; Nexus 5X Build/MMB29P) AppleWebKit/537.36 (KHTML, like Gecko) Chrome/137.0.7151.103 Mobile Safari/537.36 (compatible; Googlebot/2.1; +http://www.google.com/bot.html)"
66.249.79.71 - - [07/Jul/2025:20:52:07 +0700] "GET /recollection.php?shopdetail/290411112 HTTP/1.1" 200 20076 "-" "Mozilla/5.0 (Linux; Android 6.0.1; Nexus 5X Build/MMB29P) AppleWebKit/537.36 (KHTML, like Gecko) Chrome/137.0.7151.103 Mobile Safari/537.36 (compatible; Googlebot/2.1; +http://www.google.com/bot.html)"
66.249.71.203 - - [07/Jul/2025:20:52:59 +0700] "POST /get-message-notify HTTP/1.1" 200 19363 "https://bodieukhiencuacuon.vn/recollection.php?shopdetail/97264312" "Mozilla/5.0 (Linux; Android 6.0.1; Nexus 5X Build/MMB29P) AppleWebKit/537.36 (KHTML, like Gecko) Chrome/137.0.7151.119 Mobile Safari/537.36 (compatible; Googlebot/2.1; +http://www.google.com/bot.html)"
66.249.79.71 - - [07/Jul/2025:20:53:31 +0700] "GET /recollection.php?shopdetail/2608512 HTTP/1.1" 200 20381 "-" "Mozilla/5.0 (Linux; Android 6.0.1; Nexus 5X Build/MMB29P) AppleWebKit/537.36 (KHTML, like Gecko) Chrome/137.0.7151.103 Mobile Safari/537.36 (compatible; Googlebot/2.1; +http://www.google.com/bot.html)"
66.249.79.71 - - [07/Jul/2025:20:53:33 +0700] "GET /recollection.php?shopdetail/52432012 HTTP/1.1" 200 19991 "-" "Mozilla/5.0 (Linux; Android 6.0.1; Nexus 5X Build/MMB29P) AppleWebKit/537.36 (KHTML, like Gecko) Chrome/137.0.7151.103 Mobile Safari/537.36 (compatible; Googlebot/2.1; +http://www.google.com/bot.html)"
66.249.79.71 - - [07/Jul/2025:20:53:37 +0700] "POST /get-message-notify HTTP/1.1" 200 19363 "https://bodieukhiencuacuon.vn/recollection.php?shopdetail/52432012" "Mozilla/5.0 (Linux; Android 6.0.1; Nexus 5X Build/MMB29P) AppleWebKit/537.36 (KHTML, like Gecko) Chrome/137.0.7151.119 Mobile Safari/537.36 (compatible; Googlebot/2.1; +http://www.google.com/bot.html)"
66.249.79.71 - - [07/Jul/2025:20:53:43 +0700] "POST /get-message-notify HTTP/1.1" 200 19363 "https://bodieukhiencuacuon.vn/recollection.php?shopdetail/420242612" "Mozilla/5.0 (Linux; Android 6.0.1; Nexus 5X Build/MMB29P) AppleWebKit/537.36 (KHTML, like Gecko) Chrome/137.0.7151.119 Mobile Safari/537.36 (compatible; Googlebot/2.1; +http://www.google.com/bot.html)"
66.249.79.71 - - [07/Jul/2025:20:54:01 +0700] "GET /recollection.php?shopdetail/377879312 HTTP/1.1" 200 19015 "-" "Mozilla/5.0 (Linux; Android 6.0.1; Nexus 5X Build/MMB29P) AppleWebKit/537.36 (KHTML, like Gecko) Chrome/137.0.7151.103 Mobile Safari/537.36 (compatible; Googlebot/2.1; +http://www.google.com/bot.html)"
66.249.79.72 - - [07/Jul/2025:20:54:21 +0700] "GET /recollection.php?shopdetail/65998712 HTTP/1.1" 200 22197 "-" "Mozilla/5.0 (Linux; Android 6.0.1; Nexus 5X Build/MMB29P) AppleWebKit/537.36 (KHTML, like Gecko) Chrome/137.0.7151.103 Mobile Safari/537.36 (compatible; Googlebot/2.1; +http://www.google.com/bot.html)"
66.249.79.73 - - [07/Jul/2025:20:55:43 +0700] "GET /robots.txt HTTP/1.1" 200 141 "-" "Mozilla/5.0 (compatible; Googlebot/2.1; +http://www.google.com/bot.html)"
66.249.71.203 - - [07/Jul/2025:20:56:01 +0700] "GET /shopdetail/109957212 HTTP/1.1" 200 20386 "-" "Mozilla/5.0 (Linux; Android 6.0.1; Nexus 5X Build/MMB29P) AppleWebKit/537.36 (KHTML, like Gecko) Chrome/137.0.7151.103 Mobile Safari/537.36 (compatible; Googlebot/2.1; +http://www.google.com/bot.html)"
57.141.2.29 - - [07/Jul/2025:20:49:00 +0700] "GET /shopdetail/84426912 HTTP/2" 301 0 "-" "meta-externalagent/1.1 (+https://developers.facebook.com/docs/sharing/webmasters/crawler)"
57.141.2.20 - - [07/Jul/2025:20:49:04 +0700] "GET /shopdetail/38070012/ HTTP/2" 200 122547 "-" "meta-externalagent/1.1 (+https://developers.facebook.com/docs/sharing/webmasters/crawler)"
57.141.2.3 - - [07/Jul/2025:20:49:43 +0700] "GET /shopdetail/109871012 HTTP/2" 301 0 "-" "meta-externalagent/1.1 (+https://developers.facebook.com/docs/sharing/webmasters/crawler)"
40.77.167.55 - - [07/Jul/2025:20:50:06 +0700] "GET /Simple-Rotatif-360-Degr-s-Conteneur-De/371146 HTTP/2" 200 20246 "-" "Mozilla/5.0 AppleWebKit/537.36 (KHTML, like Gecko; compatible; bingbot/2.0; +http://www.bing.com/bingbot.htm) Chrome/116.0.1938.76 Safari/537.36"
66.249.79.71 - - [07/Jul/2025:20:50:48 +0700] "GET /recollection.php?shopdetail/132154912 HTTP/1.1" 200 19893 "-" "Mozilla/5.0 (Linux; Android 6.0.1; Nexus 5X Build/MMB29P) AppleWebKit/537.36 (KHTML, like Gecko) Chrome/137.0.7151.103 Mobile Safari/537.36 (compatible; Googlebot/2.1; +http://www.google.com/bot.html)"
66.249.79.71 - - [07/Jul/2025:20:50:59 +0700] "GET /robots.txt HTTP/1.1" 200 141 "-" "Mozilla/5.0 (compatible; Googlebot/2.1; +http://www.google.com/bot.html)"
66.249.79.71 - - [07/Jul/2025:20:51:09 +0700] "GET /recollection.php?shopdetail/176535612 HTTP/1.1" 200 20479 "-" "Mozilla/5.0 (Linux; Android 6.0.1; Nexus 5X Build/MMB29P) AppleWebKit/537.36 (KHTML, like Gecko) Chrome/137.0.7151.103 Mobile Safari/537.36 (compatible; Googlebot/2.1; +http://www.google.com/bot.html)"
66.249.79.72 - - [07/Jul/2025:20:52:48 +0700] "GET /robots.txt HTTP/1.1" 200 141 "-" "Mozilla/5.0 (compatible; Googlebot/2.1; +http://www.google.com/bot.html)"
103.57.221.79 - - [07/Jul/2025:20:53:00 +0700] "POST /wp-cron.php?doing_wp_cron=1751896380.9490311145782470703125 HTTP/1.1" 200 0 "-" "WordPress/6.8.1; https://bodieukhiencuacuon.vn"
47.82.60.24 - - [07/Jul/2025:20:53:00 +0700] "GET /shopdetail/250545512 HTTP/1.1" 301 0 "https://bodieukhiencuacuon.vn/shopdetail/250545512" "Mozilla/5.0 (Windows NT 10.0; Win64; x64) AppleWebKit/537.36 (KHTML, like Gecko) Chrome/114.0.0.0 Safari/537.36 Edg/114.0.1823.43"
47.82.60.24 - - [07/Jul/2025:20:53:01 +0700] "GET /shopdetail/250545512/ HTTP/1.1" 200 27637 "https://bodieukhiencuacuon.vn/shopdetail/250545512" "Mozilla/5.0 (Windows NT 10.0; Win64; x64) AppleWebKit/537.36 (KHTML, like Gecko) Chrome/114.0.0.0 Safari/537.36 Edg/114.0.1823.43"
103.57.221.79 - - [07/Jul/2025:20:53:01 +0700] "POST /wp-admin/admin-ajax.php?action=async_litespeed&nonce=DgR5sa6rxkYlJEUv4mExKrhDBn1xMb7F&litespeed_type=imgoptm HTTP/1.1" 200 146 "-" "WordPress/6.8.1; https://bodieukhiencuacuon.vn"
66.249.71.203 - - [07/Jul/2025:20:53:05 +0700] "GET /recollection.php?shopdetail/344914912 HTTP/1.1" 200 19831 "-" "Mozilla/5.0 (Linux; Android 6.0.1; Nexus 5X Build/MMB29P) AppleWebKit/537.36 (KHTML, like Gecko) Chrome/137.0.7151.103 Mobile Safari/537.36 (compatible; Googlebot/2.1; +http://www.google.com/bot.html)"
66.249.79.71 - - [07/Jul/2025:20:53:50 +0700] "GET /robots.txt HTTP/1.1" 200 141 "-" "Mozilla/5.0 (compatible; Googlebot/2.1; +http://www.google.com/bot.html)"
66.249.79.71 - - [07/Jul/2025:20:53:50 +0700] "GET /recollection.php?shopdetail/85466812 HTTP/1.1" 200 19992 "-" "Mozilla/5.0 (Linux; Android 6.0.1; Nexus 5X Build/MMB29P) AppleWebKit/537.36 (KHTML, like Gecko) Chrome/137.0.7151.103 Mobile Safari/537.36 (compatible; Googlebot/2.1; +http://www.google.com/bot.html)"
66.249.71.203 - - [07/Jul/2025:20:55:44 +0700] "POST /get-message-notify HTTP/1.1" 200 19363 "https://bodieukhiencuacuon.vn/recollection.php?shopdetail/34656412" "Mozilla/5.0 (Linux; Android 6.0.1; Nexus 5X Build/MMB29P) AppleWebKit/537.36 (KHTML, like Gecko) Chrome/137.0.7151.119 Mobile Safari/537.36 (compatible; Googlebot/2.1; +http://www.google.com/bot.html)"
103.57.221.79 - - [07/Jul/2025:20:56:18 +0700] "POST /wp-cron.php?doing_wp_cron=1751896578.7305879592895507812500 HTTP/1.1" 200 0 "-" "WordPress/6.8.1; https://bodieukhiencuacuon.vn"
66.249.71.203 - - [07/Jul/2025:20:52:54 +0700] "GET /recollection.php?shopdetail/417677712 HTTP/1.1" 200 21164 "-" "Mozilla/5.0 (Linux; Android 6.0.1; Nexus 5X Build/MMB29P) AppleWebKit/537.36 (KHTML, like Gecko) Chrome/137.0.7151.103 Mobile Safari/537.36 (compatible; Googlebot/2.1; +http://www.google.com/bot.html)"
66.249.79.71 - - [07/Jul/2025:20:53:11 +0700] "POST /get-message-notify HTTP/1.1" 200 19363 "https://bodieukhiencuacuon.vn/recollection.php?shopdetail/344914912" "Mozilla/5.0 (Linux; Android 6.0.1; Nexus 5X Build/MMB29P) AppleWebKit/537.36 (KHTML, like Gecko) Chrome/137.0.7151.119 Mobile Safari/537.36 (compatible; Googlebot/2.1; +http://www.google.com/bot.html)"
66.249.71.203 - - [07/Jul/2025:20:53:20 +0700] "GET /recollection.php?shopdetail/300773412 HTTP/1.1" 200 20203 "-" "Mozilla/5.0 (Linux; Android 6.0.1; Nexus 5X Build/MMB29P) AppleWebKit/537.36 (KHTML, like Gecko) Chrome/137.0.7151.103 Mobile Safari/537.36 (compatible; Googlebot/2.1; +http://www.google.com/bot.html)"
66.249.79.72 - - [07/Jul/2025:20:56:05 +0700] "POST /get-message-notify HTTP/1.1" 200 19363 "https://bodieukhiencuacuon.vn/shopdetail/109957212" "Mozilla/5.0 (Linux; Android 6.0.1; Nexus 5X Build/MMB29P) AppleWebKit/537.36 (KHTML, like Gecko) Chrome/137.0.7151.119 Mobile Safari/537.36 (compatible; Googlebot/2.1; +http://www.google.com/bot.html)"
66.249.79.71 - - [07/Jul/2025:20:56:09 +0700] "POST /get-message-notify HTTP/1.1" 200 19363 "https://bodieukhiencuacuon.vn/shopdetail/238238512" "Mozilla/5.0 (Linux; Android 6.0.1; Nexus 5X Build/MMB29P) AppleWebKit/537.36 (KHTML, like Gecko) Chrome/137.0.7151.119 Mobile Safari/537.36 (compatible; Googlebot/2.1; +http://www.google.com/bot.html)"
40.77.167.74 - - [07/Jul/2025:20:56:10 +0700] "GET /news/2647810/ HTTP/2" 200 19253 "-" "Mozilla/5.0 AppleWebKit/537.36 (KHTML, like Gecko; compatible; bingbot/2.0; +http://www.bing.com/bingbot.htm) Chrome/116.0.1938.76 Safari/537.36"
103.57.221.79 - - [07/Jul/2025:20:56:19 +0700] "POST /wp-admin/admin-ajax.php?action=async_litespeed&nonce=awVsikbOLxhF1nr8kp28o7DCHApvWTEm&litespeed_type=imgoptm HTTP/1.1" 200 146 "-" "WordPress/6.8.1; https://bodieukhiencuacuon.vn"
157.100.137.199 - - [07/Jul/2025:20:56:20 +0700] "GET /news/link-188bet-kh%25C3%25B4ng-b%25E1%25BB%258B-ch%25E1%25BA%25B7n.html/ HTTP/1.1" 200 27634 "-" "Mozilla/5.0 (Linux; Android 6.0; HTC One M9 Build/MRA58K) AppleWebKit/537.36 (KHTML, like Gecko) Chrome/52.0.2743.98 Mobile Safari/537.3"
57.141.2.23 - - [07/Jul/2025:20:56:36 +0700] "GET /recollection.php/?shopdetail/372078012 HTTP/2" 200 122547 "-" "meta-externalagent/1.1 (+https://developers.facebook.com/docs/sharing/webmasters/crawler)"
66.249.79.71 - - [07/Jul/2025:20:56:02 +0700] "GET /shopdetail/238238512 HTTP/1.1" 200 21962 "-" "Mozilla/5.0 (Linux; Android 6.0.1; Nexus 5X Build/MMB29P) AppleWebKit/537.36 (KHTML, like Gecko) Chrome/137.0.7151.103 Mobile Safari/537.36 (compatible; Googlebot/2.1; +http://www.google.com/bot.html)"
157.100.137.199 - - [07/Jul/2025:20:56:17 +0700] "GET /news/link-188bet-kh%25C3%25B4ng-b%25E1%25BB%258B-ch%25E1%25BA%25B7n.html HTTP/1.1" 301 0 "-" "Mozilla/5.0 (Linux; Android 6.0; HTC One M9 Build/MRA58K) AppleWebKit/537.36 (KHTML, like Gecko) Chrome/52.0.2743.98 Mobile Safari/537.3"
57.141.2.13 - - [07/Jul/2025:20:56:31 +0700] "GET /recollection.php?shopdetail/372078012 HTTP/2" 301 0 "-" "meta-externalagent/1.1 (+https://developers.facebook.com/docs/sharing/webmasters/crawler)"
103.57.221.79 - - [07/Jul/2025:20:57:22 +0700] "POST /wp-cron.php?doing_wp_cron=1751896642.1751189231872558593750 HTTP/1.1" 200 0 "-" "WordPress/6.8.1; https://bodieukhiencuacuon.vn"
84.122.143.233 - - [07/Jul/2025:20:57:21 +0700] "GET /mobile2025-04-13/link-v%25C3%25A0o-188bet-khi-b%25E1%25BB%258B-ch%25E1%25BA%25B7n.html HTTP/1.1" 301 0 "-" "Mozilla/5.0 (Linux; Android 6.0; HTC One M9 Build/MRA58K) AppleWebKit/537.36 (KHTML, like Gecko) Chrome/52.0.2743.98 Mobile Safari/537.3"
103.57.221.79 - - [07/Jul/2025:20:57:22 +0700] "POST /wp-admin/admin-ajax.php?action=async_litespeed&nonce=977mxeibVd52NBEU45yiBeZsfdZ1LReZ&litespeed_type=imgoptm HTTP/1.1" 200 146 "-" "WordPress/6.8.1; https://bodieukhiencuacuon.vn"
40.77.167.74 - - [07/Jul/2025:20:57:29 +0700] "GET /order/9765218/ HTTP/2" 200 19609 "-" "Mozilla/5.0 AppleWebKit/537.36 (KHTML, like Gecko; compatible; bingbot/2.0; +http://www.bing.com/bingbot.htm) Chrome/116.0.1938.76 Safari/537.36"
103.57.221.79 - - [07/Jul/2025:20:59:55 +0700] "POST /wp-cron.php?doing_wp_cron=1751896795.1658160686492919921875 HTTP/1.1" 200 0 "-" "WordPress/6.8.1; https://bodieukhiencuacuon.vn"
57.141.2.13 - - [07/Jul/2025:20:59:54 +0700] "GET /shopdetail/218735712 HTTP/2" 301 0 "-" "meta-externalagent/1.1 (+https://developers.facebook.com/docs/sharing/webmasters/crawler)"
57.141.2.14 - - [07/Jul/2025:21:00:23 +0700] "GET /shopdetail/229450212 HTTP/2" 301 0 "-" "meta-externalagent/1.1 (+https://developers.facebook.com/docs/sharing/webmasters/crawler)"
52.167.144.166 - - [07/Jul/2025:21:00:28 +0700] "GET /hot/v%C3%B2ng-quay-may-m%E1%BA%AFn-online.html HTTP/2" 200 20684 "-" "Mozilla/5.0 AppleWebKit/537.36 (KHTML, like Gecko; compatible; bingbot/2.0; +http://www.bing.com/bingbot.htm) Chrome/116.0.1938.76 Safari/537.36"
57.141.2.27 - - [07/Jul/2025:21:00:35 +0700] "GET /shopdetail/229450212/ HTTP/2" 200 122547 "-" "meta-externalagent/1.1 (+https://developers.facebook.com/docs/sharing/webmasters/crawler)"
57.141.2.11 - - [07/Jul/2025:21:02:37 +0700] "GET /shopdetail/267184612/ HTTP/2" 200 122547 "-" "meta-externalagent/1.1 (+https://developers.facebook.com/docs/sharing/webmasters/crawler)"
66.249.79.73 - - [07/Jul/2025:21:03:07 +0700] "POST /get-message-notify HTTP/1.1" 200 19363 "https://bodieukhiencuacuon.vn/recollection.php?shopdetail/361763512" "Mozilla/5.0 (Linux; Android 6.0.1; Nexus 5X Build/MMB29P) AppleWebKit/537.36 (KHTML, like Gecko) Chrome/137.0.7151.119 Mobile Safari/537.36 (compatible; Googlebot/2.1; +http://www.google.com/bot.html)"
66.249.79.71 - - [07/Jul/2025:21:03:51 +0700] "GET /shopdetail/56489512 HTTP/1.1" 200 19436 "-" "Mozilla/5.0 (Linux; Android 6.0.1; Nexus 5X Build/MMB29P) AppleWebKit/537.36 (KHTML, like Gecko) Chrome/137.0.7151.103 Mobile Safari/537.36 (compatible; Googlebot/2.1; +http://www.google.com/bot.html)"
66.249.79.71 - - [07/Jul/2025:21:03:54 +0700] "GET /shopdetail/229290012 HTTP/1.1" 200 19046 "-" "Mozilla/5.0 (Linux; Android 6.0.1; Nexus 5X Build/MMB29P) AppleWebKit/537.36 (KHTML, like Gecko) Chrome/137.0.7151.103 Mobile Safari/537.36 (compatible; Googlebot/2.1; +http://www.google.com/bot.html)"
66.249.79.71 - - [07/Jul/2025:21:03:59 +0700] "POST /get-message-notify HTTP/1.1" 200 19363 "https://bodieukhiencuacuon.vn/shopdetail/56489512" "Mozilla/5.0 (Linux; Android 6.0.1; Nexus 5X Build/MMB29P) AppleWebKit/537.36 (KHTML, like Gecko) Chrome/137.0.7151.119 Mobile Safari/537.36 (compatible; Googlebot/2.1; +http://www.google.com/bot.html)"
66.249.71.203 - - [07/Jul/2025:21:04:02 +0700] "GET /recollection.php?shopdetail/328304612 HTTP/1.1" 200 21828 "-" "Mozilla/5.0 (Linux; Android 6.0.1; Nexus 5X Build/MMB29P) AppleWebKit/537.36 (KHTML, like Gecko) Chrome/137.0.7151.103 Mobile Safari/537.36 (compatible; Googlebot/2.1; +http://www.google.com/bot.html)"
66.249.79.71 - - [07/Jul/2025:21:04:09 +0700] "GET /recollection.php?shopdetail/377347412 HTTP/1.1" 200 20201 "-" "Mozilla/5.0 (Linux; Android 6.0.1; Nexus 5X Build/MMB29P) AppleWebKit/537.36 (KHTML, like Gecko) Chrome/137.0.7151.103 Mobile Safari/537.36 (compatible; Googlebot/2.1; +http://www.google.com/bot.html)"
84.122.143.233 - - [07/Jul/2025:20:57:23 +0700] "GET /mobile2025-04-13/link-v%25C3%25A0o-188bet-khi-b%25E1%25BB%258B-ch%25E1%25BA%25B7n.html/ HTTP/1.1" 200 27630 "-" "Mozilla/5.0 (Linux; Android 6.0; HTC One M9 Build/MRA58K) AppleWebKit/537.36 (KHTML, like Gecko) Chrome/52.0.2743.98 Mobile Safari/537.3"
57.141.2.17 - - [07/Jul/2025:20:57:34 +0700] "GET /shopdetail/20895312/ HTTP/2" 200 122547 "-" "meta-externalagent/1.1 (+https://developers.facebook.com/docs/sharing/webmasters/crawler)"
103.57.221.79 - - [07/Jul/2025:20:59:55 +0700] "POST /wp-admin/admin-ajax.php?action=async_litespeed&nonce=41bBRgPw56hFYdGlWeFYnhjac5DBctwS&litespeed_type=imgoptm HTTP/1.1" 200 146 "-" "WordPress/6.8.1; https://bodieukhiencuacuon.vn"
66.249.79.72 - - [07/Jul/2025:21:01:45 +0700] "GET /recollection.php?shopdetail/320708412 HTTP/1.1" 200 19240 "-" "Mozilla/5.0 (Linux; Android 6.0.1; Nexus 5X Build/MMB29P) AppleWebKit/537.36 (KHTML, like Gecko) Chrome/137.0.7151.103 Mobile Safari/537.36 (compatible; Googlebot/2.1; +http://www.google.com/bot.html)"
103.57.221.79 - - [07/Jul/2025:21:02:33 +0700] "POST /wp-admin/admin-ajax.php?action=async_litespeed&nonce=daLYat1mmId1eZP49ZU510VHLyD7KbOo&litespeed_type=imgoptm HTTP/1.1" 200 146 "-" "WordPress/6.8.1; https://bodieukhiencuacuon.vn"
103.57.221.79 - - [07/Jul/2025:21:02:39 +0700] "POST /wp-cron.php?doing_wp_cron=1751896959.0828149318695068359375 HTTP/1.1" 200 0 "-" "WordPress/6.8.1; https://bodieukhiencuacuon.vn"
57.141.2.24 - - [07/Jul/2025:21:02:38 +0700] "GET /recollection.php/?shopdetail/105754312 HTTP/2" 200 122547 "-" "meta-externalagent/1.1 (+https://developers.facebook.com/docs/sharing/webmasters/crawler)"
66.249.71.203 - - [07/Jul/2025:21:03:32 +0700] "GET /recollection.php?shopdetail/353920312 HTTP/1.1" 200 19996 "-" "Mozilla/5.0 (Linux; Android 6.0.1; Nexus 5X Build/MMB29P) AppleWebKit/537.36 (KHTML, like Gecko) Chrome/137.0.7151.103 Mobile Safari/537.36 (compatible; Googlebot/2.1; +http://www.google.com/bot.html)"
40.77.167.74 - - [07/Jul/2025:21:04:00 +0700] "GET /news/7834062/ HTTP/2" 200 22776 "-" "Mozilla/5.0 AppleWebKit/537.36 (KHTML, like Gecko; compatible; bingbot/2.0; +http://www.bing.com/bingbot.htm) Chrome/116.0.1938.76 Safari/537.36"
66.249.71.203 - - [07/Jul/2025:21:04:07 +0700] "POST /get-message-notify HTTP/1.1" 200 19363 "https://bodieukhiencuacuon.vn/recollection.php?shopdetail/328304612" "Mozilla/5.0 (Linux; Android 6.0.1; Nexus 5X Build/MMB29P) AppleWebKit/537.36 (KHTML, like Gecko) Chrome/137.0.7151.119 Mobile Safari/537.36 (compatible; Googlebot/2.1; +http://www.google.com/bot.html)"
66.249.71.203 - - [07/Jul/2025:21:04:14 +0700] "GET /recollection.php?shopdetail/66136812 HTTP/1.1" 200 20013 "-" "Mozilla/5.0 (Linux; Android 6.0.1; Nexus 5X Build/MMB29P) AppleWebKit/537.36 (KHTML, like Gecko) Chrome/137.0.7151.103 Mobile Safari/537.36 (compatible; Googlebot/2.1; +http://www.google.com/bot.html)"
66.249.71.203 - - [07/Jul/2025:21:04:29 +0700] "GET /recollection.php?shopdetail/306835212 HTTP/1.1" 200 21428 "-" "Mozilla/5.0 (Linux; Android 6.0.1; Nexus 5X Build/MMB29P) AppleWebKit/537.36 (KHTML, like Gecko) Chrome/137.0.7151.103 Mobile Safari/537.36 (compatible; Googlebot/2.1; +http://www.google.com/bot.html)"
66.249.71.203 - - [07/Jul/2025:21:04:58 +0700] "GET /recollection.php?shopdetail/386546312 HTTP/1.1" 200 19916 "-" "Mozilla/5.0 (Linux; Android 6.0.1; Nexus 5X Build/MMB29P) AppleWebKit/537.36 (KHTML, like Gecko) Chrome/137.0.7151.103 Mobile Safari/537.36 (compatible; Googlebot/2.1; +http://www.google.com/bot.html)"
52.167.144.206 - - [07/Jul/2025:21:05:30 +0700] "GET /1gom-top-keo-malaysia HTTP/2" 200 21282 "-" "Mozilla/5.0 AppleWebKit/537.36 (KHTML, like Gecko; compatible; bingbot/2.0; +http://www.bing.com/bingbot.htm) Chrome/116.0.1938.76 Safari/537.36"
57.141.2.19 - - [07/Jul/2025:20:57:27 +0700] "GET /shopdetail/20895312 HTTP/2" 301 0 "-" "meta-externalagent/1.1 (+https://developers.facebook.com/docs/sharing/webmasters/crawler)"
57.141.2.25 - - [07/Jul/2025:20:59:59 +0700] "GET /shopdetail/218735712/ HTTP/2" 200 122547 "-" "meta-externalagent/1.1 (+https://developers.facebook.com/docs/sharing/webmasters/crawler)"
103.57.221.79 - - [07/Jul/2025:21:02:32 +0700] "POST /wp-cron.php?doing_wp_cron=1751896952.5807271003723144531250 HTTP/1.1" 200 0 "-" "WordPress/6.8.1; https://bodieukhiencuacuon.vn"
57.141.2.26 - - [07/Jul/2025:21:02:31 +0700] "GET /shopdetail/267184612 HTTP/2" 301 0 "-" "meta-externalagent/1.1 (+https://developers.facebook.com/docs/sharing/webmasters/crawler)"
57.141.2.12 - - [07/Jul/2025:21:02:33 +0700] "GET /recollection.php?shopdetail/105754312 HTTP/2" 301 0 "-" "meta-externalagent/1.1 (+https://developers.facebook.com/docs/sharing/webmasters/crawler)"
66.249.71.205 - - [07/Jul/2025:21:02:35 +0700] "GET /recollection.php?shopdetail/46329112 HTTP/1.1" 200 21138 "-" "Mozilla/5.0 (Linux; Android 6.0.1; Nexus 5X Build/MMB29P) AppleWebKit/537.36 (KHTML, like Gecko) Chrome/137.0.7151.103 Mobile Safari/537.36 (compatible; Googlebot/2.1; +http://www.google.com/bot.html)"
66.249.71.205 - - [07/Jul/2025:21:03:03 +0700] "GET /recollection.php?shopdetail/361763512 HTTP/1.1" 200 20559 "-" "Mozilla/5.0 (Linux; Android 6.0.1; Nexus 5X Build/MMB29P) AppleWebKit/537.36 (KHTML, like Gecko) Chrome/137.0.7151.103 Mobile Safari/537.36 (compatible; Googlebot/2.1; +http://www.google.com/bot.html)"
66.249.79.72 - - [07/Jul/2025:21:03:03 +0700] "GET /recollection.php?shopdetail/9924612 HTTP/1.1" 200 19903 "-" "Mozilla/5.0 (Linux; Android 6.0.1; Nexus 5X Build/MMB29P) AppleWebKit/537.36 (KHTML, like Gecko) Chrome/137.0.7151.103 Mobile Safari/537.36 (compatible; Googlebot/2.1; +http://www.google.com/bot.html)"
66.249.71.203 - - [07/Jul/2025:21:03:32 +0700] "GET /recollection.php?shopdetail/50505812 HTTP/1.1" 200 19812 "-" "Mozilla/5.0 (Linux; Android 6.0.1; Nexus 5X Build/MMB29P) AppleWebKit/537.36 (KHTML, like Gecko) Chrome/137.0.7151.103 Mobile Safari/537.36 (compatible; Googlebot/2.1; +http://www.google.com/bot.html)"
66.249.71.203 - - [07/Jul/2025:21:04:29 +0700] "GET /shopdetail/180972412 HTTP/1.1" 200 20337 "-" "Mozilla/5.0 (Linux; Android 6.0.1; Nexus 5X Build/MMB29P) AppleWebKit/537.36 (KHTML, like Gecko) Chrome/137.0.7151.103 Mobile Safari/537.36 (compatible; Googlebot/2.1; +http://www.google.com/bot.html)"
66.249.79.71 - - [07/Jul/2025:21:04:41 +0700] "GET /recollection.php?shopdetail/406312112 HTTP/1.1" 200 19592 "-" "Mozilla/5.0 (Linux; Android 6.0.1; Nexus 5X Build/MMB29P) AppleWebKit/537.36 (KHTML, like Gecko) Chrome/137.0.7151.103 Mobile Safari/537.36 (compatible; Googlebot/2.1; +http://www.google.com/bot.html)"
66.249.79.72 - - [07/Jul/2025:21:05:17 +0700] "GET /shopdetail/73192312 HTTP/1.1" 200 20042 "-" "Mozilla/5.0 (Linux; Android 6.0.1; Nexus 5X Build/MMB29P) AppleWebKit/537.36 (KHTML, like Gecko) Chrome/137.0.7151.103 Mobile Safari/537.36 (compatible; Googlebot/2.1; +http://www.google.com/bot.html)"
66.249.79.71 - - [07/Jul/2025:21:05:27 +0700] "GET /recollection.php?shopdetail/155493412 HTTP/1.1" 200 19307 "-" "Mozilla/5.0 (Linux; Android 6.0.1; Nexus 5X Build/MMB29P) AppleWebKit/537.36 (KHTML, like Gecko) Chrome/137.0.7151.103 Mobile Safari/537.36 (compatible; Googlebot/2.1; +http://www.google.com/bot.html)"
66.249.79.71 - - [07/Jul/2025:21:05:32 +0700] "POST /get-message-notify HTTP/1.1" 200 19363 "https://bodieukhiencuacuon.vn/recollection.php?shopdetail/155493412" "Mozilla/5.0 (Linux; Android 6.0.1; Nexus 5X Build/MMB29P) AppleWebKit/537.36 (KHTML, like Gecko) Chrome/137.0.7151.119 Mobile Safari/537.36 (compatible; Googlebot/2.1; +http://www.google.com/bot.html)"
66.249.71.203 - - [07/Jul/2025:21:05:42 +0700] "GET /recollection.php?shopdetail/176817712 HTTP/1.1" 200 20312 "-" "Mozilla/5.0 (Linux; Android 6.0.1; Nexus 5X Build/MMB29P) AppleWebKit/537.36 (KHTML, like Gecko) Chrome/137.0.7151.103 Mobile Safari/537.36 (compatible; Googlebot/2.1; +http://www.google.com/bot.html)"
66.249.79.71 - - [07/Jul/2025:21:05:44 +0700] "GET /shopdetail/78718112 HTTP/1.1" 200 20587 "-" "Mozilla/5.0 (Linux; Android 6.0.1; Nexus 5X Build/MMB29P) AppleWebKit/537.36 (KHTML, like Gecko) Chrome/137.0.7151.103 Mobile Safari/537.36 (compatible; Googlebot/2.1; +http://www.google.com/bot.html)"
66.249.71.203 - - [07/Jul/2025:21:05:49 +0700] "POST /get-message-notify HTTP/1.1" 200 19363 "https://bodieukhiencuacuon.vn/shopdetail/78718112" "Mozilla/5.0 (Linux; Android 6.0.1; Nexus 5X Build/MMB29P) AppleWebKit/537.36 (KHTML, like Gecko) Chrome/137.0.7151.119 Mobile Safari/537.36 (compatible; Googlebot/2.1; +http://www.google.com/bot.html)"
66.249.71.203 - - [07/Jul/2025:21:06:03 +0700] "POST /get-message-notify HTTP/1.1" 200 19363 "https://bodieukhiencuacuon.vn/recollection.php?shopdetail/87333012" "Mozilla/5.0 (Linux; Android 6.0.1; Nexus 5X Build/MMB29P) AppleWebKit/537.36 (KHTML, like Gecko) Chrome/137.0.7151.119 Mobile Safari/537.36 (compatible; Googlebot/2.1; +http://www.google.com/bot.html)"
66.249.79.71 - - [07/Jul/2025:21:06:42 +0700] "GET /recollection.php?shopdetail/151375312 HTTP/1.1" 200 20346 "-" "Mozilla/5.0 (Linux; Android 6.0.1; Nexus 5X Build/MMB29P) AppleWebKit/537.36 (KHTML, like Gecko) Chrome/137.0.7151.103 Mobile Safari/537.36 (compatible; Googlebot/2.1; +http://www.google.com/bot.html)"
66.249.79.71 - - [07/Jul/2025:21:07:12 +0700] "GET /recollection.php?shopdetail/318156712 HTTP/1.1" 200 20882 "-" "Mozilla/5.0 (Linux; Android 6.0.1; Nexus 5X Build/MMB29P) AppleWebKit/537.36 (KHTML, like Gecko) Chrome/137.0.7151.103 Mobile Safari/537.36 (compatible; Googlebot/2.1; +http://www.google.com/bot.html)"
66.249.71.203 - - [07/Jul/2025:21:07:26 +0700] "GET /recollection.php?shopdetail/184463412 HTTP/1.1" 200 19786 "-" "Mozilla/5.0 (Linux; Android 6.0.1; Nexus 5X Build/MMB29P) AppleWebKit/537.36 (KHTML, like Gecko) Chrome/137.0.7151.103 Mobile Safari/537.36 (compatible; Googlebot/2.1; +http://www.google.com/bot.html)"
66.249.79.73 - - [07/Jul/2025:21:08:12 +0700] "GET /recollection.php?shopdetail/363706312 HTTP/1.1" 200 19778 "-" "Mozilla/5.0 (Linux; Android 6.0.1; Nexus 5X Build/MMB29P) AppleWebKit/537.36 (KHTML, like Gecko) Chrome/137.0.7151.103 Mobile Safari/537.36 (compatible; Googlebot/2.1; +http://www.google.com/bot.html)"
66.249.79.71 - - [07/Jul/2025:21:08:20 +0700] "GET /recollection.php?shopdetail/218648012 HTTP/1.1" 200 20360 "-" "Mozilla/5.0 (Linux; Android 6.0.1; Nexus 5X Build/MMB29P) AppleWebKit/537.36 (KHTML, like Gecko) Chrome/137.0.7151.103 Mobile Safari/537.36 (compatible; Googlebot/2.1; +http://www.google.com/bot.html)"
66.249.79.71 - - [07/Jul/2025:21:08:24 +0700] "POST /get-message-notify HTTP/1.1" 200 19363 "https://bodieukhiencuacuon.vn/recollection.php?shopdetail/218648012" "Mozilla/5.0 (Linux; Android 6.0.1; Nexus 5X Build/MMB29P) AppleWebKit/537.36 (KHTML, like Gecko) Chrome/137.0.7151.119 Mobile Safari/537.36 (compatible; Googlebot/2.1; +http://www.google.com/bot.html)"
66.249.79.73 - - [07/Jul/2025:21:09:23 +0700] "POST /get-message-notify HTTP/1.1" 200 19363 "https://bodieukhiencuacuon.vn/recollection.php?shopdetail/362291312" "Mozilla/5.0 (Linux; Android 6.0.1; Nexus 5X Build/MMB29P) AppleWebKit/537.36 (KHTML, like Gecko) Chrome/137.0.7151.119 Mobile Safari/537.36 (compatible; Googlebot/2.1; +http://www.google.com/bot.html)"
66.249.71.203 - - [07/Jul/2025:21:09:40 +0700] "GET /recollection.php?shopdetail/323411112 HTTP/1.1" 200 19142 "-" "Mozilla/5.0 (Linux; Android 6.0.1; Nexus 5X Build/MMB29P) AppleWebKit/537.36 (KHTML, like Gecko) Chrome/137.0.7151.103 Mobile Safari/537.36 (compatible; Googlebot/2.1; +http://www.google.com/bot.html)"
66.249.79.71 - - [07/Jul/2025:21:04:20 +0700] "GET /shopdetail/201841512 HTTP/1.1" 200 21495 "-" "Mozilla/5.0 (Linux; Android 6.0.1; Nexus 5X Build/MMB29P) AppleWebKit/537.36 (KHTML, like Gecko) Chrome/137.0.7151.103 Mobile Safari/537.36 (compatible; Googlebot/2.1; +http://www.google.com/bot.html)"
66.249.79.72 - - [07/Jul/2025:21:05:10 +0700] "GET /recollection.php?shopdetail/104214812 HTTP/1.1" 200 19846 "-" "Mozilla/5.0 (Linux; Android 6.0.1; Nexus 5X Build/MMB29P) AppleWebKit/537.36 (KHTML, like Gecko) Chrome/137.0.7151.103 Mobile Safari/537.36 (compatible; Googlebot/2.1; +http://www.google.com/bot.html)"
66.249.79.71 - - [07/Jul/2025:21:05:26 +0700] "POST /get-message-notify HTTP/1.1" 200 19363 "https://bodieukhiencuacuon.vn/recollection.php?shopdetail/104214812" "Mozilla/5.0 (Linux; Android 6.0.1; Nexus 5X Build/MMB29P) AppleWebKit/537.36 (KHTML, like Gecko) Chrome/137.0.7151.119 Mobile Safari/537.36 (compatible; Googlebot/2.1; +http://www.google.com/bot.html)"
40.77.167.241 - - [07/Jul/2025:21:05:57 +0700] "GET /news/8302719/ HTTP/2" 200 20111 "-" "Mozilla/5.0 AppleWebKit/537.36 (KHTML, like Gecko; compatible; bingbot/2.0; +http://www.bing.com/bingbot.htm) Chrome/116.0.1938.76 Safari/537.36"
66.249.79.71 - - [07/Jul/2025:21:05:59 +0700] "GET /recollection.php?shopdetail/87333012 HTTP/1.1" 200 19766 "-" "Mozilla/5.0 (Linux; Android 6.0.1; Nexus 5X Build/MMB29P) AppleWebKit/537.36 (KHTML, like Gecko) Chrome/137.0.7151.103 Mobile Safari/537.36 (compatible; Googlebot/2.1; +http://www.google.com/bot.html)"
66.249.79.71 - - [07/Jul/2025:21:06:11 +0700] "GET /recollection.php?shopdetail/388073012 HTTP/1.1" 200 20446 "-" "Mozilla/5.0 (Linux; Android 6.0.1; Nexus 5X Build/MMB29P) AppleWebKit/537.36 (KHTML, like Gecko) Chrome/137.0.7151.103 Mobile Safari/537.36 (compatible; Googlebot/2.1; +http://www.google.com/bot.html)"
66.249.71.203 - - [07/Jul/2025:21:06:34 +0700] "POST /get-message-notify HTTP/1.1" 200 19363 "https://bodieukhiencuacuon.vn/recollection.php?shopdetail/216250912" "Mozilla/5.0 (Linux; Android 6.0.1; Nexus 5X Build/MMB29P) AppleWebKit/537.36 (KHTML, like Gecko) Chrome/137.0.7151.119 Mobile Safari/537.36 (compatible; Googlebot/2.1; +http://www.google.com/bot.html)"
66.249.71.203 - - [07/Jul/2025:21:06:48 +0700] "POST /get-message-notify HTTP/1.1" 200 19363 "https://bodieukhiencuacuon.vn/recollection.php?shopdetail/151375312" "Mozilla/5.0 (Linux; Android 6.0.1; Nexus 5X Build/MMB29P) AppleWebKit/537.36 (KHTML, like Gecko) Chrome/137.0.7151.119 Mobile Safari/537.36 (compatible; Googlebot/2.1; +http://www.google.com/bot.html)"
66.249.79.71 - - [07/Jul/2025:21:09:25 +0700] "GET /shopdetail/140858012 HTTP/1.1" 200 20557 "-" "Mozilla/5.0 (Linux; Android 6.0.1; Nexus 5X Build/MMB29P) AppleWebKit/537.36 (KHTML, like Gecko) Chrome/137.0.7151.103 Mobile Safari/537.36 (compatible; Googlebot/2.1; +http://www.google.com/bot.html)"
103.57.221.79 - - [07/Jul/2025:21:09:59 +0700] "POST /wp-cron.php?doing_wp_cron=1751897399.0661330223083496093750 HTTP/1.1" 200 0 "-" "WordPress/6.8.1; https://bodieukhiencuacuon.vn"
66.249.71.204 - - [07/Jul/2025:21:10:36 +0700] "GET /recollection.php?shopdetail/233532912 HTTP/1.1" 200 20316 "-" "Mozilla/5.0 (Linux; Android 6.0.1; Nexus 5X Build/MMB29P) AppleWebKit/537.36 (KHTML, like Gecko) Chrome/137.0.7151.103 Mobile Safari/537.36 (compatible; Googlebot/2.1; +http://www.google.com/bot.html)"
103.57.221.79 - - [07/Jul/2025:21:11:11 +0700] "POST /wp-admin/admin-ajax.php?action=async_litespeed&nonce=NKjAJ2Yn93oHgweI8zCSzqQp9CG9q7SA&litespeed_type=imgoptm HTTP/1.1" 200 146 "-" "WordPress/6.8.1; https://bodieukhiencuacuon.vn"
66.249.71.203 - - [07/Jul/2025:21:13:33 +0700] "GET /recollection.php?shopdetail/95230112 HTTP/1.1" 200 19763 "-" "Mozilla/5.0 (Linux; Android 6.0.1; Nexus 5X Build/MMB29P) AppleWebKit/537.36 (KHTML, like Gecko) Chrome/137.0.7151.103 Mobile Safari/537.36 (compatible; Googlebot/2.1; +http://www.google.com/bot.html)"
66.249.79.71 - - [07/Jul/2025:21:09:46 +0700] "POST /get-message-notify HTTP/1.1" 200 19363 "https://bodieukhiencuacuon.vn/recollection.php?shopdetail/323411112" "Mozilla/5.0 (Linux; Android 6.0.1; Nexus 5X Build/MMB29P) AppleWebKit/537.36 (KHTML, like Gecko) Chrome/137.0.7151.119 Mobile Safari/537.36 (compatible; Googlebot/2.1; +http://www.google.com/bot.html)"
57.141.2.30 - - [07/Jul/2025:21:09:58 +0700] "GET /recollection.php?shopdetail/266922912 HTTP/2" 301 0 "-" "meta-externalagent/1.1 (+https://developers.facebook.com/docs/sharing/webmasters/crawler)"
57.141.2.29 - - [07/Jul/2025:21:10:04 +0700] "GET /recollection.php/?shopdetail/266922912 HTTP/2" 200 122547 "-" "meta-externalagent/1.1 (+https://developers.facebook.com/docs/sharing/webmasters/crawler)"
57.141.2.14 - - [07/Jul/2025:21:10:05 +0700] "GET /recollection.php/?shopdetail/227139512 HTTP/2" 200 122547 "-" "meta-externalagent/1.1 (+https://developers.facebook.com/docs/sharing/webmasters/crawler)"
66.249.79.71 - - [07/Jul/2025:21:10:42 +0700] "POST /get-message-notify HTTP/1.1" 200 19363 "https://bodieukhiencuacuon.vn/recollection.php?shopdetail/233532912" "Mozilla/5.0 (Linux; Android 6.0.1; Nexus 5X Build/MMB29P) AppleWebKit/537.36 (KHTML, like Gecko) Chrome/137.0.7151.119 Mobile Safari/537.36 (compatible; Googlebot/2.1; +http://www.google.com/bot.html)"
40.77.167.55 - - [07/Jul/2025:21:10:56 +0700] "GET /mobile/29587/ HTTP/2" 200 20933 "-" "Mozilla/5.0 AppleWebKit/537.36 (KHTML, like Gecko; compatible; bingbot/2.0; +http://www.bing.com/bingbot.htm) Chrome/116.0.1938.76 Safari/537.36"
94.231.189.145 - - [07/Jul/2025:21:11:10 +0700] "GET /news20250413/%25C4%2591%25C3%25A1nh-%25C4%2591%25E1%25BB%2581-online-789bet.html HTTP/1.1" 301 0 "-" "Mozilla/5.0 (Linux; Android 6.0; HTC One M9 Build/MRA58K) AppleWebKit/537.36 (KHTML, like Gecko) Chrome/52.0.2743.98 Mobile Safari/537.3"
94.231.189.145 - - [07/Jul/2025:21:11:11 +0700] "GET /news20250413/%25C4%2591%25C3%25A1nh-%25C4%2591%25E1%25BB%2581-online-789bet.html/ HTTP/1.1" 200 27637 "-" "Mozilla/5.0 (Linux; Android 6.0; HTC One M9 Build/MRA58K) AppleWebKit/537.36 (KHTML, like Gecko) Chrome/52.0.2743.98 Mobile Safari/537.3"
66.249.71.203 - - [07/Jul/2025:21:11:28 +0700] "GET /recollection.php?shopdetail/243155812 HTTP/1.1" 200 21737 "-" "Mozilla/5.0 (Linux; Android 6.0.1; Nexus 5X Build/MMB29P) AppleWebKit/537.36 (KHTML, like Gecko) Chrome/137.0.7151.103 Mobile Safari/537.36 (compatible; Googlebot/2.1; +http://www.google.com/bot.html)"
40.77.167.64 - - [07/Jul/2025:21:12:27 +0700] "GET /order/2516804/ HTTP/2" 200 19962 "-" "Mozilla/5.0 AppleWebKit/537.36 (KHTML, like Gecko; compatible; bingbot/2.0; +http://www.bing.com/bingbot.htm) Chrome/116.0.1938.76 Safari/537.36"
66.249.79.72 - - [07/Jul/2025:21:13:06 +0700] "GET /recollection.php?shopdetail/318607312 HTTP/1.1" 200 20347 "-" "Mozilla/5.0 (Linux; Android 6.0.1; Nexus 5X Build/MMB29P) AppleWebKit/537.36 (KHTML, like Gecko) Chrome/137.0.7151.103 Mobile Safari/537.36 (compatible; Googlebot/2.1; +http://www.google.com/bot.html)"
66.249.71.203 - - [07/Jul/2025:21:13:44 +0700] "GET /recollection.php?shopdetail/148773512 HTTP/1.1" 200 21429 "-" "Mozilla/5.0 (Linux; Android 6.0.1; Nexus 5X Build/MMB29P) AppleWebKit/537.36 (KHTML, like Gecko) Chrome/137.0.7151.103 Mobile Safari/537.36 (compatible; Googlebot/2.1; +http://www.google.com/bot.html)"
66.249.79.71 - - [07/Jul/2025:21:14:03 +0700] "GET /recollection.php?shopdetail/144575812 HTTP/1.1" 200 21229 "-" "Mozilla/5.0 (Linux; Android 6.0.1; Nexus 5X Build/MMB29P) AppleWebKit/537.36 (KHTML, like Gecko) Chrome/137.0.7151.103 Mobile Safari/537.36 (compatible; Googlebot/2.1; +http://www.google.com/bot.html)"
57.141.2.24 - - [07/Jul/2025:21:15:27 +0700] "GET /recollection.php?shopdetail/127258412 HTTP/2" 301 0 "-" "meta-externalagent/1.1 (+https://developers.facebook.com/docs/sharing/webmasters/crawler)"
66.249.79.71 - - [07/Jul/2025:21:06:29 +0700] "GET /recollection.php?shopdetail/216250912 HTTP/1.1" 200 19863 "-" "Mozilla/5.0 (Linux; Android 6.0.1; Nexus 5X Build/MMB29P) AppleWebKit/537.36 (KHTML, like Gecko) Chrome/137.0.7151.103 Mobile Safari/537.36 (compatible; Googlebot/2.1; +http://www.google.com/bot.html)"
66.249.79.71 - - [07/Jul/2025:21:06:29 +0700] "GET /recollection.php?shopdetail/380151012 HTTP/1.1" 200 19309 "-" "Mozilla/5.0 (Linux; Android 6.0.1; Nexus 5X Build/MMB29P) AppleWebKit/537.36 (KHTML, like Gecko) Chrome/137.0.7151.103 Mobile Safari/537.36 (compatible; Googlebot/2.1; +http://www.google.com/bot.html)"
66.249.79.71 - - [07/Jul/2025:21:07:41 +0700] "GET /recollection.php?shopdetail/344817112 HTTP/1.1" 200 19270 "-" "Mozilla/5.0 (Linux; Android 6.0.1; Nexus 5X Build/MMB29P) AppleWebKit/537.36 (KHTML, like Gecko) Chrome/137.0.7151.103 Mobile Safari/537.36 (compatible; Googlebot/2.1; +http://www.google.com/bot.html)"
66.249.71.203 - - [07/Jul/2025:21:08:43 +0700] "GET /recollection.php?shopdetail/362291312 HTTP/1.1" 200 20647 "-" "Mozilla/5.0 (Linux; Android 6.0.1; Nexus 5X Build/MMB29P) AppleWebKit/537.36 (KHTML, like Gecko) Chrome/137.0.7151.103 Mobile Safari/537.36 (compatible; Googlebot/2.1; +http://www.google.com/bot.html)"
66.249.71.203 - - [07/Jul/2025:21:08:47 +0700] "GET /recollection.php?shopdetail/84389712 HTTP/1.1" 200 20811 "-" "Mozilla/5.0 (Linux; Android 6.0.1; Nexus 5X Build/MMB29P) AppleWebKit/537.36 (KHTML, like Gecko) Chrome/137.0.7151.103 Mobile Safari/537.36 (compatible; Googlebot/2.1; +http://www.google.com/bot.html)"
57.141.2.21 - - [07/Jul/2025:21:09:57 +0700] "GET /recollection.php?shopdetail/227139512 HTTP/2" 301 0 "-" "meta-externalagent/1.1 (+https://developers.facebook.com/docs/sharing/webmasters/crawler)"
103.57.221.79 - - [07/Jul/2025:21:09:59 +0700] "POST /wp-admin/admin-ajax.php?action=async_litespeed&nonce=Mph7KY3Cfzi9O5Di2qwgyZYod5R0vOiF&litespeed_type=imgoptm HTTP/1.1" 200 146 "-" "WordPress/6.8.1; https://bodieukhiencuacuon.vn"
103.57.221.79 - - [07/Jul/2025:21:11:10 +0700] "POST /wp-cron.php?doing_wp_cron=1751897470.8562839031219482421875 HTTP/1.1" 200 0 "-" "WordPress/6.8.1; https://bodieukhiencuacuon.vn"
66.249.79.71 - - [07/Jul/2025:21:12:30 +0700] "GET /recollection.php?shopdetail/281698412 HTTP/1.1" 200 19969 "-" "Mozilla/5.0 (Linux; Android 6.0.1; Nexus 5X Build/MMB29P) AppleWebKit/537.36 (KHTML, like Gecko) Chrome/137.0.7151.103 Mobile Safari/537.36 (compatible; Googlebot/2.1; +http://www.google.com/bot.html)"
66.249.79.71 - - [07/Jul/2025:21:13:16 +0700] "GET /recollection.php?shopdetail/215963412 HTTP/1.1" 200 21788 "-" "Mozilla/5.0 (Linux; Android 6.0.1; Nexus 5X Build/MMB29P) AppleWebKit/537.36 (KHTML, like Gecko) Chrome/137.0.7151.103 Mobile Safari/537.36 (compatible; Googlebot/2.1; +http://www.google.com/bot.html)"
40.77.167.55 - - [07/Jul/2025:21:13:31 +0700] "GET /go86-b%E1%BA%A3n-web HTTP/2" 200 20430 "-" "Mozilla/5.0 AppleWebKit/537.36 (KHTML, like Gecko; compatible; bingbot/2.0; +http://www.bing.com/bingbot.htm) Chrome/116.0.1938.76 Safari/537.36"
66.249.79.72 - - [07/Jul/2025:21:15:04 +0700] "GET /recollection.php?shopdetail/179979612 HTTP/1.1" 200 22208 "-" "Mozilla/5.0 (Linux; Android 6.0.1; Nexus 5X Build/MMB29P) AppleWebKit/537.36 (KHTML, like Gecko) Chrome/137.0.7151.103 Mobile Safari/537.36 (compatible; Googlebot/2.1; +http://www.google.com/bot.html)"
66.249.79.73 - - [07/Jul/2025:21:15:08 +0700] "POST /get-message-notify HTTP/1.1" 200 19363 "https://bodieukhiencuacuon.vn/recollection.php?shopdetail/179979612" "Mozilla/5.0 (Linux; Android 6.0.1; Nexus 5X Build/MMB29P) AppleWebKit/537.36 (KHTML, like Gecko) Chrome/137.0.7151.119 Mobile Safari/537.36 (compatible; Googlebot/2.1; +http://www.google.com/bot.html)"
66.249.79.72 - - [07/Jul/2025:21:15:09 +0700] "GET /shopdetail/262144412 HTTP/1.1" 200 20456 "-" "Mozilla/5.0 (Linux; Android 6.0.1; Nexus 5X Build/MMB29P) AppleWebKit/537.36 (KHTML, like Gecko) Chrome/137.0.7151.103 Mobile Safari/537.36 (compatible; Googlebot/2.1; +http://www.google.com/bot.html)"
66.249.71.203 - - [07/Jul/2025:21:14:15 +0700] "GET /shopdetail/184865012 HTTP/1.1" 200 19731 "-" "Mozilla/5.0 (Linux; Android 6.0.1; Nexus 5X Build/MMB29P) AppleWebKit/537.36 (KHTML, like Gecko) Chrome/137.0.7151.103 Mobile Safari/537.36 (compatible; Googlebot/2.1; +http://www.google.com/bot.html)"
66.249.79.71 - - [07/Jul/2025:21:14:33 +0700] "GET /recollection.php?shopdetail/156269812 HTTP/1.1" 200 20384 "-" "Mozilla/5.0 (Linux; Android 6.0.1; Nexus 5X Build/MMB29P) AppleWebKit/537.36 (KHTML, like Gecko) Chrome/137.0.7151.103 Mobile Safari/537.36 (compatible; Googlebot/2.1; +http://www.google.com/bot.html)"
66.249.79.71 - - [07/Jul/2025:21:14:41 +0700] "GET /shopdetail/194059312 HTTP/1.1" 200 20423 "-" "Mozilla/5.0 (Linux; Android 6.0.1; Nexus 5X Build/MMB29P) AppleWebKit/537.36 (KHTML, like Gecko) Chrome/137.0.7151.103 Mobile Safari/537.36 (compatible; Googlebot/2.1; +http://www.google.com/bot.html)"
40.77.167.241 - - [07/Jul/2025:21:14:52 +0700] "GET /order/3021987/ HTTP/2" 200 20657 "-" "Mozilla/5.0 AppleWebKit/537.36 (KHTML, like Gecko; compatible; bingbot/2.0; +http://www.bing.com/bingbot.htm) Chrome/116.0.1938.76 Safari/537.36"
103.57.221.79 - - [07/Jul/2025:21:15:29 +0700] "POST /wp-cron.php?doing_wp_cron=1751897729.1343209743499755859375 HTTP/1.1" 200 0 "-" "WordPress/6.8.1; https://bodieukhiencuacuon.vn"
66.249.71.203 - - [07/Jul/2025:21:15:46 +0700] "GET /shopdetail/62794212 HTTP/1.1" 200 19437 "-" "Mozilla/5.0 (Linux; Android 6.0.1; Nexus 5X Build/MMB29P) AppleWebKit/537.36 (KHTML, like Gecko) Chrome/137.0.7151.103 Mobile Safari/537.36 (compatible; Googlebot/2.1; +http://www.google.com/bot.html)"
66.249.71.203 - - [07/Jul/2025:21:15:49 +0700] "POST /get-message-notify HTTP/1.1" 200 19363 "https://bodieukhiencuacuon.vn/shopdetail/62794212" "Mozilla/5.0 (Linux; Android 6.0.1; Nexus 5X Build/MMB29P) AppleWebKit/537.36 (KHTML, like Gecko) Chrome/137.0.7151.119 Mobile Safari/537.36 (compatible; Googlebot/2.1; +http://www.google.com/bot.html)"
66.249.71.205 - - [07/Jul/2025:21:16:05 +0700] "GET /shopdetail/248317812 HTTP/1.1" 200 19650 "-" "Mozilla/5.0 (Linux; Android 6.0.1; Nexus 5X Build/MMB29P) AppleWebKit/537.36 (KHTML, like Gecko) Chrome/137.0.7151.103 Mobile Safari/537.36 (compatible; Googlebot/2.1; +http://www.google.com/bot.html)"
66.249.71.203 - - [07/Jul/2025:21:16:19 +0700] "POST /get-message-notify HTTP/1.1" 200 19363 "https://bodieukhiencuacuon.vn/shopdetail/248317812" "Mozilla/5.0 (Linux; Android 6.0.1; Nexus 5X Build/MMB29P) AppleWebKit/537.36 (KHTML, like Gecko) Chrome/137.0.7151.119 Mobile Safari/537.36 (compatible; Googlebot/2.1; +http://www.google.com/bot.html)"
40.77.167.55 - - [07/Jul/2025:21:16:23 +0700] "GET /Brosse-Balai-Int-rieur-Sencys-30-Cm/666065 HTTP/2" 200 19808 "-" "Mozilla/5.0 AppleWebKit/537.36 (KHTML, like Gecko; compatible; bingbot/2.0; +http://www.bing.com/bingbot.htm) Chrome/116.0.1938.76 Safari/537.36"
66.249.79.71 - - [07/Jul/2025:21:16:35 +0700] "GET /recollection.php?shopdetail/52290112 HTTP/1.1" 200 20412 "-" "Mozilla/5.0 (Linux; Android 6.0.1; Nexus 5X Build/MMB29P) AppleWebKit/537.36 (KHTML, like Gecko) Chrome/137.0.7151.103 Mobile Safari/537.36 (compatible; Googlebot/2.1; +http://www.google.com/bot.html)"
66.249.79.71 - - [07/Jul/2025:21:16:36 +0700] "POST /get-message-notify HTTP/1.1" 200 19363 "https://bodieukhiencuacuon.vn/shopdetail/113033112" "Mozilla/5.0 (Linux; Android 6.0.1; Nexus 5X Build/MMB29P) AppleWebKit/537.36 (KHTML, like Gecko) Chrome/137.0.7151.119 Mobile Safari/537.36 (compatible; Googlebot/2.1; +http://www.google.com/bot.html)"
66.249.79.71 - - [07/Jul/2025:21:16:39 +0700] "POST /get-message-notify HTTP/1.1" 200 19363 "https://bodieukhiencuacuon.vn/shopdetail/266571012" "Mozilla/5.0 (Linux; Android 6.0.1; Nexus 5X Build/MMB29P) AppleWebKit/537.36 (KHTML, like Gecko) Chrome/137.0.7151.119 Mobile Safari/537.36 (compatible; Googlebot/2.1; +http://www.google.com/bot.html)"
66.249.79.71 - - [07/Jul/2025:21:15:33 +0700] "GET /recollection.php?shopdetail/70891512 HTTP/1.1" 200 21159 "-" "Mozilla/5.0 (Linux; Android 6.0.1; Nexus 5X Build/MMB29P) AppleWebKit/537.36 (KHTML, like Gecko) Chrome/137.0.7151.103 Mobile Safari/537.36 (compatible; Googlebot/2.1; +http://www.google.com/bot.html)"
57.141.2.8 - - [07/Jul/2025:21:15:35 +0700] "GET /recollection.php/?shopdetail/127258412 HTTP/2" 200 122547 "-" "meta-externalagent/1.1 (+https://developers.facebook.com/docs/sharing/webmasters/crawler)"
66.249.79.71 - - [07/Jul/2025:21:15:36 +0700] "GET /recollection.php?shopdetail/7336312 HTTP/1.1" 200 20359 "-" "Mozilla/5.0 (Linux; Android 6.0.1; Nexus 5X Build/MMB29P) AppleWebKit/537.36 (KHTML, like Gecko) Chrome/137.0.7151.103 Mobile Safari/537.36 (compatible; Googlebot/2.1; +http://www.google.com/bot.html)"
66.249.79.71 - - [07/Jul/2025:21:16:04 +0700] "GET /recollection.php?shopdetail/376905812 HTTP/1.1" 200 19881 "-" "Mozilla/5.0 (Linux; Android 6.0.1; Nexus 5X Build/MMB29P) AppleWebKit/537.36 (KHTML, like Gecko) Chrome/137.0.7151.103 Mobile Safari/537.36 (compatible; Googlebot/2.1; +http://www.google.com/bot.html)"
66.249.79.73 - - [07/Jul/2025:21:16:05 +0700] "POST /get-message-notify HTTP/1.1" 200 19363 "https://bodieukhiencuacuon.vn/shopdetail/128290812" "Mozilla/5.0 AppleWebKit/537.36 (KHTML, like Gecko; compatible; Googlebot/2.1; +http://www.google.com/bot.html) Chrome/137.0.7151.119 Safari/537.36"
66.249.79.71 - - [07/Jul/2025:21:16:30 +0700] "GET /shopdetail/944912 HTTP/1.1" 200 20839 "-" "Mozilla/5.0 (Linux; Android 6.0.1; Nexus 5X Build/MMB29P) AppleWebKit/537.36 (KHTML, like Gecko) Chrome/137.0.7151.103 Mobile Safari/537.36 (compatible; Googlebot/2.1; +http://www.google.com/bot.html)"
66.249.79.71 - - [07/Jul/2025:21:16:32 +0700] "GET /shopdetail/171157512 HTTP/1.1" 200 20750 "-" "Mozilla/5.0 (Linux; Android 6.0.1; Nexus 5X Build/MMB29P) AppleWebKit/537.36 (KHTML, like Gecko) Chrome/137.0.7151.103 Mobile Safari/537.36 (compatible; Googlebot/2.1; +http://www.google.com/bot.html)"
