57.141.2.11 - - [07/Jul/2025:19:55:59 +0700] "GET /recollection.php?shopdetail/20053512 HTTP/2" 301 0 "-" "meta-externalagent/1.1 (+https://developers.facebook.com/docs/sharing/webmasters/crawler)"
103.57.221.79 - - [07/Jul/2025:19:56:01 +0700] "POST /wp-admin/admin-ajax.php?action=async_litespeed&nonce=knSuQx9naYP05ArIiYAh4udvpZPDb9Nj&litespeed_type=imgoptm HTTP/1.1" 200 146 "-" "WordPress/6.8.1; https://bodieukhiencuacuon.vn"
66.249.79.73 - - [07/Jul/2025:19:56:21 +0700] "GET /shopdetail/223461312 HTTP/1.1" 200 19951 "-" "Mozilla/5.0 (Linux; Android 6.0.1; Nexus 5X Build/MMB29P) AppleWebKit/537.36 (KHTML, like Gecko) Chrome/137.0.7151.103 Mobile Safari/537.36 (compatible; Googlebot/2.1; +http://www.google.com/bot.html)"
66.249.79.72 - - [07/Jul/2025:19:56:39 +0700] "GET /shopdetail/245959612 HTTP/1.1" 200 20160 "-" "Mozilla/5.0 (Linux; Android 6.0.1; Nexus 5X Build/MMB29P) AppleWebKit/537.36 (KHTML, like Gecko) Chrome/137.0.7151.103 Mobile Safari/537.36 (compatible; Googlebot/2.1; +http://www.google.com/bot.html)"
66.249.79.72 - - [07/Jul/2025:19:56:42 +0700] "POST /get-message-notify HTTP/1.1" 200 19363 "https://bodieukhiencuacuon.vn/shopdetail/245959612" "Mozilla/5.0 AppleWebKit/537.36 (KHTML, like Gecko; compatible; Googlebot/2.1; +http://www.google.com/bot.html) Chrome/137.0.7151.119 Safari/537.36"
66.249.71.203 - - [07/Jul/2025:19:56:48 +0700] "GET /recollection.php?shopdetail/45951012 HTTP/1.1" 200 20773 "-" "Mozilla/5.0 (Linux; Android 6.0.1; Nexus 5X Build/MMB29P) AppleWebKit/537.36 (KHTML, like Gecko) Chrome/137.0.7151.103 Mobile Safari/537.36 (compatible; Googlebot/2.1; +http://www.google.com/bot.html)"
57.141.2.21 - - [07/Jul/2025:19:57:11 +0700] "GET /recollection.php/?shopdetail/375936712 HTTP/2" 200 122547 "-" "meta-externalagent/1.1 (+https://developers.facebook.com/docs/sharing/webmasters/crawler)"
66.249.71.203 - - [07/Jul/2025:19:54:43 +0700] "GET /shopdetail/108207412 HTTP/1.1" 200 20359 "-" "Mozilla/5.0 (Linux; Android 6.0.1; Nexus 5X Build/MMB29P) AppleWebKit/537.36 (KHTML, like Gecko) Chrome/137.0.7151.103 Mobile Safari/537.36 (compatible; Googlebot/2.1; +http://www.google.com/bot.html)"
66.249.71.203 - - [07/Jul/2025:19:54:56 +0700] "POST /get-message-notify HTTP/1.1" 200 19363 "https://bodieukhiencuacuon.vn/recollection.php?shopdetail/349690212" "Mozilla/5.0 AppleWebKit/537.36 (KHTML, like Gecko; compatible; Googlebot/2.1; +http://www.google.com/bot.html) Chrome/137.0.7151.119 Safari/537.36"
66.249.79.73 - - [07/Jul/2025:19:55:01 +0700] "GET /shopdetail/4269012 HTTP/1.1" 200 19980 "-" "Mozilla/5.0 (Linux; Android 6.0.1; Nexus 5X Build/MMB29P) AppleWebKit/537.36 (KHTML, like Gecko) Chrome/137.0.7151.103 Mobile Safari/537.36 (compatible; Googlebot/2.1; +http://www.google.com/bot.html)"
66.249.79.71 - - [07/Jul/2025:19:55:21 +0700] "GET /shopdetail/218227412 HTTP/1.1" 200 20873 "-" "Mozilla/5.0 (Linux; Android 6.0.1; Nexus 5X Build/MMB29P) AppleWebKit/537.36 (KHTML, like Gecko) Chrome/137.0.7151.103 Mobile Safari/537.36 (compatible; Googlebot/2.1; +http://www.google.com/bot.html)"
66.249.79.71 - - [07/Jul/2025:19:55:25 +0700] "POST /get-message-notify HTTP/1.1" 200 19363 "https://bodieukhiencuacuon.vn/shopdetail/154728212" "Mozilla/5.0 (Linux; Android 6.0.1; Nexus 5X Build/MMB29P) AppleWebKit/537.36 (KHTML, like Gecko) Chrome/137.0.7151.119 Mobile Safari/537.36 (compatible; Googlebot/2.1; +http://www.google.com/bot.html)"
66.249.79.71 - - [07/Jul/2025:19:55:45 +0700] "GET /shopdetail/78511212 HTTP/1.1" 200 19726 "-" "Mozilla/5.0 (Linux; Android 6.0.1; Nexus 5X Build/MMB29P) AppleWebKit/537.36 (KHTML, like Gecko) Chrome/137.0.7151.103 Mobile Safari/537.36 (compatible; Googlebot/2.1; +http://www.google.com/bot.html)"
66.249.79.71 - - [07/Jul/2025:19:55:49 +0700] "POST /get-message-notify HTTP/1.1" 200 19363 "https://bodieukhiencuacuon.vn/shopdetail/78511212" "Mozilla/5.0 (Linux; Android 6.0.1; Nexus 5X Build/MMB29P) AppleWebKit/537.36 (KHTML, like Gecko) Chrome/137.0.7151.119 Mobile Safari/537.36 (compatible; Googlebot/2.1; +http://www.google.com/bot.html)"
66.249.79.71 - - [07/Jul/2025:19:55:52 +0700] "GET /recollection.php?shopdetail/409405812 HTTP/1.1" 200 19450 "-" "Mozilla/5.0 (Linux; Android 6.0.1; Nexus 5X Build/MMB29P) AppleWebKit/537.36 (KHTML, like Gecko) Chrome/137.0.7151.103 Mobile Safari/537.36 (compatible; Googlebot/2.1; +http://www.google.com/bot.html)"
57.141.2.6 - - [07/Jul/2025:19:56:07 +0700] "GET /recollection.php/?shopdetail/20053512 HTTP/2" 200 122547 "-" "meta-externalagent/1.1 (+https://developers.facebook.com/docs/sharing/webmasters/crawler)"
66.249.79.72 - - [07/Jul/2025:19:56:18 +0700] "GET /recollection.php?shopdetail/323661812 HTTP/1.1" 200 18904 "-" "Mozilla/5.0 (Linux; Android 6.0.1; Nexus 5X Build/MMB29P) AppleWebKit/537.36 (KHTML, like Gecko) Chrome/137.0.7151.103 Mobile Safari/537.36 (compatible; Googlebot/2.1; +http://www.google.com/bot.html)"
66.249.79.71 - - [07/Jul/2025:19:56:44 +0700] "GET /recollection.php?shopdetail/48438012 HTTP/1.1" 200 20438 "-" "Mozilla/5.0 (Linux; Android 6.0.1; Nexus 5X Build/MMB29P) AppleWebKit/537.36 (KHTML, like Gecko) Chrome/137.0.7151.103 Mobile Safari/537.36 (compatible; Googlebot/2.1; +http://www.google.com/bot.html)"
66.249.71.203 - - [07/Jul/2025:19:56:55 +0700] "GET /shopdetail/28107312 HTTP/1.1" 200 20725 "-" "Mozilla/5.0 (Linux; Android 6.0.1; Nexus 5X Build/MMB29P) AppleWebKit/537.36 (KHTML, like Gecko) Chrome/137.0.7151.103 Mobile Safari/537.36 (compatible; Googlebot/2.1; +http://www.google.com/bot.html)"
103.57.221.79 - - [07/Jul/2025:19:57:06 +0700] "POST /wp-cron.php?doing_wp_cron=1751893026.5364460945129394531250 HTTP/1.1" 200 0 "-" "WordPress/6.8.1; https://bodieukhiencuacuon.vn"
57.141.2.25 - - [07/Jul/2025:19:57:05 +0700] "GET /recollection.php?shopdetail/375936712 HTTP/2" 301 0 "-" "meta-externalagent/1.1 (+https://developers.facebook.com/docs/sharing/webmasters/crawler)"
66.249.79.72 - - [07/Jul/2025:19:55:22 +0700] "GET /shopdetail/154728212 HTTP/1.1" 200 20494 "-" "Mozilla/5.0 (Linux; Android 6.0.1; Nexus 5X Build/MMB29P) AppleWebKit/537.36 (KHTML, like Gecko) Chrome/137.0.7151.103 Mobile Safari/537.36 (compatible; Googlebot/2.1; +http://www.google.com/bot.html)"
66.249.71.203 - - [07/Jul/2025:19:55:22 +0700] "POST /get-message-notify HTTP/1.1" 200 19363 "https://bodieukhiencuacuon.vn/shopdetail/131816012" "Mozilla/5.0 (Linux; Android 6.0.1; Nexus 5X Build/MMB29P) AppleWebKit/537.36 (KHTML, like Gecko) Chrome/137.0.7151.119 Mobile Safari/537.36 (compatible; Googlebot/2.1; +http://www.google.com/bot.html)"
103.57.221.79 - - [07/Jul/2025:19:56:00 +0700] "POST /wp-cron.php?doing_wp_cron=1751892960.3740160465240478515625 HTTP/1.1" 200 0 "-" "WordPress/6.8.1; https://bodieukhiencuacuon.vn"
66.249.79.72 - - [07/Jul/2025:19:56:43 +0700] "POST /get-message-notify HTTP/1.1" 200 19363 "https://bodieukhiencuacuon.vn/shopdetail/245959612" "Mozilla/5.0 AppleWebKit/537.36 (KHTML, like Gecko; compatible; Googlebot/2.1; +http://www.google.com/bot.html) Chrome/137.0.7151.119 Safari/537.36"
103.57.221.79 - - [07/Jul/2025:19:57:07 +0700] "POST /wp-admin/admin-ajax.php?action=async_litespeed&nonce=NM1sKMq8UblcPJSH5cjnISBLSqQmvqNd&litespeed_type=imgoptm HTTP/1.1" 200 146 "-" "WordPress/6.8.1; https://bodieukhiencuacuon.vn"
66.249.79.73 - - [07/Jul/2025:19:57:23 +0700] "GET /shopdetail/34264312 HTTP/1.1" 200 22560 "-" "Mozilla/5.0 (Linux; Android 6.0.1; Nexus 5X Build/MMB29P) AppleWebKit/537.36 (KHTML, like Gecko) Chrome/137.0.7151.103 Mobile Safari/537.36 (compatible; Googlebot/2.1; +http://www.google.com/bot.html)"
40.77.167.131 - - [07/Jul/2025:19:57:47 +0700] "GET /tham-kh%E1%BA%A3o-%C4%91%C3%A0i-mi%E1%BB%81n-trung HTTP/2" 200 20587 "-" "Mozilla/5.0 AppleWebKit/537.36 (KHTML, like Gecko; compatible; bingbot/2.0; +http://www.bing.com/bingbot.htm) Chrome/116.0.1938.76 Safari/537.36"
66.249.79.71 - - [07/Jul/2025:19:57:51 +0700] "GET /shopdetail/220752112 HTTP/1.1" 200 19713 "-" "Mozilla/5.0 (Linux; Android 6.0.1; Nexus 5X Build/MMB29P) AppleWebKit/537.36 (KHTML, like Gecko) Chrome/137.0.7151.103 Mobile Safari/537.36 (compatible; Googlebot/2.1; +http://www.google.com/bot.html)"
66.249.79.71 - - [07/Jul/2025:19:57:55 +0700] "POST /get-message-notify HTTP/1.1" 200 19363 "https://bodieukhiencuacuon.vn/shopdetail/220752112" "Mozilla/5.0 (Linux; Android 6.0.1; Nexus 5X Build/MMB29P) AppleWebKit/537.36 (KHTML, like Gecko) Chrome/137.0.7151.119 Mobile Safari/537.36 (compatible; Googlebot/2.1; +http://www.google.com/bot.html)"
66.249.71.205 - - [07/Jul/2025:19:58:25 +0700] "GET /shopdetail/269328612 HTTP/1.1" 200 18372 "-" "Mozilla/5.0 (Linux; Android 6.0.1; Nexus 5X Build/MMB29P) AppleWebKit/537.36 (KHTML, like Gecko) Chrome/137.0.7151.103 Mobile Safari/537.36 (compatible; Googlebot/2.1; +http://www.google.com/bot.html)"
103.57.221.79 - - [07/Jul/2025:19:59:06 +0700] "POST /wp-cron.php?doing_wp_cron=1751893146.3067030906677246093750 HTTP/1.1" 200 0 "-" "WordPress/6.8.1; https://bodieukhiencuacuon.vn"
57.141.2.23 - - [07/Jul/2025:19:59:05 +0700] "GET /shopdetail/189846712 HTTP/2" 301 0 "-" "meta-externalagent/1.1 (+https://developers.facebook.com/docs/sharing/webmasters/crawler)"
57.141.2.11 - - [07/Jul/2025:19:59:06 +0700] "GET /recollection.php?shopdetail/281037612 HTTP/2" 301 0 "-" "meta-externalagent/1.1 (+https://developers.facebook.com/docs/sharing/webmasters/crawler)"
103.57.221.79 - - [07/Jul/2025:19:59:06 +0700] "POST /wp-admin/admin-ajax.php?action=async_litespeed&nonce=6nu7pMQcHyTdbUW6WYuaFKbnvJHTOWYY&litespeed_type=imgoptm HTTP/1.1" 200 146 "-" "WordPress/6.8.1; https://bodieukhiencuacuon.vn"
66.249.79.72 - - [07/Jul/2025:19:59:24 +0700] "GET /shopdetail/194394112 HTTP/1.1" 200 19871 "-" "Mozilla/5.0 (Linux; Android 6.0.1; Nexus 5X Build/MMB29P) AppleWebKit/537.36 (KHTML, like Gecko) Chrome/137.0.7151.103 Mobile Safari/537.36 (compatible; Googlebot/2.1; +http://www.google.com/bot.html)"
66.249.79.72 - - [07/Jul/2025:19:57:49 +0700] "GET /shopdetail/106019712 HTTP/1.1" 200 20881 "-" "Mozilla/5.0 (Linux; Android 6.0.1; Nexus 5X Build/MMB29P) AppleWebKit/537.36 (KHTML, like Gecko) Chrome/137.0.7151.103 Mobile Safari/537.36 (compatible; Googlebot/2.1; +http://www.google.com/bot.html)"
40.77.167.3 - - [07/Jul/2025:19:57:52 +0700] "GET /news/3695082/ HTTP/2" 200 20549 "-" "Mozilla/5.0 AppleWebKit/537.36 (KHTML, like Gecko; compatible; bingbot/2.0; +http://www.bing.com/bingbot.htm) Chrome/116.0.1938.76 Safari/537.36"
57.141.2.1 - - [07/Jul/2025:19:59:10 +0700] "GET /shopdetail/189846712/ HTTP/2" 200 122547 "-" "meta-externalagent/1.1 (+https://developers.facebook.com/docs/sharing/webmasters/crawler)"
57.141.2.17 - - [07/Jul/2025:19:59:15 +0700] "GET /recollection.php/?shopdetail/218587812 HTTP/2" 200 122547 "-" "meta-externalagent/1.1 (+https://developers.facebook.com/docs/sharing/webmasters/crawler)"
40.77.167.131 - - [07/Jul/2025:19:59:28 +0700] "GET /news/5298360/ HTTP/2" 200 20890 "-" "Mozilla/5.0 AppleWebKit/537.36 (KHTML, like Gecko; compatible; bingbot/2.0; +http://www.bing.com/bingbot.htm) Chrome/116.0.1938.76 Safari/537.36"
103.57.221.79 - - [07/Jul/2025:19:59:41 +0700] "POST /wp-cron.php?doing_wp_cron=1751893181.0195100307464599609375 HTTP/1.1" 200 0 "-" "WordPress/6.8.1; https://bodieukhiencuacuon.vn"
103.57.221.79 - - [07/Jul/2025:19:59:56 +0700] "POST /wp-cron.php?doing_wp_cron=1751893196.0531039237976074218750 HTTP/1.1" 200 0 "-" "WordPress/6.8.1; https://bodieukhiencuacuon.vn"
103.57.221.79 - - [07/Jul/2025:19:59:56 +0700] "POST /wp-admin/admin-ajax.php?action=async_litespeed&nonce=fKD1esDrAFhceK1Qs7MGfy6EghmYNAaU&litespeed_type=imgoptm HTTP/1.1" 200 146 "-" "WordPress/6.8.1; https://bodieukhiencuacuon.vn"
57.141.2.1 - - [07/Jul/2025:20:00:25 +0700] "GET /recollection.php?shopdetail/230139412 HTTP/2" 301 0 "-" "meta-externalagent/1.1 (+https://developers.facebook.com/docs/sharing/webmasters/crawler)"
103.57.221.79 - - [07/Jul/2025:20:00:38 +0700] "POST /wp-cron.php?doing_wp_cron=1751893238.2578380107879638671875 HTTP/1.1" 200 0 "-" "WordPress/6.8.1; https://bodieukhiencuacuon.vn"
103.57.221.79 - - [07/Jul/2025:20:03:41 +0700] "POST /wp-cron.php?doing_wp_cron=1751893421.4517979621887207031250 HTTP/1.1" 200 0 "-" "WordPress/6.8.1; https://bodieukhiencuacuon.vn"
103.57.221.79 - - [07/Jul/2025:20:03:56 +0700] "POST /wp-admin/admin-ajax.php?action=async_litespeed&nonce=dQj11qsod2DowAzx3mt7is5rzwKUTTAT&litespeed_type=imgoptm HTTP/1.1" 200 146 "-" "WordPress/6.8.1; https://bodieukhiencuacuon.vn"
57.141.2.3 - - [07/Jul/2025:20:03:58 +0700] "GET /shopdetail/1234512/ HTTP/2" 200 122547 "-" "meta-externalagent/1.1 (+https://developers.facebook.com/docs/sharing/webmasters/crawler)"
52.167.144.169 - - [07/Jul/2025:20:04:01 +0700] "GET /?nh%E1%BA%A1c%20m%E1%BB%9Bi%20nh%E1%BA%A5t.aspx HTTP/2" 200 20497 "-" "Mozilla/5.0 AppleWebKit/537.36 (KHTML, like Gecko; compatible; bingbot/2.0; +http://www.bing.com/bingbot.htm) Chrome/116.0.1938.76 Safari/537.36"
40.77.167.116 - - [07/Jul/2025:20:04:09 +0700] "GET /news/7358429/ HTTP/2" 200 21162 "-" "Mozilla/5.0 AppleWebKit/537.36 (KHTML, like Gecko; compatible; bingbot/2.0; +http://www.bing.com/bingbot.htm) Chrome/116.0.1938.76 Safari/537.36"
66.249.79.71 - - [07/Jul/2025:20:04:48 +0700] "GET /shopdetail/50931212 HTTP/1.1" 200 20673 "-" "Mozilla/5.0 (Linux; Android 6.0.1; Nexus 5X Build/MMB29P) AppleWebKit/537.36 (KHTML, like Gecko) Chrome/137.0.7151.103 Mobile Safari/537.36 (compatible; Googlebot/2.1; +http://www.google.com/bot.html)"
66.249.71.203 - - [07/Jul/2025:20:06:08 +0700] "GET /shopdetail/35964712 HTTP/1.1" 200 19983 "-" "Mozilla/5.0 (Linux; Android 6.0.1; Nexus 5X Build/MMB29P) AppleWebKit/537.36 (KHTML, like Gecko) Chrome/137.0.7151.103 Mobile Safari/537.36 (compatible; Googlebot/2.1; +http://www.google.com/bot.html)"
52.167.144.181 - - [07/Jul/2025:20:08:11 +0700] "GET /9365-MOTOBOMBA-ROUGE-En-Destockage-Et/518862 HTTP/2" 200 19496 "-" "Mozilla/5.0 AppleWebKit/537.36 (KHTML, like Gecko; compatible; bingbot/2.0; +http://www.bing.com/bingbot.htm) Chrome/116.0.1938.76 Safari/537.36"
185.191.171.2 - - [07/Jul/2025:20:12:26 +0700] "GET /robots.txt HTTP/1.1" 406 779 "-" "Mozilla/5.0 (compatible; SemrushBot/7~bl; +http://www.semrush.com/bot.html)"
85.208.96.195 - - [07/Jul/2025:20:12:28 +0700] "GET /san-pham/bo-dieu-khien-cua-cuon-nat-d-base/ HTTP/1.1" 200 973 "-" "Mozilla/5.0 (compatible; SemrushBot/7~bl; +http://www.semrush.com/bot.html)"
52.167.144.22 - - [07/Jul/2025:20:13:52 +0700] "GET /mobile/50143/ HTTP/2" 200 19768 "-" "Mozilla/5.0 AppleWebKit/537.36 (KHTML, like Gecko; compatible; bingbot/2.0; +http://www.bing.com/bingbot.htm) Chrome/116.0.1938.76 Safari/537.36"
40.77.167.156 - - [07/Jul/2025:20:13:53 +0700] "GET /mobile/c%C3%A2u-l%E1%BA%A1c-b%E1%BB%99-javgg.html HTTP/2" 200 19902 "-" "Mozilla/5.0 AppleWebKit/537.36 (KHTML, like Gecko; compatible; bingbot/2.0; +http://www.bing.com/bingbot.htm) Chrome/116.0.1938.76 Safari/537.36"
52.167.144.181 - - [07/Jul/2025:20:15:21 +0700] "GET /order/51260/ HTTP/2" 200 19341 "-" "Mozilla/5.0 AppleWebKit/537.36 (KHTML, like Gecko; compatible; bingbot/2.0; +http://www.bing.com/bingbot.htm) Chrome/116.0.1938.76 Safari/537.36"
66.249.79.72 - - [07/Jul/2025:19:59:29 +0700] "POST /get-message-notify HTTP/1.1" 200 19363 "https://bodieukhiencuacuon.vn/shopdetail/194394112" "Mozilla/5.0 (Linux; Android 6.0.1; Nexus 5X Build/MMB29P) AppleWebKit/537.36 (KHTML, like Gecko) Chrome/137.0.7151.119 Mobile Safari/537.36 (compatible; Googlebot/2.1; +http://www.google.com/bot.html)"
57.141.2.28 - - [07/Jul/2025:19:59:39 +0700] "GET /recollection.php?shopdetail/188840212 HTTP/2" 301 0 "-" "meta-externalagent/1.1 (+https://developers.facebook.com/docs/sharing/webmasters/crawler)"
57.141.2.15 - - [07/Jul/2025:19:59:54 +0700] "GET /recollection.php/?shopdetail/188840212 HTTP/2" 200 122547 "-" "meta-externalagent/1.1 (+https://developers.facebook.com/docs/sharing/webmasters/crawler)"
57.141.2.22 - - [07/Jul/2025:20:00:37 +0700] "GET /recollection.php/?shopdetail/230139412 HTTP/2" 200 122547 "-" "meta-externalagent/1.1 (+https://developers.facebook.com/docs/sharing/webmasters/crawler)"
52.167.144.17 - - [07/Jul/2025:20:03:19 +0700] "GET /Ecran-Pour-Bryton-Rider-S800-Clair/664264 HTTP/2" 200 20743 "-" "Mozilla/5.0 AppleWebKit/537.36 (KHTML, like Gecko; compatible; bingbot/2.0; +http://www.bing.com/bingbot.htm) Chrome/116.0.1938.76 Safari/537.36"
103.57.221.79 - - [07/Jul/2025:20:03:37 +0700] "POST /wp-admin/admin-ajax.php?action=async_litespeed&nonce=q1k4a8jBSm5BFXtNm78YZeDTsB19uYii&litespeed_type=imgoptm HTTP/1.1" 200 146 "-" "WordPress/6.8.1; https://bodieukhiencuacuon.vn"
57.141.2.17 - - [07/Jul/2025:20:03:54 +0700] "GET /shopdetail/1234512 HTTP/2" 301 0 "-" "meta-externalagent/1.1 (+https://developers.facebook.com/docs/sharing/webmasters/crawler)"
66.249.73.130 - - [07/Jul/2025:20:04:52 +0700] "POST /get-message-notify HTTP/1.1" 200 19363 "https://bodieukhiencuacuon.vn/shopdetail/50931212" "Mozilla/5.0 (Linux; Android 6.0.1; Nexus 5X Build/MMB29P) AppleWebKit/537.36 (KHTML, like Gecko) Chrome/137.0.7151.119 Mobile Safari/537.36 (compatible; Googlebot/2.1; +http://www.google.com/bot.html)"
66.249.79.71 - - [07/Jul/2025:20:06:00 +0700] "GET /recollection.php?shopdetail/356026212 HTTP/1.1" 200 19085 "-" "Mozilla/5.0 (Linux; Android 6.0.1; Nexus 5X Build/MMB29P) AppleWebKit/537.36 (KHTML, like Gecko) Chrome/137.0.7151.103 Mobile Safari/537.36 (compatible; Googlebot/2.1; +http://www.google.com/bot.html)"
66.249.79.71 - - [07/Jul/2025:20:06:26 +0700] "GET /shopdetail/32627812 HTTP/1.1" 200 19774 "-" "Mozilla/5.0 (Linux; Android 6.0.1; Nexus 5X Build/MMB29P) AppleWebKit/537.36 (KHTML, like Gecko) Chrome/137.0.7151.103 Mobile Safari/537.36 (compatible; Googlebot/2.1; +http://www.google.com/bot.html)"
52.167.144.22 - - [07/Jul/2025:20:06:33 +0700] "GET /Mini-5To-Portable-2-5-Disque-Dur-Externe/409322 HTTP/2" 200 20032 "-" "Mozilla/5.0 AppleWebKit/537.36 (KHTML, like Gecko; compatible; bingbot/2.0; +http://www.bing.com/bingbot.htm) Chrome/116.0.1938.76 Safari/537.36"
40.77.167.156 - - [07/Jul/2025:20:13:02 +0700] "GET /order/7014986/ HTTP/2" 200 20685 "-" "Mozilla/5.0 AppleWebKit/537.36 (KHTML, like Gecko; compatible; bingbot/2.0; +http://www.bing.com/bingbot.htm) Chrome/116.0.1938.76 Safari/537.36"
66.249.71.205 - - [07/Jul/2025:20:14:10 +0700] "GET /shopdetail/200646912 HTTP/1.1" 200 20201 "-" "Mozilla/5.0 (Linux; Android 6.0.1; Nexus 5X Build/MMB29P) AppleWebKit/537.36 (KHTML, like Gecko) Chrome/137.0.7151.103 Mobile Safari/537.36 (compatible; Googlebot/2.1; +http://www.google.com/bot.html)"
103.57.221.79 - - [07/Jul/2025:20:14:56 +0700] "POST /wp-cron.php?doing_wp_cron=1751894096.2088530063629150390625 HTTP/1.1" 200 0 "-" "WordPress/6.8.1; https://bodieukhiencuacuon.vn"
66.249.71.203 - - [07/Jul/2025:20:16:43 +0700] "POST /get-message-notify HTTP/1.1" 200 19363 "https://bodieukhiencuacuon.vn/product/edit/64636803" "Mozilla/5.0 (Linux; Android 6.0.1; Nexus 5X Build/MMB29P) AppleWebKit/537.36 (KHTML, like Gecko) Chrome/137.0.7151.119 Mobile Safari/537.36 (compatible; Googlebot/2.1; +http://www.google.com/bot.html)"
57.141.2.15 - - [07/Jul/2025:19:59:08 +0700] "GET /recollection.php?shopdetail/218587812 HTTP/2" 301 0 "-" "meta-externalagent/1.1 (+https://developers.facebook.com/docs/sharing/webmasters/crawler)"
57.141.2.17 - - [07/Jul/2025:19:59:14 +0700] "GET /recollection.php/?shopdetail/281037612 HTTP/2" 200 122547 "-" "meta-externalagent/1.1 (+https://developers.facebook.com/docs/sharing/webmasters/crawler)"
52.167.144.229 - - [07/Jul/2025:20:00:10 +0700] "GET /Porte-Balais-Mural-Sans-Percer-Accroche-Mop-Et-Balais-Avec/827170 HTTP/2" 200 20719 "-" "Mozilla/5.0 AppleWebKit/537.36 (KHTML, like Gecko; compatible; bingbot/2.0; +http://www.bing.com/bingbot.htm) Chrome/116.0.1938.76 Safari/537.36"
52.167.144.17 - - [07/Jul/2025:20:01:28 +0700] "GET /mobile/30874/ HTTP/2" 200 20320 "-" "Mozilla/5.0 AppleWebKit/537.36 (KHTML, like Gecko; compatible; bingbot/2.0; +http://www.bing.com/bingbot.htm) Chrome/116.0.1938.76 Safari/537.36"
66.249.79.71 - - [07/Jul/2025:20:03:14 +0700] "GET /recollection.php?shopdetail/69840912 HTTP/1.1" 200 20403 "-" "Mozilla/5.0 (Linux; Android 6.0.1; Nexus 5X Build/MMB29P) AppleWebKit/537.36 (KHTML, like Gecko) Chrome/137.0.7151.103 Mobile Safari/537.36 (compatible; Googlebot/2.1; +http://www.google.com/bot.html)"
103.57.221.79 - - [07/Jul/2025:20:03:36 +0700] "POST /wp-cron.php?doing_wp_cron=1751893416.3797209262847900390625 HTTP/1.1" 200 0 "-" "WordPress/6.8.1; https://bodieukhiencuacuon.vn"
57.141.2.4 - - [07/Jul/2025:20:03:35 +0700] "GET /recollection.php?shopdetail/79807712 HTTP/2" 301 0 "-" "meta-externalagent/1.1 (+https://developers.facebook.com/docs/sharing/webmasters/crawler)"
66.249.79.71 - - [07/Jul/2025:20:03:37 +0700] "GET /shopdetail/6.jpg?t=1600999676107 HTTP/1.1" 200 20435 "-" "Googlebot-Image/1.0"
57.141.2.30 - - [07/Jul/2025:20:03:40 +0700] "GET /recollection.php/?shopdetail/79807712 HTTP/2" 200 122547 "-" "meta-externalagent/1.1 (+https://developers.facebook.com/docs/sharing/webmasters/crawler)"
103.57.221.79 - - [07/Jul/2025:20:03:55 +0700] "POST /wp-cron.php?doing_wp_cron=1751893435.7494139671325683593750 HTTP/1.1" 200 0 "-" "WordPress/6.8.1; https://bodieukhiencuacuon.vn"
66.249.71.203 - - [07/Jul/2025:20:05:15 +0700] "GET /recollection.php?shopdetail/333492012 HTTP/1.1" 200 19073 "-" "Mozilla/5.0 (Linux; Android 6.0.1; Nexus 5X Build/MMB29P) AppleWebKit/537.36 (KHTML, like Gecko) Chrome/137.0.7151.103 Mobile Safari/537.36 (compatible; Googlebot/2.1; +http://www.google.com/bot.html)"
66.249.71.203 - - [07/Jul/2025:20:06:53 +0700] "GET /shopdetail/149629312 HTTP/1.1" 200 19376 "-" "Mozilla/5.0 (Linux; Android 6.0.1; Nexus 5X Build/MMB29P) AppleWebKit/537.36 (KHTML, like Gecko) Chrome/137.0.7151.103 Mobile Safari/537.36 (compatible; Googlebot/2.1; +http://www.google.com/bot.html)"
66.249.79.71 - - [07/Jul/2025:20:06:57 +0700] "POST /get-message-notify HTTP/1.1" 200 19363 "https://bodieukhiencuacuon.vn/shopdetail/149629312" "Mozilla/5.0 (Linux; Android 6.0.1; Nexus 5X Build/MMB29P) AppleWebKit/537.36 (KHTML, like Gecko) Chrome/137.0.7151.119 Mobile Safari/537.36 (compatible; Googlebot/2.1; +http://www.google.com/bot.html)"
57.141.2.11 - - [07/Jul/2025:20:14:54 +0700] "GET /recollection.php?shopdetail/235935412 HTTP/2" 301 0 "-" "meta-externalagent/1.1 (+https://developers.facebook.com/docs/sharing/webmasters/crawler)"
103.57.221.79 - - [07/Jul/2025:20:14:56 +0700] "POST /wp-admin/admin-ajax.php?action=async_litespeed&nonce=LpCbRWzt1HW6FPlQ15lsHdMq4uaSP7uv&litespeed_type=imgoptm HTTP/1.1" 200 146 "-" "WordPress/6.8.1; https://bodieukhiencuacuon.vn"
57.141.2.22 - - [07/Jul/2025:20:15:02 +0700] "GET /recollection.php/?shopdetail/235935412 HTTP/2" 200 122547 "-" "meta-externalagent/1.1 (+https://developers.facebook.com/docs/sharing/webmasters/crawler)"
66.249.79.72 - - [07/Jul/2025:20:16:39 +0700] "GET /product/edit/64636803 HTTP/1.1" 200 20039 "-" "Mozilla/5.0 (Linux; Android 6.0.1; Nexus 5X Build/MMB29P) AppleWebKit/537.36 (KHTML, like Gecko) Chrome/137.0.7151.103 Mobile Safari/537.36 (compatible; Googlebot/2.1; +http://www.google.com/bot.html)"
40.77.167.17 - - [07/Jul/2025:20:18:01 +0700] "GET /mobile/c%C3%A1ch-ch%C6%A1i-game-n%E1%BB%95-h%C5%A9 HTTP/2" 200 19802 "-" "Mozilla/5.0 AppleWebKit/537.36 (KHTML, like Gecko; compatible; bingbot/2.0; +http://www.bing.com/bingbot.htm) Chrome/116.0.1938.76 Safari/537.36"
66.249.79.73 - - [07/Jul/2025:20:18:22 +0700] "GET /shopdetail/14195912 HTTP/1.1" 200 20059 "-" "Mozilla/5.0 (Linux; Android 6.0.1; Nexus 5X Build/MMB29P) AppleWebKit/537.36 (KHTML, like Gecko) Chrome/137.0.7151.103 Mobile Safari/537.36 (compatible; Googlebot/2.1; +http://www.google.com/bot.html)"
103.57.221.79 - - [07/Jul/2025:20:18:25 +0700] "POST /wp-admin/admin-ajax.php?action=async_litespeed&nonce=6DqkqNzthkhad0n2Gnb6V6gMBuX8tYHV&litespeed_type=imgoptm HTTP/1.1" 200 146 "-" "WordPress/6.8.1; https://bodieukhiencuacuon.vn"
52.167.144.233 - - [07/Jul/2025:20:18:33 +0700] "GET /4-Garnitures-De-Toit-De-Voiture-Pour-Astra-H-MK5/496044 HTTP/2" 200 20670 "-" "Mozilla/5.0 AppleWebKit/537.36 (KHTML, like Gecko; compatible; bingbot/2.0; +http://www.bing.com/bingbot.htm) Chrome/116.0.1938.76 Safari/537.36"
103.57.221.79 - - [07/Jul/2025:20:21:26 +0700] "POST /wp-admin/admin-ajax.php?action=async_litespeed&nonce=53xWypc0GlqI0BYriRzhCq4RmjRuvwzh&litespeed_type=imgoptm HTTP/1.1" 200 146 "-" "WordPress/6.8.1; https://bodieukhiencuacuon.vn"
57.141.2.15 - - [07/Jul/2025:20:21:34 +0700] "GET /recollection.php/?shopdetail/290719612 HTTP/2" 200 122547 "-" "meta-externalagent/1.1 (+https://developers.facebook.com/docs/sharing/webmasters/crawler)"
66.249.79.73 - - [07/Jul/2025:20:22:44 +0700] "GET /shopdetail/145931912 HTTP/1.1" 200 19496 "-" "Mozilla/5.0 (Linux; Android 6.0.1; Nexus 5X Build/MMB29P) AppleWebKit/537.36 (KHTML, like Gecko) Chrome/137.0.7151.103 Mobile Safari/537.36 (compatible; Googlebot/2.1; +http://www.google.com/bot.html)"
66.249.79.71 - - [07/Jul/2025:20:22:48 +0700] "POST /get-message-notify HTTP/1.1" 200 19363 "https://bodieukhiencuacuon.vn/shopdetail/145931912" "Mozilla/5.0 (Linux; Android 6.0.1; Nexus 5X Build/MMB29P) AppleWebKit/537.36 (KHTML, like Gecko) Chrome/137.0.7151.119 Mobile Safari/537.36 (compatible; Googlebot/2.1; +http://www.google.com/bot.html)"
66.249.79.73 - - [07/Jul/2025:20:23:55 +0700] "GET /app20250401/%E8%A9%A6%E3%81%97%E3%81%A6%E3%81%BF%E3%81%9F%E3%80%91%E3%83%AA%E3%83%9A%E3%82%A2%E3%83%99%E3%83%BC%E3%83%AB%20%E3%83%9C%E3%83%87%E3%82%A3%E3%83%BC%E3%83%9F%E3%83%AB%E3%82%AF%EF%BC%8F%E3%83%95%E3%82%A7%E3%83%AB%E3%82%BC%E3%82%A2%E3%81%AE%E3%83%AA%E3%82%A2%E3%83%AB%E3%81%AA HTTP/1.1" 200 20108 "-" "Mozilla/5.0 (Linux; Android 6.0.1; Nexus 5X Build/MMB29P) AppleWebKit/537.36 (KHTML, like Gecko) Chrome/137.0.7151.103 Mobile Safari/537.36 (compatible; Googlebot/2.1; +http://www.google.com/bot.html)"
66.249.71.204 - - [07/Jul/2025:20:26:55 +0700] "GET /app2025-04-12/t%E1%BA%A7n-su%E1%BA%A5t-loto-c%E1%BA%B7p-100-ng%C3%A0y.html HTTP/1.1" 200 20183 "-" "Mozilla/5.0 (Linux; Android 6.0.1; Nexus 5X Build/MMB29P) AppleWebKit/537.36 (KHTML, like Gecko) Chrome/137.0.7151.103 Mobile Safari/537.36 (compatible; Googlebot/2.1; +http://www.google.com/bot.html)"
40.77.167.33 - - [07/Jul/2025:20:29:05 +0700] "GET /mobile/betting-sites-with-welcome-bonus.html HTTP/2" 200 19734 "-" "Mozilla/5.0 AppleWebKit/537.36 (KHTML, like Gecko; compatible; bingbot/2.0; +http://www.bing.com/bingbot.htm) Chrome/116.0.1938.76 Safari/537.36"
52.167.144.24 - - [07/Jul/2025:20:31:14 +0700] "GET /De-6-Craies-Doigts-Coloris-Assortis/497151 HTTP/2" 200 20057 "-" "Mozilla/5.0 AppleWebKit/537.36 (KHTML, like Gecko; compatible; bingbot/2.0; +http://www.bing.com/bingbot.htm) Chrome/116.0.1938.76 Safari/537.36"
103.57.221.79 - - [07/Jul/2025:20:40:16 +0700] "POST /wp-cron.php?doing_wp_cron=1751895616.8974440097808837890625 HTTP/1.1" 200 0 "-" "WordPress/6.8.1; https://bodieukhiencuacuon.vn"
103.57.221.79 - - [07/Jul/2025:20:40:17 +0700] "POST /wp-admin/admin-ajax.php?action=async_litespeed&nonce=Ll8RUxRHD6NE14GwChbY4hmNa6vGSnip&litespeed_type=imgoptm HTTP/1.1" 200 146 "-" "WordPress/6.8.1; https://bodieukhiencuacuon.vn"
66.249.79.72 - - [07/Jul/2025:20:18:23 +0700] "GET /shopdetail/54301612 HTTP/1.1" 200 20121 "-" "Mozilla/5.0 (Linux; Android 6.0.1; Nexus 5X Build/MMB29P) AppleWebKit/537.36 (KHTML, like Gecko) Chrome/137.0.7151.103 Mobile Safari/537.36 (compatible; Googlebot/2.1; +http://www.google.com/bot.html)"
57.141.2.22 - - [07/Jul/2025:20:18:28 +0700] "GET /shopdetail/98486312/ HTTP/2" 200 122547 "-" "meta-externalagent/1.1 (+https://developers.facebook.com/docs/sharing/webmasters/crawler)"
103.57.221.79 - - [07/Jul/2025:20:21:26 +0700] "POST /wp-cron.php?doing_wp_cron=1751894486.2010788917541503906250 HTTP/1.1" 200 0 "-" "WordPress/6.8.1; https://bodieukhiencuacuon.vn"
52.167.144.202 - - [07/Jul/2025:20:21:44 +0700] "GET /news/6815920/ HTTP/2" 200 20511 "-" "Mozilla/5.0 AppleWebKit/537.36 (KHTML, like Gecko; compatible; bingbot/2.0; +http://www.bing.com/bingbot.htm) Chrome/116.0.1938.76 Safari/537.36"
66.249.79.72 - - [07/Jul/2025:20:22:42 +0700] "GET /shopdetail/168394712 HTTP/1.1" 200 20246 "-" "Mozilla/5.0 (Linux; Android 6.0.1; Nexus 5X Build/MMB29P) AppleWebKit/537.36 (KHTML, like Gecko) Chrome/137.0.7151.103 Mobile Safari/537.36 (compatible; Googlebot/2.1; +http://www.google.com/bot.html)"
66.249.71.205 - - [07/Jul/2025:20:23:56 +0700] "GET /shopdetail/%E2%99%AA%E3%80%80%E6%9C%AC%E4%BD%93%E3%80%80%E3%80%90%E8%B3%87%E7%94%9F%E5%A0%82%E3%80%91%E3%80%80%E3%82%AF%E3%83%AC%E3%83%BB%E3%83%89%E3%83%BB%E3%83%9D%E3%83%BC%E3%83%9C%E3%83%BC%E3%83%86%E3%83%97%E3%83%BC%E3%83%89%E3%83%AB%E3%83%88%E3%83%A9%E3%83%B3%E3%82%B9%E3%83%91%E3%83%A9%E3%83%B3%E3%83%88%2026g%20%20%E6%9C%AC%E4%BD%93%EF%BC%9C%E3%81%8A%E3%81%97%E3%82%8D%E3%81%84%EF%BC%9E%EF%BC%9C%E3%83%95%E3%82%A7%E3%82%A4%E3%82%B9%E3%83%91%E3%82%A6%E3%83%80%E3%83%BC%E3%83%BB%E3%83%AB%E3%83%BC%E3%82%B9%E3%83%91%E3%82%A6%E3%83%80%E3%83%BC%EF%BC%9E%EF%BC%9C%E3%83%99%E3%83%BC%E3%82%B9%E3%83%A1%E3%83%BC%E3%82%AF%EF%BC%9E%EF%BC%9C%E3%82%AF%E3%83%AC%E3%83%89%E3%83%9D%E3%83%BC%E3%83%9C%E3%83%BC%E3%83%86%E3%83%BBCPB%EF%BC%9E HTTP/1.1" 200 20870 "-" "Mozilla/5.0 (Linux; Android 6.0.1; Nexus 5X Build/MMB29P) AppleWebKit/537.36 (KHTML, like Gecko) Chrome/137.0.7151.103 Mobile Safari/537.36 (compatible; Googlebot/2.1; +http://www.google.com/bot.html)"
52.167.144.24 - - [07/Jul/2025:20:27:43 +0700] "GET /mobile/keo-bd HTTP/2" 200 20771 "-" "Mozilla/5.0 AppleWebKit/537.36 (KHTML, like Gecko; compatible; bingbot/2.0; +http://www.bing.com/bingbot.htm) Chrome/116.0.1938.76 Safari/537.36"
52.167.144.216 - - [07/Jul/2025:20:33:14 +0700] "GET /con-m%C3%A8o-s%E1%BB%91-m%E1%BA%A5y HTTP/2" 200 20020 "-" "Mozilla/5.0 AppleWebKit/537.36 (KHTML, like Gecko; compatible; bingbot/2.0; +http://www.bing.com/bingbot.htm) Chrome/116.0.1938.76 Safari/537.36"
66.249.71.204 - - [07/Jul/2025:20:36:50 +0700] "GET /shopdetail/242754812 HTTP/1.1" 200 21061 "-" "Mozilla/5.0 (Linux; Android 6.0.1; Nexus 5X Build/MMB29P) AppleWebKit/537.36 (KHTML, like Gecko) Chrome/137.0.7151.103 Mobile Safari/537.36 (compatible; Googlebot/2.1; +http://www.google.com/bot.html)"
103.57.221.79 - - [07/Jul/2025:20:39:07 +0700] "POST /wp-cron.php?doing_wp_cron=1751895547.6905760765075683593750 HTTP/1.1" 200 0 "-" "WordPress/6.8.1; https://bodieukhiencuacuon.vn"
57.141.2.20 - - [07/Jul/2025:20:39:11 +0700] "GET /recollection.php/?shopdetail/209403212 HTTP/2" 200 122547 "-" "meta-externalagent/1.1 (+https://developers.facebook.com/docs/sharing/webmasters/crawler)"
57.141.2.16 - - [07/Jul/2025:20:40:15 +0700] "GET /shopdetail/179485612 HTTP/2" 301 0 "-" "meta-externalagent/1.1 (+https://developers.facebook.com/docs/sharing/webmasters/crawler)"
57.141.2.20 - - [07/Jul/2025:20:40:18 +0700] "GET /shopdetail/174062112 HTTP/2" 301 0 "-" "meta-externalagent/1.1 (+https://developers.facebook.com/docs/sharing/webmasters/crawler)"
57.141.2.22 - - [07/Jul/2025:20:40:29 +0700] "GET /shopdetail/125345812/ HTTP/2" 200 122547 "-" "meta-externalagent/1.1 (+https://developers.facebook.com/docs/sharing/webmasters/crawler)"
103.57.221.79 - - [07/Jul/2025:20:18:24 +0700] "POST /wp-cron.php?doing_wp_cron=1751894304.2533171176910400390625 HTTP/1.1" 200 0 "-" "WordPress/6.8.1; https://bodieukhiencuacuon.vn"
57.141.2.14 - - [07/Jul/2025:20:18:22 +0700] "GET /shopdetail/98486312 HTTP/2" 301 0 "-" "meta-externalagent/1.1 (+https://developers.facebook.com/docs/sharing/webmasters/crawler)"
66.249.79.71 - - [07/Jul/2025:20:20:22 +0700] "GET /shopdetail/107810812 HTTP/1.1" 200 20498 "-" "Mozilla/5.0 (Linux; Android 6.0.1; Nexus 5X Build/MMB29P) AppleWebKit/537.36 (KHTML, like Gecko) Chrome/137.0.7151.103 Mobile Safari/537.36 (compatible; Googlebot/2.1; +http://www.google.com/bot.html)"
57.141.2.16 - - [07/Jul/2025:20:21:24 +0700] "GET /recollection.php?shopdetail/290719612 HTTP/2" 301 0 "-" "meta-externalagent/1.1 (+https://developers.facebook.com/docs/sharing/webmasters/crawler)"
66.249.71.205 - - [07/Jul/2025:20:22:44 +0700] "GET /shopdetail/114152412 HTTP/1.1" 200 18854 "-" "Mozilla/5.0 (Linux; Android 6.0.1; Nexus 5X Build/MMB29P) AppleWebKit/537.36 (KHTML, like Gecko) Chrome/137.0.7151.103 Mobile Safari/537.36 (compatible; Googlebot/2.1; +http://www.google.com/bot.html)"
66.249.79.72 - - [07/Jul/2025:20:23:55 +0700] "GET /order20250409/%3Cimg%20src= HTTP/1.1" 200 20025 "-" "Mozilla/5.0 (Linux; Android 6.0.1; Nexus 5X Build/MMB29P) AppleWebKit/537.36 (KHTML, like Gecko) Chrome/137.0.7151.103 Mobile Safari/537.36 (compatible; Googlebot/2.1; +http://www.google.com/bot.html)"
66.249.79.71 - - [07/Jul/2025:20:23:56 +0700] "GET /game20250403/%E3%80%90%E6%A5%BD%E5%A4%A9%E5%B8%82%E5%A0%B4%E3%80%91Ergohuman%20%E4%BA%A4%E6%8F%9B%E3%83%91%E3%83%BC%E3%83%84%EF%BC%9AErgohuman%20Professional HTTP/1.1" 200 20517 "-" "Mozilla/5.0 (Linux; Android 6.0.1; Nexus 5X Build/MMB29P) AppleWebKit/537.36 (KHTML, like Gecko) Chrome/137.0.7151.103 Mobile Safari/537.36 (compatible; Googlebot/2.1; +http://www.google.com/bot.html)"
66.249.71.203 - - [07/Jul/2025:20:23:58 +0700] "GET /shopdetail/259720212 HTTP/1.1" 200 21230 "-" "Mozilla/5.0 (Linux; Android 6.0.1; Nexus 5X Build/MMB29P) AppleWebKit/537.36 (KHTML, like Gecko) Chrome/137.0.7151.103 Mobile Safari/537.36 (compatible; Googlebot/2.1; +http://www.google.com/bot.html)"
66.249.79.71 - - [07/Jul/2025:20:27:00 +0700] "GET /shopdetail/14486612 HTTP/1.1" 200 20467 "-" "Mozilla/5.0 (Linux; Android 6.0.1; Nexus 5X Build/MMB29P) AppleWebKit/537.36 (KHTML, like Gecko) Chrome/137.0.7151.103 Mobile Safari/537.36 (compatible; Googlebot/2.1; +http://www.google.com/bot.html)"
40.77.167.33 - - [07/Jul/2025:20:28:03 +0700] "GET /order/6021785/ HTTP/2" 200 21678 "-" "Mozilla/5.0 AppleWebKit/537.36 (KHTML, like Gecko; compatible; bingbot/2.0; +http://www.bing.com/bingbot.htm) Chrome/116.0.1938.76 Safari/537.36"
40.77.167.33 - - [07/Jul/2025:20:33:04 +0700] "GET /game2025-04-15/lucky-frog-slot.html HTTP/2" 200 25056 "-" "Mozilla/5.0 AppleWebKit/537.36 (KHTML, like Gecko; compatible; bingbot/2.0; +http://www.bing.com/bingbot.htm) Chrome/116.0.1938.76 Safari/537.36"
57.141.2.23 - - [07/Jul/2025:20:39:06 +0700] "GET /recollection.php?shopdetail/209403212 HTTP/2" 301 0 "-" "meta-externalagent/1.1 (+https://developers.facebook.com/docs/sharing/webmasters/crawler)"
103.57.221.79 - - [07/Jul/2025:20:39:08 +0700] "POST /wp-admin/admin-ajax.php?action=async_litespeed&nonce=iTTFT6und9Y8KvVZ444yRQblQPJ4Cx8W&litespeed_type=imgoptm HTTP/1.1" 200 146 "-" "WordPress/6.8.1; https://bodieukhiencuacuon.vn"
57.141.2.24 - - [07/Jul/2025:20:40:23 +0700] "GET /shopdetail/125345812 HTTP/2" 301 0 "-" "meta-externalagent/1.1 (+https://developers.facebook.com/docs/sharing/webmasters/crawler)"
57.141.2.17 - - [07/Jul/2025:20:40:25 +0700] "GET /shopdetail/174062112/ HTTP/2" 200 122547 "-" "meta-externalagent/1.1 (+https://developers.facebook.com/docs/sharing/webmasters/crawler)"
103.57.221.79 - - [07/Jul/2025:20:41:47 +0700] "POST /wp-cron.php?doing_wp_cron=1751895707.1535580158233642578125 HTTP/1.1" 200 0 "-" "WordPress/6.8.1; https://bodieukhiencuacuon.vn"
66.249.79.71 - - [07/Jul/2025:20:41:47 +0700] "GET /recollection.php?shopdetail/162512212 HTTP/1.1" 200 21307 "-" "Mozilla/5.0 (Linux; Android 6.0.1; Nexus 5X Build/MMB29P) AppleWebKit/537.36 (KHTML, like Gecko) Chrome/137.0.7151.103 Mobile Safari/537.36 (compatible; Googlebot/2.1; +http://www.google.com/bot.html)"
57.141.2.24 - - [07/Jul/2025:20:41:51 +0700] "GET /shopdetail/49933612/ HTTP/2" 200 122547 "-" "meta-externalagent/1.1 (+https://developers.facebook.com/docs/sharing/webmasters/crawler)"
66.249.79.71 - - [07/Jul/2025:20:42:44 +0700] "GET /recollection.php?shopdetail/311457612 HTTP/1.1" 200 20985 "-" "Mozilla/5.0 (Linux; Android 6.0.1; Nexus 5X Build/MMB29P) AppleWebKit/537.36 (KHTML, like Gecko) Chrome/137.0.7151.103 Mobile Safari/537.36 (compatible; Googlebot/2.1; +http://www.google.com/bot.html)"
66.249.71.203 - - [07/Jul/2025:20:42:48 +0700] "GET /recollection.php?shopdetail/395543012 HTTP/1.1" 200 19132 "-" "Mozilla/5.0 (Linux; Android 6.0.1; Nexus 5X Build/MMB29P) AppleWebKit/537.36 (KHTML, like Gecko) Chrome/137.0.7151.103 Mobile Safari/537.36 (compatible; Googlebot/2.1; +http://www.google.com/bot.html)"
52.167.144.216 - - [07/Jul/2025:20:43:15 +0700] "GET /order/64193/ HTTP/2" 200 20017 "-" "Mozilla/5.0 AppleWebKit/537.36 (KHTML, like Gecko; compatible; bingbot/2.0; +http://www.bing.com/bingbot.htm) Chrome/116.0.1938.76 Safari/537.36"
66.249.79.71 - - [07/Jul/2025:20:43:27 +0700] "GET /recollection.php?shopdetail/6890112 HTTP/1.1" 200 20354 "-" "Mozilla/5.0 (Linux; Android 6.0.1; Nexus 5X Build/MMB29P) AppleWebKit/537.36 (KHTML, like Gecko) Chrome/137.0.7151.103 Mobile Safari/537.36 (compatible; Googlebot/2.1; +http://www.google.com/bot.html)"
103.57.221.79 - - [07/Jul/2025:20:43:45 +0700] "POST /wp-cron.php?doing_wp_cron=1751895824.9973039627075195312500 HTTP/1.1" 200 0 "-" "WordPress/6.8.1; https://bodieukhiencuacuon.vn"
57.141.2.12 - - [07/Jul/2025:20:43:43 +0700] "GET /shopdetail/239004712 HTTP/2" 301 0 "-" "meta-externalagent/1.1 (+https://developers.facebook.com/docs/sharing/webmasters/crawler)"
103.57.221.79 - - [07/Jul/2025:20:43:45 +0700] "POST /wp-admin/admin-ajax.php?action=async_litespeed&nonce=LVZuSUiZ8XMoWTe3WIExBBoMwyx35gEC&litespeed_type=imgoptm HTTP/1.1" 200 146 "-" "WordPress/6.8.1; https://bodieukhiencuacuon.vn"
57.141.2.24 - - [07/Jul/2025:20:43:59 +0700] "GET /shopdetail/237016912 HTTP/2" 301 0 "-" "meta-externalagent/1.1 (+https://developers.facebook.com/docs/sharing/webmasters/crawler)"
66.249.71.203 - - [07/Jul/2025:20:44:09 +0700] "GET /news2025-04-15/%E3%82%AC%E3%82%B9%E3%82%B3%E3%83%B3%E3%83%AD%20PA-A64WCK%20%E3%83%91%E3%83%AD%E3%83%9E%20%E3%83%86%E3%83%BC%E3%83%96%E3%83%AB%E3%82%B3%E3%83%B3%E3%83%AD%20%E9%83%BD%E5%B8%82%E3%82%AC%E3%82%B9%E7%94%A8%20%E3%83%97%E3%83%AD%E3%83%91%E3%83%B3%E3%82%AC%E3%82%B9 HTTP/1.1" 200 20320 "-" "Mozilla/5.0 (Linux; Android 6.0.1; Nexus 5X Build/MMB29P) AppleWebKit/537.36 (KHTML, like Gecko) Chrome/137.0.7151.103 Mobile Safari/537.36 (compatible; Googlebot/2.1; +http://www.google.com/bot.html)"
66.249.79.72 - - [07/Jul/2025:20:44:19 +0700] "GET /shopdetail/264775612 HTTP/1.1" 200 21415 "-" "Mozilla/5.0 (Linux; Android 6.0.1; Nexus 5X Build/MMB29P) AppleWebKit/537.36 (KHTML, like Gecko) Chrome/137.0.7151.103 Mobile Safari/537.36 (compatible; Googlebot/2.1; +http://www.google.com/bot.html)"
66.249.79.71 - - [07/Jul/2025:20:44:20 +0700] "GET /shopdetail/234878312 HTTP/1.1" 200 20245 "-" "Mozilla/5.0 (Linux; Android 6.0.1; Nexus 5X Build/MMB29P) AppleWebKit/537.36 (KHTML, like Gecko) Chrome/137.0.7151.103 Mobile Safari/537.36 (compatible; Googlebot/2.1; +http://www.google.com/bot.html)"
57.141.2.13 - - [07/Jul/2025:20:40:21 +0700] "GET /shopdetail/179485612/ HTTP/2" 200 122547 "-" "meta-externalagent/1.1 (+https://developers.facebook.com/docs/sharing/webmasters/crawler)"
57.141.2.1 - - [07/Jul/2025:20:41:45 +0700] "GET /shopdetail/49933612 HTTP/2" 301 0 "-" "meta-externalagent/1.1 (+https://developers.facebook.com/docs/sharing/webmasters/crawler)"
103.57.221.79 - - [07/Jul/2025:20:41:47 +0700] "POST /wp-admin/admin-ajax.php?action=async_litespeed&nonce=IfXuE71RVKdOlfB8cROrAIYcvsSdIvvo&litespeed_type=imgoptm HTTP/1.1" 200 146 "-" "WordPress/6.8.1; https://bodieukhiencuacuon.vn"
66.249.79.71 - - [07/Jul/2025:20:42:23 +0700] "GET /recollection.php?shopdetail/51444712 HTTP/1.1" 200 19740 "-" "Mozilla/5.0 (Linux; Android 6.0.1; Nexus 5X Build/MMB29P) AppleWebKit/537.36 (KHTML, like Gecko) Chrome/137.0.7151.103 Mobile Safari/537.36 (compatible; Googlebot/2.1; +http://www.google.com/bot.html)"
66.249.79.71 - - [07/Jul/2025:20:42:43 +0700] "GET /recollection.php?shopdetail/357678712 HTTP/1.1" 200 19606 "-" "Mozilla/5.0 (Linux; Android 6.0.1; Nexus 5X Build/MMB29P) AppleWebKit/537.36 (KHTML, like Gecko) Chrome/137.0.7151.103 Mobile Safari/537.36 (compatible; Googlebot/2.1; +http://www.google.com/bot.html)"
66.249.79.73 - - [07/Jul/2025:20:43:13 +0700] "GET /recollection.php?shopdetail/267646112 HTTP/1.1" 200 19310 "-" "Mozilla/5.0 (Linux; Android 6.0.1; Nexus 5X Build/MMB29P) AppleWebKit/537.36 (KHTML, like Gecko) Chrome/137.0.7151.103 Mobile Safari/537.36 (compatible; Googlebot/2.1; +http://www.google.com/bot.html)"
66.249.71.204 - - [07/Jul/2025:20:43:20 +0700] "GET /recollection.php?shopdetail/194121012 HTTP/1.1" 200 20877 "-" "Mozilla/5.0 (Linux; Android 6.0.1; Nexus 5X Build/MMB29P) AppleWebKit/537.36 (KHTML, like Gecko) Chrome/137.0.7151.103 Mobile Safari/537.36 (compatible; Googlebot/2.1; +http://www.google.com/bot.html)"
57.141.2.13 - - [07/Jul/2025:20:43:49 +0700] "GET /shopdetail/239004712/ HTTP/2" 200 122547 "-" "meta-externalagent/1.1 (+https://developers.facebook.com/docs/sharing/webmasters/crawler)"
66.249.79.71 - - [07/Jul/2025:20:44:09 +0700] "GET /game/da-ga-truc-tiep-campuchia.html HTTP/1.1" 200 19985 "-" "Mozilla/5.0 (Linux; Android 6.0.1; Nexus 5X Build/MMB29P) AppleWebKit/537.36 (KHTML, like Gecko) Chrome/137.0.7151.103 Mobile Safari/537.36 (compatible; Googlebot/2.1; +http://www.google.com/bot.html)"
57.141.2.2 - - [07/Jul/2025:20:44:11 +0700] "GET /shopdetail/237016912/ HTTP/2" 200 122547 "-" "meta-externalagent/1.1 (+https://developers.facebook.com/docs/sharing/webmasters/crawler)"
57.141.2.25 - - [07/Jul/2025:20:44:18 +0700] "GET /shopdetail/176209712/ HTTP/2" 200 122547 "-" "meta-externalagent/1.1 (+https://developers.facebook.com/docs/sharing/webmasters/crawler)"
66.249.71.203 - - [07/Jul/2025:20:44:20 +0700] "GET /shopdetail/125154012 HTTP/1.1" 200 21199 "-" "Mozilla/5.0 (Linux; Android 6.0.1; Nexus 5X Build/MMB29P) AppleWebKit/537.36 (KHTML, like Gecko) Chrome/137.0.7151.103 Mobile Safari/537.36 (compatible; Googlebot/2.1; +http://www.google.com/bot.html)"
57.141.2.28 - - [07/Jul/2025:20:45:20 +0700] "GET /recollection.php?shopdetail/247633012 HTTP/2" 301 0 "-" "meta-externalagent/1.1 (+https://developers.facebook.com/docs/sharing/webmasters/crawler)"
57.141.2.13 - - [07/Jul/2025:20:45:25 +0700] "GET /recollection.php/?shopdetail/247633012 HTTP/2" 200 122547 "-" "meta-externalagent/1.1 (+https://developers.facebook.com/docs/sharing/webmasters/crawler)"
52.167.144.166 - - [07/Jul/2025:20:46:10 +0700] "GET /Cl-Dynamom-trique-Avec-Cl-s-Interchangeable-3-8-10-50-Nm/583493 HTTP/2" 200 19913 "-" "Mozilla/5.0 AppleWebKit/537.36 (KHTML, like Gecko; compatible; bingbot/2.0; +http://www.bing.com/bingbot.htm) Chrome/116.0.1938.76 Safari/537.36"
103.57.221.79 - - [07/Jul/2025:20:47:39 +0700] "POST /wp-cron.php?doing_wp_cron=1751896059.0318241119384765625000 HTTP/1.1" 200 0 "-" "WordPress/6.8.1; https://bodieukhiencuacuon.vn"
66.249.71.204 - - [07/Jul/2025:20:41:21 +0700] "GET /recollection.php?shopdetail/88575512 HTTP/1.1" 200 22264 "-" "Mozilla/5.0 (Linux; Android 6.0.1; Nexus 5X Build/MMB29P) AppleWebKit/537.36 (KHTML, like Gecko) Chrome/137.0.7151.103 Mobile Safari/537.36 (compatible; Googlebot/2.1; +http://www.google.com/bot.html)"
66.249.79.72 - - [07/Jul/2025:20:42:30 +0700] "GET /recollection.php?shopdetail/95744012 HTTP/1.1" 200 20063 "-" "Mozilla/5.0 (Linux; Android 6.0.1; Nexus 5X Build/MMB29P) AppleWebKit/537.36 (KHTML, like Gecko) Chrome/137.0.7151.103 Mobile Safari/537.36 (compatible; Googlebot/2.1; +http://www.google.com/bot.html)"
66.249.79.71 - - [07/Jul/2025:20:43:27 +0700] "GET /recollection.php?shopdetail/208909312 HTTP/1.1" 200 19744 "-" "Mozilla/5.0 (Linux; Android 6.0.1; Nexus 5X Build/MMB29P) AppleWebKit/537.36 (KHTML, like Gecko) Chrome/137.0.7151.103 Mobile Safari/537.36 (compatible; Googlebot/2.1; +http://www.google.com/bot.html)"
66.249.79.71 - - [07/Jul/2025:20:43:31 +0700] "POST /get-message-notify HTTP/1.1" 200 19363 "https://bodieukhiencuacuon.vn/recollection.php?shopdetail/6890112" "Mozilla/5.0 (Linux; Android 6.0.1; Nexus 5X Build/MMB29P) AppleWebKit/537.36 (KHTML, like Gecko) Chrome/137.0.7151.119 Mobile Safari/537.36 (compatible; Googlebot/2.1; +http://www.google.com/bot.html)"
66.249.79.72 - - [07/Jul/2025:20:44:10 +0700] "GET /shopdetail/500%E5%86%86%E3%82%AF%E3%83%BC%E3%83%9D%E3%83%B3%E3%81%A8%E3%83%9B%E3%83%BC%E3%82%B9%E3%82%82%E3%82%BB%E3%83%83%E3%83%88%E3%81%A7%E8%B6%85%E3%81%8A%E5%BE%97%EF%BC%81%E3%80%91PA-S42H%20%E3%83%91%E3%83%AD%E3%83%9E%20%E3%82%AC%E3%82%B9 HTTP/1.1" 200 20039 "-" "Mozilla/5.0 (Linux; Android 6.0.1; Nexus 5X Build/MMB29P) AppleWebKit/537.36 (KHTML, like Gecko) Chrome/137.0.7151.103 Mobile Safari/537.36 (compatible; Googlebot/2.1; +http://www.google.com/bot.html)"
66.249.79.71 - - [07/Jul/2025:20:44:10 +0700] "GET /shopdetail/EVEX%20by%20KRIZIA%EF%BC%88%E3%82%A8%E3%83%B4%E3%82%A7%E3%83%83%E3%82%AF%E3%82%B9%20%E3%83%90%E3%82%A4%20%E3%82%AF%E3%83%AA%E3%83%84%E3%82%A3%E3%82%A2%EF%BC%89%20%E3%82%B9%E3%83%88%E3%83%A9%E3%82%A4%E3%83%97%E3%83%91%E3%83%83%E3%83%81 HTTP/1.1" 200 20202 "-" "Mozilla/5.0 (Linux; Android 6.0.1; Nexus 5X Build/MMB29P) AppleWebKit/537.36 (KHTML, like Gecko) Chrome/137.0.7151.103 Mobile Safari/537.36 (compatible; Googlebot/2.1; +http://www.google.com/bot.html)"
57.141.2.21 - - [07/Jul/2025:20:44:13 +0700] "GET /shopdetail/176209712 HTTP/2" 301 0 "-" "meta-externalagent/1.1 (+https://developers.facebook.com/docs/sharing/webmasters/crawler)"
103.57.221.79 - - [07/Jul/2025:20:45:21 +0700] "POST /wp-cron.php?doing_wp_cron=1751895921.3725750446319580078125 HTTP/1.1" 200 0 "-" "WordPress/6.8.1; https://bodieukhiencuacuon.vn"
103.57.221.79 - - [07/Jul/2025:20:45:22 +0700] "POST /wp-admin/admin-ajax.php?action=async_litespeed&nonce=2Zm4RwgS49OJ0kfUo430GlXrh3lUaVDW&litespeed_type=imgoptm HTTP/1.1" 200 146 "-" "WordPress/6.8.1; https://bodieukhiencuacuon.vn"
57.141.2.10 - - [07/Jul/2025:20:47:31 +0700] "GET /recollection.php?shopdetail/116748012 HTTP/2" 301 0 "-" "meta-externalagent/1.1 (+https://developers.facebook.com/docs/sharing/webmasters/crawler)"
103.57.221.79 - - [07/Jul/2025:20:47:33 +0700] "POST /wp-admin/admin-ajax.php?action=async_litespeed&nonce=hU7QZypCv4KNeNiyDHB8vAa8pKoeG7HP&litespeed_type=imgoptm HTTP/1.1" 200 146 "-" "WordPress/6.8.1; https://bodieukhiencuacuon.vn"
52.167.144.16 - - [07/Jul/2025:20:48:27 +0700] "GET /order/0374129/ HTTP/2" 200 19631 "-" "Mozilla/5.0 AppleWebKit/537.36 (KHTML, like Gecko; compatible; bingbot/2.0; +http://www.bing.com/bingbot.htm) Chrome/116.0.1938.76 Safari/537.36"
57.141.2.23 - - [07/Jul/2025:20:49:09 +0700] "GET /shopdetail/84426912/ HTTP/2" 200 122547 "-" "meta-externalagent/1.1 (+https://developers.facebook.com/docs/sharing/webmasters/crawler)"
66.249.79.72 - - [07/Jul/2025:20:49:55 +0700] "GET /robots.txt HTTP/1.1" 200 141 "-" "Mozilla/5.0 (compatible; Googlebot/2.1; +http://www.google.com/bot.html)"
66.249.79.72 - - [07/Jul/2025:20:44:23 +0700] "POST /get-message-notify HTTP/1.1" 200 19363 "https://bodieukhiencuacuon.vn/shopdetail/EVEX%20by%20KRIZIA%EF%BC%88%E3%82%A8%E3%83%B4%E3%82%A7%E3%83%83%E3%82%AF%E3%82%B9%20%E3%83%90%E3%82%A4%20%E3%82%AF%E3%83%AA%E3%83%84%E3%82%A3%E3%82%A2%EF%BC%89%20%E3%82%B9%E3%83%88%E3%83%A9%E3%82%A4%E3%83%97%E3%83%91%E3%83%83%E3%83%81" "Mozilla/5.0 (Linux; Android 6.0.1; Nexus 5X Build/MMB29P) AppleWebKit/537.36 (KHTML, like Gecko) Chrome/137.0.7151.119 Mobile Safari/537.36 (compatible; Googlebot/2.1; +http://www.google.com/bot.html)"
66.249.71.204 - - [07/Jul/2025:20:46:14 +0700] "POST /get-message-notify HTTP/1.1" 200 19363 "https://bodieukhiencuacuon.vn/recollection.php?shopdetail/162512212" "Mozilla/5.0 (Linux; Android 6.0.1; Nexus 5X Build/MMB29P) AppleWebKit/537.36 (KHTML, like Gecko) Chrome/137.0.7151.119 Mobile Safari/537.36 (compatible; Googlebot/2.1; +http://www.google.com/bot.html)"
40.77.167.41 - - [07/Jul/2025:20:46:19 +0700] "GET /order/4910687/ HTTP/2" 200 20439 "-" "Mozilla/5.0 AppleWebKit/537.36 (KHTML, like Gecko; compatible; bingbot/2.0; +http://www.bing.com/bingbot.htm) Chrome/116.0.1938.76 Safari/537.36"
103.57.221.79 - - [07/Jul/2025:20:47:33 +0700] "POST /wp-cron.php?doing_wp_cron=1751896053.1484160423278808593750 HTTP/1.1" 200 0 "-" "WordPress/6.8.1; https://bodieukhiencuacuon.vn"
57.141.2.20 - - [07/Jul/2025:20:47:37 +0700] "GET /recollection.php/?shopdetail/116748012 HTTP/2" 200 122547 "-" "meta-externalagent/1.1 (+https://developers.facebook.com/docs/sharing/webmasters/crawler)"
103.57.221.79 - - [07/Jul/2025:20:48:59 +0700] "POST /wp-cron.php?doing_wp_cron=1751896139.7303431034088134765625 HTTP/1.1" 200 0 "-" "WordPress/6.8.1; https://bodieukhiencuacuon.vn"
57.141.2.26 - - [07/Jul/2025:20:48:58 +0700] "GET /shopdetail/38070012 HTTP/2" 301 0 "-" "meta-externalagent/1.1 (+https://developers.facebook.com/docs/sharing/webmasters/crawler)"
103.57.221.79 - - [07/Jul/2025:20:49:00 +0700] "POST /wp-admin/admin-ajax.php?action=async_litespeed&nonce=IR31rLKtSzYOeJPLQTAUHNE292GLhu1r&litespeed_type=imgoptm HTTP/1.1" 200 146 "-" "WordPress/6.8.1; https://bodieukhiencuacuon.vn"
103.57.221.79 - - [07/Jul/2025:20:49:44 +0700] "POST /wp-cron.php?doing_wp_cron=1751896184.3929510116577148437500 HTTP/1.1" 200 0 "-" "WordPress/6.8.1; https://bodieukhiencuacuon.vn"
103.57.221.79 - - [07/Jul/2025:20:49:45 +0700] "POST /wp-admin/admin-ajax.php?action=async_litespeed&nonce=jC8z5zyHjBORHWSakYrRnhcL1NFXg9i0&litespeed_type=imgoptm HTTP/1.1" 200 146 "-" "WordPress/6.8.1; https://bodieukhiencuacuon.vn"
57.141.2.20 - - [07/Jul/2025:20:49:49 +0700] "GET /shopdetail/109871012/ HTTP/2" 200 122547 "-" "meta-externalagent/1.1 (+https://developers.facebook.com/docs/sharing/webmasters/crawler)"
40.77.167.28 - - [07/Jul/2025:20:50:28 +0700] "GET /accueil-USB-C-Pour-3-crans-Adaptateur-Hub-13-En-1-Vers-Double/855502 HTTP/2" 200 20347 "-" "Mozilla/5.0 AppleWebKit/537.36 (KHTML, like Gecko; compatible; bingbot/2.0; +http://www.bing.com/bingbot.htm) Chrome/116.0.1938.76 Safari/537.36"
66.249.79.71 - - [07/Jul/2025:20:50:30 +0700] "GET /recollection.php?shopdetail/330717712 HTTP/1.1" 200 23752 "-" "Mozilla/5.0 (Linux; Android 6.0.1; Nexus 5X Build/MMB29P) AppleWebKit/537.36 (KHTML, like Gecko) Chrome/137.0.7151.103 Mobile Safari/537.36 (compatible; Googlebot/2.1; +http://www.google.com/bot.html)"
