66.249.71.171 - - [28/Jun/2025:00:31:39 +0700] "POST /get-message-notify HTTP/1.1" 200 20821 "https://luongtaichau.id.vn/recollection.php?shopdetail/279966197" "Mozilla/5.0 (Linux; Android 6.0.1; Nexus 5X Build/MMB29P) AppleWebKit/537.36 (KHTML, like Gecko) Chrome/137.0.7151.68 Mobile Safari/537.36 (compatible; Googlebot/2.1; +http://www.google.com/bot.html)"
52.167.144.187 - - [28/Jun/2025:00:35:47 +0700] "GET /news/truc-tiep-bong-da-vebo HTTP/2" 200 19845 "-" "Mozilla/5.0 AppleWebKit/537.36 (KHTML, like Gecko; compatible; bingbot/2.0; +http://www.bing.com/bingbot.htm) Chrome/116.0.1938.76 Safari/537.36"
40.77.167.53 - - [28/Jun/2025:00:37:36 +0700] "GET /app/quay-len-tam-chuong.html HTTP/2" 200 20859 "-" "Mozilla/5.0 AppleWebKit/537.36 (KHTML, like Gecko; compatible; bingbot/2.0; +http://www.bing.com/bingbot.htm) Chrome/116.0.1938.76 Safari/537.36"
66.249.71.170 - - [28/Jun/2025:00:11:06 +0700] "POST /get-message-notify HTTP/1.1" 200 20821 "https://luongtaichau.id.vn/recollection.php?shopdetail/32629897" "Mozilla/5.0 (Linux; Android 6.0.1; Nexus 5X Build/MMB29P) AppleWebKit/537.36 (KHTML, like Gecko) Chrome/137.0.7151.68 Mobile Safari/537.36 (compatible; Googlebot/2.1; +http://www.google.com/bot.html)"
66.249.70.1 - - [28/Jun/2025:00:13:02 +0700] "POST /get-message-notify HTTP/1.1" 200 20821 "https://luongtaichau.id.vn/recollection.php?shopdetail/399826997" "Mozilla/5.0 (Linux; Android 6.0.1; Nexus 5X Build/MMB29P) AppleWebKit/537.36 (KHTML, like Gecko) Chrome/137.0.7151.68 Mobile Safari/537.36 (compatible; Googlebot/2.1; +http://www.google.com/bot.html)"
66.249.70.1 - - [28/Jun/2025:00:13:06 +0700] "POST /get-message-notify HTTP/1.1" 200 20821 "https://luongtaichau.id.vn/shopdetail/204535397" "Mozilla/5.0 (Linux; Android 6.0.1; Nexus 5X Build/MMB29P) AppleWebKit/537.36 (KHTML, like Gecko) Chrome/137.0.7151.68 Mobile Safari/537.36 (compatible; Googlebot/2.1; +http://www.google.com/bot.html)"
52.167.144.17 - - [28/Jun/2025:00:14:05 +0700] "GET /order2025-04-07/dang-ky-bong99.html HTTP/2" 200 19608 "-" "Mozilla/5.0 AppleWebKit/537.36 (KHTML, like Gecko; compatible; bingbot/2.0; +http://www.bing.com/bingbot.htm) Chrome/116.0.1938.76 Safari/537.36"
66.249.71.172 - - [28/Jun/2025:00:17:30 +0700] "POST /get-message-notify HTTP/1.1" 200 20821 "https://luongtaichau.id.vn/recollection.php?shopdetail/124556597" "Mozilla/5.0 (Linux; Android 6.0.1; Nexus 5X Build/MMB29P) AppleWebKit/537.36 (KHTML, like Gecko) Chrome/137.0.7151.68 Mobile Safari/537.36 (compatible; Googlebot/2.1; +http://www.google.com/bot.html)"
66.249.70.1 - - [28/Jun/2025:00:20:44 +0700] "POST /get-message-notify HTTP/1.1" 200 20821 "https://luongtaichau.id.vn/recollection.php?shopdetail/265001797" "Mozilla/5.0 (Linux; Android 6.0.1; Nexus 5X Build/MMB29P) AppleWebKit/537.36 (KHTML, like Gecko) Chrome/137.0.7151.68 Mobile Safari/537.36 (compatible; Googlebot/2.1; +http://www.google.com/bot.html)"
66.249.70.8 - - [28/Jun/2025:00:23:08 +0700] "POST /get-message-notify HTTP/1.1" 200 20821 "https://luongtaichau.id.vn/recollection.php?shopdetail/289810897" "Mozilla/5.0 (Linux; Android 6.0.1; Nexus 5X Build/MMB29P) AppleWebKit/537.36 (KHTML, like Gecko) Chrome/137.0.7151.68 Mobile Safari/537.36 (compatible; Googlebot/2.1; +http://www.google.com/bot.html)"
207.46.13.64 - - [28/Jun/2025:00:27:34 +0700] "GET /order2025-03-29/mr-holmes-&-the-stolen-stones-slot.html HTTP/2" 200 19570 "-" "Mozilla/5.0 AppleWebKit/537.36 (KHTML, like Gecko; compatible; bingbot/2.0; +http://www.bing.com/bingbot.htm) Chrome/116.0.1938.76 Safari/537.36"
207.46.13.64 - - [28/Jun/2025:00:27:53 +0700] "GET /order/3874965/ HTTP/2" 200 20523 "-" "Mozilla/5.0 AppleWebKit/537.36 (KHTML, like Gecko; compatible; bingbot/2.0; +http://www.bing.com/bingbot.htm) Chrome/116.0.1938.76 Safari/537.36"
66.249.70.1 - - [28/Jun/2025:00:29:29 +0700] "POST /get-message-notify HTTP/1.1" 200 20821 "https://luongtaichau.id.vn/recollection.php?shopdetail/359976897" "Mozilla/5.0 (Linux; Android 6.0.1; Nexus 5X Build/MMB29P) AppleWebKit/537.36 (KHTML, like Gecko) Chrome/137.0.7151.68 Mobile Safari/537.36 (compatible; Googlebot/2.1; +http://www.google.com/bot.html)"
66.249.71.171 - - [28/Jun/2025:00:31:24 +0700] "POST /get-message-notify HTTP/1.1" 200 20821 "https://luongtaichau.id.vn/recollection.php?shopdetail/96515697" "Mozilla/5.0 (Linux; Android 6.0.1; Nexus 5X Build/MMB29P) AppleWebKit/537.36 (KHTML, like Gecko) Chrome/137.0.7151.68 Mobile Safari/537.36 (compatible; Googlebot/2.1; +http://www.google.com/bot.html)"
66.249.70.2 - - [28/Jun/2025:00:32:43 +0700] "POST /get-message-notify HTTP/1.1" 200 20821 "https://luongtaichau.id.vn/recollection.php?shopdetail/387354297" "Mozilla/5.0 (Linux; Android 6.0.1; Nexus 5X Build/MMB29P) AppleWebKit/537.36 (KHTML, like Gecko) Chrome/137.0.7151.68 Mobile Safari/537.36 (compatible; Googlebot/2.1; +http://www.google.com/bot.html)"
66.249.71.171 - - [28/Jun/2025:00:22:45 +0700] "POST /get-message-notify HTTP/1.1" 200 20821 "https://luongtaichau.id.vn/recollection.php?shopdetail/176056997" "Mozilla/5.0 (Linux; Android 6.0.1; Nexus 5X Build/MMB29P) AppleWebKit/537.36 (KHTML, like Gecko) Chrome/137.0.7151.68 Mobile Safari/537.36 (compatible; Googlebot/2.1; +http://www.google.com/bot.html)"
40.77.167.131 - - [28/Jun/2025:00:23:03 +0700] "GET /mobile/5641038/ HTTP/2" 200 19453 "-" "Mozilla/5.0 AppleWebKit/537.36 (KHTML, like Gecko; compatible; bingbot/2.0; +http://www.bing.com/bingbot.htm) Chrome/116.0.1938.76 Safari/537.36"
40.77.167.131 - - [28/Jun/2025:00:25:14 +0700] "GET /news/i9bet-bage.html HTTP/2" 200 20457 "-" "Mozilla/5.0 AppleWebKit/537.36 (KHTML, like Gecko; compatible; bingbot/2.0; +http://www.bing.com/bingbot.htm) Chrome/116.0.1938.76 Safari/537.36"
66.249.70.8 - - [28/Jun/2025:00:29:55 +0700] "POST /get-message-notify HTTP/1.1" 200 20821 "https://luongtaichau.id.vn/recollection.php?shopdetail/316502497" "Mozilla/5.0 (Linux; Android 6.0.1; Nexus 5X Build/MMB29P) AppleWebKit/537.36 (KHTML, like Gecko) Chrome/137.0.7151.68 Mobile Safari/537.36 (compatible; Googlebot/2.1; +http://www.google.com/bot.html)"
66.249.71.172 - - [28/Jun/2025:00:31:23 +0700] "POST /get-message-notify HTTP/1.1" 200 20821 "https://luongtaichau.id.vn/recollection.php?shopdetail/226558497" "Mozilla/5.0 (Linux; Android 6.0.1; Nexus 5X Build/MMB29P) AppleWebKit/537.36 (KHTML, like Gecko) Chrome/137.0.7151.68 Mobile Safari/537.36 (compatible; Googlebot/2.1; +http://www.google.com/bot.html)"
66.249.70.2 - - [28/Jun/2025:00:34:08 +0700] "POST /get-message-notify HTTP/1.1" 200 20821 "https://luongtaichau.id.vn/recollection.php?shopdetail/187641397" "Mozilla/5.0 (Linux; Android 6.0.1; Nexus 5X Build/MMB29P) AppleWebKit/537.36 (KHTML, like Gecko) Chrome/137.0.7151.68 Mobile Safari/537.36 (compatible; Googlebot/2.1; +http://www.google.com/bot.html)"
66.249.70.1 - - [28/Jun/2025:00:34:22 +0700] "POST /get-message-notify HTTP/1.1" 200 20821 "https://luongtaichau.id.vn/shopdetail/66269097" "Mozilla/5.0 (Linux; Android 6.0.1; Nexus 5X Build/MMB29P) AppleWebKit/537.36 (KHTML, like Gecko) Chrome/137.0.7151.68 Mobile Safari/537.36 (compatible; Googlebot/2.1; +http://www.google.com/bot.html)"
66.249.71.170 - - [28/Jun/2025:00:35:14 +0700] "POST /get-message-notify HTTP/1.1" 200 20821 "https://luongtaichau.id.vn/recollection.php?shopdetail/358074297" "Mozilla/5.0 (Linux; Android 6.0.1; Nexus 5X Build/MMB29P) AppleWebKit/537.36 (KHTML, like Gecko) Chrome/137.0.7151.68 Mobile Safari/537.36 (compatible; Googlebot/2.1; +http://www.google.com/bot.html)"
157.55.39.61 - - [28/Jun/2025:00:42:24 +0700] "GET /news20250317/win-99-club.html HTTP/2" 200 20277 "-" "Mozilla/5.0 AppleWebKit/537.36 (KHTML, like Gecko; compatible; bingbot/2.0; +http://www.bing.com/bingbot.htm) Chrome/116.0.1938.76 Safari/537.36"
66.249.70.1 - - [28/Jun/2025:00:42:36 +0700] "POST /get-message-notify HTTP/1.1" 200 20821 "https://luongtaichau.id.vn/shopdetail/110714897" "Mozilla/5.0 (Linux; Android 6.0.1; Nexus 5X Build/MMB29P) AppleWebKit/537.36 (KHTML, like Gecko) Chrome/137.0.7151.68 Mobile Safari/537.36 (compatible; Googlebot/2.1; +http://www.google.com/bot.html)"
66.249.70.1 - - [28/Jun/2025:00:47:50 +0700] "POST /get-message-notify HTTP/1.1" 200 20821 "https://luongtaichau.id.vn/recollection.php?shopdetail/195975297" "Mozilla/5.0 (Linux; Android 6.0.1; Nexus 5X Build/MMB29P) AppleWebKit/537.36 (KHTML, like Gecko) Chrome/137.0.7151.68 Mobile Safari/537.36 (compatible; Googlebot/2.1; +http://www.google.com/bot.html)"
207.46.13.153 - - [28/Jun/2025:00:50:16 +0700] "GET /app/9563087/ HTTP/2" 200 21195 "-" "Mozilla/5.0 AppleWebKit/537.36 (KHTML, like Gecko; compatible; bingbot/2.0; +http://www.bing.com/bingbot.htm) Chrome/116.0.1938.76 Safari/537.36"
66.249.70.2 - - [28/Jun/2025:01:01:04 +0700] "POST /get-message-notify HTTP/1.1" 200 20821 "https://luongtaichau.id.vn/recollection.php?shopdetail/238843797" "Mozilla/5.0 (Linux; Android 6.0.1; Nexus 5X Build/MMB29P) AppleWebKit/537.36 (KHTML, like Gecko) Chrome/137.0.7151.68 Mobile Safari/537.36 (compatible; Googlebot/2.1; +http://www.google.com/bot.html)"
66.249.71.171 - - [28/Jun/2025:01:01:18 +0700] "POST /get-message-notify HTTP/1.1" 200 20821 "https://luongtaichau.id.vn/recollection.php?shopdetail/201894097" "Mozilla/5.0 (Linux; Android 6.0.1; Nexus 5X Build/MMB29P) AppleWebKit/537.36 (KHTML, like Gecko) Chrome/137.0.7151.68 Mobile Safari/537.36 (compatible; Googlebot/2.1; +http://www.google.com/bot.html)"
66.249.70.2 - - [28/Jun/2025:01:03:15 +0700] "GET /recollection.php?shopdetail/28820197 HTTP/1.1" 200 19905 "-" "Mozilla/5.0 (Linux; Android 6.0.1; Nexus 5X Build/MMB29P) AppleWebKit/537.36 (KHTML, like Gecko) Chrome/137.0.7151.103 Mobile Safari/537.36 (compatible; Googlebot/2.1; +http://www.google.com/bot.html)"
66.249.70.8 - - [28/Jun/2025:01:05:00 +0700] "POST /get-message-notify HTTP/1.1" 200 20821 "https://luongtaichau.id.vn/recollection.php?shopdetail/229632697" "Mozilla/5.0 (Linux; Android 6.0.1; Nexus 5X Build/MMB29P) AppleWebKit/537.36 (KHTML, like Gecko) Chrome/137.0.7151.68 Mobile Safari/537.36 (compatible; Googlebot/2.1; +http://www.google.com/bot.html)"
66.249.71.170 - - [28/Jun/2025:01:05:31 +0700] "POST /get-message-notify HTTP/1.1" 200 20821 "https://luongtaichau.id.vn/recollection.php?shopdetail/334612097" "Mozilla/5.0 (Linux; Android 6.0.1; Nexus 5X Build/MMB29P) AppleWebKit/537.36 (KHTML, like Gecko) Chrome/137.0.7151.68 Mobile Safari/537.36 (compatible; Googlebot/2.1; +http://www.google.com/bot.html)"
66.249.71.170 - - [28/Jun/2025:01:06:01 +0700] "POST /get-message-notify HTTP/1.1" 200 20821 "https://luongtaichau.id.vn/recollection.php?shopdetail/264863297" "Mozilla/5.0 (Linux; Android 6.0.1; Nexus 5X Build/MMB29P) AppleWebKit/537.36 (KHTML, like Gecko) Chrome/137.0.7151.68 Mobile Safari/537.36 (compatible; Googlebot/2.1; +http://www.google.com/bot.html)"
66.249.71.170 - - [28/Jun/2025:01:06:27 +0700] "POST /get-message-notify HTTP/1.1" 200 20821 "https://luongtaichau.id.vn/recollection.php?shopdetail/202916197" "Mozilla/5.0 (Linux; Android 6.0.1; Nexus 5X Build/MMB29P) AppleWebKit/537.36 (KHTML, like Gecko) Chrome/137.0.7151.68 Mobile Safari/537.36 (compatible; Googlebot/2.1; +http://www.google.com/bot.html)"
66.249.70.8 - - [28/Jun/2025:01:06:31 +0700] "POST /get-message-notify HTTP/1.1" 200 20821 "https://luongtaichau.id.vn/recollection.php?shopdetail/295211697" "Mozilla/5.0 (Linux; Android 6.0.1; Nexus 5X Build/MMB29P) AppleWebKit/537.36 (KHTML, like Gecko) Chrome/137.0.7151.68 Mobile Safari/537.36 (compatible; Googlebot/2.1; +http://www.google.com/bot.html)"
66.249.71.170 - - [28/Jun/2025:01:06:53 +0700] "GET /recollection.php?shopdetail/36271997 HTTP/1.1" 200 19794 "-" "Mozilla/5.0 (Linux; Android 6.0.1; Nexus 5X Build/MMB29P) AppleWebKit/537.36 (KHTML, like Gecko) Chrome/137.0.7151.103 Mobile Safari/537.36 (compatible; Googlebot/2.1; +http://www.google.com/bot.html)"
66.249.70.2 - - [28/Jun/2025:00:43:12 +0700] "POST /get-message-notify HTTP/1.1" 200 20821 "https://luongtaichau.id.vn/recollection.php?shopdetail/326196397" "Mozilla/5.0 (Linux; Android 6.0.1; Nexus 5X Build/MMB29P) AppleWebKit/537.36 (KHTML, like Gecko) Chrome/137.0.7151.68 Mobile Safari/537.36 (compatible; Googlebot/2.1; +http://www.google.com/bot.html)"
66.249.70.2 - - [28/Jun/2025:00:48:55 +0700] "POST /get-message-notify HTTP/1.1" 200 20821 "https://luongtaichau.id.vn/recollection.php?shopdetail/330664197" "Mozilla/5.0 (Linux; Android 6.0.1; Nexus 5X Build/MMB29P) AppleWebKit/537.36 (KHTML, like Gecko) Chrome/137.0.7151.68 Mobile Safari/537.36 (compatible; Googlebot/2.1; +http://www.google.com/bot.html)"
66.249.71.170 - - [28/Jun/2025:00:48:56 +0700] "POST /get-message-notify HTTP/1.1" 200 20821 "https://luongtaichau.id.vn/recollection.php?shopdetail/178243797" "Mozilla/5.0 (Linux; Android 6.0.1; Nexus 5X Build/MMB29P) AppleWebKit/537.36 (KHTML, like Gecko) Chrome/137.0.7151.68 Mobile Safari/537.36 (compatible; Googlebot/2.1; +http://www.google.com/bot.html)"
207.46.13.153 - - [28/Jun/2025:00:52:46 +0700] "GET /mobile2025-03-25/118bet-sktb.html HTTP/2" 200 19959 "-" "Mozilla/5.0 AppleWebKit/537.36 (KHTML, like Gecko; compatible; bingbot/2.0; +http://www.bing.com/bingbot.htm) Chrome/116.0.1938.76 Safari/537.36"
66.249.71.171 - - [28/Jun/2025:00:58:25 +0700] "POST /get-message-notify HTTP/1.1" 200 20821 "https://luongtaichau.id.vn/recollection.php?shopdetail/359336097" "Mozilla/5.0 (Linux; Android 6.0.1; Nexus 5X Build/MMB29P) AppleWebKit/537.36 (KHTML, like Gecko) Chrome/137.0.7151.68 Mobile Safari/537.36 (compatible; Googlebot/2.1; +http://www.google.com/bot.html)"
66.249.71.171 - - [28/Jun/2025:00:59:01 +0700] "POST /get-message-notify HTTP/1.1" 200 20821 "https://luongtaichau.id.vn/recollection.php?shopdetail/301298897" "Mozilla/5.0 (Linux; Android 6.0.1; Nexus 5X Build/MMB29P) AppleWebKit/537.36 (KHTML, like Gecko) Chrome/137.0.7151.68 Mobile Safari/537.36 (compatible; Googlebot/2.1; +http://www.google.com/bot.html)"
66.249.71.171 - - [28/Jun/2025:01:02:36 +0700] "POST /get-message-notify HTTP/1.1" 200 20821 "https://luongtaichau.id.vn/shopdetail/116026597" "Mozilla/5.0 (Linux; Android 6.0.1; Nexus 5X Build/MMB29P) AppleWebKit/537.36 (KHTML, like Gecko) Chrome/137.0.7151.68 Mobile Safari/537.36 (compatible; Googlebot/2.1; +http://www.google.com/bot.html)"
66.249.70.1 - - [28/Jun/2025:01:03:47 +0700] "GET /recollection.php?shopdetail/287532197 HTTP/1.1" 200 20810 "-" "Mozilla/5.0 (Linux; Android 6.0.1; Nexus 5X Build/MMB29P) AppleWebKit/537.36 (KHTML, like Gecko) Chrome/137.0.7151.103 Mobile Safari/537.36 (compatible; Googlebot/2.1; +http://www.google.com/bot.html)"
66.249.70.8 - - [28/Jun/2025:01:06:06 +0700] "POST /get-message-notify HTTP/1.1" 200 20823 "https://luongtaichau.id.vn/recollection.php?shopdetail/70323997" "Mozilla/5.0 (Linux; Android 6.0.1; Nexus 5X Build/MMB29P) AppleWebKit/537.36 (KHTML, like Gecko) Chrome/137.0.7151.68 Mobile Safari/537.36 (compatible; Googlebot/2.1; +http://www.google.com/bot.html)"
66.249.70.8 - - [28/Jun/2025:01:06:49 +0700] "POST /get-message-notify HTTP/1.1" 200 20821 "https://luongtaichau.id.vn/recollection.php?shopdetail/365618397" "Mozilla/5.0 (Linux; Android 6.0.1; Nexus 5X Build/MMB29P) AppleWebKit/537.36 (KHTML, like Gecko) Chrome/137.0.7151.68 Mobile Safari/537.36 (compatible; Googlebot/2.1; +http://www.google.com/bot.html)"
66.249.70.8 - - [28/Jun/2025:01:07:53 +0700] "GET /recollection.php?shopdetail/203783097 HTTP/1.1" 200 22681 "-" "Mozilla/5.0 (Linux; Android 6.0.1; Nexus 5X Build/MMB29P) AppleWebKit/537.36 (KHTML, like Gecko) Chrome/137.0.7151.103 Mobile Safari/537.36 (compatible; Googlebot/2.1; +http://www.google.com/bot.html)"
40.77.167.53 - - [28/Jun/2025:00:44:55 +0700] "GET /news/vu-m88-the-nao-roi.html HTTP/2" 200 20463 "-" "Mozilla/5.0 AppleWebKit/537.36 (KHTML, like Gecko; compatible; bingbot/2.0; +http://www.bing.com/bingbot.htm) Chrome/116.0.1938.76 Safari/537.36"
207.46.13.153 - - [28/Jun/2025:00:46:36 +0700] "GET /app/6098421/ HTTP/2" 200 20312 "-" "Mozilla/5.0 AppleWebKit/537.36 (KHTML, like Gecko; compatible; bingbot/2.0; +http://www.bing.com/bingbot.htm) Chrome/116.0.1938.76 Safari/537.36"
66.249.70.1 - - [28/Jun/2025:00:50:36 +0700] "POST /get-message-notify HTTP/1.1" 200 20821 "https://luongtaichau.id.vn/recollection.php?shopdetail/390457297" "Mozilla/5.0 (Linux; Android 6.0.1; Nexus 5X Build/MMB29P) AppleWebKit/537.36 (KHTML, like Gecko) Chrome/137.0.7151.68 Mobile Safari/537.36 (compatible; Googlebot/2.1; +http://www.google.com/bot.html)"
66.249.70.2 - - [28/Jun/2025:00:53:29 +0700] "POST /get-message-notify HTTP/1.1" 200 20821 "https://luongtaichau.id.vn/recollection.php?shopdetail/177213597" "Mozilla/5.0 (Linux; Android 6.0.1; Nexus 5X Build/MMB29P) AppleWebKit/537.36 (KHTML, like Gecko) Chrome/137.0.7151.68 Mobile Safari/537.36 (compatible; Googlebot/2.1; +http://www.google.com/bot.html)"
66.249.70.1 - - [28/Jun/2025:01:05:22 +0700] "GET /recollection.php?shopdetail/331402897 HTTP/1.1" 200 20375 "-" "Mozilla/5.0 (Linux; Android 6.0.1; Nexus 5X Build/MMB29P) AppleWebKit/537.36 (KHTML, like Gecko) Chrome/137.0.7151.103 Mobile Safari/537.36 (compatible; Googlebot/2.1; +http://www.google.com/bot.html)"
66.249.71.170 - - [28/Jun/2025:01:06:34 +0700] "POST /get-message-notify HTTP/1.1" 200 20821 "https://luongtaichau.id.vn/recollection.php?shopdetail/190289197" "Mozilla/5.0 (Linux; Android 6.0.1; Nexus 5X Build/MMB29P) AppleWebKit/537.36 (KHTML, like Gecko) Chrome/137.0.7151.68 Mobile Safari/537.36 (compatible; Googlebot/2.1; +http://www.google.com/bot.html)"
66.249.71.172 - - [28/Jun/2025:01:08:10 +0700] "POST /get-message-notify HTTP/1.1" 200 20821 "https://luongtaichau.id.vn/shopdetail/222780897" "Mozilla/5.0 (Linux; Android 6.0.1; Nexus 5X Build/MMB29P) AppleWebKit/537.36 (KHTML, like Gecko) Chrome/137.0.7151.68 Mobile Safari/537.36 (compatible; Googlebot/2.1; +http://www.google.com/bot.html)"
66.249.70.8 - - [28/Jun/2025:01:08:17 +0700] "POST /get-message-notify HTTP/1.1" 200 20821 "https://luongtaichau.id.vn/recollection.php?shopdetail/52368297" "Mozilla/5.0 (Linux; Android 6.0.1; Nexus 5X Build/MMB29P) AppleWebKit/537.36 (KHTML, like Gecko) Chrome/137.0.7151.68 Mobile Safari/537.36 (compatible; Googlebot/2.1; +http://www.google.com/bot.html)"
66.249.71.170 - - [28/Jun/2025:01:08:21 +0700] "POST /get-message-notify HTTP/1.1" 200 20821 "https://luongtaichau.id.vn/recollection.php?shopdetail/114455997" "Mozilla/5.0 (Linux; Android 6.0.1; Nexus 5X Build/MMB29P) AppleWebKit/537.36 (KHTML, like Gecko) Chrome/137.0.7151.68 Mobile Safari/537.36 (compatible; Googlebot/2.1; +http://www.google.com/bot.html)"
66.249.71.172 - - [28/Jun/2025:01:09:04 +0700] "POST /get-message-notify HTTP/1.1" 200 20821 "https://luongtaichau.id.vn/recollection.php?shopdetail/196944697" "Mozilla/5.0 (Linux; Android 6.0.1; Nexus 5X Build/MMB29P) AppleWebKit/537.36 (KHTML, like Gecko) Chrome/137.0.7151.68 Mobile Safari/537.36 (compatible; Googlebot/2.1; +http://www.google.com/bot.html)"
66.249.70.1 - - [28/Jun/2025:01:09:14 +0700] "POST /get-message-notify HTTP/1.1" 200 20821 "https://luongtaichau.id.vn/recollection.php?shopdetail/286298397" "Mozilla/5.0 (Linux; Android 6.0.1; Nexus 5X Build/MMB29P) AppleWebKit/537.36 (KHTML, like Gecko) Chrome/137.0.7151.68 Mobile Safari/537.36 (compatible; Googlebot/2.1; +http://www.google.com/bot.html)"
52.167.144.20 - - [28/Jun/2025:01:13:58 +0700] "GET /author/luongtaichau/ HTTP/2" 200 20764 "-" "Mozilla/5.0 AppleWebKit/537.36 (KHTML, like Gecko; compatible; bingbot/2.0; +http://www.bing.com/bingbot.htm) Chrome/116.0.1938.76 Safari/537.36"
66.249.70.2 - - [28/Jun/2025:01:07:38 +0700] "POST /get-message-notify HTTP/1.1" 200 20821 "https://luongtaichau.id.vn/recollection.php?shopdetail/353547497" "Mozilla/5.0 (Linux; Android 6.0.1; Nexus 5X Build/MMB29P) AppleWebKit/537.36 (KHTML, like Gecko) Chrome/137.0.7151.68 Mobile Safari/537.36 (compatible; Googlebot/2.1; +http://www.google.com/bot.html)"
66.249.71.170 - - [28/Jun/2025:01:08:48 +0700] "POST /get-message-notify HTTP/1.1" 200 20821 "https://luongtaichau.id.vn/recollection.php?shopdetail/154010297" "Mozilla/5.0 (Linux; Android 6.0.1; Nexus 5X Build/MMB29P) AppleWebKit/537.36 (KHTML, like Gecko) Chrome/137.0.7151.68 Mobile Safari/537.36 (compatible; Googlebot/2.1; +http://www.google.com/bot.html)"
52.167.144.156 - - [28/Jun/2025:01:09:58 +0700] "GET /hot2025-03-22/link-vao-jun88-mobile-moi-nhat-t6.html HTTP/2" 200 19933 "-" "Mozilla/5.0 AppleWebKit/537.36 (KHTML, like Gecko; compatible; bingbot/2.0; +http://www.bing.com/bingbot.htm) Chrome/116.0.1938.76 Safari/537.36"
66.249.70.8 - - [28/Jun/2025:01:12:11 +0700] "POST /get-message-notify HTTP/1.1" 200 20821 "https://luongtaichau.id.vn/recollection.php?shopdetail/49990497" "Mozilla/5.0 (Linux; Android 6.0.1; Nexus 5X Build/MMB29P) AppleWebKit/537.36 (KHTML, like Gecko) Chrome/137.0.7151.68 Mobile Safari/537.36 (compatible; Googlebot/2.1; +http://www.google.com/bot.html)"
52.167.144.20 - - [28/Jun/2025:01:12:18 +0700] "GET /order2025-04-07/3-cang-mien-bac-hom-nay.html HTTP/2" 200 21443 "-" "Mozilla/5.0 AppleWebKit/537.36 (KHTML, like Gecko; compatible; bingbot/2.0; +http://www.bing.com/bingbot.htm) Chrome/116.0.1938.76 Safari/537.36"
66.249.70.8 - - [28/Jun/2025:01:14:40 +0700] "POST /get-message-notify HTTP/1.1" 200 20821 "https://luongtaichau.id.vn/recollection.php?shopdetail/69841497" "Mozilla/5.0 (Linux; Android 6.0.1; Nexus 5X Build/MMB29P) AppleWebKit/537.36 (KHTML, like Gecko) Chrome/137.0.7151.68 Mobile Safari/537.36 (compatible; Googlebot/2.1; +http://www.google.com/bot.html)"
66.249.71.170 - - [28/Jun/2025:01:15:58 +0700] "POST /get-message-notify HTTP/1.1" 200 20821 "https://luongtaichau.id.vn/recollection.php?shopdetail/257152997" "Mozilla/5.0 (Linux; Android 6.0.1; Nexus 5X Build/MMB29P) AppleWebKit/537.36 (KHTML, like Gecko) Chrome/137.0.7151.68 Mobile Safari/537.36 (compatible; Googlebot/2.1; +http://www.google.com/bot.html)"
66.249.71.171 - - [28/Jun/2025:01:16:54 +0700] "POST /get-message-notify HTTP/1.1" 200 20821 "https://luongtaichau.id.vn/recollection.php?shopdetail/387911197" "Mozilla/5.0 (Linux; Android 6.0.1; Nexus 5X Build/MMB29P) AppleWebKit/537.36 (KHTML, like Gecko) Chrome/137.0.7151.68 Mobile Safari/537.36 (compatible; Googlebot/2.1; +http://www.google.com/bot.html)"
66.249.70.2 - - [28/Jun/2025:01:17:15 +0700] "POST /get-message-notify HTTP/1.1" 200 20821 "https://luongtaichau.id.vn/recollection.php?shopdetail/254042097" "Mozilla/5.0 (Linux; Android 6.0.1; Nexus 5X Build/MMB29P) AppleWebKit/537.36 (KHTML, like Gecko) Chrome/137.0.7151.68 Mobile Safari/537.36 (compatible; Googlebot/2.1; +http://www.google.com/bot.html)"
66.249.70.1 - - [28/Jun/2025:01:17:19 +0700] "GET /recollection.php?shopdetail/209371297 HTTP/1.1" 200 21239 "-" "Mozilla/5.0 (Linux; Android 6.0.1; Nexus 5X Build/MMB29P) AppleWebKit/537.36 (KHTML, like Gecko) Chrome/137.0.7151.103 Mobile Safari/537.36 (compatible; Googlebot/2.1; +http://www.google.com/bot.html)"
66.249.70.8 - - [28/Jun/2025:01:17:39 +0700] "POST /get-message-notify HTTP/1.1" 200 20821 "https://luongtaichau.id.vn/recollection.php?shopdetail/232109097" "Mozilla/5.0 (Linux; Android 6.0.1; Nexus 5X Build/MMB29P) AppleWebKit/537.36 (KHTML, like Gecko) Chrome/137.0.7151.68 Mobile Safari/537.36 (compatible; Googlebot/2.1; +http://www.google.com/bot.html)"
66.249.70.8 - - [28/Jun/2025:01:19:39 +0700] "GET /recollection.php?shopdetail/261658097 HTTP/1.1" 200 19811 "-" "Mozilla/5.0 (Linux; Android 6.0.1; Nexus 5X Build/MMB29P) AppleWebKit/537.36 (KHTML, like Gecko) Chrome/137.0.7151.103 Mobile Safari/537.36 (compatible; Googlebot/2.1; +http://www.google.com/bot.html)"
66.249.71.170 - - [28/Jun/2025:01:08:39 +0700] "POST /get-message-notify HTTP/1.1" 200 20821 "https://luongtaichau.id.vn/recollection.php?shopdetail/395592997" "Mozilla/5.0 (Linux; Android 6.0.1; Nexus 5X Build/MMB29P) AppleWebKit/537.36 (KHTML, like Gecko) Chrome/137.0.7151.68 Mobile Safari/537.36 (compatible; Googlebot/2.1; +http://www.google.com/bot.html)"
52.167.144.136 - - [28/Jun/2025:01:08:48 +0700] "GET /news/sanrongvang.html HTTP/2" 200 20099 "-" "Mozilla/5.0 AppleWebKit/537.36 (KHTML, like Gecko; compatible; bingbot/2.0; +http://www.bing.com/bingbot.htm) Chrome/116.0.1938.76 Safari/537.36"
66.249.70.1 - - [28/Jun/2025:01:11:46 +0700] "POST /get-message-notify HTTP/1.1" 200 20821 "https://luongtaichau.id.vn/recollection.php?shopdetail/14236797" "Mozilla/5.0 (Linux; Android 6.0.1; Nexus 5X Build/MMB29P) AppleWebKit/537.36 (KHTML, like Gecko) Chrome/137.0.7151.68 Mobile Safari/537.36 (compatible; Googlebot/2.1; +http://www.google.com/bot.html)"
66.249.70.1 - - [28/Jun/2025:01:15:16 +0700] "GET /recollection.php?shopdetail/139454997 HTTP/1.1" 200 20778 "-" "Mozilla/5.0 (Linux; Android 6.0.1; Nexus 5X Build/MMB29P) AppleWebKit/537.36 (KHTML, like Gecko) Chrome/137.0.7151.103 Mobile Safari/537.36 (compatible; Googlebot/2.1; +http://www.google.com/bot.html)"
66.249.70.8 - - [28/Jun/2025:01:15:35 +0700] "GET /recollection.php?shopdetail/190857697 HTTP/1.1" 200 20846 "-" "Mozilla/5.0 (Linux; Android 6.0.1; Nexus 5X Build/MMB29P) AppleWebKit/537.36 (KHTML, like Gecko) Chrome/137.0.7151.103 Mobile Safari/537.36 (compatible; Googlebot/2.1; +http://www.google.com/bot.html)"
66.249.70.1 - - [28/Jun/2025:01:19:35 +0700] "POST /get-message-notify HTTP/1.1" 200 20821 "https://luongtaichau.id.vn/recollection.php?shopdetail/395625297" "Mozilla/5.0 (Linux; Android 6.0.1; Nexus 5X Build/MMB29P) AppleWebKit/537.36 (KHTML, like Gecko) Chrome/137.0.7151.68 Mobile Safari/537.36 (compatible; Googlebot/2.1; +http://www.google.com/bot.html)"
66.249.70.8 - - [28/Jun/2025:01:19:50 +0700] "GET /recollection.php?shopdetail/7587797 HTTP/1.1" 200 19529 "-" "Mozilla/5.0 (Linux; Android 6.0.1; Nexus 5X Build/MMB29P) AppleWebKit/537.36 (KHTML, like Gecko) Chrome/137.0.7151.103 Mobile Safari/537.36 (compatible; Googlebot/2.1; +http://www.google.com/bot.html)"
103.57.221.79 - - [28/Jun/2025:01:21:19 +0700] "POST /wp-cron.php?doing_wp_cron=1751048479.2475409507751464843750 HTTP/1.1" 200 0 "-" "WordPress/6.8.1; https://luongtaichau.id.vn"
46.250.254.91 - - [28/Jun/2025:01:21:18 +0700] "GET / HTTP/1.1" 200 107448 "-" "Mozilla/5.0 (Macintosh; Intel Mac OS X 10_15_7) AppleWebKit/537.36 (KHTML, like Gecko) Chrome/93.0.4577.0 Safari/537.36"
66.249.70.2 - - [28/Jun/2025:01:22:15 +0700] "POST /get-message-notify HTTP/1.1" 200 20821 "https://luongtaichau.id.vn/recollection.php?shopdetail/121931297" "Mozilla/5.0 (Linux; Android 6.0.1; Nexus 5X Build/MMB29P) AppleWebKit/537.36 (KHTML, like Gecko) Chrome/137.0.7151.68 Mobile Safari/537.36 (compatible; Googlebot/2.1; +http://www.google.com/bot.html)"
207.46.13.127 - - [28/Jun/2025:01:22:29 +0700] "GET /news/9732145/ HTTP/2" 200 19598 "-" "Mozilla/5.0 AppleWebKit/537.36 (KHTML, like Gecko; compatible; bingbot/2.0; +http://www.bing.com/bingbot.htm) Chrome/116.0.1938.76 Safari/537.36"
66.249.70.8 - - [28/Jun/2025:01:27:47 +0700] "POST /get-message-notify HTTP/1.1" 200 20821 "https://luongtaichau.id.vn/recollection.php?shopdetail/233733197" "Mozilla/5.0 (Linux; Android 6.0.1; Nexus 5X Build/MMB29P) AppleWebKit/537.36 (KHTML, like Gecko) Chrome/137.0.7151.68 Mobile Safari/537.36 (compatible; Googlebot/2.1; +http://www.google.com/bot.html)"
66.249.70.8 - - [28/Jun/2025:01:28:09 +0700] "POST /get-message-notify HTTP/1.1" 200 20821 "https://luongtaichau.id.vn/recollection.php?shopdetail/195423897" "Mozilla/5.0 (Linux; Android 6.0.1; Nexus 5X Build/MMB29P) AppleWebKit/537.36 (KHTML, like Gecko) Chrome/137.0.7151.68 Mobile Safari/537.36 (compatible; Googlebot/2.1; +http://www.google.com/bot.html)"
66.249.70.2 - - [28/Jun/2025:01:14:10 +0700] "POST /get-message-notify HTTP/1.1" 200 20821 "https://luongtaichau.id.vn/recollection.php?shopdetail/242203297" "Mozilla/5.0 (Linux; Android 6.0.1; Nexus 5X Build/MMB29P) AppleWebKit/537.36 (KHTML, like Gecko) Chrome/137.0.7151.68 Mobile Safari/537.36 (compatible; Googlebot/2.1; +http://www.google.com/bot.html)"
66.249.71.170 - - [28/Jun/2025:01:14:58 +0700] "GET /recollection.php?shopdetail/7967597 HTTP/1.1" 200 19974 "-" "Mozilla/5.0 (Linux; Android 6.0.1; Nexus 5X Build/MMB29P) AppleWebKit/537.36 (KHTML, like Gecko) Chrome/137.0.7151.103 Mobile Safari/537.36 (compatible; Googlebot/2.1; +http://www.google.com/bot.html)"
66.249.71.172 - - [28/Jun/2025:01:15:11 +0700] "POST /get-message-notify HTTP/1.1" 200 20821 "https://luongtaichau.id.vn/recollection.php?shopdetail/393854797" "Mozilla/5.0 (Linux; Android 6.0.1; Nexus 5X Build/MMB29P) AppleWebKit/537.36 (KHTML, like Gecko) Chrome/137.0.7151.68 Mobile Safari/537.36 (compatible; Googlebot/2.1; +http://www.google.com/bot.html)"
66.249.70.8 - - [28/Jun/2025:01:15:15 +0700] "POST /get-message-notify HTTP/1.1" 200 20821 "https://luongtaichau.id.vn/recollection.php?shopdetail/268368397" "Mozilla/5.0 (Linux; Android 6.0.1; Nexus 5X Build/MMB29P) AppleWebKit/537.36 (KHTML, like Gecko) Chrome/137.0.7151.68 Mobile Safari/537.36 (compatible; Googlebot/2.1; +http://www.google.com/bot.html)"
52.167.144.20 - - [28/Jun/2025:01:17:27 +0700] "GET /mobile2025-03-18/m88-khong-bi-chan HTTP/2" 200 20242 "-" "Mozilla/5.0 AppleWebKit/537.36 (KHTML, like Gecko; compatible; bingbot/2.0; +http://www.bing.com/bingbot.htm) Chrome/116.0.1938.76 Safari/537.36"
66.249.71.172 - - [28/Jun/2025:01:18:36 +0700] "POST /get-message-notify HTTP/1.1" 200 20821 "https://luongtaichau.id.vn/recollection.php?shopdetail/349105997" "Mozilla/5.0 (Linux; Android 6.0.1; Nexus 5X Build/MMB29P) AppleWebKit/537.36 (KHTML, like Gecko) Chrome/137.0.7151.68 Mobile Safari/537.36 (compatible; Googlebot/2.1; +http://www.google.com/bot.html)"
66.249.70.1 - - [28/Jun/2025:01:18:37 +0700] "GET /recollection.php?shopdetail/175801597 HTTP/1.1" 200 19872 "-" "Mozilla/5.0 (Linux; Android 6.0.1; Nexus 5X Build/MMB29P) AppleWebKit/537.36 (KHTML, like Gecko) Chrome/137.0.7151.103 Mobile Safari/537.36 (compatible; Googlebot/2.1; +http://www.google.com/bot.html)"
207.46.13.127 - - [28/Jun/2025:01:20:20 +0700] "GET /news/88win-tv.html HTTP/2" 200 20089 "-" "Mozilla/5.0 AppleWebKit/537.36 (KHTML, like Gecko; compatible; bingbot/2.0; +http://www.bing.com/bingbot.htm) Chrome/116.0.1938.76 Safari/537.36"
52.167.144.20 - - [28/Jun/2025:01:20:38 +0700] "GET /order/3king-3839.html HTTP/2" 200 19942 "-" "Mozilla/5.0 AppleWebKit/537.36 (KHTML, like Gecko; compatible; bingbot/2.0; +http://www.bing.com/bingbot.htm) Chrome/116.0.1938.76 Safari/537.36"
66.249.70.8 - - [28/Jun/2025:01:29:10 +0700] "GET /recollection.php?shopdetail/44830497 HTTP/1.1" 200 20656 "-" "Mozilla/5.0 (Linux; Android 6.0.1; Nexus 5X Build/MMB29P) AppleWebKit/537.36 (KHTML, like Gecko) Chrome/137.0.7151.103 Mobile Safari/537.36 (compatible; Googlebot/2.1; +http://www.google.com/bot.html)"
66.249.70.8 - - [28/Jun/2025:01:29:12 +0700] "GET /recollection.php?shopdetail/308004797 HTTP/1.1" 200 19485 "-" "Mozilla/5.0 (Linux; Android 6.0.1; Nexus 5X Build/MMB29P) AppleWebKit/537.36 (KHTML, like Gecko) Chrome/137.0.7151.103 Mobile Safari/537.36 (compatible; Googlebot/2.1; +http://www.google.com/bot.html)"
66.249.71.170 - - [28/Jun/2025:01:29:13 +0700] "GET /recollection.php?shopdetail/299242497 HTTP/1.1" 200 21069 "-" "Mozilla/5.0 (Linux; Android 6.0.1; Nexus 5X Build/MMB29P) AppleWebKit/537.36 (KHTML, like Gecko) Chrome/137.0.7151.103 Mobile Safari/537.36 (compatible; Googlebot/2.1; +http://www.google.com/bot.html)"
66.249.71.170 - - [28/Jun/2025:01:29:25 +0700] "GET /recollection.php?shopdetail/94081397 HTTP/1.1" 200 19871 "-" "Mozilla/5.0 (Linux; Android 6.0.1; Nexus 5X Build/MMB29P) AppleWebKit/537.36 (KHTML, like Gecko) Chrome/137.0.7151.103 Mobile Safari/537.36 (compatible; Googlebot/2.1; +http://www.google.com/bot.html)"
66.249.70.8 - - [28/Jun/2025:01:28:58 +0700] "GET /recollection.php?shopdetail/294146697 HTTP/1.1" 200 20224 "-" "Mozilla/5.0 (Linux; Android 6.0.1; Nexus 5X Build/MMB29P) AppleWebKit/537.36 (KHTML, like Gecko) Chrome/137.0.7151.103 Mobile Safari/537.36 (compatible; Googlebot/2.1; +http://www.google.com/bot.html)"
66.249.70.8 - - [28/Jun/2025:01:29:12 +0700] "POST /get-message-notify HTTP/1.1" 200 20821 "https://luongtaichau.id.vn/shopdetail/197515797" "Mozilla/5.0 (Linux; Android 6.0.1; Nexus 5X Build/MMB29P) AppleWebKit/537.36 (KHTML, like Gecko) Chrome/137.0.7151.68 Mobile Safari/537.36 (compatible; Googlebot/2.1; +http://www.google.com/bot.html)"
66.249.71.170 - - [28/Jun/2025:01:29:12 +0700] "GET /recollection.php?shopdetail/154141797 HTTP/1.1" 200 20018 "-" "Mozilla/5.0 (Linux; Android 6.0.1; Nexus 5X Build/MMB29P) AppleWebKit/537.36 (KHTML, like Gecko) Chrome/137.0.7151.103 Mobile Safari/537.36 (compatible; Googlebot/2.1; +http://www.google.com/bot.html)"
66.249.70.8 - - [28/Jun/2025:01:29:17 +0700] "POST /get-message-notify HTTP/1.1" 200 20821 "https://luongtaichau.id.vn/recollection.php?shopdetail/308781897" "Mozilla/5.0 (Linux; Android 6.0.1; Nexus 5X Build/MMB29P) AppleWebKit/537.36 (KHTML, like Gecko) Chrome/137.0.7151.68 Mobile Safari/537.36 (compatible; Googlebot/2.1; +http://www.google.com/bot.html)"
66.249.71.171 - - [28/Jun/2025:01:30:07 +0700] "GET /shopdetail/169054297 HTTP/1.1" 200 20505 "-" "Mozilla/5.0 (Linux; Android 6.0.1; Nexus 5X Build/MMB29P) AppleWebKit/537.36 (KHTML, like Gecko) Chrome/137.0.7151.103 Mobile Safari/537.36 (compatible; Googlebot/2.1; +http://www.google.com/bot.html)"
66.249.71.170 - - [28/Jun/2025:01:30:17 +0700] "GET /recollection.php?shopdetail/337024297 HTTP/1.1" 200 19884 "-" "Mozilla/5.0 (Linux; Android 6.0.1; Nexus 5X Build/MMB29P) AppleWebKit/537.36 (KHTML, like Gecko) Chrome/137.0.7151.103 Mobile Safari/537.36 (compatible; Googlebot/2.1; +http://www.google.com/bot.html)"
66.249.70.8 - - [28/Jun/2025:01:32:07 +0700] "POST /get-message-notify HTTP/1.1" 200 20821 "https://luongtaichau.id.vn/recollection.php?shopdetail/355588797" "Mozilla/5.0 (Linux; Android 6.0.1; Nexus 5X Build/MMB29P) AppleWebKit/537.36 (KHTML, like Gecko) Chrome/137.0.7151.68 Mobile Safari/537.36 (compatible; Googlebot/2.1; +http://www.google.com/bot.html)"
66.249.70.8 - - [28/Jun/2025:01:32:51 +0700] "GET /recollection.php?shopdetail/220336597 HTTP/1.1" 200 20432 "-" "Mozilla/5.0 (Linux; Android 6.0.1; Nexus 5X Build/MMB29P) AppleWebKit/537.36 (KHTML, like Gecko) Chrome/137.0.7151.103 Mobile Safari/537.36 (compatible; Googlebot/2.1; +http://www.google.com/bot.html)"
66.249.71.170 - - [28/Jun/2025:01:32:54 +0700] "GET /recollection.php?shopdetail/172626097 HTTP/1.1" 200 19303 "-" "Mozilla/5.0 (Linux; Android 6.0.1; Nexus 5X Build/MMB29P) AppleWebKit/537.36 (KHTML, like Gecko) Chrome/137.0.7151.103 Mobile Safari/537.36 (compatible; Googlebot/2.1; +http://www.google.com/bot.html)"
66.249.71.170 - - [28/Jun/2025:01:33:04 +0700] "GET /recollection.php?shopdetail/140297297 HTTP/1.1" 200 21377 "-" "Mozilla/5.0 (Linux; Android 6.0.1; Nexus 5X Build/MMB29P) AppleWebKit/537.36 (KHTML, like Gecko) Chrome/137.0.7151.103 Mobile Safari/537.36 (compatible; Googlebot/2.1; +http://www.google.com/bot.html)"
66.249.70.8 - - [28/Jun/2025:01:33:19 +0700] "GET /recollection.php?shopdetail/184117897 HTTP/1.1" 200 20372 "-" "Mozilla/5.0 (Linux; Android 6.0.1; Nexus 5X Build/MMB29P) AppleWebKit/537.36 (KHTML, like Gecko) Chrome/137.0.7151.103 Mobile Safari/537.36 (compatible; Googlebot/2.1; +http://www.google.com/bot.html)"
66.249.71.170 - - [28/Jun/2025:01:33:38 +0700] "POST /get-message-notify HTTP/1.1" 200 20821 "https://luongtaichau.id.vn/recollection.php?shopdetail/317103497" "Mozilla/5.0 (Linux; Android 6.0.1; Nexus 5X Build/MMB29P) AppleWebKit/537.36 (KHTML, like Gecko) Chrome/137.0.7151.68 Mobile Safari/537.36 (compatible; Googlebot/2.1; +http://www.google.com/bot.html)"
66.249.70.2 - - [28/Jun/2025:01:21:12 +0700] "POST /get-message-notify HTTP/1.1" 200 20821 "https://luongtaichau.id.vn/recollection.php?shopdetail/295849797" "Mozilla/5.0 (Linux; Android 6.0.1; Nexus 5X Build/MMB29P) AppleWebKit/537.36 (KHTML, like Gecko) Chrome/137.0.7151.68 Mobile Safari/537.36 (compatible; Googlebot/2.1; +http://www.google.com/bot.html)"
103.57.221.79 - - [28/Jun/2025:01:21:19 +0700] "POST /wp-admin/admin-ajax.php?action=async_litespeed&nonce=722cb5f8cf&litespeed_type=imgoptm HTTP/1.1" 200 145 "-" "WordPress/6.8.1; https://luongtaichau.id.vn"
207.46.13.127 - - [28/Jun/2025:01:21:39 +0700] "GET /hot20250404/iwin-club-vn.html HTTP/2" 200 21149 "-" "Mozilla/5.0 AppleWebKit/537.36 (KHTML, like Gecko; compatible; bingbot/2.0; +http://www.bing.com/bingbot.htm) Chrome/116.0.1938.76 Safari/537.36"
66.249.71.170 - - [28/Jun/2025:01:27:37 +0700] "POST /get-message-notify HTTP/1.1" 200 20821 "https://luongtaichau.id.vn/shopdetail/42148897" "Mozilla/5.0 (Linux; Android 6.0.1; Nexus 5X Build/MMB29P) AppleWebKit/537.36 (KHTML, like Gecko) Chrome/137.0.7151.68 Mobile Safari/537.36 (compatible; Googlebot/2.1; +http://www.google.com/bot.html)"
66.249.70.8 - - [28/Jun/2025:01:29:00 +0700] "GET /recollection.php?shopdetail/5830597 HTTP/1.1" 200 20268 "-" "Mozilla/5.0 (Linux; Android 6.0.1; Nexus 5X Build/MMB29P) AppleWebKit/537.36 (KHTML, like Gecko) Chrome/137.0.7151.103 Mobile Safari/537.36 (compatible; Googlebot/2.1; +http://www.google.com/bot.html)"
66.249.70.8 - - [28/Jun/2025:01:29:26 +0700] "GET /recollection.php?shopdetail/71311397 HTTP/1.1" 200 21016 "-" "Mozilla/5.0 (Linux; Android 6.0.1; Nexus 5X Build/MMB29P) AppleWebKit/537.36 (KHTML, like Gecko) Chrome/137.0.7151.103 Mobile Safari/537.36 (compatible; Googlebot/2.1; +http://www.google.com/bot.html)"
66.249.71.170 - - [28/Jun/2025:01:30:11 +0700] "GET /recollection.php?shopdetail/255106597 HTTP/1.1" 200 20363 "-" "Mozilla/5.0 (Linux; Android 6.0.1; Nexus 5X Build/MMB29P) AppleWebKit/537.36 (KHTML, like Gecko) Chrome/137.0.7151.103 Mobile Safari/537.36 (compatible; Googlebot/2.1; +http://www.google.com/bot.html)"
66.249.70.1 - - [28/Jun/2025:01:36:29 +0700] "GET /robots.txt HTTP/1.1" 200 135 "-" "Mozilla/5.0 (compatible; Googlebot/2.1; +http://www.google.com/bot.html)"
66.249.70.1 - - [28/Jun/2025:01:36:30 +0700] "POST /get-message-notify HTTP/1.1" 200 20821 "https://luongtaichau.id.vn/recollection.php?shopdetail/110617597" "Mozilla/5.0 (Linux; Android 6.0.1; Nexus 5X Build/MMB29P) AppleWebKit/537.36 (KHTML, like Gecko) Chrome/137.0.7151.68 Mobile Safari/537.36 (compatible; Googlebot/2.1; +http://www.google.com/bot.html)"
66.249.70.8 - - [28/Jun/2025:01:40:55 +0700] "POST /get-message-notify HTTP/1.1" 200 20821 "https://luongtaichau.id.vn/recollection.php?shopdetail/346151297" "Mozilla/5.0 (Linux; Android 6.0.1; Nexus 5X Build/MMB29P) AppleWebKit/537.36 (KHTML, like Gecko) Chrome/137.0.7151.68 Mobile Safari/537.36 (compatible; Googlebot/2.1; +http://www.google.com/bot.html)"
66.249.71.171 - - [28/Jun/2025:01:41:23 +0700] "POST /get-message-notify HTTP/1.1" 200 20821 "https://luongtaichau.id.vn/shopdetail/227722297" "Mozilla/5.0 (Linux; Android 6.0.1; Nexus 5X Build/MMB29P) AppleWebKit/537.36 (KHTML, like Gecko) Chrome/137.0.7151.68 Mobile Safari/537.36 (compatible; Googlebot/2.1; +http://www.google.com/bot.html)"
66.249.70.8 - - [28/Jun/2025:01:41:38 +0700] "POST /get-message-notify HTTP/1.1" 200 20821 "https://luongtaichau.id.vn/recollection.php?shopdetail/152657297" "Mozilla/5.0 (Linux; Android 6.0.1; Nexus 5X Build/MMB29P) AppleWebKit/537.36 (KHTML, like Gecko) Chrome/137.0.7151.68 Mobile Safari/537.36 (compatible; Googlebot/2.1; +http://www.google.com/bot.html)"
52.167.144.176 - - [28/Jun/2025:01:42:12 +0700] "GET /app20250326/slot-igrice.html HTTP/2" 200 20769 "-" "Mozilla/5.0 AppleWebKit/537.36 (KHTML, like Gecko; compatible; bingbot/2.0; +http://www.bing.com/bingbot.htm) Chrome/116.0.1938.76 Safari/537.36"
66.249.70.8 - - [28/Jun/2025:01:30:20 +0700] "GET /recollection.php?shopdetail/6148697 HTTP/1.1" 200 19815 "-" "Mozilla/5.0 (Linux; Android 6.0.1; Nexus 5X Build/MMB29P) AppleWebKit/537.36 (KHTML, like Gecko) Chrome/137.0.7151.103 Mobile Safari/537.36 (compatible; Googlebot/2.1; +http://www.google.com/bot.html)"
66.249.70.8 - - [28/Jun/2025:01:30:24 +0700] "GET /recollection.php?shopdetail/247311197 HTTP/1.1" 200 20904 "-" "Mozilla/5.0 (Linux; Android 6.0.1; Nexus 5X Build/MMB29P) AppleWebKit/537.36 (KHTML, like Gecko) Chrome/137.0.7151.103 Mobile Safari/537.36 (compatible; Googlebot/2.1; +http://www.google.com/bot.html)"
66.249.71.170 - - [28/Jun/2025:01:30:32 +0700] "GET /robots.txt HTTP/1.1" 200 135 "-" "Mozilla/5.0 (compatible; Googlebot/2.1; +http://www.google.com/bot.html)"
207.46.13.155 - - [28/Jun/2025:01:31:51 +0700] "GET /order/4701862/ HTTP/2" 200 21716 "-" "Mozilla/5.0 AppleWebKit/537.36 (KHTML, like Gecko; compatible; bingbot/2.0; +http://www.bing.com/bingbot.htm) Chrome/116.0.1938.76 Safari/537.36"
66.249.71.170 - - [28/Jun/2025:01:32:14 +0700] "GET /recollection.php?shopdetail/410439097 HTTP/1.1" 200 19315 "-" "Mozilla/5.0 (Linux; Android 6.0.1; Nexus 5X Build/MMB29P) AppleWebKit/537.36 (KHTML, like Gecko) Chrome/137.0.7151.103 Mobile Safari/537.36 (compatible; Googlebot/2.1; +http://www.google.com/bot.html)"
66.249.70.1 - - [28/Jun/2025:01:33:03 +0700] "GET /recollection.php?shopdetail/74423197 HTTP/1.1" 200 20540 "-" "Mozilla/5.0 (Linux; Android 6.0.1; Nexus 5X Build/MMB29P) AppleWebKit/537.36 (KHTML, like Gecko) Chrome/137.0.7151.103 Mobile Safari/537.36 (compatible; Googlebot/2.1; +http://www.google.com/bot.html)"
66.249.71.170 - - [28/Jun/2025:01:36:10 +0700] "POST /get-message-notify HTTP/1.1" 200 20821 "https://luongtaichau.id.vn/shopdetail/265084897" "Mozilla/5.0 (Linux; Android 6.0.1; Nexus 5X Build/MMB29P) AppleWebKit/537.36 (KHTML, like Gecko) Chrome/137.0.7151.68 Mobile Safari/537.36 (compatible; Googlebot/2.1; +http://www.google.com/bot.html)"
52.167.144.176 - - [28/Jun/2025:01:36:21 +0700] "GET /news/2607489/ HTTP/2" 200 19547 "-" "Mozilla/5.0 AppleWebKit/537.36 (KHTML, like Gecko; compatible; bingbot/2.0; +http://www.bing.com/bingbot.htm) Chrome/116.0.1938.76 Safari/537.36"
66.249.70.8 - - [28/Jun/2025:01:36:48 +0700] "POST /get-message-notify HTTP/1.1" 200 20821 "https://luongtaichau.id.vn/recollection.php?shopdetail/176124197" "Mozilla/5.0 (Linux; Android 6.0.1; Nexus 5X Build/MMB29P) AppleWebKit/537.36 (KHTML, like Gecko) Chrome/137.0.7151.68 Mobile Safari/537.36 (compatible; Googlebot/2.1; +http://www.google.com/bot.html)"
66.249.71.171 - - [28/Jun/2025:01:41:07 +0700] "POST /get-message-notify HTTP/1.1" 200 20821 "https://luongtaichau.id.vn/recollection.php?shopdetail/190855097" "Mozilla/5.0 (Linux; Android 6.0.1; Nexus 5X Build/MMB29P) AppleWebKit/537.36 (KHTML, like Gecko) Chrome/137.0.7151.68 Mobile Safari/537.36 (compatible; Googlebot/2.1; +http://www.google.com/bot.html)"
66.249.70.1 - - [28/Jun/2025:01:43:18 +0700] "POST /get-message-notify HTTP/1.1" 200 20821 "https://luongtaichau.id.vn/recollection.php?shopdetail/181279097" "Mozilla/5.0 (Linux; Android 6.0.1; Nexus 5X Build/MMB29P) AppleWebKit/537.36 (KHTML, like Gecko) Chrome/137.0.7151.68 Mobile Safari/537.36 (compatible; Googlebot/2.1; +http://www.google.com/bot.html)"
66.249.70.8 - - [28/Jun/2025:01:43:29 +0700] "POST /get-message-notify HTTP/1.1" 200 20821 "https://luongtaichau.id.vn/recollection.php?shopdetail/211839797" "Mozilla/5.0 (Linux; Android 6.0.1; Nexus 5X Build/MMB29P) AppleWebKit/537.36 (KHTML, like Gecko) Chrome/137.0.7151.68 Mobile Safari/537.36 (compatible; Googlebot/2.1; +http://www.google.com/bot.html)"
66.249.70.8 - - [28/Jun/2025:01:44:00 +0700] "POST /get-message-notify HTTP/1.1" 200 20821 "https://luongtaichau.id.vn/shopdetail/170355397" "Mozilla/5.0 (Linux; Android 6.0.1; Nexus 5X Build/MMB29P) AppleWebKit/537.36 (KHTML, like Gecko) Chrome/137.0.7151.68 Mobile Safari/537.36 (compatible; Googlebot/2.1; +http://www.google.com/bot.html)"
66.249.71.170 - - [28/Jun/2025:01:35:20 +0700] "POST /get-message-notify HTTP/1.1" 200 20821 "https://luongtaichau.id.vn/recollection.php?shopdetail/72782397" "Mozilla/5.0 (Linux; Android 6.0.1; Nexus 5X Build/MMB29P) AppleWebKit/537.36 (KHTML, like Gecko) Chrome/137.0.7151.68 Mobile Safari/537.36 (compatible; Googlebot/2.1; +http://www.google.com/bot.html)"
66.249.71.170 - - [28/Jun/2025:01:36:56 +0700] "POST /get-message-notify HTTP/1.1" 200 20821 "https://luongtaichau.id.vn/recollection.php?shopdetail/417318297" "Mozilla/5.0 (Linux; Android 6.0.1; Nexus 5X Build/MMB29P) AppleWebKit/537.36 (KHTML, like Gecko) Chrome/137.0.7151.68 Mobile Safari/537.36 (compatible; Googlebot/2.1; +http://www.google.com/bot.html)"
52.167.144.176 - - [28/Jun/2025:01:40:41 +0700] "GET /app/pd-99-slot.html HTTP/2" 200 20004 "-" "Mozilla/5.0 AppleWebKit/537.36 (KHTML, like Gecko; compatible; bingbot/2.0; +http://www.bing.com/bingbot.htm) Chrome/116.0.1938.76 Safari/537.36"
66.249.70.8 - - [28/Jun/2025:01:44:10 +0700] "POST /get-message-notify HTTP/1.1" 200 20821 "https://luongtaichau.id.vn/recollection.php?shopdetail/23014997" "Mozilla/5.0 (Linux; Android 6.0.1; Nexus 5X Build/MMB29P) AppleWebKit/537.36 (KHTML, like Gecko) Chrome/137.0.7151.68 Mobile Safari/537.36 (compatible; Googlebot/2.1; +http://www.google.com/bot.html)"
66.249.70.8 - - [28/Jun/2025:01:44:50 +0700] "POST /get-message-notify HTTP/1.1" 200 20821 "https://luongtaichau.id.vn/recollection.php?shopdetail/325789197" "Mozilla/5.0 (Linux; Android 6.0.1; Nexus 5X Build/MMB29P) AppleWebKit/537.36 (KHTML, like Gecko) Chrome/137.0.7151.68 Mobile Safari/537.36 (compatible; Googlebot/2.1; +http://www.google.com/bot.html)"
157.55.39.13 - - [28/Jun/2025:01:46:51 +0700] "GET /news/da-ga-truc-tiep-thomo-8-7-2024 HTTP/2" 200 20521 "-" "Mozilla/5.0 AppleWebKit/537.36 (KHTML, like Gecko; compatible; bingbot/2.0; +http://www.bing.com/bingbot.htm) Chrome/116.0.1938.76 Safari/537.36"
40.77.167.121 - - [28/Jun/2025:01:47:42 +0700] "GET /app/4305786/ HTTP/2" 200 19279 "-" "Mozilla/5.0 AppleWebKit/537.36 (KHTML, like Gecko; compatible; bingbot/2.0; +http://www.bing.com/bingbot.htm) Chrome/116.0.1938.76 Safari/537.36"
40.77.167.121 - - [28/Jun/2025:01:47:51 +0700] "GET /news/download-1xbet-mobile-app.html HTTP/2" 200 19880 "-" "Mozilla/5.0 AppleWebKit/537.36 (KHTML, like Gecko; compatible; bingbot/2.0; +http://www.bing.com/bingbot.htm) Chrome/116.0.1938.76 Safari/537.36"
157.55.39.13 - - [28/Jun/2025:01:50:32 +0700] "GET /app20250406/%C3%84%E2%80%98%C3%83%C2%A1-g%C3%83%C2%A0-thomo-tr%C3%A1%C2%BB%C2%B1c-ti%C3%A1%C2%BA%C2%BFp-6-t%C3%83%C2%A2y.html HTTP/2" 200 19610 "-" "Mozilla/5.0 AppleWebKit/537.36 (KHTML, like Gecko; compatible; bingbot/2.0; +http://www.bing.com/bingbot.htm) Chrome/116.0.1938.76 Safari/537.36"
52.167.144.225 - - [28/Jun/2025:01:58:34 +0700] "GET /news/79king-city.html HTTP/2" 200 19941 "-" "Mozilla/5.0 AppleWebKit/537.36 (KHTML, like Gecko; compatible; bingbot/2.0; +http://www.bing.com/bingbot.htm) Chrome/116.0.1938.76 Safari/537.36"
52.167.144.209 - - [28/Jun/2025:01:59:07 +0700] "GET /order/0152934/ HTTP/2" 200 20412 "-" "Mozilla/5.0 AppleWebKit/537.36 (KHTML, like Gecko; compatible; bingbot/2.0; +http://www.bing.com/bingbot.htm) Chrome/116.0.1938.76 Safari/537.36"
40.77.167.75 - - [28/Jun/2025:02:05:44 +0700] "GET /news/bono-de-bienvenida-1xbet.html HTTP/2" 200 20614 "-" "Mozilla/5.0 AppleWebKit/537.36 (KHTML, like Gecko; compatible; bingbot/2.0; +http://www.bing.com/bingbot.htm) Chrome/116.0.1938.76 Safari/537.36"
66.249.71.170 - - [28/Jun/2025:02:08:03 +0700] "GET /recollection.php?shopdetail/401801397 HTTP/1.1" 200 20148 "-" "Mozilla/5.0 (Linux; Android 6.0.1; Nexus 5X Build/MMB29P) AppleWebKit/537.36 (KHTML, like Gecko) Chrome/137.0.7151.103 Mobile Safari/537.36 (compatible; Googlebot/2.1; +http://www.google.com/bot.html)"
40.77.167.75 - - [28/Jun/2025:02:08:44 +0700] "GET /order/1xbet-uzbek-tilida-apk.html HTTP/2" 200 19285 "-" "Mozilla/5.0 AppleWebKit/537.36 (KHTML, like Gecko; compatible; bingbot/2.0; +http://www.bing.com/bingbot.htm) Chrome/116.0.1938.76 Safari/537.36"
66.249.71.170 - - [28/Jun/2025:01:44:25 +0700] "POST /get-message-notify HTTP/1.1" 200 20821 "https://luongtaichau.id.vn/recollection.php?shopdetail/34889397" "Mozilla/5.0 (Linux; Android 6.0.1; Nexus 5X Build/MMB29P) AppleWebKit/537.36 (KHTML, like Gecko) Chrome/137.0.7151.68 Mobile Safari/537.36 (compatible; Googlebot/2.1; +http://www.google.com/bot.html)"
52.167.144.188 - - [28/Jun/2025:01:44:53 +0700] "GET /news20250314/slot-machine-javascript-code.html HTTP/2" 200 21279 "-" "Mozilla/5.0 AppleWebKit/537.36 (KHTML, like Gecko; compatible; bingbot/2.0; +http://www.bing.com/bingbot.htm) Chrome/116.0.1938.76 Safari/537.36"
66.249.70.8 - - [28/Jun/2025:01:47:48 +0700] "POST /get-message-notify HTTP/1.1" 200 20821 "https://luongtaichau.id.vn/shopdetail/107114097" "Mozilla/5.0 (Linux; Android 6.0.1; Nexus 5X Build/MMB29P) AppleWebKit/537.36 (KHTML, like Gecko) Chrome/137.0.7151.68 Mobile Safari/537.36 (compatible; Googlebot/2.1; +http://www.google.com/bot.html)"
157.55.39.52 - - [28/Jun/2025:01:59:03 +0700] "GET /news/0563497/ HTTP/2" 200 20053 "-" "Mozilla/5.0 AppleWebKit/537.36 (KHTML, like Gecko; compatible; bingbot/2.0; +http://www.bing.com/bingbot.htm) Chrome/116.0.1938.76 Safari/537.36"
40.77.167.75 - - [28/Jun/2025:02:06:03 +0700] "GET /game/6318025/ HTTP/2" 200 20823 "-" "Mozilla/5.0 AppleWebKit/537.36 (KHTML, like Gecko; compatible; bingbot/2.0; +http://www.bing.com/bingbot.htm) Chrome/116.0.1938.76 Safari/537.36"
66.249.75.132 - - [28/Jun/2025:02:10:18 +0700] "GET /recollection.php?shopdetail/329054097 HTTP/1.1" 200 18859 "-" "Mozilla/5.0 (Linux; Android 6.0.1; Nexus 5X Build/MMB29P) AppleWebKit/537.36 (KHTML, like Gecko) Chrome/137.0.7151.103 Mobile Safari/537.36 (compatible; Googlebot/2.1; +http://www.google.com/bot.html)"
84.247.154.4 - - [28/Jun/2025:02:12:41 +0700] "GET / HTTP/1.1" 200 107448 "-" "Mozilla/5.0 (Macintosh; Intel Mac OS X 10_15_7) AppleWebKit/537.36 (KHTML, like Gecko) Chrome/93.0.4577.0 Safari/537.36"
66.249.71.172 - - [28/Jun/2025:02:13:28 +0700] "GET /recollection.php?shopdetail/141470797 HTTP/1.1" 200 20368 "-" "Mozilla/5.0 (Linux; Android 6.0.1; Nexus 5X Build/MMB29P) AppleWebKit/537.36 (KHTML, like Gecko) Chrome/137.0.7151.103 Mobile Safari/537.36 (compatible; Googlebot/2.1; +http://www.google.com/bot.html)"
