66.249.70.8 - - [27/Jun/2025:21:18:28 +0700] "GET /recollection.php?shopdetail/360702797 HTTP/1.1" 200 19854 "-" "Mozilla/5.0 (Linux; Android 6.0.1; Nexus 5X Build/MMB29P) AppleWebKit/537.36 (KHTML, like Gecko) Chrome/137.0.7151.103 Mobile Safari/537.36 (compatible; Googlebot/2.1; +http://www.google.com/bot.html)"
103.57.221.79 - - [27/Jun/2025:21:21:18 +0700] "POST /wp-cron.php?doing_wp_cron=1751034078.4756560325622558593750 HTTP/1.1" 200 0 "-" "WordPress/6.8.1; https://luongtaichau.id.vn"
5.104.85.58 - - [27/Jun/2025:21:21:17 +0700] "GET / HTTP/1.1" 200 107448 "-" "Mozilla/5.0 (Macintosh; Intel Mac OS X 10_15_7) AppleWebKit/537.36 (KHTML, like Gecko) Chrome/93.0.4577.0 Safari/537.36"
66.249.71.170 - - [27/Jun/2025:21:21:27 +0700] "GET /recollection.php?shopdetail/110709997 HTTP/1.1" 200 20769 "-" "Mozilla/5.0 (Linux; Android 6.0.1; Nexus 5X Build/MMB29P) AppleWebKit/537.36 (KHTML, like Gecko) Chrome/137.0.7151.103 Mobile Safari/537.36 (compatible; Googlebot/2.1; +http://www.google.com/bot.html)"
66.249.71.170 - - [27/Jun/2025:21:22:35 +0700] "GET /recollection.php?shopdetail/225972097 HTTP/1.1" 200 21082 "-" "Mozilla/5.0 (Linux; Android 6.0.1; Nexus 5X Build/MMB29P) AppleWebKit/537.36 (KHTML, like Gecko) Chrome/137.0.7151.103 Mobile Safari/537.36 (compatible; Googlebot/2.1; +http://www.google.com/bot.html)"
66.249.70.1 - - [27/Jun/2025:21:23:14 +0700] "GET /recollection.php?shopdetail/180967397 HTTP/1.1" 200 20386 "-" "Mozilla/5.0 (Linux; Android 6.0.1; Nexus 5X Build/MMB29P) AppleWebKit/537.36 (KHTML, like Gecko) Chrome/137.0.7151.103 Mobile Safari/537.36 (compatible; Googlebot/2.1; +http://www.google.com/bot.html)"
66.249.70.1 - - [27/Jun/2025:21:23:14 +0700] "POST /get-message-notify HTTP/1.1" 200 20821 "https://luongtaichau.id.vn/recollection.php?shopdetail/272092597" "Mozilla/5.0 (Linux; Android 6.0.1; Nexus 5X Build/MMB29P) AppleWebKit/537.36 (KHTML, like Gecko) Chrome/137.0.7151.68 Mobile Safari/537.36 (compatible; Googlebot/2.1; +http://www.google.com/bot.html)"
66.249.70.8 - - [27/Jun/2025:21:19:27 +0700] "GET /recollection.php?shopdetail/242272897 HTTP/1.1" 200 20107 "-" "Mozilla/5.0 (Linux; Android 6.0.1; Nexus 5X Build/MMB29P) AppleWebKit/537.36 (KHTML, like Gecko) Chrome/137.0.7151.103 Mobile Safari/537.36 (compatible; Googlebot/2.1; +http://www.google.com/bot.html)"
52.167.144.158 - - [27/Jun/2025:21:20:27 +0700] "GET /order/domain-au.html HTTP/2" 200 19409 "-" "Mozilla/5.0 AppleWebKit/537.36 (KHTML, like Gecko; compatible; bingbot/2.0; +http://www.bing.com/bingbot.htm) Chrome/116.0.1938.76 Safari/537.36"
103.57.221.79 - - [27/Jun/2025:21:21:19 +0700] "POST /wp-admin/admin-ajax.php?action=async_litespeed&nonce=722cb5f8cf&litespeed_type=imgoptm HTTP/1.1" 200 145 "-" "WordPress/6.8.1; https://luongtaichau.id.vn"
66.249.70.8 - - [27/Jun/2025:21:24:56 +0700] "POST /get-message-notify HTTP/1.1" 200 20821 "https://luongtaichau.id.vn/recollection.php?shopdetail/374654097" "Mozilla/5.0 (Linux; Android 6.0.1; Nexus 5X Build/MMB29P) AppleWebKit/537.36 (KHTML, like Gecko) Chrome/137.0.7151.68 Mobile Safari/537.36 (compatible; Googlebot/2.1; +http://www.google.com/bot.html)"
40.77.167.78 - - [27/Jun/2025:21:30:30 +0700] "GET /order/dafabet-cadastrar.html HTTP/2" 200 20666 "-" "Mozilla/5.0 AppleWebKit/537.36 (KHTML, like Gecko; compatible; bingbot/2.0; +http://www.bing.com/bingbot.htm) Chrome/116.0.1938.76 Safari/537.36"
157.55.39.205 - - [27/Jun/2025:21:31:57 +0700] "GET /mobile2025-04-09/happyluke-app.html HTTP/2" 200 19563 "-" "Mozilla/5.0 AppleWebKit/537.36 (KHTML, like Gecko; compatible; bingbot/2.0; +http://www.bing.com/bingbot.htm) Chrome/116.0.1938.76 Safari/537.36"
66.249.71.170 - - [27/Jun/2025:21:32:54 +0700] "GET /recollection.php?shopdetail/418646297 HTTP/1.1" 200 20798 "-" "Mozilla/5.0 (Linux; Android 6.0.1; Nexus 5X Build/MMB29P) AppleWebKit/537.36 (KHTML, like Gecko) Chrome/137.0.7151.103 Mobile Safari/537.36 (compatible; Googlebot/2.1; +http://www.google.com/bot.html)"
66.249.70.8 - - [27/Jun/2025:21:33:41 +0700] "POST /get-message-notify HTTP/1.1" 200 20821 "https://luongtaichau.id.vn/recollection.php?shopdetail/80964797" "Mozilla/5.0 (Linux; Android 6.0.1; Nexus 5X Build/MMB29P) AppleWebKit/537.36 (KHTML, like Gecko) Chrome/137.0.7151.68 Mobile Safari/537.36 (compatible; Googlebot/2.1; +http://www.google.com/bot.html)"
66.249.70.8 - - [27/Jun/2025:21:34:57 +0700] "GET /recollection.php?shopdetail/38911597 HTTP/1.1" 200 21077 "-" "Mozilla/5.0 (Linux; Android 6.0.1; Nexus 5X Build/MMB29P) AppleWebKit/537.36 (KHTML, like Gecko) Chrome/137.0.7151.103 Mobile Safari/537.36 (compatible; Googlebot/2.1; +http://www.google.com/bot.html)"
52.167.144.18 - - [27/Jun/2025:21:38:58 +0700] "GET /game2025-03-27/kenhhd.nbet.html HTTP/2" 200 20951 "-" "Mozilla/5.0 AppleWebKit/537.36 (KHTML, like Gecko; compatible; bingbot/2.0; +http://www.bing.com/bingbot.htm) Chrome/116.0.1938.76 Safari/537.36"
157.55.39.194 - - [27/Jun/2025:21:43:40 +0700] "GET /game20250404/how-to-download-1xbet-app.html HTTP/2" 200 20351 "-" "Mozilla/5.0 AppleWebKit/537.36 (KHTML, like Gecko; compatible; bingbot/2.0; +http://www.bing.com/bingbot.htm) Chrome/116.0.1938.76 Safari/537.36"
66.249.70.8 - - [27/Jun/2025:21:43:47 +0700] "GET /recollection.php?shopdetail/247854297 HTTP/1.1" 200 20105 "-" "Mozilla/5.0 (Linux; Android 6.0.1; Nexus 5X Build/MMB29P) AppleWebKit/537.36 (KHTML, like Gecko) Chrome/137.0.7151.103 Mobile Safari/537.36 (compatible; Googlebot/2.1; +http://www.google.com/bot.html)"
66.249.70.8 - - [27/Jun/2025:21:43:51 +0700] "GET /recollection.php?shopdetail/25910797 HTTP/1.1" 200 20337 "-" "Mozilla/5.0 (Linux; Android 6.0.1; Nexus 5X Build/MMB29P) AppleWebKit/537.36 (KHTML, like Gecko) Chrome/137.0.7151.103 Mobile Safari/537.36 (compatible; Googlebot/2.1; +http://www.google.com/bot.html)"
66.249.71.171 - - [27/Jun/2025:21:23:32 +0700] "POST /get-message-notify HTTP/1.1" 200 20821 "https://luongtaichau.id.vn/recollection.php?shopdetail/12827197" "Mozilla/5.0 (Linux; Android 6.0.1; Nexus 5X Build/MMB29P) AppleWebKit/537.36 (KHTML, like Gecko) Chrome/137.0.7151.68 Mobile Safari/537.36 (compatible; Googlebot/2.1; +http://www.google.com/bot.html)"
66.249.71.171 - - [27/Jun/2025:21:33:01 +0700] "GET /recollection.php?shopdetail/406067497 HTTP/1.1" 200 19380 "-" "Mozilla/5.0 (Linux; Android 6.0.1; Nexus 5X Build/MMB29P) AppleWebKit/537.36 (KHTML, like Gecko) Chrome/137.0.7151.103 Mobile Safari/537.36 (compatible; Googlebot/2.1; +http://www.google.com/bot.html)"
157.55.39.205 - - [27/Jun/2025:21:33:07 +0700] "GET /shopdetail/110573997 HTTP/2" 200 19912 "-" "Mozilla/5.0 AppleWebKit/537.36 (KHTML, like Gecko; compatible; bingbot/2.0; +http://www.bing.com/bingbot.htm) Chrome/116.0.1938.76 Safari/537.36"
66.249.70.1 - - [27/Jun/2025:21:35:11 +0700] "GET /recollection.php?shopdetail/353726697 HTTP/1.1" 200 19255 "-" "Mozilla/5.0 (Linux; Android 6.0.1; Nexus 5X Build/MMB29P) AppleWebKit/537.36 (KHTML, like Gecko) Chrome/137.0.7151.103 Mobile Safari/537.36 (compatible; Googlebot/2.1; +http://www.google.com/bot.html)"
66.249.70.1 - - [27/Jun/2025:21:35:12 +0700] "GET /recollection.php?shopdetail/317240297 HTTP/1.1" 200 20305 "-" "Mozilla/5.0 (Linux; Android 6.0.1; Nexus 5X Build/MMB29P) AppleWebKit/537.36 (KHTML, like Gecko) Chrome/137.0.7151.103 Mobile Safari/537.36 (compatible; Googlebot/2.1; +http://www.google.com/bot.html)"
66.249.70.1 - - [27/Jun/2025:21:35:16 +0700] "GET /recollection.php?shopdetail/339974197 HTTP/1.1" 200 19320 "-" "Mozilla/5.0 (Linux; Android 6.0.1; Nexus 5X Build/MMB29P) AppleWebKit/537.36 (KHTML, like Gecko) Chrome/137.0.7151.103 Mobile Safari/537.36 (compatible; Googlebot/2.1; +http://www.google.com/bot.html)"
66.249.70.8 - - [27/Jun/2025:21:35:48 +0700] "GET /recollection.php?shopdetail/317240297 HTTP/1.1" 200 20305 "-" "Mozilla/5.0 (Linux; Android 6.0.1; Nexus 5X Build/MMB29P) AppleWebKit/537.36 (KHTML, like Gecko) Chrome/137.0.7151.103 Mobile Safari/537.36 (compatible; Googlebot/2.1; +http://www.google.com/bot.html)"
66.249.70.8 - - [27/Jun/2025:21:40:37 +0700] "POST /get-message-notify HTTP/1.1" 200 20821 "https://luongtaichau.id.vn/recollection.php?shopdetail/389204997" "Mozilla/5.0 (Linux; Android 6.0.1; Nexus 5X Build/MMB29P) AppleWebKit/537.36 (KHTML, like Gecko) Chrome/137.0.7151.68 Mobile Safari/537.36 (compatible; Googlebot/2.1; +http://www.google.com/bot.html)"
66.249.70.8 - - [27/Jun/2025:21:43:16 +0700] "POST /get-message-notify HTTP/1.1" 200 20821 "https://luongtaichau.id.vn/recollection.php?shopdetail/396562897" "Mozilla/5.0 (Linux; Android 6.0.1; Nexus 5X Build/MMB29P) AppleWebKit/537.36 (KHTML, like Gecko) Chrome/137.0.7151.68 Mobile Safari/537.36 (compatible; Googlebot/2.1; +http://www.google.com/bot.html)"
66.249.71.171 - - [27/Jun/2025:21:44:02 +0700] "GET /recollection.php?shopdetail/64914297 HTTP/1.1" 200 20181 "-" "Mozilla/5.0 (Linux; Android 6.0.1; Nexus 5X Build/MMB29P) AppleWebKit/537.36 (KHTML, like Gecko) Chrome/137.0.7151.103 Mobile Safari/537.36 (compatible; Googlebot/2.1; +http://www.google.com/bot.html)"
66.249.71.171 - - [27/Jun/2025:21:44:06 +0700] "GET /recollection.php?shopdetail/225697297 HTTP/1.1" 200 20215 "-" "Mozilla/5.0 (Linux; Android 6.0.1; Nexus 5X Build/MMB29P) AppleWebKit/537.36 (KHTML, like Gecko) Chrome/137.0.7151.103 Mobile Safari/537.36 (compatible; Googlebot/2.1; +http://www.google.com/bot.html)"
66.249.71.171 - - [27/Jun/2025:21:44:06 +0700] "GET /recollection.php?shopdetail/61618397 HTTP/1.1" 200 19961 "-" "Mozilla/5.0 (Linux; Android 6.0.1; Nexus 5X Build/MMB29P) AppleWebKit/537.36 (KHTML, like Gecko) Chrome/137.0.7151.103 Mobile Safari/537.36 (compatible; Googlebot/2.1; +http://www.google.com/bot.html)"
66.249.70.1 - - [27/Jun/2025:21:18:07 +0700] "GET /recollection.php?shopdetail/235978997 HTTP/1.1" 200 20330 "-" "Mozilla/5.0 (Linux; Android 6.0.1; Nexus 5X Build/MMB29P) AppleWebKit/537.36 (KHTML, like Gecko) Chrome/137.0.7151.103 Mobile Safari/537.36 (compatible; Googlebot/2.1; +http://www.google.com/bot.html)"
66.249.70.1 - - [27/Jun/2025:21:18:11 +0700] "GET /recollection.php?shopdetail/139472697 HTTP/1.1" 200 21592 "-" "Mozilla/5.0 (Linux; Android 6.0.1; Nexus 5X Build/MMB29P) AppleWebKit/537.36 (KHTML, like Gecko) Chrome/137.0.7151.103 Mobile Safari/537.36 (compatible; Googlebot/2.1; +http://www.google.com/bot.html)"
66.249.71.170 - - [27/Jun/2025:21:18:37 +0700] "GET /recollection.php?shopdetail/326138897 HTTP/1.1" 200 19602 "-" "Mozilla/5.0 (Linux; Android 6.0.1; Nexus 5X Build/MMB29P) AppleWebKit/537.36 (KHTML, like Gecko) Chrome/137.0.7151.103 Mobile Safari/537.36 (compatible; Googlebot/2.1; +http://www.google.com/bot.html)"
66.249.70.1 - - [27/Jun/2025:21:18:47 +0700] "POST /get-message-notify HTTP/1.1" 200 20821 "https://luongtaichau.id.vn/recollection.php?shopdetail/337216697" "Mozilla/5.0 (Linux; Android 6.0.1; Nexus 5X Build/MMB29P) AppleWebKit/537.36 (KHTML, like Gecko) Chrome/137.0.7151.68 Mobile Safari/537.36 (compatible; Googlebot/2.1; +http://www.google.com/bot.html)"
40.77.167.78 - - [27/Jun/2025:21:25:10 +0700] "GET /game/0315879/ HTTP/2" 200 19346 "-" "Mozilla/5.0 AppleWebKit/537.36 (KHTML, like Gecko; compatible; bingbot/2.0; +http://www.bing.com/bingbot.htm) Chrome/116.0.1938.76 Safari/537.36"
66.249.70.8 - - [27/Jun/2025:21:31:34 +0700] "GET /recollection.php?shopdetail/201794197 HTTP/1.1" 200 20629 "-" "Mozilla/5.0 (Linux; Android 6.0.1; Nexus 5X Build/MMB29P) AppleWebKit/537.36 (KHTML, like Gecko) Chrome/137.0.7151.103 Mobile Safari/537.36 (compatible; Googlebot/2.1; +http://www.google.com/bot.html)"
66.249.70.2 - - [27/Jun/2025:21:34:57 +0700] "GET /recollection.php?shopdetail/353726697 HTTP/1.1" 200 19255 "-" "Mozilla/5.0 (Linux; Android 6.0.1; Nexus 5X Build/MMB29P) AppleWebKit/537.36 (KHTML, like Gecko) Chrome/137.0.7151.103 Mobile Safari/537.36 (compatible; Googlebot/2.1; +http://www.google.com/bot.html)"
66.249.71.171 - - [27/Jun/2025:21:34:58 +0700] "GET /recollection.php?shopdetail/116844797 HTTP/1.1" 200 19524 "-" "Mozilla/5.0 (Linux; Android 6.0.1; Nexus 5X Build/MMB29P) AppleWebKit/537.36 (KHTML, like Gecko) Chrome/137.0.7151.103 Mobile Safari/537.36 (compatible; Googlebot/2.1; +http://www.google.com/bot.html)"
66.249.70.8 - - [27/Jun/2025:21:35:41 +0700] "GET /recollection.php?shopdetail/56284697 HTTP/1.1" 200 19846 "-" "Mozilla/5.0 (Linux; Android 6.0.1; Nexus 5X Build/MMB29P) AppleWebKit/537.36 (KHTML, like Gecko) Chrome/137.0.7151.103 Mobile Safari/537.36 (compatible; Googlebot/2.1; +http://www.google.com/bot.html)"
66.249.70.1 - - [27/Jun/2025:21:38:23 +0700] "GET /recollection.php?shopdetail/352363297 HTTP/1.1" 200 19593 "-" "Mozilla/5.0 (Linux; Android 6.0.1; Nexus 5X Build/MMB29P) AppleWebKit/537.36 (KHTML, like Gecko) Chrome/137.0.7151.103 Mobile Safari/537.36 (compatible; Googlebot/2.1; +http://www.google.com/bot.html)"
66.249.71.170 - - [27/Jun/2025:21:43:44 +0700] "GET /recollection.php?shopdetail/256970497 HTTP/1.1" 200 20359 "-" "Mozilla/5.0 (Linux; Android 6.0.1; Nexus 5X Build/MMB29P) AppleWebKit/537.36 (KHTML, like Gecko) Chrome/137.0.7151.103 Mobile Safari/537.36 (compatible; Googlebot/2.1; +http://www.google.com/bot.html)"
66.249.70.8 - - [27/Jun/2025:21:44:11 +0700] "GET /recollection.php?shopdetail/315936297 HTTP/1.1" 200 21181 "-" "Mozilla/5.0 (Linux; Android 6.0.1; Nexus 5X Build/MMB29P) AppleWebKit/537.36 (KHTML, like Gecko) Chrome/137.0.7151.103 Mobile Safari/537.36 (compatible; Googlebot/2.1; +http://www.google.com/bot.html)"
157.55.39.194 - - [27/Jun/2025:21:44:48 +0700] "GET /hot20250404/mb66-asia.html HTTP/2" 200 20103 "-" "Mozilla/5.0 AppleWebKit/537.36 (KHTML, like Gecko; compatible; bingbot/2.0; +http://www.bing.com/bingbot.htm) Chrome/116.0.1938.76 Safari/537.36"
66.249.70.8 - - [27/Jun/2025:21:44:22 +0700] "GET /recollection.php?shopdetail/220692297 HTTP/1.1" 200 21199 "-" "Mozilla/5.0 (Linux; Android 6.0.1; Nexus 5X Build/MMB29P) AppleWebKit/537.36 (KHTML, like Gecko) Chrome/137.0.7151.103 Mobile Safari/537.36 (compatible; Googlebot/2.1; +http://www.google.com/bot.html)"
66.249.70.8 - - [27/Jun/2025:21:44:24 +0700] "GET /recollection.php?shopdetail/107879297 HTTP/1.1" 200 19948 "-" "Mozilla/5.0 (Linux; Android 6.0.1; Nexus 5X Build/MMB29P) AppleWebKit/537.36 (KHTML, like Gecko) Chrome/137.0.7151.103 Mobile Safari/537.36 (compatible; Googlebot/2.1; +http://www.google.com/bot.html)"
66.249.70.8 - - [27/Jun/2025:21:44:27 +0700] "GET /recollection.php?shopdetail/32306297 HTTP/1.1" 200 20975 "-" "Mozilla/5.0 (Linux; Android 6.0.1; Nexus 5X Build/MMB29P) AppleWebKit/537.36 (KHTML, like Gecko) Chrome/137.0.7151.103 Mobile Safari/537.36 (compatible; Googlebot/2.1; +http://www.google.com/bot.html)"
66.249.70.8 - - [27/Jun/2025:21:44:30 +0700] "GET /shopdetail/209688097 HTTP/1.1" 200 19916 "-" "Mozilla/5.0 (Linux; Android 6.0.1; Nexus 5X Build/MMB29P) AppleWebKit/537.36 (KHTML, like Gecko) Chrome/137.0.7151.103 Mobile Safari/537.36 (compatible; Googlebot/2.1; +http://www.google.com/bot.html)"
66.249.70.8 - - [27/Jun/2025:21:44:43 +0700] "GET /recollection.php?shopdetail/61618397 HTTP/1.1" 200 19961 "-" "Mozilla/5.0 (Linux; Android 6.0.1; Nexus 5X Build/MMB29P) AppleWebKit/537.36 (KHTML, like Gecko) Chrome/137.0.7151.103 Mobile Safari/537.36 (compatible; Googlebot/2.1; +http://www.google.com/bot.html)"
66.249.70.8 - - [27/Jun/2025:21:44:44 +0700] "POST /get-message-notify HTTP/1.1" 200 20820 "https://luongtaichau.id.vn/recollection.php?shopdetail/128132597" "Mozilla/5.0 (Linux; Android 6.0.1; Nexus 5X Build/MMB29P) AppleWebKit/537.36 (KHTML, like Gecko) Chrome/137.0.7151.68 Mobile Safari/537.36 (compatible; Googlebot/2.1; +http://www.google.com/bot.html)"
66.249.70.8 - - [27/Jun/2025:21:44:56 +0700] "GET /recollection.php?shopdetail/363635997 HTTP/1.1" 200 19025 "-" "Mozilla/5.0 (Linux; Android 6.0.1; Nexus 5X Build/MMB29P) AppleWebKit/537.36 (KHTML, like Gecko) Chrome/137.0.7151.103 Mobile Safari/537.36 (compatible; Googlebot/2.1; +http://www.google.com/bot.html)"
66.249.71.171 - - [27/Jun/2025:21:45:14 +0700] "GET /recollection.php?shopdetail/155228497 HTTP/1.1" 200 19537 "-" "Mozilla/5.0 (Linux; Android 6.0.1; Nexus 5X Build/MMB29P) AppleWebKit/537.36 (KHTML, like Gecko) Chrome/137.0.7151.103 Mobile Safari/537.36 (compatible; Googlebot/2.1; +http://www.google.com/bot.html)"
66.249.70.8 - - [27/Jun/2025:21:45:38 +0700] "GET /recollection.php?shopdetail/119741497 HTTP/1.1" 200 20407 "-" "Mozilla/5.0 (Linux; Android 6.0.1; Nexus 5X Build/MMB29P) AppleWebKit/537.36 (KHTML, like Gecko) Chrome/137.0.7151.103 Mobile Safari/537.36 (compatible; Googlebot/2.1; +http://www.google.com/bot.html)"
66.249.70.8 - - [27/Jun/2025:21:45:40 +0700] "GET /recollection.php?shopdetail/155228497 HTTP/1.1" 200 19537 "-" "Mozilla/5.0 (Linux; Android 6.0.1; Nexus 5X Build/MMB29P) AppleWebKit/537.36 (KHTML, like Gecko) Chrome/137.0.7151.103 Mobile Safari/537.36 (compatible; Googlebot/2.1; +http://www.google.com/bot.html)"
66.249.70.8 - - [27/Jun/2025:21:45:42 +0700] "GET /recollection.php?shopdetail/325514397 HTTP/1.1" 200 20814 "-" "Mozilla/5.0 (Linux; Android 6.0.1; Nexus 5X Build/MMB29P) AppleWebKit/537.36 (KHTML, like Gecko) Chrome/137.0.7151.103 Mobile Safari/537.36 (compatible; Googlebot/2.1; +http://www.google.com/bot.html)"
66.249.71.171 - - [27/Jun/2025:21:45:44 +0700] "GET /recollection.php?shopdetail/350875197 HTTP/1.1" 200 19893 "-" "Mozilla/5.0 (Linux; Android 6.0.1; Nexus 5X Build/MMB29P) AppleWebKit/537.36 (KHTML, like Gecko) Chrome/137.0.7151.103 Mobile Safari/537.36 (compatible; Googlebot/2.1; +http://www.google.com/bot.html)"
40.77.167.43 - - [27/Jun/2025:21:45:10 +0700] "GET /mobile/vn88-ngung-hoat-dong.html HTTP/2" 200 20255 "-" "Mozilla/5.0 AppleWebKit/537.36 (KHTML, like Gecko; compatible; bingbot/2.0; +http://www.bing.com/bingbot.htm) Chrome/116.0.1938.76 Safari/537.36"
66.249.70.8 - - [27/Jun/2025:21:45:12 +0700] "POST /get-message-notify HTTP/1.1" 200 20821 "https://luongtaichau.id.vn/recollection.php?shopdetail/308975197" "Mozilla/5.0 (Linux; Android 6.0.1; Nexus 5X Build/MMB29P) AppleWebKit/537.36 (KHTML, like Gecko) Chrome/137.0.7151.68 Mobile Safari/537.36 (compatible; Googlebot/2.1; +http://www.google.com/bot.html)"
66.249.70.2 - - [27/Jun/2025:21:45:16 +0700] "GET /recollection.php?shopdetail/325514397 HTTP/1.1" 200 20814 "-" "Mozilla/5.0 (Linux; Android 6.0.1; Nexus 5X Build/MMB29P) AppleWebKit/537.36 (KHTML, like Gecko) Chrome/137.0.7151.103 Mobile Safari/537.36 (compatible; Googlebot/2.1; +http://www.google.com/bot.html)"
66.249.70.8 - - [27/Jun/2025:21:45:18 +0700] "GET /shopdetail/209688097 HTTP/1.1" 200 19916 "-" "Mozilla/5.0 (Linux; Android 6.0.1; Nexus 5X Build/MMB29P) AppleWebKit/537.36 (KHTML, like Gecko) Chrome/137.0.7151.103 Mobile Safari/537.36 (compatible; Googlebot/2.1; +http://www.google.com/bot.html)"
66.249.71.170 - - [27/Jun/2025:21:45:24 +0700] "GET /recollection.php?shopdetail/185667697 HTTP/1.1" 200 20585 "-" "Mozilla/5.0 (Linux; Android 6.0.1; Nexus 5X Build/MMB29P) AppleWebKit/537.36 (KHTML, like Gecko) Chrome/137.0.7151.103 Mobile Safari/537.36 (compatible; Googlebot/2.1; +http://www.google.com/bot.html)"
66.249.71.170 - - [27/Jun/2025:21:45:34 +0700] "GET /recollection.php?shopdetail/363635997 HTTP/1.1" 200 19025 "-" "Mozilla/5.0 (Linux; Android 6.0.1; Nexus 5X Build/MMB29P) AppleWebKit/537.36 (KHTML, like Gecko) Chrome/137.0.7151.103 Mobile Safari/537.36 (compatible; Googlebot/2.1; +http://www.google.com/bot.html)"
66.249.71.171 - - [27/Jun/2025:21:45:50 +0700] "GET /shopdetail/166557297 HTTP/1.1" 200 20037 "-" "Mozilla/5.0 (Linux; Android 6.0.1; Nexus 5X Build/MMB29P) AppleWebKit/537.36 (KHTML, like Gecko) Chrome/137.0.7151.103 Mobile Safari/537.36 (compatible; Googlebot/2.1; +http://www.google.com/bot.html)"
66.249.71.171 - - [27/Jun/2025:21:45:53 +0700] "GET /recollection.php?shopdetail/380197497 HTTP/1.1" 200 19880 "-" "Mozilla/5.0 (Linux; Android 6.0.1; Nexus 5X Build/MMB29P) AppleWebKit/537.36 (KHTML, like Gecko) Chrome/137.0.7151.103 Mobile Safari/537.36 (compatible; Googlebot/2.1; +http://www.google.com/bot.html)"
66.249.70.8 - - [27/Jun/2025:21:46:41 +0700] "GET /recollection.php?shopdetail/299719897 HTTP/1.1" 200 20928 "-" "Mozilla/5.0 (Linux; Android 6.0.1; Nexus 5X Build/MMB29P) AppleWebKit/537.36 (KHTML, like Gecko) Chrome/137.0.7151.103 Mobile Safari/537.36 (compatible; Googlebot/2.1; +http://www.google.com/bot.html)"
66.249.71.170 - - [27/Jun/2025:21:46:43 +0700] "POST /get-message-notify HTTP/1.1" 200 20821 "https://luongtaichau.id.vn/recollection.php?shopdetail/194640897" "Mozilla/5.0 (Linux; Android 6.0.1; Nexus 5X Build/MMB29P) AppleWebKit/537.36 (KHTML, like Gecko) Chrome/137.0.7151.68 Mobile Safari/537.36 (compatible; Googlebot/2.1; +http://www.google.com/bot.html)"
66.249.71.170 - - [27/Jun/2025:21:46:47 +0700] "GET /recollection.php?shopdetail/232550597 HTTP/1.1" 200 20836 "-" "Mozilla/5.0 (Linux; Android 6.0.1; Nexus 5X Build/MMB29P) AppleWebKit/537.36 (KHTML, like Gecko) Chrome/137.0.7151.103 Mobile Safari/537.36 (compatible; Googlebot/2.1; +http://www.google.com/bot.html)"
66.249.70.8 - - [27/Jun/2025:21:46:50 +0700] "GET /recollection.php?shopdetail/182694797 HTTP/1.1" 200 20786 "-" "Mozilla/5.0 (Linux; Android 6.0.1; Nexus 5X Build/MMB29P) AppleWebKit/537.36 (KHTML, like Gecko) Chrome/137.0.7151.103 Mobile Safari/537.36 (compatible; Googlebot/2.1; +http://www.google.com/bot.html)"
66.249.71.170 - - [27/Jun/2025:21:43:53 +0700] "GET /recollection.php?shopdetail/155288397 HTTP/1.1" 200 20650 "-" "Mozilla/5.0 (Linux; Android 6.0.1; Nexus 5X Build/MMB29P) AppleWebKit/537.36 (KHTML, like Gecko) Chrome/137.0.7151.103 Mobile Safari/537.36 (compatible; Googlebot/2.1; +http://www.google.com/bot.html)"
66.249.71.170 - - [27/Jun/2025:21:44:51 +0700] "GET /recollection.php?shopdetail/315936297 HTTP/1.1" 200 21181 "-" "Mozilla/5.0 (Linux; Android 6.0.1; Nexus 5X Build/MMB29P) AppleWebKit/537.36 (KHTML, like Gecko) Chrome/137.0.7151.103 Mobile Safari/537.36 (compatible; Googlebot/2.1; +http://www.google.com/bot.html)"
66.249.71.170 - - [27/Jun/2025:21:45:14 +0700] "GET /recollection.php?shopdetail/354311097 HTTP/1.1" 200 19102 "-" "Mozilla/5.0 (Linux; Android 6.0.1; Nexus 5X Build/MMB29P) AppleWebKit/537.36 (KHTML, like Gecko) Chrome/137.0.7151.103 Mobile Safari/537.36 (compatible; Googlebot/2.1; +http://www.google.com/bot.html)"
66.249.71.170 - - [27/Jun/2025:21:45:15 +0700] "GET /recollection.php?shopdetail/276497997 HTTP/1.1" 200 21046 "-" "Mozilla/5.0 (Linux; Android 6.0.1; Nexus 5X Build/MMB29P) AppleWebKit/537.36 (KHTML, like Gecko) Chrome/137.0.7151.103 Mobile Safari/537.36 (compatible; Googlebot/2.1; +http://www.google.com/bot.html)"
66.249.70.8 - - [27/Jun/2025:21:45:30 +0700] "GET /shopdetail/166557297 HTTP/1.1" 200 20037 "-" "Mozilla/5.0 (Linux; Android 6.0.1; Nexus 5X Build/MMB29P) AppleWebKit/537.36 (KHTML, like Gecko) Chrome/137.0.7151.103 Mobile Safari/537.36 (compatible; Googlebot/2.1; +http://www.google.com/bot.html)"
66.249.70.8 - - [27/Jun/2025:21:45:36 +0700] "GET /recollection.php?shopdetail/354692597 HTTP/1.1" 200 24172 "-" "Mozilla/5.0 (Linux; Android 6.0.1; Nexus 5X Build/MMB29P) AppleWebKit/537.36 (KHTML, like Gecko) Chrome/137.0.7151.103 Mobile Safari/537.36 (compatible; Googlebot/2.1; +http://www.google.com/bot.html)"
66.249.70.8 - - [27/Jun/2025:21:45:38 +0700] "GET /recollection.php?shopdetail/51033697 HTTP/1.1" 200 20523 "-" "Mozilla/5.0 (Linux; Android 6.0.1; Nexus 5X Build/MMB29P) AppleWebKit/537.36 (KHTML, like Gecko) Chrome/137.0.7151.103 Mobile Safari/537.36 (compatible; Googlebot/2.1; +http://www.google.com/bot.html)"
66.249.70.8 - - [27/Jun/2025:21:45:57 +0700] "GET /recollection.php?shopdetail/182675997 HTTP/1.1" 200 20399 "-" "Mozilla/5.0 (Linux; Android 6.0.1; Nexus 5X Build/MMB29P) AppleWebKit/537.36 (KHTML, like Gecko) Chrome/137.0.7151.103 Mobile Safari/537.36 (compatible; Googlebot/2.1; +http://www.google.com/bot.html)"
66.249.71.170 - - [27/Jun/2025:21:46:36 +0700] "GET /recollection.php?shopdetail/40466097 HTTP/1.1" 200 20877 "-" "Mozilla/5.0 (Linux; Android 6.0.1; Nexus 5X Build/MMB29P) AppleWebKit/537.36 (KHTML, like Gecko) Chrome/137.0.7151.103 Mobile Safari/537.36 (compatible; Googlebot/2.1; +http://www.google.com/bot.html)"
66.249.70.8 - - [27/Jun/2025:21:46:40 +0700] "GET /recollection.php?shopdetail/196692997 HTTP/1.1" 200 21049 "-" "Mozilla/5.0 (Linux; Android 6.0.1; Nexus 5X Build/MMB29P) AppleWebKit/537.36 (KHTML, like Gecko) Chrome/137.0.7151.103 Mobile Safari/537.36 (compatible; Googlebot/2.1; +http://www.google.com/bot.html)"
66.249.70.8 - - [27/Jun/2025:21:46:58 +0700] "POST /get-message-notify HTTP/1.1" 200 20821 "https://luongtaichau.id.vn/recollection.php?shopdetail/215363597" "Mozilla/5.0 (Linux; Android 6.0.1; Nexus 5X Build/MMB29P) AppleWebKit/537.36 (KHTML, like Gecko) Chrome/137.0.7151.68 Mobile Safari/537.36 (compatible; Googlebot/2.1; +http://www.google.com/bot.html)"
66.249.71.170 - - [27/Jun/2025:21:47:20 +0700] "GET /recollection.php?shopdetail/40466097 HTTP/1.1" 200 20877 "-" "Mozilla/5.0 (Linux; Android 6.0.1; Nexus 5X Build/MMB29P) AppleWebKit/537.36 (KHTML, like Gecko) Chrome/137.0.7151.103 Mobile Safari/537.36 (compatible; Googlebot/2.1; +http://www.google.com/bot.html)"
66.249.70.1 - - [27/Jun/2025:21:45:47 +0700] "GET /recollection.php?shopdetail/350131197 HTTP/1.1" 200 20834 "-" "Mozilla/5.0 (Linux; Android 6.0.1; Nexus 5X Build/MMB29P) AppleWebKit/537.36 (KHTML, like Gecko) Chrome/137.0.7151.103 Mobile Safari/537.36 (compatible; Googlebot/2.1; +http://www.google.com/bot.html)"
66.249.70.1 - - [27/Jun/2025:21:46:03 +0700] "GET /recollection.php?shopdetail/196692997 HTTP/1.1" 200 21049 "-" "Mozilla/5.0 (Linux; Android 6.0.1; Nexus 5X Build/MMB29P) AppleWebKit/537.36 (KHTML, like Gecko) Chrome/137.0.7151.103 Mobile Safari/537.36 (compatible; Googlebot/2.1; +http://www.google.com/bot.html)"
66.249.70.8 - - [27/Jun/2025:21:46:06 +0700] "GET /recollection.php?shopdetail/119741497 HTTP/1.1" 200 20407 "-" "Mozilla/5.0 (Linux; Android 6.0.1; Nexus 5X Build/MMB29P) AppleWebKit/537.36 (KHTML, like Gecko) Chrome/137.0.7151.103 Mobile Safari/537.36 (compatible; Googlebot/2.1; +http://www.google.com/bot.html)"
66.249.70.1 - - [27/Jun/2025:21:46:12 +0700] "GET /recollection.php?shopdetail/157636097 HTTP/1.1" 200 20349 "-" "Mozilla/5.0 (Linux; Android 6.0.1; Nexus 5X Build/MMB29P) AppleWebKit/537.36 (KHTML, like Gecko) Chrome/137.0.7151.103 Mobile Safari/537.36 (compatible; Googlebot/2.1; +http://www.google.com/bot.html)"
66.249.70.8 - - [27/Jun/2025:21:46:18 +0700] "GET /recollection.php?shopdetail/50212497 HTTP/1.1" 200 20203 "-" "Mozilla/5.0 (Linux; Android 6.0.1; Nexus 5X Build/MMB29P) AppleWebKit/537.36 (KHTML, like Gecko) Chrome/137.0.7151.103 Mobile Safari/537.36 (compatible; Googlebot/2.1; +http://www.google.com/bot.html)"
66.249.71.171 - - [27/Jun/2025:21:47:38 +0700] "GET /recollection.php?shopdetail/143168197 HTTP/1.1" 200 20203 "-" "Mozilla/5.0 (Linux; Android 6.0.1; Nexus 5X Build/MMB29P) AppleWebKit/537.36 (KHTML, like Gecko) Chrome/137.0.7151.103 Mobile Safari/537.36 (compatible; Googlebot/2.1; +http://www.google.com/bot.html)"
66.249.70.1 - - [27/Jun/2025:21:47:40 +0700] "POST /get-message-notify HTTP/1.1" 200 20821 "https://luongtaichau.id.vn/recollection.php?shopdetail/275720197" "Mozilla/5.0 (Linux; Android 6.0.1; Nexus 5X Build/MMB29P) AppleWebKit/537.36 (KHTML, like Gecko) Chrome/137.0.7151.68 Mobile Safari/537.36 (compatible; Googlebot/2.1; +http://www.google.com/bot.html)"
40.77.167.35 - - [27/Jun/2025:21:50:31 +0700] "GET /news20250316/79king-dang-nhap.html HTTP/2" 200 20395 "-" "Mozilla/5.0 AppleWebKit/537.36 (KHTML, like Gecko; compatible; bingbot/2.0; +http://www.bing.com/bingbot.htm) Chrome/116.0.1938.76 Safari/537.36"
52.167.144.216 - - [27/Jun/2025:21:56:11 +0700] "GET /order/www-vn123-win-d-vn123-apk.html HTTP/2" 200 20003 "-" "Mozilla/5.0 AppleWebKit/537.36 (KHTML, like Gecko; compatible; bingbot/2.0; +http://www.bing.com/bingbot.htm) Chrome/116.0.1938.76 Safari/537.36"
52.167.144.216 - - [27/Jun/2025:21:56:53 +0700] "GET /order/new88.con.html HTTP/2" 200 19995 "-" "Mozilla/5.0 AppleWebKit/537.36 (KHTML, like Gecko; compatible; bingbot/2.0; +http://www.bing.com/bingbot.htm) Chrome/116.0.1938.76 Safari/537.36"
66.249.70.1 - - [27/Jun/2025:22:05:03 +0700] "GET /robots.txt HTTP/1.1" 200 135 "-" "Mozilla/5.0 (compatible; Googlebot/2.1; +http://www.google.com/bot.html)"
66.249.71.171 - - [27/Jun/2025:22:06:40 +0700] "GET /recollection.php?shopdetail/96794597 HTTP/1.1" 200 21041 "-" "Mozilla/5.0 (Linux; Android 6.0.1; Nexus 5X Build/MMB29P) AppleWebKit/537.36 (KHTML, like Gecko) Chrome/137.0.7151.103 Mobile Safari/537.36 (compatible; Googlebot/2.1; +http://www.google.com/bot.html)"
66.249.71.172 - - [27/Jun/2025:22:10:37 +0700] "POST /get-message-notify HTTP/1.1" 200 20821 "https://luongtaichau.id.vn/recollection.php?shopdetail/158972297" "Mozilla/5.0 (Linux; Android 6.0.1; Nexus 5X Build/MMB29P) AppleWebKit/537.36 (KHTML, like Gecko) Chrome/137.0.7151.68 Mobile Safari/537.36 (compatible; Googlebot/2.1; +http://www.google.com/bot.html)"
66.249.71.172 - - [27/Jun/2025:21:47:23 +0700] "GET /recollection.php?shopdetail/232550597 HTTP/1.1" 200 20836 "-" "Mozilla/5.0 (Linux; Android 6.0.1; Nexus 5X Build/MMB29P) AppleWebKit/537.36 (KHTML, like Gecko) Chrome/137.0.7151.103 Mobile Safari/537.36 (compatible; Googlebot/2.1; +http://www.google.com/bot.html)"
40.77.167.43 - - [27/Jun/2025:21:47:50 +0700] "GET /order/no-hu-new88.html HTTP/2" 200 19929 "-" "Mozilla/5.0 AppleWebKit/537.36 (KHTML, like Gecko; compatible; bingbot/2.0; +http://www.bing.com/bingbot.htm) Chrome/116.0.1938.76 Safari/537.36"
66.249.71.170 - - [27/Jun/2025:21:47:58 +0700] "POST /get-message-notify HTTP/1.1" 200 20821 "https://luongtaichau.id.vn/recollection.php?shopdetail/219336697" "Mozilla/5.0 (Linux; Android 6.0.1; Nexus 5X Build/MMB29P) AppleWebKit/537.36 (KHTML, like Gecko) Chrome/137.0.7151.68 Mobile Safari/537.36 (compatible; Googlebot/2.1; +http://www.google.com/bot.html)"
66.249.71.171 - - [27/Jun/2025:21:48:05 +0700] "POST /get-message-notify HTTP/1.1" 200 20821 "https://luongtaichau.id.vn/recollection.php?shopdetail/54677397" "Mozilla/5.0 (Linux; Android 6.0.1; Nexus 5X Build/MMB29P) AppleWebKit/537.36 (KHTML, like Gecko) Chrome/137.0.7151.68 Mobile Safari/537.36 (compatible; Googlebot/2.1; +http://www.google.com/bot.html)"
66.249.70.2 - - [27/Jun/2025:21:50:18 +0700] "POST /get-message-notify HTTP/1.1" 200 20821 "https://luongtaichau.id.vn/shopdetail/74467397" "Mozilla/5.0 (Linux; Android 6.0.1; Nexus 5X Build/MMB29P) AppleWebKit/537.36 (KHTML, like Gecko) Chrome/137.0.7151.68 Mobile Safari/537.36 (compatible; Googlebot/2.1; +http://www.google.com/bot.html)"
66.249.71.170 - - [27/Jun/2025:21:54:27 +0700] "POST /get-message-notify HTTP/1.1" 200 20821 "https://luongtaichau.id.vn/recollection.php?shopdetail/104432297" "Mozilla/5.0 (Linux; Android 6.0.1; Nexus 5X Build/MMB29P) AppleWebKit/537.36 (KHTML, like Gecko) Chrome/137.0.7151.68 Mobile Safari/537.36 (compatible; Googlebot/2.1; +http://www.google.com/bot.html)"
157.55.39.9 - - [27/Jun/2025:21:55:29 +0700] "GET /order/2148365/ HTTP/2" 200 19414 "-" "Mozilla/5.0 AppleWebKit/537.36 (KHTML, like Gecko; compatible; bingbot/2.0; +http://www.bing.com/bingbot.htm) Chrome/116.0.1938.76 Safari/537.36"
157.55.39.9 - - [27/Jun/2025:21:57:19 +0700] "GET /app/trang-chu-fb88 HTTP/2" 200 19960 "-" "Mozilla/5.0 AppleWebKit/537.36 (KHTML, like Gecko; compatible; bingbot/2.0; +http://www.bing.com/bingbot.htm) Chrome/116.0.1938.76 Safari/537.36"
52.167.144.213 - - [27/Jun/2025:21:57:59 +0700] "GET /news/xsmt-mobil HTTP/2" 200 20040 "-" "Mozilla/5.0 AppleWebKit/537.36 (KHTML, like Gecko; compatible; bingbot/2.0; +http://www.bing.com/bingbot.htm) Chrome/116.0.1938.76 Safari/537.36"
66.249.70.1 - - [27/Jun/2025:21:59:11 +0700] "POST /get-message-notify HTTP/1.1" 200 20821 "https://luongtaichau.id.vn/recollection.php?shopdetail/27841197" "Mozilla/5.0 (Linux; Android 6.0.1; Nexus 5X Build/MMB29P) AppleWebKit/537.36 (KHTML, like Gecko) Chrome/137.0.7151.68 Mobile Safari/537.36 (compatible; Googlebot/2.1; +http://www.google.com/bot.html)"
207.46.13.9 - - [27/Jun/2025:22:02:22 +0700] "GET /mobile20250413/bn-c-zwin-club.html HTTP/2" 200 19930 "-" "Mozilla/5.0 AppleWebKit/537.36 (KHTML, like Gecko; compatible; bingbot/2.0; +http://www.bing.com/bingbot.htm) Chrome/116.0.1938.76 Safari/537.36"
66.249.70.8 - - [27/Jun/2025:22:05:05 +0700] "POST /get-message-notify HTTP/1.1" 200 20821 "https://luongtaichau.id.vn/recollection.php?shopdetail/107123997" "Mozilla/5.0 (Linux; Android 6.0.1; Nexus 5X Build/MMB29P) AppleWebKit/537.36 (KHTML, like Gecko) Chrome/137.0.7151.68 Mobile Safari/537.36 (compatible; Googlebot/2.1; +http://www.google.com/bot.html)"
66.249.71.171 - - [27/Jun/2025:22:07:22 +0700] "POST /get-message-notify HTTP/1.1" 200 20821 "https://luongtaichau.id.vn/recollection.php?shopdetail/303809797" "Mozilla/5.0 (Linux; Android 6.0.1; Nexus 5X Build/MMB29P) AppleWebKit/537.36 (KHTML, like Gecko) Chrome/137.0.7151.68 Mobile Safari/537.36 (compatible; Googlebot/2.1; +http://www.google.com/bot.html)"
66.249.70.2 - - [27/Jun/2025:21:47:25 +0700] "GET /recollection.php?shopdetail/143168197 HTTP/1.1" 200 20203 "-" "Mozilla/5.0 (Linux; Android 6.0.1; Nexus 5X Build/MMB29P) AppleWebKit/537.36 (KHTML, like Gecko) Chrome/137.0.7151.103 Mobile Safari/537.36 (compatible; Googlebot/2.1; +http://www.google.com/bot.html)"
40.77.167.43 - - [27/Jun/2025:21:48:29 +0700] "GET /app20250404/cakhia-link-tv.html HTTP/2" 200 22239 "-" "Mozilla/5.0 AppleWebKit/537.36 (KHTML, like Gecko; compatible; bingbot/2.0; +http://www.bing.com/bingbot.htm) Chrome/116.0.1938.76 Safari/537.36"
40.77.167.43 - - [27/Jun/2025:21:48:32 +0700] "GET /game20250329/quay-thu-xsmn-hom-nay-lay-hen.html HTTP/2" 200 20502 "-" "Mozilla/5.0 AppleWebKit/537.36 (KHTML, like Gecko; compatible; bingbot/2.0; +http://www.bing.com/bingbot.htm) Chrome/116.0.1938.76 Safari/537.36"
66.249.70.8 - - [27/Jun/2025:21:56:18 +0700] "POST /get-message-notify HTTP/1.1" 200 20821 "https://luongtaichau.id.vn/news/football-champions-cup-slot" "Mozilla/5.0 (Linux; Android 6.0.1; Nexus 5X Build/MMB29P) AppleWebKit/537.36 (KHTML, like Gecko) Chrome/137.0.7151.68 Mobile Safari/537.36 (compatible; Googlebot/2.1; +http://www.google.com/bot.html)"
66.249.71.171 - - [27/Jun/2025:21:56:44 +0700] "POST /get-message-notify HTTP/1.1" 200 20821 "https://luongtaichau.id.vn/shopdetail/110067997" "Mozilla/5.0 (Linux; Android 6.0.1; Nexus 5X Build/MMB29P) AppleWebKit/537.36 (KHTML, like Gecko) Chrome/137.0.7151.68 Mobile Safari/537.36 (compatible; Googlebot/2.1; +http://www.google.com/bot.html)"
66.249.70.1 - - [27/Jun/2025:22:05:13 +0700] "GET /recollection.php?shopdetail/48272097 HTTP/1.1" 200 20416 "-" "Mozilla/5.0 (Linux; Android 6.0.1; Nexus 5X Build/MMB29P) AppleWebKit/537.36 (KHTML, like Gecko) Chrome/137.0.7151.103 Mobile Safari/537.36 (compatible; Googlebot/2.1; +http://www.google.com/bot.html)"
66.249.70.8 - - [27/Jun/2025:22:05:28 +0700] "POST /get-message-notify HTTP/1.1" 200 20821 "https://luongtaichau.id.vn/recollection.php?shopdetail/324880297" "Mozilla/5.0 (Linux; Android 6.0.1; Nexus 5X Build/MMB29P) AppleWebKit/537.36 (KHTML, like Gecko) Chrome/137.0.7151.68 Mobile Safari/537.36 (compatible; Googlebot/2.1; +http://www.google.com/bot.html)"
66.249.70.8 - - [27/Jun/2025:22:05:53 +0700] "GET /recollection.php?shopdetail/322238797 HTTP/1.1" 200 19417 "-" "Mozilla/5.0 (Linux; Android 6.0.1; Nexus 5X Build/MMB29P) AppleWebKit/537.36 (KHTML, like Gecko) Chrome/137.0.7151.103 Mobile Safari/537.36 (compatible; Googlebot/2.1; +http://www.google.com/bot.html)"
66.249.70.1 - - [27/Jun/2025:22:07:40 +0700] "GET /recollection.php?shopdetail/153217797 HTTP/1.1" 200 21378 "-" "Mozilla/5.0 (Linux; Android 6.0.1; Nexus 5X Build/MMB29P) AppleWebKit/537.36 (KHTML, like Gecko) Chrome/137.0.7151.103 Mobile Safari/537.36 (compatible; Googlebot/2.1; +http://www.google.com/bot.html)"
207.46.13.9 - - [27/Jun/2025:22:08:31 +0700] "GET /news/cach-choi-sv88.html HTTP/2" 200 20164 "-" "Mozilla/5.0 AppleWebKit/537.36 (KHTML, like Gecko; compatible; bingbot/2.0; +http://www.bing.com/bingbot.htm) Chrome/116.0.1938.76 Safari/537.36"
66.249.70.2 - - [27/Jun/2025:22:08:33 +0700] "POST /get-message-notify HTTP/1.1" 200 20821 "https://luongtaichau.id.vn/recollection.php?shopdetail/248437097" "Mozilla/5.0 (Linux; Android 6.0.1; Nexus 5X Build/MMB29P) AppleWebKit/537.36 (KHTML, like Gecko) Chrome/137.0.7151.68 Mobile Safari/537.36 (compatible; Googlebot/2.1; +http://www.google.com/bot.html)"
40.77.167.67 - - [27/Jun/2025:22:12:52 +0700] "GET /hot20250404/tai-sv388-ve-may-tinh.html HTTP/2" 200 19666 "-" "Mozilla/5.0 AppleWebKit/537.36 (KHTML, like Gecko; compatible; bingbot/2.0; +http://www.bing.com/bingbot.htm) Chrome/116.0.1938.76 Safari/537.36"
66.249.71.172 - - [27/Jun/2025:22:22:23 +0700] "GET /app/www88-com-vn HTTP/1.1" 200 19744 "-" "Mozilla/5.0 (Linux; Android 6.0.1; Nexus 5X Build/MMB29P) AppleWebKit/537.36 (KHTML, like Gecko) Chrome/137.0.7151.103 Mobile Safari/537.36 (compatible; Googlebot/2.1; +http://www.google.com/bot.html)"
40.77.167.79 - - [27/Jun/2025:22:13:05 +0700] "GET /game2025-04-07/dau-pha-thuong-khung-p3-tap-4.html HTTP/2" 200 19505 "-" "Mozilla/5.0 AppleWebKit/537.36 (KHTML, like Gecko; compatible; bingbot/2.0; +http://www.bing.com/bingbot.htm) Chrome/116.0.1938.76 Safari/537.36"
66.249.70.2 - - [27/Jun/2025:22:13:34 +0700] "POST /get-message-notify HTTP/1.1" 200 20821 "https://luongtaichau.id.vn/recollection.php?shopdetail/63538197" "Mozilla/5.0 (Linux; Android 6.0.1; Nexus 5X Build/MMB29P) AppleWebKit/537.36 (KHTML, like Gecko) Chrome/137.0.7151.68 Mobile Safari/537.36 (compatible; Googlebot/2.1; +http://www.google.com/bot.html)"
40.77.167.33 - - [27/Jun/2025:22:15:52 +0700] "GET /order/2081395/ HTTP/2" 200 20448 "-" "Mozilla/5.0 AppleWebKit/537.36 (KHTML, like Gecko; compatible; bingbot/2.0; +http://www.bing.com/bingbot.htm) Chrome/116.0.1938.76 Safari/537.36"
66.249.70.8 - - [27/Jun/2025:22:23:14 +0700] "POST /get-message-notify HTTP/1.1" 200 20821 "https://luongtaichau.id.vn/app/www88-com-vn" "Mozilla/5.0 (Linux; Android 6.0.1; Nexus 5X Build/MMB29P) AppleWebKit/537.36 (KHTML, like Gecko) Chrome/137.0.7151.68 Mobile Safari/537.36 (compatible; Googlebot/2.1; +http://www.google.com/bot.html)"
66.249.70.8 - - [27/Jun/2025:22:26:25 +0700] "POST /get-message-notify HTTP/1.1" 200 20821 "https://luongtaichau.id.vn/recollection.php?shopdetail/220246897" "Mozilla/5.0 (Linux; Android 6.0.1; Nexus 5X Build/MMB29P) AppleWebKit/537.36 (KHTML, like Gecko) Chrome/137.0.7151.68 Mobile Safari/537.36 (compatible; Googlebot/2.1; +http://www.google.com/bot.html)"
52.167.144.22 - - [27/Jun/2025:22:26:45 +0700] "GET /mobile/6241073/ HTTP/2" 200 19405 "-" "Mozilla/5.0 AppleWebKit/537.36 (KHTML, like Gecko; compatible; bingbot/2.0; +http://www.bing.com/bingbot.htm) Chrome/116.0.1938.76 Safari/537.36"
66.249.70.8 - - [27/Jun/2025:22:26:53 +0700] "POST /get-message-notify HTTP/1.1" 200 20821 "https://luongtaichau.id.vn/recollection.php?shopdetail/217432697" "Mozilla/5.0 (Linux; Android 6.0.1; Nexus 5X Build/MMB29P) AppleWebKit/537.36 (KHTML, like Gecko) Chrome/137.0.7151.68 Mobile Safari/537.36 (compatible; Googlebot/2.1; +http://www.google.com/bot.html)"
157.55.39.193 - - [27/Jun/2025:22:27:43 +0700] "GET /news/liverpool-vs-man-city-fb88.html HTTP/2" 200 19638 "-" "Mozilla/5.0 AppleWebKit/537.36 (KHTML, like Gecko; compatible; bingbot/2.0; +http://www.bing.com/bingbot.htm) Chrome/116.0.1938.76 Safari/537.36"
40.77.167.17 - - [27/Jun/2025:22:28:47 +0700] "GET /order/cd-slot-phone-holder.html HTTP/2" 200 20771 "-" "Mozilla/5.0 AppleWebKit/537.36 (KHTML, like Gecko; compatible; bingbot/2.0; +http://www.bing.com/bingbot.htm) Chrome/116.0.1938.76 Safari/537.36"
66.249.71.170 - - [27/Jun/2025:22:35:44 +0700] "POST /get-message-notify HTTP/1.1" 200 20821 "https://luongtaichau.id.vn/recollection.php?shopdetail/313485497" "Mozilla/5.0 (Linux; Android 6.0.1; Nexus 5X Build/MMB29P) AppleWebKit/537.36 (KHTML, like Gecko) Chrome/137.0.7151.68 Mobile Safari/537.36 (compatible; Googlebot/2.1; +http://www.google.com/bot.html)"
66.249.70.2 - - [27/Jun/2025:22:46:42 +0700] "POST /get-message-notify HTTP/1.1" 200 20821 "https://luongtaichau.id.vn/recollection.php?shopdetail/265733797" "Mozilla/5.0 (Linux; Android 6.0.1; Nexus 5X Build/MMB29P) AppleWebKit/537.36 (KHTML, like Gecko) Chrome/137.0.7151.68 Mobile Safari/537.36 (compatible; Googlebot/2.1; +http://www.google.com/bot.html)"
66.249.70.8 - - [27/Jun/2025:22:49:35 +0700] "POST /get-message-notify HTTP/1.1" 200 20821 "https://luongtaichau.id.vn/recollection.php?shopdetail/188338097" "Mozilla/5.0 (Linux; Android 6.0.1; Nexus 5X Build/MMB29P) AppleWebKit/537.36 (KHTML, like Gecko) Chrome/137.0.7151.68 Mobile Safari/537.36 (compatible; Googlebot/2.1; +http://www.google.com/bot.html)"
207.46.13.127 - - [27/Jun/2025:22:11:45 +0700] "GET /order20250413/kuvn-me.html HTTP/2" 200 19651 "-" "Mozilla/5.0 AppleWebKit/537.36 (KHTML, like Gecko; compatible; bingbot/2.0; +http://www.bing.com/bingbot.htm) Chrome/116.0.1938.76 Safari/537.36"
40.77.167.79 - - [27/Jun/2025:22:17:33 +0700] "GET /game2025-03-29/w88-2024.html HTTP/2" 200 20458 "-" "Mozilla/5.0 AppleWebKit/537.36 (KHTML, like Gecko; compatible; bingbot/2.0; +http://www.bing.com/bingbot.htm) Chrome/116.0.1938.76 Safari/537.36"
103.57.221.79 - - [27/Jun/2025:22:21:23 +0700] "POST /wp-cron.php?doing_wp_cron=1751037683.6881160736083984375000 HTTP/1.1" 200 0 "-" "WordPress/6.8.1; https://luongtaichau.id.vn"
5.104.81.235 - - [27/Jun/2025:22:21:22 +0700] "GET / HTTP/1.1" 200 107448 "-" "Mozilla/5.0 (Macintosh; Intel Mac OS X 10_15_7) AppleWebKit/537.36 (KHTML, like Gecko) Chrome/93.0.4577.0 Safari/537.36"
103.57.221.79 - - [27/Jun/2025:22:21:24 +0700] "POST /wp-admin/admin-ajax.php?action=async_litespeed&nonce=722cb5f8cf&litespeed_type=imgoptm HTTP/1.1" 200 145 "-" "WordPress/6.8.1; https://luongtaichau.id.vn"
52.167.144.173 - - [27/Jun/2025:22:27:54 +0700] "GET /news/best-slot-machines-in-las-vegas HTTP/2" 200 19484 "-" "Mozilla/5.0 AppleWebKit/537.36 (KHTML, like Gecko; compatible; bingbot/2.0; +http://www.bing.com/bingbot.htm) Chrome/116.0.1938.76 Safari/537.36"
66.249.70.1 - - [27/Jun/2025:22:28:00 +0700] "POST /get-message-notify HTTP/1.1" 200 20821 "https://luongtaichau.id.vn/recollection.php?shopdetail/269267597" "Mozilla/5.0 (Linux; Android 6.0.1; Nexus 5X Build/MMB29P) AppleWebKit/537.36 (KHTML, like Gecko) Chrome/137.0.7151.68 Mobile Safari/537.36 (compatible; Googlebot/2.1; +http://www.google.com/bot.html)"
40.77.167.26 - - [27/Jun/2025:22:40:35 +0700] "GET /app2025-03-20/w88-cho-may-tinh.html HTTP/2" 200 19935 "-" "Mozilla/5.0 AppleWebKit/537.36 (KHTML, like Gecko; compatible; bingbot/2.0; +http://www.bing.com/bingbot.htm) Chrome/116.0.1938.76 Safari/537.36"
66.249.70.8 - - [27/Jun/2025:22:49:11 +0700] "GET /news/game-b%C3%A0i-solitaire HTTP/1.1" 200 21084 "-" "Mozilla/5.0 (Linux; Android 6.0.1; Nexus 5X Build/MMB29P) AppleWebKit/537.36 (KHTML, like Gecko) Chrome/137.0.7151.103 Mobile Safari/537.36 (compatible; Googlebot/2.1; +http://www.google.com/bot.html)"
66.249.70.8 - - [27/Jun/2025:22:49:56 +0700] "POST /get-message-notify HTTP/1.1" 200 20821 "https://luongtaichau.id.vn/recollection.php?shopdetail/153383897" "Mozilla/5.0 (Linux; Android 6.0.1; Nexus 5X Build/MMB29P) AppleWebKit/537.36 (KHTML, like Gecko) Chrome/137.0.7151.68 Mobile Safari/537.36 (compatible; Googlebot/2.1; +http://www.google.com/bot.html)"
66.249.71.171 - - [27/Jun/2025:22:53:02 +0700] "POST /get-message-notify HTTP/1.1" 200 20821 "https://luongtaichau.id.vn/recollection.php?shopdetail/172021297" "Mozilla/5.0 (Linux; Android 6.0.1; Nexus 5X Build/MMB29P) AppleWebKit/537.36 (KHTML, like Gecko) Chrome/137.0.7151.68 Mobile Safari/537.36 (compatible; Googlebot/2.1; +http://www.google.com/bot.html)"
66.249.70.1 - - [27/Jun/2025:22:54:02 +0700] "POST /get-message-notify HTTP/1.1" 200 20821 "https://luongtaichau.id.vn/recollection.php?shopdetail/334461297" "Mozilla/5.0 (Linux; Android 6.0.1; Nexus 5X Build/MMB29P) AppleWebKit/537.36 (KHTML, like Gecko) Chrome/137.0.7151.68 Mobile Safari/537.36 (compatible; Googlebot/2.1; +http://www.google.com/bot.html)"
66.249.70.1 - - [27/Jun/2025:22:54:30 +0700] "POST /get-message-notify HTTP/1.1" 200 20821 "https://luongtaichau.id.vn/recollection.php?shopdetail/24450597" "Mozilla/5.0 (Linux; Android 6.0.1; Nexus 5X Build/MMB29P) AppleWebKit/537.36 (KHTML, like Gecko) Chrome/137.0.7151.68 Mobile Safari/537.36 (compatible; Googlebot/2.1; +http://www.google.com/bot.html)"
52.167.144.199 - - [27/Jun/2025:22:57:57 +0700] "GET /app/3987061/ HTTP/2" 200 21443 "-" "Mozilla/5.0 AppleWebKit/537.36 (KHTML, like Gecko; compatible; bingbot/2.0; +http://www.bing.com/bingbot.htm) Chrome/116.0.1938.76 Safari/537.36"
66.249.70.1 - - [27/Jun/2025:22:29:37 +0700] "POST /get-message-notify HTTP/1.1" 200 20821 "https://luongtaichau.id.vn/recollection.php?shopdetail/164925597" "Mozilla/5.0 (Linux; Android 6.0.1; Nexus 5X Build/MMB29P) AppleWebKit/537.36 (KHTML, like Gecko) Chrome/137.0.7151.68 Mobile Safari/537.36 (compatible; Googlebot/2.1; +http://www.google.com/bot.html)"
66.249.71.172 - - [27/Jun/2025:22:35:15 +0700] "POST /get-message-notify HTTP/1.1" 200 20821 "https://luongtaichau.id.vn/recollection.php?shopdetail/335563597" "Mozilla/5.0 (Linux; Android 6.0.1; Nexus 5X Build/MMB29P) AppleWebKit/537.36 (KHTML, like Gecko) Chrome/137.0.7151.68 Mobile Safari/537.36 (compatible; Googlebot/2.1; +http://www.google.com/bot.html)"
66.249.71.170 - - [27/Jun/2025:22:50:06 +0700] "POST /get-message-notify HTTP/1.1" 200 20821 "https://luongtaichau.id.vn/recollection.php?shopdetail/391751997" "Mozilla/5.0 (Linux; Android 6.0.1; Nexus 5X Build/MMB29P) AppleWebKit/537.36 (KHTML, like Gecko) Chrome/137.0.7151.68 Mobile Safari/537.36 (compatible; Googlebot/2.1; +http://www.google.com/bot.html)"
66.249.71.170 - - [27/Jun/2025:23:00:23 +0700] "POST /get-message-notify HTTP/1.1" 200 20821 "https://luongtaichau.id.vn/recollection.php?shopdetail/134630797" "Mozilla/5.0 (Linux; Android 6.0.1; Nexus 5X Build/MMB29P) AppleWebKit/537.36 (KHTML, like Gecko) Chrome/137.0.7151.68 Mobile Safari/537.36 (compatible; Googlebot/2.1; +http://www.google.com/bot.html)"
66.249.71.171 - - [27/Jun/2025:23:01:49 +0700] "POST /get-message-notify HTTP/1.1" 200 20821 "https://luongtaichau.id.vn/recollection.php?shopdetail/411846697" "Mozilla/5.0 (Linux; Android 6.0.1; Nexus 5X Build/MMB29P) AppleWebKit/537.36 (KHTML, like Gecko) Chrome/137.0.7151.68 Mobile Safari/537.36 (compatible; Googlebot/2.1; +http://www.google.com/bot.html)"
66.249.71.171 - - [27/Jun/2025:23:02:40 +0700] "POST /get-message-notify HTTP/1.1" 200 20821 "https://luongtaichau.id.vn/recollection.php?shopdetail/322971697" "Mozilla/5.0 (Linux; Android 6.0.1; Nexus 5X Build/MMB29P) AppleWebKit/537.36 (KHTML, like Gecko) Chrome/137.0.7151.68 Mobile Safari/537.36 (compatible; Googlebot/2.1; +http://www.google.com/bot.html)"
66.249.70.1 - - [27/Jun/2025:23:05:12 +0700] "GET /recollection.php?shopdetail/181393197 HTTP/1.1" 200 19553 "-" "Mozilla/5.0 (Linux; Android 6.0.1; Nexus 5X Build/MMB29P) AppleWebKit/537.36 (KHTML, like Gecko) Chrome/137.0.7151.103 Mobile Safari/537.36 (compatible; Googlebot/2.1; +http://www.google.com/bot.html)"
66.249.71.170 - - [27/Jun/2025:23:05:17 +0700] "GET /recollection.php?shopdetail/101081897 HTTP/1.1" 200 20198 "-" "Mozilla/5.0 (Linux; Android 6.0.1; Nexus 5X Build/MMB29P) AppleWebKit/537.36 (KHTML, like Gecko) Chrome/137.0.7151.103 Mobile Safari/537.36 (compatible; Googlebot/2.1; +http://www.google.com/bot.html)"
66.249.70.8 - - [27/Jun/2025:23:05:41 +0700] "GET /recollection.php?shopdetail/332702197 HTTP/1.1" 200 19005 "-" "Mozilla/5.0 (Linux; Android 6.0.1; Nexus 5X Build/MMB29P) AppleWebKit/537.36 (KHTML, like Gecko) Chrome/137.0.7151.103 Mobile Safari/537.36 (compatible; Googlebot/2.1; +http://www.google.com/bot.html)"
66.249.70.8 - - [27/Jun/2025:23:06:33 +0700] "POST /get-message-notify HTTP/1.1" 200 20821 "https://luongtaichau.id.vn/recollection.php?shopdetail/94830397" "Mozilla/5.0 (Linux; Android 6.0.1; Nexus 5X Build/MMB29P) AppleWebKit/537.36 (KHTML, like Gecko) Chrome/137.0.7151.68 Mobile Safari/537.36 (compatible; Googlebot/2.1; +http://www.google.com/bot.html)"
66.249.71.170 - - [27/Jun/2025:23:06:47 +0700] "GET /recollection.php?shopdetail/245632397 HTTP/1.1" 200 20611 "-" "Mozilla/5.0 (Linux; Android 6.0.1; Nexus 5X Build/MMB29P) AppleWebKit/537.36 (KHTML, like Gecko) Chrome/137.0.7151.103 Mobile Safari/537.36 (compatible; Googlebot/2.1; +http://www.google.com/bot.html)"
66.249.71.170 - - [27/Jun/2025:23:06:50 +0700] "GET /robots.txt HTTP/1.1" 200 135 "-" "Mozilla/5.0 (compatible; Googlebot/2.1; +http://www.google.com/bot.html)"
157.55.39.194 - - [27/Jun/2025:23:01:56 +0700] "GET /hot2025-03-24/188bet-info.html HTTP/2" 200 22628 "-" "Mozilla/5.0 AppleWebKit/537.36 (KHTML, like Gecko; compatible; bingbot/2.0; +http://www.bing.com/bingbot.htm) Chrome/116.0.1938.76 Safari/537.36"
66.249.70.2 - - [27/Jun/2025:23:02:34 +0700] "GET /recollection.php?shopdetail/369781497 HTTP/1.1" 200 19904 "-" "Mozilla/5.0 (Linux; Android 6.0.1; Nexus 5X Build/MMB29P) AppleWebKit/537.36 (KHTML, like Gecko) Chrome/137.0.7151.103 Mobile Safari/537.36 (compatible; Googlebot/2.1; +http://www.google.com/bot.html)"
66.249.70.8 - - [27/Jun/2025:23:02:42 +0700] "GET /recollection.php?shopdetail/353846697 HTTP/1.1" 200 19764 "-" "Mozilla/5.0 (Linux; Android 6.0.1; Nexus 5X Build/MMB29P) AppleWebKit/537.36 (KHTML, like Gecko) Chrome/137.0.7151.103 Mobile Safari/537.36 (compatible; Googlebot/2.1; +http://www.google.com/bot.html)"
66.249.70.1 - - [27/Jun/2025:23:04:58 +0700] "GET /recollection.php?shopdetail/230086997 HTTP/1.1" 200 21577 "-" "Mozilla/5.0 (Linux; Android 6.0.1; Nexus 5X Build/MMB29P) AppleWebKit/537.36 (KHTML, like Gecko) Chrome/137.0.7151.103 Mobile Safari/537.36 (compatible; Googlebot/2.1; +http://www.google.com/bot.html)"
