66.249.70.1 - - [27/Jun/2025:23:05:13 +0700] "GET /recollection.php?shopdetail/342056797 HTTP/1.1" 200 20301 "-" "Mozilla/5.0 (Linux; Android 6.0.1; Nexus 5X Build/MMB29P) AppleWebKit/537.36 (KHTML, like Gecko) Chrome/137.0.7151.103 Mobile Safari/537.36 (compatible; Googlebot/2.1; +http://www.google.com/bot.html)"
66.249.70.8 - - [27/Jun/2025:23:05:28 +0700] "GET /recollection.php?shopdetail/321243097 HTTP/1.1" 200 20173 "-" "Mozilla/5.0 (Linux; Android 6.0.1; Nexus 5X Build/MMB29P) AppleWebKit/537.36 (KHTML, like Gecko) Chrome/137.0.7151.103 Mobile Safari/537.36 (compatible; Googlebot/2.1; +http://www.google.com/bot.html)"
66.249.71.170 - - [27/Jun/2025:23:05:35 +0700] "GET /recollection.php?shopdetail/278411897 HTTP/1.1" 200 19851 "-" "Mozilla/5.0 (Linux; Android 6.0.1; Nexus 5X Build/MMB29P) AppleWebKit/537.36 (KHTML, like Gecko) Chrome/137.0.7151.103 Mobile Safari/537.36 (compatible; Googlebot/2.1; +http://www.google.com/bot.html)"
66.249.70.8 - - [27/Jun/2025:23:08:14 +0700] "GET /robots.txt HTTP/1.1" 200 135 "-" "Mozilla/5.0 (compatible; Googlebot/2.1; +http://www.google.com/bot.html)"
66.249.70.8 - - [27/Jun/2025:23:09:05 +0700] "POST /get-message-notify HTTP/1.1" 200 20821 "https://luongtaichau.id.vn/recollection.php?shopdetail/234456597" "Mozilla/5.0 (Linux; Android 6.0.1; Nexus 5X Build/MMB29P) AppleWebKit/537.36 (KHTML, like Gecko) Chrome/137.0.7151.68 Mobile Safari/537.36 (compatible; Googlebot/2.1; +http://www.google.com/bot.html)"
66.249.70.1 - - [27/Jun/2025:23:11:08 +0700] "GET /recollection.php?shopdetail/33164997 HTTP/1.1" 200 20642 "-" "Mozilla/5.0 (Linux; Android 6.0.1; Nexus 5X Build/MMB29P) AppleWebKit/537.36 (KHTML, like Gecko) Chrome/137.0.7151.103 Mobile Safari/537.36 (compatible; Googlebot/2.1; +http://www.google.com/bot.html)"
66.249.70.1 - - [27/Jun/2025:23:11:10 +0700] "POST /get-message-notify HTTP/1.1" 200 20821 "https://luongtaichau.id.vn/recollection.php?shopdetail/188428797" "Mozilla/5.0 (Linux; Android 6.0.1; Nexus 5X Build/MMB29P) AppleWebKit/537.36 (KHTML, like Gecko) Chrome/137.0.7151.68 Mobile Safari/537.36 (compatible; Googlebot/2.1; +http://www.google.com/bot.html)"
66.249.70.8 - - [27/Jun/2025:23:11:20 +0700] "POST /get-message-notify HTTP/1.1" 200 20821 "https://luongtaichau.id.vn/recollection.php?shopdetail/153217797" "Mozilla/5.0 (Linux; Android 6.0.1; Nexus 5X Build/MMB29P) AppleWebKit/537.36 (KHTML, like Gecko) Chrome/137.0.7151.68 Mobile Safari/537.36 (compatible; Googlebot/2.1; +http://www.google.com/bot.html)"
66.249.71.170 - - [27/Jun/2025:23:11:32 +0700] "POST /get-message-notify HTTP/1.1" 200 20821 "https://luongtaichau.id.vn/recollection.php?shopdetail/46972797" "Mozilla/5.0 (Linux; Android 6.0.1; Nexus 5X Build/MMB29P) AppleWebKit/537.36 (KHTML, like Gecko) Chrome/137.0.7151.68 Mobile Safari/537.36 (compatible; Googlebot/2.1; +http://www.google.com/bot.html)"
66.249.70.8 - - [27/Jun/2025:22:51:02 +0700] "POST /get-message-notify HTTP/1.1" 200 20821 "https://luongtaichau.id.vn/recollection.php?shopdetail/349201997" "Mozilla/5.0 (Linux; Android 6.0.1; Nexus 5X Build/MMB29P) AppleWebKit/537.36 (KHTML, like Gecko) Chrome/137.0.7151.68 Mobile Safari/537.36 (compatible; Googlebot/2.1; +http://www.google.com/bot.html)"
66.249.70.1 - - [27/Jun/2025:22:51:14 +0700] "POST /get-message-notify HTTP/1.1" 200 20821 "https://luongtaichau.id.vn/recollection.php?shopdetail/13902097" "Mozilla/5.0 (Linux; Android 6.0.1; Nexus 5X Build/MMB29P) AppleWebKit/537.36 (KHTML, like Gecko) Chrome/137.0.7151.68 Mobile Safari/537.36 (compatible; Googlebot/2.1; +http://www.google.com/bot.html)"
52.167.144.147 - - [27/Jun/2025:23:02:22 +0700] "GET /game/Esports-manclub.html HTTP/2" 200 19992 "-" "Mozilla/5.0 AppleWebKit/537.36 (KHTML, like Gecko; compatible; bingbot/2.0; +http://www.bing.com/bingbot.htm) Chrome/116.0.1938.76 Safari/537.36"
66.249.70.8 - - [27/Jun/2025:23:06:34 +0700] "GET /recollection.php?shopdetail/132817497 HTTP/1.1" 200 20619 "-" "Mozilla/5.0 (Linux; Android 6.0.1; Nexus 5X Build/MMB29P) AppleWebKit/537.36 (KHTML, like Gecko) Chrome/137.0.7151.103 Mobile Safari/537.36 (compatible; Googlebot/2.1; +http://www.google.com/bot.html)"
66.249.71.170 - - [27/Jun/2025:23:06:56 +0700] "POST /get-message-notify HTTP/1.1" 200 20821 "https://luongtaichau.id.vn/recollection.php?shopdetail/95677097" "Mozilla/5.0 (Linux; Android 6.0.1; Nexus 5X Build/MMB29P) AppleWebKit/537.36 (KHTML, like Gecko) Chrome/137.0.7151.68 Mobile Safari/537.36 (compatible; Googlebot/2.1; +http://www.google.com/bot.html)"
66.249.70.1 - - [27/Jun/2025:23:09:08 +0700] "POST /get-message-notify HTTP/1.1" 200 20821 "https://luongtaichau.id.vn/recollection.php?shopdetail/177102197" "Mozilla/5.0 (Linux; Android 6.0.1; Nexus 5X Build/MMB29P) AppleWebKit/537.36 (KHTML, like Gecko) Chrome/137.0.7151.68 Mobile Safari/537.36 (compatible; Googlebot/2.1; +http://www.google.com/bot.html)"
66.249.70.1 - - [27/Jun/2025:23:09:12 +0700] "POST /get-message-notify HTTP/1.1" 200 20821 "https://luongtaichau.id.vn/recollection.php?shopdetail/136540597" "Mozilla/5.0 (Linux; Android 6.0.1; Nexus 5X Build/MMB29P) AppleWebKit/537.36 (KHTML, like Gecko) Chrome/137.0.7151.68 Mobile Safari/537.36 (compatible; Googlebot/2.1; +http://www.google.com/bot.html)"
66.249.70.8 - - [27/Jun/2025:23:09:57 +0700] "POST /get-message-notify HTTP/1.1" 200 20821 "https://luongtaichau.id.vn/recollection.php?shopdetail/4337497" "Mozilla/5.0 (Linux; Android 6.0.1; Nexus 5X Build/MMB29P) AppleWebKit/537.36 (KHTML, like Gecko) Chrome/137.0.7151.68 Mobile Safari/537.36 (compatible; Googlebot/2.1; +http://www.google.com/bot.html)"
66.249.70.8 - - [27/Jun/2025:23:09:58 +0700] "POST /get-message-notify HTTP/1.1" 200 20821 "https://luongtaichau.id.vn/recollection.php?shopdetail/362996597" "Mozilla/5.0 (Linux; Android 6.0.1; Nexus 5X Build/MMB29P) AppleWebKit/537.36 (KHTML, like Gecko) Chrome/137.0.7151.68 Mobile Safari/537.36 (compatible; Googlebot/2.1; +http://www.google.com/bot.html)"
66.249.70.8 - - [27/Jun/2025:23:11:14 +0700] "GET /recollection.php?shopdetail/270913497 HTTP/1.1" 200 20053 "-" "Mozilla/5.0 (Linux; Android 6.0.1; Nexus 5X Build/MMB29P) AppleWebKit/537.36 (KHTML, like Gecko) Chrome/137.0.7151.103 Mobile Safari/537.36 (compatible; Googlebot/2.1; +http://www.google.com/bot.html)"
66.249.70.8 - - [27/Jun/2025:23:12:37 +0700] "GET /recollection.php?shopdetail/174617497 HTTP/1.1" 200 20170 "-" "Mozilla/5.0 (Linux; Android 6.0.1; Nexus 5X Build/MMB29P) AppleWebKit/537.36 (KHTML, like Gecko) Chrome/137.0.7151.103 Mobile Safari/537.36 (compatible; Googlebot/2.1; +http://www.google.com/bot.html)"
40.77.167.157 - - [27/Jun/2025:23:12:42 +0700] "GET /news/telesafe-vichat-m88.html HTTP/2" 200 20444 "-" "Mozilla/5.0 AppleWebKit/537.36 (KHTML, like Gecko; compatible; bingbot/2.0; +http://www.bing.com/bingbot.htm) Chrome/116.0.1938.76 Safari/537.36"
66.249.70.8 - - [27/Jun/2025:23:07:05 +0700] "GET /shopdetail/61752297 HTTP/1.1" 200 20006 "-" "Mozilla/5.0 (Linux; Android 6.0.1; Nexus 5X Build/MMB29P) AppleWebKit/537.36 (KHTML, like Gecko) Chrome/137.0.7151.103 Mobile Safari/537.36 (compatible; Googlebot/2.1; +http://www.google.com/bot.html)"
66.249.70.1 - - [27/Jun/2025:23:07:13 +0700] "GET /recollection.php?shopdetail/395189097 HTTP/1.1" 200 20099 "-" "Mozilla/5.0 (Linux; Android 6.0.1; Nexus 5X Build/MMB29P) AppleWebKit/537.36 (KHTML, like Gecko) Chrome/137.0.7151.103 Mobile Safari/537.36 (compatible; Googlebot/2.1; +http://www.google.com/bot.html)"
66.249.70.2 - - [27/Jun/2025:23:08:08 +0700] "GET /shopdetail/130729797 HTTP/1.1" 200 20695 "-" "Mozilla/5.0 (Linux; Android 6.0.1; Nexus 5X Build/MMB29P) AppleWebKit/537.36 (KHTML, like Gecko) Chrome/137.0.7151.103 Mobile Safari/537.36 (compatible; Googlebot/2.1; +http://www.google.com/bot.html)"
66.249.71.170 - - [27/Jun/2025:23:11:44 +0700] "POST /get-message-notify HTTP/1.1" 200 20821 "https://luongtaichau.id.vn/recollection.php?shopdetail/120163197" "Mozilla/5.0 (Linux; Android 6.0.1; Nexus 5X Build/MMB29P) AppleWebKit/537.36 (KHTML, like Gecko) Chrome/137.0.7151.68 Mobile Safari/537.36 (compatible; Googlebot/2.1; +http://www.google.com/bot.html)"
66.249.70.1 - - [27/Jun/2025:23:12:18 +0700] "POST /get-message-notify HTTP/1.1" 200 20821 "https://luongtaichau.id.vn/shopdetail/48266497" "Mozilla/5.0 (Linux; Android 6.0.1; Nexus 5X Build/MMB29P) AppleWebKit/537.36 (KHTML, like Gecko) Chrome/137.0.7151.68 Mobile Safari/537.36 (compatible; Googlebot/2.1; +http://www.google.com/bot.html)"
66.249.70.8 - - [27/Jun/2025:23:12:57 +0700] "GET /recollection.php?shopdetail/48505397 HTTP/1.1" 200 20477 "-" "Mozilla/5.0 (Linux; Android 6.0.1; Nexus 5X Build/MMB29P) AppleWebKit/537.36 (KHTML, like Gecko) Chrome/137.0.7151.103 Mobile Safari/537.36 (compatible; Googlebot/2.1; +http://www.google.com/bot.html)"
66.249.70.8 - - [27/Jun/2025:23:12:58 +0700] "POST /get-message-notify HTTP/1.1" 200 20821 "https://luongtaichau.id.vn/recollection.php?shopdetail/119424197" "Mozilla/5.0 (Linux; Android 6.0.1; Nexus 5X Build/MMB29P) AppleWebKit/537.36 (KHTML, like Gecko) Chrome/137.0.7151.68 Mobile Safari/537.36 (compatible; Googlebot/2.1; +http://www.google.com/bot.html)"
66.249.71.170 - - [27/Jun/2025:23:15:56 +0700] "POST /get-message-notify HTTP/1.1" 200 20821 "https://luongtaichau.id.vn/recollection.php?shopdetail/133100797" "Mozilla/5.0 (Linux; Android 6.0.1; Nexus 5X Build/MMB29P) AppleWebKit/537.36 (KHTML, like Gecko) Chrome/137.0.7151.68 Mobile Safari/537.36 (compatible; Googlebot/2.1; +http://www.google.com/bot.html)"
66.249.70.8 - - [27/Jun/2025:23:16:03 +0700] "GET /shopdetail/55687597 HTTP/1.1" 200 21636 "-" "Mozilla/5.0 (Linux; Android 6.0.1; Nexus 5X Build/MMB29P) AppleWebKit/537.36 (KHTML, like Gecko) Chrome/137.0.7151.103 Mobile Safari/537.36 (compatible; Googlebot/2.1; +http://www.google.com/bot.html)"
66.249.71.170 - - [27/Jun/2025:23:18:22 +0700] "POST /get-message-notify HTTP/1.1" 200 20821 "https://luongtaichau.id.vn/recollection.php?shopdetail/395574897" "Mozilla/5.0 (Linux; Android 6.0.1; Nexus 5X Build/MMB29P) AppleWebKit/537.36 (KHTML, like Gecko) Chrome/137.0.7151.68 Mobile Safari/537.36 (compatible; Googlebot/2.1; +http://www.google.com/bot.html)"
66.249.70.8 - - [27/Jun/2025:23:18:24 +0700] "POST /get-message-notify HTTP/1.1" 200 20821 "https://luongtaichau.id.vn/recollection.php?shopdetail/95124297" "Mozilla/5.0 (Linux; Android 6.0.1; Nexus 5X Build/MMB29P) AppleWebKit/537.36 (KHTML, like Gecko) Chrome/137.0.7151.68 Mobile Safari/537.36 (compatible; Googlebot/2.1; +http://www.google.com/bot.html)"
66.249.70.2 - - [27/Jun/2025:23:19:03 +0700] "GET /recollection.php?shopdetail/160953297 HTTP/1.1" 200 20204 "-" "Mozilla/5.0 (Linux; Android 6.0.1; Nexus 5X Build/MMB29P) AppleWebKit/537.36 (KHTML, like Gecko) Chrome/137.0.7151.103 Mobile Safari/537.36 (compatible; Googlebot/2.1; +http://www.google.com/bot.html)"
66.249.70.8 - - [27/Jun/2025:23:11:34 +0700] "GET /recollection.php?shopdetail/321715497 HTTP/1.1" 200 19509 "-" "Mozilla/5.0 (Linux; Android 6.0.1; Nexus 5X Build/MMB29P) AppleWebKit/537.36 (KHTML, like Gecko) Chrome/137.0.7151.103 Mobile Safari/537.36 (compatible; Googlebot/2.1; +http://www.google.com/bot.html)"
66.249.70.1 - - [27/Jun/2025:23:12:03 +0700] "POST /get-message-notify HTTP/1.1" 200 20821 "https://luongtaichau.id.vn/recollection.php?shopdetail/286748297" "Mozilla/5.0 (Linux; Android 6.0.1; Nexus 5X Build/MMB29P) AppleWebKit/537.36 (KHTML, like Gecko) Chrome/137.0.7151.68 Mobile Safari/537.36 (compatible; Googlebot/2.1; +http://www.google.com/bot.html)"
66.249.70.8 - - [27/Jun/2025:23:13:15 +0700] "GET /recollection.php?shopdetail/170156697 HTTP/1.1" 200 20658 "-" "Mozilla/5.0 (Linux; Android 6.0.1; Nexus 5X Build/MMB29P) AppleWebKit/537.36 (KHTML, like Gecko) Chrome/137.0.7151.103 Mobile Safari/537.36 (compatible; Googlebot/2.1; +http://www.google.com/bot.html)"
66.249.71.170 - - [27/Jun/2025:23:13:25 +0700] "POST /get-message-notify HTTP/1.1" 200 20821 "https://luongtaichau.id.vn/recollection.php?shopdetail/387997397" "Mozilla/5.0 (Linux; Android 6.0.1; Nexus 5X Build/MMB29P) AppleWebKit/537.36 (KHTML, like Gecko) Chrome/137.0.7151.68 Mobile Safari/537.36 (compatible; Googlebot/2.1; +http://www.google.com/bot.html)"
66.249.70.8 - - [27/Jun/2025:23:13:28 +0700] "POST /get-message-notify HTTP/1.1" 200 20821 "https://luongtaichau.id.vn/recollection.php?shopdetail/297932597" "Mozilla/5.0 (Linux; Android 6.0.1; Nexus 5X Build/MMB29P) AppleWebKit/537.36 (KHTML, like Gecko) Chrome/137.0.7151.68 Mobile Safari/537.36 (compatible; Googlebot/2.1; +http://www.google.com/bot.html)"
66.249.71.171 - - [27/Jun/2025:23:14:18 +0700] "POST /get-message-notify HTTP/1.1" 200 20821 "https://luongtaichau.id.vn/recollection.php?shopdetail/405190597" "Mozilla/5.0 (Linux; Android 6.0.1; Nexus 5X Build/MMB29P) AppleWebKit/537.36 (KHTML, like Gecko) Chrome/137.0.7151.68 Mobile Safari/537.36 (compatible; Googlebot/2.1; +http://www.google.com/bot.html)"
66.249.70.8 - - [27/Jun/2025:23:14:41 +0700] "POST /get-message-notify HTTP/1.1" 200 20821 "https://luongtaichau.id.vn/recollection.php?shopdetail/61976197" "Mozilla/5.0 (Linux; Android 6.0.1; Nexus 5X Build/MMB29P) AppleWebKit/537.36 (KHTML, like Gecko) Chrome/137.0.7151.68 Mobile Safari/537.36 (compatible; Googlebot/2.1; +http://www.google.com/bot.html)"
40.77.167.157 - - [27/Jun/2025:23:16:41 +0700] "GET /hot/nap-tien-vao-fb88-bao-lau-moi-vao-tk.html HTTP/2" 200 20248 "-" "Mozilla/5.0 AppleWebKit/537.36 (KHTML, like Gecko; compatible; bingbot/2.0; +http://www.bing.com/bingbot.htm) Chrome/116.0.1938.76 Safari/537.36"
66.249.70.8 - - [27/Jun/2025:23:18:42 +0700] "GET /recollection.php?shopdetail/148271197 HTTP/1.1" 200 20539 "-" "Mozilla/5.0 (Linux; Android 6.0.1; Nexus 5X Build/MMB29P) AppleWebKit/537.36 (KHTML, like Gecko) Chrome/137.0.7151.103 Mobile Safari/537.36 (compatible; Googlebot/2.1; +http://www.google.com/bot.html)"
66.249.71.170 - - [27/Jun/2025:23:18:57 +0700] "GET /recollection.php?shopdetail/387005097 HTTP/1.1" 200 18944 "-" "Mozilla/5.0 (Linux; Android 6.0.1; Nexus 5X Build/MMB29P) AppleWebKit/537.36 (KHTML, like Gecko) Chrome/137.0.7151.103 Mobile Safari/537.36 (compatible; Googlebot/2.1; +http://www.google.com/bot.html)"
66.249.70.2 - - [27/Jun/2025:23:20:03 +0700] "GET /recollection.php?shopdetail/139943697 HTTP/1.1" 200 20584 "-" "Mozilla/5.0 (Linux; Android 6.0.1; Nexus 5X Build/MMB29P) AppleWebKit/537.36 (KHTML, like Gecko) Chrome/137.0.7151.103 Mobile Safari/537.36 (compatible; Googlebot/2.1; +http://www.google.com/bot.html)"
66.249.71.170 - - [27/Jun/2025:23:20:34 +0700] "GET /recollection.php?shopdetail/177611297 HTTP/1.1" 200 20547 "-" "Mozilla/5.0 (Linux; Android 6.0.1; Nexus 5X Build/MMB29P) AppleWebKit/537.36 (KHTML, like Gecko) Chrome/137.0.7151.103 Mobile Safari/537.36 (compatible; Googlebot/2.1; +http://www.google.com/bot.html)"
66.249.71.170 - - [27/Jun/2025:23:12:52 +0700] "GET /recollection.php?shopdetail/46744697 HTTP/1.1" 200 21552 "-" "Mozilla/5.0 (Linux; Android 6.0.1; Nexus 5X Build/MMB29P) AppleWebKit/537.36 (KHTML, like Gecko) Chrome/137.0.7151.103 Mobile Safari/537.36 (compatible; Googlebot/2.1; +http://www.google.com/bot.html)"
66.249.71.171 - - [27/Jun/2025:23:13:01 +0700] "GET /recollection.php?shopdetail/271739297 HTTP/1.1" 200 19848 "-" "Mozilla/5.0 (Linux; Android 6.0.1; Nexus 5X Build/MMB29P) AppleWebKit/537.36 (KHTML, like Gecko) Chrome/137.0.7151.103 Mobile Safari/537.36 (compatible; Googlebot/2.1; +http://www.google.com/bot.html)"
40.77.167.157 - - [27/Jun/2025:23:13:32 +0700] "GET /app/7180649/ HTTP/2" 200 20266 "-" "Mozilla/5.0 AppleWebKit/537.36 (KHTML, like Gecko; compatible; bingbot/2.0; +http://www.bing.com/bingbot.htm) Chrome/116.0.1938.76 Safari/537.36"
66.249.70.1 - - [27/Jun/2025:23:15:40 +0700] "GET /robots.txt HTTP/1.1" 200 135 "-" "Mozilla/5.0 (compatible; Googlebot/2.1; +http://www.google.com/bot.html)"
66.249.70.1 - - [27/Jun/2025:23:16:53 +0700] "GET /recollection.php?shopdetail/300917597 HTTP/1.1" 200 21466 "-" "Mozilla/5.0 (Linux; Android 6.0.1; Nexus 5X Build/MMB29P) AppleWebKit/537.36 (KHTML, like Gecko) Chrome/137.0.7151.103 Mobile Safari/537.36 (compatible; Googlebot/2.1; +http://www.google.com/bot.html)"
66.249.70.2 - - [27/Jun/2025:23:17:59 +0700] "POST /get-message-notify HTTP/1.1" 200 20821 "https://luongtaichau.id.vn/recollection.php?shopdetail/366726997" "Mozilla/5.0 (Linux; Android 6.0.1; Nexus 5X Build/MMB29P) AppleWebKit/537.36 (KHTML, like Gecko) Chrome/137.0.7151.68 Mobile Safari/537.36 (compatible; Googlebot/2.1; +http://www.google.com/bot.html)"
66.249.70.8 - - [27/Jun/2025:23:18:02 +0700] "GET /recollection.php?shopdetail/391559897 HTTP/1.1" 200 19035 "-" "Mozilla/5.0 (Linux; Android 6.0.1; Nexus 5X Build/MMB29P) AppleWebKit/537.36 (KHTML, like Gecko) Chrome/137.0.7151.103 Mobile Safari/537.36 (compatible; Googlebot/2.1; +http://www.google.com/bot.html)"
52.167.144.206 - - [27/Jun/2025:23:18:19 +0700] "GET /order/0758932/ HTTP/2" 200 20483 "-" "Mozilla/5.0 AppleWebKit/537.36 (KHTML, like Gecko; compatible; bingbot/2.0; +http://www.bing.com/bingbot.htm) Chrome/116.0.1938.76 Safari/537.36"
66.249.71.171 - - [27/Jun/2025:23:18:21 +0700] "GET /recollection.php?shopdetail/403352797 HTTP/1.1" 200 19767 "-" "Mozilla/5.0 (Linux; Android 6.0.1; Nexus 5X Build/MMB29P) AppleWebKit/537.36 (KHTML, like Gecko) Chrome/137.0.7151.103 Mobile Safari/537.36 (compatible; Googlebot/2.1; +http://www.google.com/bot.html)"
66.249.70.1 - - [27/Jun/2025:23:19:12 +0700] "GET /recollection.php?shopdetail/353307797 HTTP/1.1" 200 19538 "-" "Mozilla/5.0 (Linux; Android 6.0.1; Nexus 5X Build/MMB29P) AppleWebKit/537.36 (KHTML, like Gecko) Chrome/137.0.7151.103 Mobile Safari/537.36 (compatible; Googlebot/2.1; +http://www.google.com/bot.html)"
66.249.70.1 - - [27/Jun/2025:23:20:04 +0700] "GET /recollection.php?shopdetail/428204597 HTTP/1.1" 200 20983 "-" "Mozilla/5.0 (Linux; Android 6.0.1; Nexus 5X Build/MMB29P) AppleWebKit/537.36 (KHTML, like Gecko) Chrome/137.0.7151.103 Mobile Safari/537.36 (compatible; Googlebot/2.1; +http://www.google.com/bot.html)"
66.249.70.1 - - [27/Jun/2025:23:20:08 +0700] "GET /recollection.php?shopdetail/313013497 HTTP/1.1" 200 20306 "-" "Mozilla/5.0 (Linux; Android 6.0.1; Nexus 5X Build/MMB29P) AppleWebKit/537.36 (KHTML, like Gecko) Chrome/137.0.7151.103 Mobile Safari/537.36 (compatible; Googlebot/2.1; +http://www.google.com/bot.html)"
66.249.70.8 - - [27/Jun/2025:23:20:15 +0700] "GET /recollection.php?shopdetail/147943597 HTTP/1.1" 200 20509 "-" "Mozilla/5.0 (Linux; Android 6.0.1; Nexus 5X Build/MMB29P) AppleWebKit/537.36 (KHTML, like Gecko) Chrome/137.0.7151.103 Mobile Safari/537.36 (compatible; Googlebot/2.1; +http://www.google.com/bot.html)"
66.249.70.8 - - [27/Jun/2025:23:20:49 +0700] "GET /recollection.php?shopdetail/121804297 HTTP/1.1" 200 20647 "-" "Mozilla/5.0 (Linux; Android 6.0.1; Nexus 5X Build/MMB29P) AppleWebKit/537.36 (KHTML, like Gecko) Chrome/137.0.7151.103 Mobile Safari/537.36 (compatible; Googlebot/2.1; +http://www.google.com/bot.html)"
66.249.70.8 - - [27/Jun/2025:23:20:53 +0700] "GET /recollection.php?shopdetail/155126397 HTTP/1.1" 200 20604 "-" "Mozilla/5.0 (Linux; Android 6.0.1; Nexus 5X Build/MMB29P) AppleWebKit/537.36 (KHTML, like Gecko) Chrome/137.0.7151.103 Mobile Safari/537.36 (compatible; Googlebot/2.1; +http://www.google.com/bot.html)"
66.249.70.8 - - [27/Jun/2025:23:21:06 +0700] "POST /get-message-notify HTTP/1.1" 200 20821 "https://luongtaichau.id.vn/shopdetail/116372397" "Mozilla/5.0 (Linux; Android 6.0.1; Nexus 5X Build/MMB29P) AppleWebKit/537.36 (KHTML, like Gecko) Chrome/137.0.7151.68 Mobile Safari/537.36 (compatible; Googlebot/2.1; +http://www.google.com/bot.html)"
103.57.221.79 - - [27/Jun/2025:23:21:22 +0700] "POST /wp-admin/admin-ajax.php?action=async_litespeed&nonce=722cb5f8cf&litespeed_type=imgoptm HTTP/1.1" 200 145 "-" "WordPress/6.8.1; https://luongtaichau.id.vn"
66.249.71.171 - - [27/Jun/2025:23:22:16 +0700] "GET /recollection.php?shopdetail/106338797 HTTP/1.1" 200 21159 "-" "Mozilla/5.0 (Linux; Android 6.0.1; Nexus 5X Build/MMB29P) AppleWebKit/537.36 (KHTML, like Gecko) Chrome/137.0.7151.103 Mobile Safari/537.36 (compatible; Googlebot/2.1; +http://www.google.com/bot.html)"
66.249.70.8 - - [27/Jun/2025:23:22:20 +0700] "GET /recollection.php?shopdetail/132391297 HTTP/1.1" 200 19724 "-" "Mozilla/5.0 (Linux; Android 6.0.1; Nexus 5X Build/MMB29P) AppleWebKit/537.36 (KHTML, like Gecko) Chrome/137.0.7151.103 Mobile Safari/537.36 (compatible; Googlebot/2.1; +http://www.google.com/bot.html)"
66.249.71.172 - - [27/Jun/2025:23:24:57 +0700] "POST /get-message-notify HTTP/1.1" 200 20821 "https://luongtaichau.id.vn/recollection.php?shopdetail/188116597" "Mozilla/5.0 (Linux; Android 6.0.1; Nexus 5X Build/MMB29P) AppleWebKit/537.36 (KHTML, like Gecko) Chrome/137.0.7151.68 Mobile Safari/537.36 (compatible; Googlebot/2.1; +http://www.google.com/bot.html)"
207.46.13.63 - - [27/Jun/2025:23:25:38 +0700] "GET /app/du-doan-xo-so-mien-nam-2888.html HTTP/2" 200 20787 "-" "Mozilla/5.0 AppleWebKit/537.36 (KHTML, like Gecko; compatible; bingbot/2.0; +http://www.bing.com/bingbot.htm) Chrome/116.0.1938.76 Safari/537.36"
40.77.167.41 - - [27/Jun/2025:23:27:21 +0700] "GET /news/mmlive.html HTTP/2" 200 19386 "-" "Mozilla/5.0 AppleWebKit/537.36 (KHTML, like Gecko; compatible; bingbot/2.0; +http://www.bing.com/bingbot.htm) Chrome/116.0.1938.76 Safari/537.36"
66.249.71.172 - - [27/Jun/2025:23:28:03 +0700] "POST /get-message-notify HTTP/1.1" 200 20821 "https://luongtaichau.id.vn/recollection.php?shopdetail/160207197" "Mozilla/5.0 (Linux; Android 6.0.1; Nexus 5X Build/MMB29P) AppleWebKit/537.36 (KHTML, like Gecko) Chrome/137.0.7151.68 Mobile Safari/537.36 (compatible; Googlebot/2.1; +http://www.google.com/bot.html)"
52.167.144.222 - - [27/Jun/2025:23:32:00 +0700] "GET /app/7413809/ HTTP/2" 200 19625 "-" "Mozilla/5.0 AppleWebKit/537.36 (KHTML, like Gecko; compatible; bingbot/2.0; +http://www.bing.com/bingbot.htm) Chrome/116.0.1938.76 Safari/537.36"
66.249.71.171 - - [27/Jun/2025:23:34:26 +0700] "POST /get-message-notify HTTP/1.1" 200 20821 "https://luongtaichau.id.vn/recollection.php?shopdetail/326954897" "Mozilla/5.0 (Linux; Android 6.0.1; Nexus 5X Build/MMB29P) AppleWebKit/537.36 (KHTML, like Gecko) Chrome/137.0.7151.68 Mobile Safari/537.36 (compatible; Googlebot/2.1; +http://www.google.com/bot.html)"
66.249.71.171 - - [27/Jun/2025:23:34:52 +0700] "POST /get-message-notify HTTP/1.1" 200 20823 "https://luongtaichau.id.vn/recollection.php?shopdetail/146803997" "Mozilla/5.0 (Linux; Android 6.0.1; Nexus 5X Build/MMB29P) AppleWebKit/537.36 (KHTML, like Gecko) Chrome/137.0.7151.68 Mobile Safari/537.36 (compatible; Googlebot/2.1; +http://www.google.com/bot.html)"
66.249.71.170 - - [27/Jun/2025:23:20:21 +0700] "POST /get-message-notify HTTP/1.1" 200 20821 "https://luongtaichau.id.vn/recollection.php?shopdetail/309142197" "Mozilla/5.0 (Linux; Android 6.0.1; Nexus 5X Build/MMB29P) AppleWebKit/537.36 (KHTML, like Gecko) Chrome/137.0.7151.68 Mobile Safari/537.36 (compatible; Googlebot/2.1; +http://www.google.com/bot.html)"
66.249.71.170 - - [27/Jun/2025:23:20:39 +0700] "GET /recollection.php?shopdetail/222779897 HTTP/1.1" 200 20859 "-" "Mozilla/5.0 (Linux; Android 6.0.1; Nexus 5X Build/MMB29P) AppleWebKit/537.36 (KHTML, like Gecko) Chrome/137.0.7151.103 Mobile Safari/537.36 (compatible; Googlebot/2.1; +http://www.google.com/bot.html)"
5.104.81.235 - - [27/Jun/2025:23:21:20 +0700] "GET / HTTP/1.1" 200 107448 "-" "Mozilla/5.0 (Macintosh; Intel Mac OS X 10_15_7) AppleWebKit/537.36 (KHTML, like Gecko) Chrome/93.0.4577.0 Safari/537.36"
66.249.70.8 - - [27/Jun/2025:23:21:42 +0700] "GET /recollection.php?shopdetail/263631297 HTTP/1.1" 200 20085 "-" "Mozilla/5.0 (Linux; Android 6.0.1; Nexus 5X Build/MMB29P) AppleWebKit/537.36 (KHTML, like Gecko) Chrome/137.0.7151.103 Mobile Safari/537.36 (compatible; Googlebot/2.1; +http://www.google.com/bot.html)"
66.249.71.170 - - [27/Jun/2025:23:21:44 +0700] "POST /get-message-notify HTTP/1.1" 200 20821 "https://luongtaichau.id.vn/recollection.php?shopdetail/246945797" "Mozilla/5.0 (Linux; Android 6.0.1; Nexus 5X Build/MMB29P) AppleWebKit/537.36 (KHTML, like Gecko) Chrome/137.0.7151.68 Mobile Safari/537.36 (compatible; Googlebot/2.1; +http://www.google.com/bot.html)"
66.249.70.8 - - [27/Jun/2025:23:21:45 +0700] "GET /recollection.php?shopdetail/119454297 HTTP/1.1" 200 20295 "-" "Mozilla/5.0 (Linux; Android 6.0.1; Nexus 5X Build/MMB29P) AppleWebKit/537.36 (KHTML, like Gecko) Chrome/137.0.7151.103 Mobile Safari/537.36 (compatible; Googlebot/2.1; +http://www.google.com/bot.html)"
66.249.70.8 - - [27/Jun/2025:23:21:50 +0700] "POST /get-message-notify HTTP/1.1" 200 20821 "https://luongtaichau.id.vn/recollection.php?shopdetail/276730097" "Mozilla/5.0 (Linux; Android 6.0.1; Nexus 5X Build/MMB29P) AppleWebKit/537.36 (KHTML, like Gecko) Chrome/137.0.7151.68 Mobile Safari/537.36 (compatible; Googlebot/2.1; +http://www.google.com/bot.html)"
66.249.70.8 - - [27/Jun/2025:23:21:53 +0700] "GET /recollection.php?shopdetail/316254797 HTTP/1.1" 200 21114 "-" "Mozilla/5.0 (Linux; Android 6.0.1; Nexus 5X Build/MMB29P) AppleWebKit/537.36 (KHTML, like Gecko) Chrome/137.0.7151.103 Mobile Safari/537.36 (compatible; Googlebot/2.1; +http://www.google.com/bot.html)"
66.249.70.1 - - [27/Jun/2025:23:22:55 +0700] "GET /recollection.php?shopdetail/406567497 HTTP/1.1" 200 18909 "-" "Mozilla/5.0 (Linux; Android 6.0.1; Nexus 5X Build/MMB29P) AppleWebKit/537.36 (KHTML, like Gecko) Chrome/137.0.7151.103 Mobile Safari/537.36 (compatible; Googlebot/2.1; +http://www.google.com/bot.html)"
207.46.13.63 - - [27/Jun/2025:23:24:28 +0700] "GET /order/keochinh-1gom.html HTTP/2" 200 20207 "-" "Mozilla/5.0 AppleWebKit/537.36 (KHTML, like Gecko; compatible; bingbot/2.0; +http://www.bing.com/bingbot.htm) Chrome/116.0.1938.76 Safari/537.36"
207.46.13.63 - - [27/Jun/2025:23:26:08 +0700] "GET /order/du-doan-xsmb-a-trung-roi.html HTTP/2" 200 19550 "-" "Mozilla/5.0 AppleWebKit/537.36 (KHTML, like Gecko; compatible; bingbot/2.0; +http://www.bing.com/bingbot.htm) Chrome/116.0.1938.76 Safari/537.36"
52.167.144.194 - - [27/Jun/2025:23:28:09 +0700] "GET /mobile2025-03-25/6789bet-co.html HTTP/2" 200 20064 "-" "Mozilla/5.0 AppleWebKit/537.36 (KHTML, like Gecko; compatible; bingbot/2.0; +http://www.bing.com/bingbot.htm) Chrome/116.0.1938.76 Safari/537.36"
66.249.71.170 - - [27/Jun/2025:23:32:56 +0700] "POST /get-message-notify HTTP/1.1" 200 20821 "https://luongtaichau.id.vn/recollection.php?shopdetail/241535997" "Mozilla/5.0 (Linux; Android 6.0.1; Nexus 5X Build/MMB29P) AppleWebKit/537.36 (KHTML, like Gecko) Chrome/137.0.7151.68 Mobile Safari/537.36 (compatible; Googlebot/2.1; +http://www.google.com/bot.html)"
66.249.70.8 - - [27/Jun/2025:23:20:39 +0700] "GET /recollection.php?shopdetail/17457997 HTTP/1.1" 200 20326 "-" "Mozilla/5.0 (Linux; Android 6.0.1; Nexus 5X Build/MMB29P) AppleWebKit/537.36 (KHTML, like Gecko) Chrome/137.0.7151.103 Mobile Safari/537.36 (compatible; Googlebot/2.1; +http://www.google.com/bot.html)"
103.57.221.79 - - [27/Jun/2025:23:21:21 +0700] "POST /wp-cron.php?doing_wp_cron=1751041281.7984590530395507812500 HTTP/1.1" 200 0 "-" "WordPress/6.8.1; https://luongtaichau.id.vn"
66.249.70.1 - - [27/Jun/2025:23:29:01 +0700] "POST /get-message-notify HTTP/1.1" 200 20821 "https://luongtaichau.id.vn/recollection.php?shopdetail/315236797" "Mozilla/5.0 (Linux; Android 6.0.1; Nexus 5X Build/MMB29P) AppleWebKit/537.36 (KHTML, like Gecko) Chrome/137.0.7151.68 Mobile Safari/537.36 (compatible; Googlebot/2.1; +http://www.google.com/bot.html)"
66.249.70.1 - - [27/Jun/2025:23:29:21 +0700] "POST /get-message-notify HTTP/1.1" 200 20821 "https://luongtaichau.id.vn/recollection.php?shopdetail/30480297" "Mozilla/5.0 (Linux; Android 6.0.1; Nexus 5X Build/MMB29P) AppleWebKit/537.36 (KHTML, like Gecko) Chrome/137.0.7151.68 Mobile Safari/537.36 (compatible; Googlebot/2.1; +http://www.google.com/bot.html)"
66.249.71.170 - - [27/Jun/2025:23:30:16 +0700] "POST /get-message-notify HTTP/1.1" 200 20821 "https://luongtaichau.id.vn/recollection.php?shopdetail/369965997" "Mozilla/5.0 (Linux; Android 6.0.1; Nexus 5X Build/MMB29P) AppleWebKit/537.36 (KHTML, like Gecko) Chrome/137.0.7151.68 Mobile Safari/537.36 (compatible; Googlebot/2.1; +http://www.google.com/bot.html)"
40.77.167.41 - - [27/Jun/2025:23:30:52 +0700] "GET /news/bk8-nhacai.html HTTP/2" 200 19602 "-" "Mozilla/5.0 AppleWebKit/537.36 (KHTML, like Gecko; compatible; bingbot/2.0; +http://www.bing.com/bingbot.htm) Chrome/116.0.1938.76 Safari/537.36"
66.249.71.170 - - [27/Jun/2025:23:32:04 +0700] "POST /get-message-notify HTTP/1.1" 200 20821 "https://luongtaichau.id.vn/recollection.php?shopdetail/214198897" "Mozilla/5.0 (Linux; Android 6.0.1; Nexus 5X Build/MMB29P) AppleWebKit/537.36 (KHTML, like Gecko) Chrome/137.0.7151.68 Mobile Safari/537.36 (compatible; Googlebot/2.1; +http://www.google.com/bot.html)"
66.249.71.170 - - [27/Jun/2025:23:32:06 +0700] "POST /get-message-notify HTTP/1.1" 200 20821 "https://luongtaichau.id.vn/recollection.php?shopdetail/13741597" "Mozilla/5.0 (Linux; Android 6.0.1; Nexus 5X Build/MMB29P) AppleWebKit/537.36 (KHTML, like Gecko) Chrome/137.0.7151.68 Mobile Safari/537.36 (compatible; Googlebot/2.1; +http://www.google.com/bot.html)"
66.249.70.1 - - [27/Jun/2025:23:32:07 +0700] "GET /shopdetail/225918697 HTTP/1.1" 200 20270 "-" "Mozilla/5.0 (Linux; Android 6.0.1; Nexus 5X Build/MMB29P) AppleWebKit/537.36 (KHTML, like Gecko) Chrome/137.0.7151.103 Mobile Safari/537.36 (compatible; Googlebot/2.1; +http://www.google.com/bot.html)"
66.249.71.171 - - [27/Jun/2025:23:32:38 +0700] "GET /shopdetail/115054697 HTTP/1.1" 200 19850 "-" "Mozilla/5.0 (Linux; Android 6.0.1; Nexus 5X Build/MMB29P) AppleWebKit/537.36 (KHTML, like Gecko) Chrome/137.0.7151.103 Mobile Safari/537.36 (compatible; Googlebot/2.1; +http://www.google.com/bot.html)"
157.55.39.205 - - [27/Jun/2025:23:32:48 +0700] "GET /order/xsmn-12-7-24 HTTP/2" 200 19698 "-" "Mozilla/5.0 AppleWebKit/537.36 (KHTML, like Gecko; compatible; bingbot/2.0; +http://www.bing.com/bingbot.htm) Chrome/116.0.1938.76 Safari/537.36"
52.167.144.222 - - [27/Jun/2025:23:33:11 +0700] "GET /news/8743169/ HTTP/2" 200 19779 "-" "Mozilla/5.0 AppleWebKit/537.36 (KHTML, like Gecko; compatible; bingbot/2.0; +http://www.bing.com/bingbot.htm) Chrome/116.0.1938.76 Safari/537.36"
66.249.71.171 - - [27/Jun/2025:23:35:13 +0700] "POST /get-message-notify HTTP/1.1" 200 20821 "https://luongtaichau.id.vn/recollection.php?shopdetail/15583997" "Mozilla/5.0 (Linux; Android 6.0.1; Nexus 5X Build/MMB29P) AppleWebKit/537.36 (KHTML, like Gecko) Chrome/137.0.7151.68 Mobile Safari/537.36 (compatible; Googlebot/2.1; +http://www.google.com/bot.html)"
66.249.70.8 - - [27/Jun/2025:23:39:03 +0700] "GET /recollection.php?shopdetail/286663797 HTTP/1.1" 200 20684 "-" "Mozilla/5.0 (Linux; Android 6.0.1; Nexus 5X Build/MMB29P) AppleWebKit/537.36 (KHTML, like Gecko) Chrome/137.0.7151.103 Mobile Safari/537.36 (compatible; Googlebot/2.1; +http://www.google.com/bot.html)"
66.249.70.2 - - [27/Jun/2025:23:43:06 +0700] "POST /get-message-notify HTTP/1.1" 200 20821 "https://luongtaichau.id.vn/recollection.php?shopdetail/320731497" "Mozilla/5.0 (Linux; Android 6.0.1; Nexus 5X Build/MMB29P) AppleWebKit/537.36 (KHTML, like Gecko) Chrome/137.0.7151.68 Mobile Safari/537.36 (compatible; Googlebot/2.1; +http://www.google.com/bot.html)"
40.77.167.243 - - [27/Jun/2025:23:45:42 +0700] "GET /order/tool-nohu-52.html HTTP/2" 200 20026 "-" "Mozilla/5.0 AppleWebKit/537.36 (KHTML, like Gecko; compatible; bingbot/2.0; +http://www.bing.com/bingbot.htm) Chrome/116.0.1938.76 Safari/537.36"
40.77.167.243 - - [27/Jun/2025:23:51:56 +0700] "GET /mobile/1462398/ HTTP/2" 200 20517 "-" "Mozilla/5.0 AppleWebKit/537.36 (KHTML, like Gecko; compatible; bingbot/2.0; +http://www.bing.com/bingbot.htm) Chrome/116.0.1938.76 Safari/537.36"
66.249.70.1 - - [27/Jun/2025:23:52:55 +0700] "POST /get-message-notify HTTP/1.1" 200 20821 "https://luongtaichau.id.vn/recollection.php?shopdetail/417680697" "Mozilla/5.0 (Linux; Android 6.0.1; Nexus 5X Build/MMB29P) AppleWebKit/537.36 (KHTML, like Gecko) Chrome/137.0.7151.68 Mobile Safari/537.36 (compatible; Googlebot/2.1; +http://www.google.com/bot.html)"
52.167.144.192 - - [27/Jun/2025:23:56:04 +0700] "GET /news/tool-hack-sunwin-apk.html HTTP/2" 200 20194 "-" "Mozilla/5.0 AppleWebKit/537.36 (KHTML, like Gecko; compatible; bingbot/2.0; +http://www.bing.com/bingbot.htm) Chrome/116.0.1938.76 Safari/537.36"
66.249.71.171 - - [27/Jun/2025:23:59:36 +0700] "POST /get-message-notify HTTP/1.1" 200 20821 "https://luongtaichau.id.vn/recollection.php?shopdetail/66008297" "Mozilla/5.0 (Linux; Android 6.0.1; Nexus 5X Build/MMB29P) AppleWebKit/537.36 (KHTML, like Gecko) Chrome/137.0.7151.68 Mobile Safari/537.36 (compatible; Googlebot/2.1; +http://www.google.com/bot.html)"
66.249.70.8 - - [28/Jun/2025:00:00:55 +0700] "POST /get-message-notify HTTP/1.1" 200 20821 "https://luongtaichau.id.vn/recollection.php?shopdetail/278969497" "Mozilla/5.0 (Linux; Android 6.0.1; Nexus 5X Build/MMB29P) AppleWebKit/537.36 (KHTML, like Gecko) Chrome/137.0.7151.68 Mobile Safari/537.36 (compatible; Googlebot/2.1; +http://www.google.com/bot.html)"
66.249.71.172 - - [28/Jun/2025:00:01:09 +0700] "POST /get-message-notify HTTP/1.1" 200 20821 "https://luongtaichau.id.vn/recollection.php?shopdetail/80107497" "Mozilla/5.0 (Linux; Android 6.0.1; Nexus 5X Build/MMB29P) AppleWebKit/537.36 (KHTML, like Gecko) Chrome/137.0.7151.68 Mobile Safari/537.36 (compatible; Googlebot/2.1; +http://www.google.com/bot.html)"
66.249.70.1 - - [28/Jun/2025:00:01:18 +0700] "POST /get-message-notify HTTP/1.1" 200 20821 "https://luongtaichau.id.vn/recollection.php?shopdetail/135597897" "Mozilla/5.0 (Linux; Android 6.0.1; Nexus 5X Build/MMB29P) AppleWebKit/537.36 (KHTML, like Gecko) Chrome/137.0.7151.68 Mobile Safari/537.36 (compatible; Googlebot/2.1; +http://www.google.com/bot.html)"
66.249.71.170 - - [28/Jun/2025:00:01:22 +0700] "POST /get-message-notify HTTP/1.1" 200 20821 "https://luongtaichau.id.vn/recollection.php?shopdetail/61694497" "Mozilla/5.0 (Linux; Android 6.0.1; Nexus 5X Build/MMB29P) AppleWebKit/537.36 (KHTML, like Gecko) Chrome/137.0.7151.68 Mobile Safari/537.36 (compatible; Googlebot/2.1; +http://www.google.com/bot.html)"
66.249.70.8 - - [28/Jun/2025:00:01:43 +0700] "POST /get-message-notify HTTP/1.1" 200 20821 "https://luongtaichau.id.vn/recollection.php?shopdetail/73080597" "Mozilla/5.0 (Linux; Android 6.0.1; Nexus 5X Build/MMB29P) AppleWebKit/537.36 (KHTML, like Gecko) Chrome/137.0.7151.68 Mobile Safari/537.36 (compatible; Googlebot/2.1; +http://www.google.com/bot.html)"
157.55.39.205 - - [27/Jun/2025:23:35:40 +0700] "GET /news/top-10-nha-cai-uy-tin.html HTTP/2" 200 20303 "-" "Mozilla/5.0 AppleWebKit/537.36 (KHTML, like Gecko; compatible; bingbot/2.0; +http://www.bing.com/bingbot.htm) Chrome/116.0.1938.76 Safari/537.36"
157.55.39.205 - - [27/Jun/2025:23:38:19 +0700] "GET /app/uw88-vietnam HTTP/2" 200 20192 "-" "Mozilla/5.0 AppleWebKit/537.36 (KHTML, like Gecko; compatible; bingbot/2.0; +http://www.bing.com/bingbot.htm) Chrome/116.0.1938.76 Safari/537.36"
66.249.71.171 - - [27/Jun/2025:23:38:43 +0700] "POST /get-message-notify HTTP/1.1" 200 20821 "https://luongtaichau.id.vn/recollection.php?shopdetail/148870897" "Mozilla/5.0 (Linux; Android 6.0.1; Nexus 5X Build/MMB29P) AppleWebKit/537.36 (KHTML, like Gecko) Chrome/137.0.7151.68 Mobile Safari/537.36 (compatible; Googlebot/2.1; +http://www.google.com/bot.html)"
66.249.70.8 - - [27/Jun/2025:23:39:48 +0700] "POST /get-message-notify HTTP/1.1" 200 20821 "https://luongtaichau.id.vn/recollection.php?shopdetail/206433397" "Mozilla/5.0 (Linux; Android 6.0.1; Nexus 5X Build/MMB29P) AppleWebKit/537.36 (KHTML, like Gecko) Chrome/137.0.7151.68 Mobile Safari/537.36 (compatible; Googlebot/2.1; +http://www.google.com/bot.html)"
52.167.144.222 - - [27/Jun/2025:23:41:13 +0700] "GET /order/6980172/ HTTP/2" 200 23422 "-" "Mozilla/5.0 AppleWebKit/537.36 (KHTML, like Gecko; compatible; bingbot/2.0; +http://www.bing.com/bingbot.htm) Chrome/116.0.1938.76 Safari/537.36"
66.249.71.172 - - [27/Jun/2025:23:41:23 +0700] "POST /get-message-notify HTTP/1.1" 200 20821 "https://luongtaichau.id.vn/recollection.php?shopdetail/257175697" "Mozilla/5.0 (Linux; Android 6.0.1; Nexus 5X Build/MMB29P) AppleWebKit/537.36 (KHTML, like Gecko) Chrome/137.0.7151.68 Mobile Safari/537.36 (compatible; Googlebot/2.1; +http://www.google.com/bot.html)"
66.249.70.2 - - [27/Jun/2025:23:45:25 +0700] "POST /get-message-notify HTTP/1.1" 200 20821 "https://luongtaichau.id.vn/recollection.php?shopdetail/324861397" "Mozilla/5.0 (Linux; Android 6.0.1; Nexus 5X Build/MMB29P) AppleWebKit/537.36 (KHTML, like Gecko) Chrome/137.0.7151.68 Mobile Safari/537.36 (compatible; Googlebot/2.1; +http://www.google.com/bot.html)"
66.249.71.172 - - [27/Jun/2025:23:52:53 +0700] "POST /get-message-notify HTTP/1.1" 200 20821 "https://luongtaichau.id.vn/recollection.php?shopdetail/169969097" "Mozilla/5.0 (Linux; Android 6.0.1; Nexus 5X Build/MMB29P) AppleWebKit/537.36 (KHTML, like Gecko) Chrome/137.0.7151.68 Mobile Safari/537.36 (compatible; Googlebot/2.1; +http://www.google.com/bot.html)"
52.167.144.163 - - [27/Jun/2025:23:59:02 +0700] "GET /mobile/6071824/ HTTP/2" 200 20494 "-" "Mozilla/5.0 AppleWebKit/537.36 (KHTML, like Gecko; compatible; bingbot/2.0; +http://www.bing.com/bingbot.htm) Chrome/116.0.1938.76 Safari/537.36"
52.167.144.163 - - [27/Jun/2025:23:59:04 +0700] "GET /order/90phut-live5.html HTTP/2" 200 19273 "-" "Mozilla/5.0 AppleWebKit/537.36 (KHTML, like Gecko; compatible; bingbot/2.0; +http://www.bing.com/bingbot.htm) Chrome/116.0.1938.76 Safari/537.36"
66.249.71.171 - - [28/Jun/2025:00:05:25 +0700] "POST /get-message-notify HTTP/1.1" 200 20821 "https://luongtaichau.id.vn/recollection.php?shopdetail/48984797" "Mozilla/5.0 (Linux; Android 6.0.1; Nexus 5X Build/MMB29P) AppleWebKit/537.36 (KHTML, like Gecko) Chrome/137.0.7151.68 Mobile Safari/537.36 (compatible; Googlebot/2.1; +http://www.google.com/bot.html)"
66.249.70.2 - - [28/Jun/2025:00:10:01 +0700] "POST /get-message-notify HTTP/1.1" 200 20823 "https://luongtaichau.id.vn/recollection.php?shopdetail/240493197" "Mozilla/5.0 (Linux; Android 6.0.1; Nexus 5X Build/MMB29P) AppleWebKit/537.36 (KHTML, like Gecko) Chrome/137.0.7151.68 Mobile Safari/537.36 (compatible; Googlebot/2.1; +http://www.google.com/bot.html)"
66.249.71.172 - - [27/Jun/2025:23:37:55 +0700] "POST /get-message-notify HTTP/1.1" 200 20821 "https://luongtaichau.id.vn/recollection.php?shopdetail/109710497" "Mozilla/5.0 (Linux; Android 6.0.1; Nexus 5X Build/MMB29P) AppleWebKit/537.36 (KHTML, like Gecko) Chrome/137.0.7151.68 Mobile Safari/537.36 (compatible; Googlebot/2.1; +http://www.google.com/bot.html)"
66.249.71.170 - - [27/Jun/2025:23:38:52 +0700] "POST /get-message-notify HTTP/1.1" 200 20821 "https://luongtaichau.id.vn/recollection.php?shopdetail/139749097" "Mozilla/5.0 (Linux; Android 6.0.1; Nexus 5X Build/MMB29P) AppleWebKit/537.36 (KHTML, like Gecko) Chrome/137.0.7151.68 Mobile Safari/537.36 (compatible; Googlebot/2.1; +http://www.google.com/bot.html)"
66.249.70.8 - - [27/Jun/2025:23:39:22 +0700] "POST /get-message-notify HTTP/1.1" 200 20821 "https://luongtaichau.id.vn/recollection.php?shopdetail/37374097" "Mozilla/5.0 (Linux; Android 6.0.1; Nexus 5X Build/MMB29P) AppleWebKit/537.36 (KHTML, like Gecko) Chrome/137.0.7151.68 Mobile Safari/537.36 (compatible; Googlebot/2.1; +http://www.google.com/bot.html)"
66.249.71.171 - - [27/Jun/2025:23:41:47 +0700] "GET /recollection.php?shopdetail/297119497 HTTP/1.1" 200 20530 "-" "Mozilla/5.0 (Linux; Android 6.0.1; Nexus 5X Build/MMB29P) AppleWebKit/537.36 (KHTML, like Gecko) Chrome/137.0.7151.103 Mobile Safari/537.36 (compatible; Googlebot/2.1; +http://www.google.com/bot.html)"
66.249.71.170 - - [27/Jun/2025:23:45:44 +0700] "POST /get-message-notify HTTP/1.1" 200 20821 "https://luongtaichau.id.vn/recollection.php?shopdetail/31756097" "Mozilla/5.0 (Linux; Android 6.0.1; Nexus 5X Build/MMB29P) AppleWebKit/537.36 (KHTML, like Gecko) Chrome/137.0.7151.68 Mobile Safari/537.36 (compatible; Googlebot/2.1; +http://www.google.com/bot.html)"
157.55.39.8 - - [27/Jun/2025:23:46:30 +0700] "GET /shopdetail/241902097 HTTP/2" 200 19519 "-" "Mozilla/5.0 AppleWebKit/537.36 (KHTML, like Gecko; compatible; bingbot/2.0; +http://www.bing.com/bingbot.htm) Chrome/116.0.1938.76 Safari/537.36"
40.77.167.243 - - [27/Jun/2025:23:48:14 +0700] "GET /order/du-doan-mb-chinh-xac-nhat.html HTTP/2" 200 20028 "-" "Mozilla/5.0 AppleWebKit/537.36 (KHTML, like Gecko; compatible; bingbot/2.0; +http://www.bing.com/bingbot.htm) Chrome/116.0.1938.76 Safari/537.36"
66.249.71.171 - - [28/Jun/2025:00:00:13 +0700] "POST /get-message-notify HTTP/1.1" 200 20821 "https://luongtaichau.id.vn/recollection.php?shopdetail/167139197" "Mozilla/5.0 (Linux; Android 6.0.1; Nexus 5X Build/MMB29P) AppleWebKit/537.36 (KHTML, like Gecko) Chrome/137.0.7151.68 Mobile Safari/537.36 (compatible; Googlebot/2.1; +http://www.google.com/bot.html)"
66.249.70.2 - - [28/Jun/2025:00:04:51 +0700] "POST /get-message-notify HTTP/1.1" 200 20821 "https://luongtaichau.id.vn/recollection.php?shopdetail/392356897" "Mozilla/5.0 (Linux; Android 6.0.1; Nexus 5X Build/MMB29P) AppleWebKit/537.36 (KHTML, like Gecko) Chrome/137.0.7151.68 Mobile Safari/537.36 (compatible; Googlebot/2.1; +http://www.google.com/bot.html)"
66.249.70.1 - - [28/Jun/2025:00:05:38 +0700] "POST /get-message-notify HTTP/1.1" 200 20821 "https://luongtaichau.id.vn/recollection.php?shopdetail/250997397" "Mozilla/5.0 (Linux; Android 6.0.1; Nexus 5X Build/MMB29P) AppleWebKit/537.36 (KHTML, like Gecko) Chrome/137.0.7151.68 Mobile Safari/537.36 (compatible; Googlebot/2.1; +http://www.google.com/bot.html)"
66.249.71.170 - - [28/Jun/2025:00:09:57 +0700] "POST /get-message-notify HTTP/1.1" 200 20821 "https://luongtaichau.id.vn/recollection.php?shopdetail/143929997" "Mozilla/5.0 (Linux; Android 6.0.1; Nexus 5X Build/MMB29P) AppleWebKit/537.36 (KHTML, like Gecko) Chrome/137.0.7151.68 Mobile Safari/537.36 (compatible; Googlebot/2.1; +http://www.google.com/bot.html)"
66.249.70.8 - - [28/Jun/2025:00:10:19 +0700] "POST /get-message-notify HTTP/1.1" 200 20821 "https://luongtaichau.id.vn/recollection.php?shopdetail/190234897" "Mozilla/5.0 (Linux; Android 6.0.1; Nexus 5X Build/MMB29P) AppleWebKit/537.36 (KHTML, like Gecko) Chrome/137.0.7151.68 Mobile Safari/537.36 (compatible; Googlebot/2.1; +http://www.google.com/bot.html)"
66.249.70.8 - - [28/Jun/2025:00:02:31 +0700] "POST /get-message-notify HTTP/1.1" 200 20821 "https://luongtaichau.id.vn/recollection.php?shopdetail/177348997" "Mozilla/5.0 (Linux; Android 6.0.1; Nexus 5X Build/MMB29P) AppleWebKit/537.36 (KHTML, like Gecko) Chrome/137.0.7151.68 Mobile Safari/537.36 (compatible; Googlebot/2.1; +http://www.google.com/bot.html)"
66.249.70.8 - - [28/Jun/2025:00:02:38 +0700] "POST /get-message-notify HTTP/1.1" 200 20821 "https://luongtaichau.id.vn/recollection.php?shopdetail/106120997" "Mozilla/5.0 (Linux; Android 6.0.1; Nexus 5X Build/MMB29P) AppleWebKit/537.36 (KHTML, like Gecko) Chrome/137.0.7151.68 Mobile Safari/537.36 (compatible; Googlebot/2.1; +http://www.google.com/bot.html)"
52.167.144.17 - - [28/Jun/2025:00:05:06 +0700] "GET /hot20250331/18bet-app.html HTTP/2" 200 19794 "-" "Mozilla/5.0 AppleWebKit/537.36 (KHTML, like Gecko; compatible; bingbot/2.0; +http://www.bing.com/bingbot.htm) Chrome/116.0.1938.76 Safari/537.36"
66.249.70.8 - - [28/Jun/2025:00:06:43 +0700] "POST /get-message-notify HTTP/1.1" 200 20821 "https://luongtaichau.id.vn/recollection.php?shopdetail/268019097" "Mozilla/5.0 (Linux; Android 6.0.1; Nexus 5X Build/MMB29P) AppleWebKit/537.36 (KHTML, like Gecko) Chrome/137.0.7151.68 Mobile Safari/537.36 (compatible; Googlebot/2.1; +http://www.google.com/bot.html)"
66.249.70.8 - - [28/Jun/2025:00:10:52 +0700] "POST /get-message-notify HTTP/1.1" 200 20821 "https://luongtaichau.id.vn/recollection.php?shopdetail/209782397" "Mozilla/5.0 (Linux; Android 6.0.1; Nexus 5X Build/MMB29P) AppleWebKit/537.36 (KHTML, like Gecko) Chrome/137.0.7151.68 Mobile Safari/537.36 (compatible; Googlebot/2.1; +http://www.google.com/bot.html)"
66.249.71.170 - - [28/Jun/2025:00:11:21 +0700] "POST /get-message-notify HTTP/1.1" 200 20821 "https://luongtaichau.id.vn/recollection.php?shopdetail/383281697" "Mozilla/5.0 (Linux; Android 6.0.1; Nexus 5X Build/MMB29P) AppleWebKit/537.36 (KHTML, like Gecko) Chrome/137.0.7151.68 Mobile Safari/537.36 (compatible; Googlebot/2.1; +http://www.google.com/bot.html)"
66.249.70.8 - - [28/Jun/2025:00:11:33 +0700] "POST /get-message-notify HTTP/1.1" 200 20821 "https://luongtaichau.id.vn/recollection.php?shopdetail/51280797" "Mozilla/5.0 (Linux; Android 6.0.1; Nexus 5X Build/MMB29P) AppleWebKit/537.36 (KHTML, like Gecko) Chrome/137.0.7151.68 Mobile Safari/537.36 (compatible; Googlebot/2.1; +http://www.google.com/bot.html)"
66.249.70.8 - - [28/Jun/2025:00:11:37 +0700] "POST /get-message-notify HTTP/1.1" 200 20821 "https://luongtaichau.id.vn/recollection.php?shopdetail/286006897" "Mozilla/5.0 (Linux; Android 6.0.1; Nexus 5X Build/MMB29P) AppleWebKit/537.36 (KHTML, like Gecko) Chrome/137.0.7151.68 Mobile Safari/537.36 (compatible; Googlebot/2.1; +http://www.google.com/bot.html)"
66.249.71.170 - - [28/Jun/2025:00:14:19 +0700] "POST /get-message-notify HTTP/1.1" 200 20821 "https://luongtaichau.id.vn/recollection.php?shopdetail/291070297" "Mozilla/5.0 (Linux; Android 6.0.1; Nexus 5X Build/MMB29P) AppleWebKit/537.36 (KHTML, like Gecko) Chrome/137.0.7151.68 Mobile Safari/537.36 (compatible; Googlebot/2.1; +http://www.google.com/bot.html)"
66.249.71.170 - - [28/Jun/2025:00:15:17 +0700] "POST /get-message-notify HTTP/1.1" 200 20821 "https://luongtaichau.id.vn/recollection.php?shopdetail/69150197" "Mozilla/5.0 (Linux; Android 6.0.1; Nexus 5X Build/MMB29P) AppleWebKit/537.36 (KHTML, like Gecko) Chrome/137.0.7151.68 Mobile Safari/537.36 (compatible; Googlebot/2.1; +http://www.google.com/bot.html)"
5.104.85.5 - - [28/Jun/2025:00:21:08 +0700] "GET / HTTP/1.1" 200 107448 "-" "Mozilla/5.0 (Macintosh; Intel Mac OS X 10_15_7) AppleWebKit/537.36 (KHTML, like Gecko) Chrome/93.0.4577.0 Safari/537.36"
66.249.70.2 - - [28/Jun/2025:00:22:09 +0700] "POST /get-message-notify HTTP/1.1" 200 20821 "https://luongtaichau.id.vn/recollection.php?shopdetail/85712197" "Mozilla/5.0 (Linux; Android 6.0.1; Nexus 5X Build/MMB29P) AppleWebKit/537.36 (KHTML, like Gecko) Chrome/137.0.7151.68 Mobile Safari/537.36 (compatible; Googlebot/2.1; +http://www.google.com/bot.html)"
66.249.71.170 - - [28/Jun/2025:00:11:34 +0700] "POST /get-message-notify HTTP/1.1" 200 20821 "https://luongtaichau.id.vn/recollection.php?shopdetail/20955497" "Mozilla/5.0 (Linux; Android 6.0.1; Nexus 5X Build/MMB29P) AppleWebKit/537.36 (KHTML, like Gecko) Chrome/137.0.7151.68 Mobile Safari/537.36 (compatible; Googlebot/2.1; +http://www.google.com/bot.html)"
52.167.144.172 - - [28/Jun/2025:00:13:56 +0700] "GET /app2025-04-04/da-ga-uw88 HTTP/2" 200 20119 "-" "Mozilla/5.0 AppleWebKit/537.36 (KHTML, like Gecko; compatible; bingbot/2.0; +http://www.bing.com/bingbot.htm) Chrome/116.0.1938.76 Safari/537.36"
66.249.71.170 - - [28/Jun/2025:00:14:43 +0700] "POST /get-message-notify HTTP/1.1" 200 20821 "https://luongtaichau.id.vn/recollection.php?shopdetail/352314997" "Mozilla/5.0 (Linux; Android 6.0.1; Nexus 5X Build/MMB29P) AppleWebKit/537.36 (KHTML, like Gecko) Chrome/137.0.7151.68 Mobile Safari/537.36 (compatible; Googlebot/2.1; +http://www.google.com/bot.html)"
66.249.70.1 - - [28/Jun/2025:00:15:23 +0700] "POST /get-message-notify HTTP/1.1" 200 20821 "https://luongtaichau.id.vn/recollection.php?shopdetail/219238897" "Mozilla/5.0 (Linux; Android 6.0.1; Nexus 5X Build/MMB29P) AppleWebKit/537.36 (KHTML, like Gecko) Chrome/137.0.7151.68 Mobile Safari/537.36 (compatible; Googlebot/2.1; +http://www.google.com/bot.html)"
40.77.167.131 - - [28/Jun/2025:00:20:44 +0700] "GET /hot20250328/check-hosting-of-website.html HTTP/2" 200 19483 "-" "Mozilla/5.0 AppleWebKit/537.36 (KHTML, like Gecko; compatible; bingbot/2.0; +http://www.bing.com/bingbot.htm) Chrome/116.0.1938.76 Safari/537.36"
103.57.221.79 - - [28/Jun/2025:00:21:08 +0700] "POST /wp-cron.php?doing_wp_cron=1751044868.9172620773315429687500 HTTP/1.1" 200 0 "-" "WordPress/6.8.1; https://luongtaichau.id.vn"
103.57.221.79 - - [28/Jun/2025:00:21:09 +0700] "POST /wp-admin/admin-ajax.php?action=async_litespeed&nonce=722cb5f8cf&litespeed_type=imgoptm HTTP/1.1" 200 145 "-" "WordPress/6.8.1; https://luongtaichau.id.vn"
40.77.167.131 - - [28/Jun/2025:00:21:33 +0700] "GET /game/cf6868-club HTTP/2" 200 20281 "-" "Mozilla/5.0 AppleWebKit/537.36 (KHTML, like Gecko; compatible; bingbot/2.0; +http://www.bing.com/bingbot.htm) Chrome/116.0.1938.76 Safari/537.36"
207.46.13.64 - - [28/Jun/2025:00:24:13 +0700] "GET /order/66-club-com.html HTTP/2" 200 21031 "-" "Mozilla/5.0 AppleWebKit/537.36 (KHTML, like Gecko; compatible; bingbot/2.0; +http://www.bing.com/bingbot.htm) Chrome/116.0.1938.76 Safari/537.36"
66.249.70.1 - - [28/Jun/2025:00:25:18 +0700] "POST /get-message-notify HTTP/1.1" 200 20821 "https://luongtaichau.id.vn/recollection.php?shopdetail/320710497" "Mozilla/5.0 (Linux; Android 6.0.1; Nexus 5X Build/MMB29P) AppleWebKit/537.36 (KHTML, like Gecko) Chrome/137.0.7151.68 Mobile Safari/537.36 (compatible; Googlebot/2.1; +http://www.google.com/bot.html)"
207.46.13.64 - - [28/Jun/2025:00:25:19 +0700] "GET /order/2315784/ HTTP/2" 200 20074 "-" "Mozilla/5.0 AppleWebKit/537.36 (KHTML, like Gecko; compatible; bingbot/2.0; +http://www.bing.com/bingbot.htm) Chrome/116.0.1938.76 Safari/537.36"
66.249.70.1 - - [28/Jun/2025:00:29:23 +0700] "GET /robots.txt HTTP/1.1" 200 135 "-" "Mozilla/5.0 (compatible; Googlebot/2.1; +http://www.google.com/bot.html)"
66.249.70.1 - - [28/Jun/2025:00:30:44 +0700] "POST /get-message-notify HTTP/1.1" 200 20821 "https://luongtaichau.id.vn/recollection.php?shopdetail/85363897" "Mozilla/5.0 (Linux; Android 6.0.1; Nexus 5X Build/MMB29P) AppleWebKit/537.36 (KHTML, like Gecko) Chrome/137.0.7151.68 Mobile Safari/537.36 (compatible; Googlebot/2.1; +http://www.google.com/bot.html)"
