52.167.144.19 - - [07/Jul/2025:20:17:44 +0700] "GET /news/5830267/ HTTP/2" 301 0 "-" "Mozilla/5.0 AppleWebKit/537.36 (KHTML, like Gecko; compatible; bingbot/2.0; +http://www.bing.com/bingbot.htm) Chrome/116.0.1938.76 Safari/537.36"
103.131.71.167 - - [07/Jul/2025:20:19:01 +0700] "GET /mobile/nhan-dinh-ty-le-keo-bong-da-hom-nay.html HTTP/1.1" 200 973 "-" "Mozilla/5.0 (compatible; coccocbot-web/1.0; +http://help.coccoc.com/searchengine)"
66.249.68.65 - - [07/Jul/2025:20:21:00 +0700] "GET /game/k%C3%A8o-c%C3%A1-c%C6%B0%E1%BB%A3c-7m HTTP/1.1" 301 0 "-" "Mozilla/5.0 (Linux; Android 6.0.1; Nexus 5X Build/MMB29P) AppleWebKit/537.36 (KHTML, like Gecko) Chrome/137.0.7151.103 Mobile Safari/537.36 (compatible; Googlebot/2.1; +http://www.google.com/bot.html)"
103.57.221.79 - - [07/Jul/2025:20:23:18 +0700] "POST /wp-cron.php?doing_wp_cron=1751894598.6926929950714111328125 HTTP/1.1" 200 0 "-" "WordPress/6.8.1; https://onesmart.com.vn"
47.128.121.97 - - [07/Jul/2025:20:23:18 +0700] "GET /VideoQiamG/ HTTP/2" 404 10758 "-" "Mozilla/5.0 (Linux; Android 5.0) AppleWebKit/537.36 (KHTML, like Gecko) Mobile Safari/537.36 (compatible; TikTokSpider; ttspider-feedback@tiktok.com)"
47.128.121.97 - - [07/Jul/2025:20:23:19 +0700] "POST /wp-content/plugins/litespeed-cache/guest.vary.php HTTP/2" 200 20 "https://onesmart.com.vn/VideoQiamG/" "Mozilla/5.0 (Linux; Android 5.0) AppleWebKit/537.36 (KHTML, like Gecko) Mobile Safari/537.36 (compatible; TikTokSpider; ttspider-feedback@tiktok.com)"
47.128.121.97 - - [07/Jul/2025:20:23:19 +0700] "GET /VideoQiamG/ HTTP/2" 404 18379 "https://onesmart.com.vn/VideoQiamG/" "Mozilla/5.0 (Linux; Android 5.0) AppleWebKit/537.36 (KHTML, like Gecko) Mobile Safari/537.36 (compatible; TikTokSpider; ttspider-feedback@tiktok.com)"
52.167.144.216 - - [07/Jul/2025:20:30:36 +0700] "GET /news/9376840/ HTTP/2" 301 0 "-" "Mozilla/5.0 AppleWebKit/537.36 (KHTML, like Gecko; compatible; bingbot/2.0; +http://www.bing.com/bingbot.htm) Chrome/116.0.1938.76 Safari/537.36"
52.167.144.216 - - [07/Jul/2025:20:31:47 +0700] "GET /news/link-vao-188bet.net.html HTTP/2" 301 0 "-" "Mozilla/5.0 AppleWebKit/537.36 (KHTML, like Gecko; compatible; bingbot/2.0; +http://www.bing.com/bingbot.htm) Chrome/116.0.1938.76 Safari/537.36"
66.249.79.64 - - [07/Jul/2025:20:36:06 +0700] "GET /hot/77win88-login HTTP/1.1" 404 10710 "-" "Mozilla/5.0 (Linux; Android 6.0.1; Nexus 5X Build/MMB29P) AppleWebKit/537.36 (KHTML, like Gecko) Chrome/137.0.7151.103 Mobile Safari/537.36 (compatible; Googlebot/2.1; +http://www.google.com/bot.html)"
66.249.79.65 - - [07/Jul/2025:20:36:33 +0700] "GET /hot2025-03-20/188bet-s%E1%BB%91-1-ch%C3%A2u-%C3%A1.html HTTP/1.1" 404 10769 "-" "Mozilla/5.0 (Linux; Android 6.0.1; Nexus 5X Build/MMB29P) AppleWebKit/537.36 (KHTML, like Gecko) Chrome/137.0.7151.103 Mobile Safari/537.36 (compatible; Googlebot/2.1; +http://www.google.com/bot.html)"
66.249.71.97 - - [07/Jul/2025:20:39:11 +0700] "GET /app20250401/8xbet-139.99.38.html HTTP/1.1" 404 10756 "-" "Mozilla/5.0 (Linux; Android 6.0.1; Nexus 5X Build/MMB29P) AppleWebKit/537.36 (KHTML, like Gecko) Chrome/137.0.7151.103 Mobile Safari/537.36 (compatible; Googlebot/2.1; +http://www.google.com/bot.html)"
52.167.144.166 - - [07/Jul/2025:20:39:47 +0700] "GET /news/5308271/ HTTP/2" 404 14101 "-" "Mozilla/5.0 AppleWebKit/537.36 (KHTML, like Gecko; compatible; bingbot/2.0; +http://www.bing.com/bingbot.htm) Chrome/116.0.1938.76 Safari/537.36"
103.57.221.79 - - [07/Jul/2025:20:41:36 +0700] "POST /wp-cron.php?doing_wp_cron=1751895696.2178030014038085937500 HTTP/1.1" 200 0 "-" "WordPress/6.8.1; https://onesmart.com.vn"
66.249.79.66 - - [07/Jul/2025:20:42:10 +0700] "GET /mobile2025-03-22/code-shbet-2024 HTTP/1.1" 404 10738 "-" "Mozilla/5.0 (Linux; Android 6.0.1; Nexus 5X Build/MMB29P) AppleWebKit/537.36 (KHTML, like Gecko) Chrome/137.0.7151.103 Mobile Safari/537.36 (compatible; Googlebot/2.1; +http://www.google.com/bot.html)"
47.128.121.55 - - [07/Jul/2025:20:38:26 +0700] "GET /Videozwzay/ HTTP/2" 404 18380 "https://onesmart.com.vn/Videozwzay/" "Mozilla/5.0 (Linux; Android 5.0) AppleWebKit/537.36 (KHTML, like Gecko) Mobile Safari/537.36 (compatible; TikTokSpider; ttspider-feedback@tiktok.com)"
103.57.221.79 - - [07/Jul/2025:20:39:11 +0700] "POST /wp-cron.php?doing_wp_cron=1751895551.7073230743408203125000 HTTP/1.1" 200 0 "-" "WordPress/6.8.1; https://onesmart.com.vn"
103.57.221.79 - - [07/Jul/2025:20:42:10 +0700] "POST /wp-cron.php?doing_wp_cron=1751895730.7907469272613525390625 HTTP/1.1" 200 0 "-" "WordPress/6.8.1; https://onesmart.com.vn"
47.128.111.107 - - [07/Jul/2025:20:42:43 +0700] "GET /VideosdzfzQA/ HTTP/2" 404 10750 "-" "Mozilla/5.0 (Linux; Android 5.0) AppleWebKit/537.36 (KHTML, like Gecko) Mobile Safari/537.36 (compatible; TikTokSpider; ttspider-feedback@tiktok.com)"
47.128.111.107 - - [07/Jul/2025:20:42:44 +0700] "POST /wp-content/plugins/litespeed-cache/guest.vary.php HTTP/2" 200 20 "https://onesmart.com.vn/VideosdzfzQA/" "Mozilla/5.0 (Linux; Android 5.0) AppleWebKit/537.36 (KHTML, like Gecko) Mobile Safari/537.36 (compatible; TikTokSpider; ttspider-feedback@tiktok.com)"
47.128.111.107 - - [07/Jul/2025:20:42:44 +0700] "GET /VideosdzfzQA/ HTTP/2" 404 18379 "https://onesmart.com.vn/VideosdzfzQA/" "Mozilla/5.0 (Linux; Android 5.0) AppleWebKit/537.36 (KHTML, like Gecko) Mobile Safari/537.36 (compatible; TikTokSpider; ttspider-feedback@tiktok.com)"
52.167.144.210 - - [07/Jul/2025:20:44:24 +0700] "GET /tinh-nang-san-pham HTTP/2" 404 14149 "-" "Mozilla/5.0 AppleWebKit/537.36 (KHTML, like Gecko; compatible; bingbot/2.0; +http://www.bing.com/bingbot.htm) Chrome/116.0.1938.76 Safari/537.36"
103.57.221.79 - - [07/Jul/2025:20:46:44 +0700] "POST /wp-cron.php?doing_wp_cron=1751896004.5126969814300537109375 HTTP/1.1" 200 0 "-" "WordPress/6.8.1; https://onesmart.com.vn"
47.128.96.12 - - [07/Jul/2025:20:46:44 +0700] "GET /VideoPzCLPOB/ HTTP/2" 404 10711 "-" "Mozilla/5.0 (Linux; Android 5.0) AppleWebKit/537.36 (KHTML, like Gecko) Mobile Safari/537.36 (compatible; TikTokSpider; ttspider-feedback@tiktok.com)"
47.128.96.12 - - [07/Jul/2025:20:46:44 +0700] "GET /wp-content/litespeed/css/932c380413f16c9047070a983ff06393.css?ver=1cedb HTTP/2" 200 71468 "https://onesmart.com.vn/VideoPzCLPOB/" "Mozilla/5.0 (Linux; Android 5.0) AppleWebKit/537.36 (KHTML, like Gecko) Mobile Safari/537.36 (compatible; TikTokSpider; ttspider-feedback@tiktok.com)"
47.128.96.12 - - [07/Jul/2025:20:46:45 +0700] "POST /wp-content/plugins/litespeed-cache/guest.vary.php HTTP/2" 200 20 "https://onesmart.com.vn/VideoPzCLPOB/" "Mozilla/5.0 (Linux; Android 5.0) AppleWebKit/537.36 (KHTML, like Gecko) Mobile Safari/537.36 (compatible; TikTokSpider; ttspider-feedback@tiktok.com)"
47.128.96.12 - - [07/Jul/2025:20:46:45 +0700] "GET /VideoPzCLPOB/ HTTP/2" 404 18379 "https://onesmart.com.vn/VideoPzCLPOB/" "Mozilla/5.0 (Linux; Android 5.0) AppleWebKit/537.36 (KHTML, like Gecko) Mobile Safari/537.36 (compatible; TikTokSpider; ttspider-feedback@tiktok.com)"
47.128.96.12 - - [07/Jul/2025:20:46:45 +0700] "GET /wp-content/plugins/contact-form-7/includes/css/styles.css?ver=6.1 HTTP/2" 200 899 "https://onesmart.com.vn/VideoPzCLPOB/" "Mozilla/5.0 (Linux; Android 5.0) AppleWebKit/537.36 (KHTML, like Gecko) Mobile Safari/537.36 (compatible; TikTokSpider; ttspider-feedback@tiktok.com)"
47.128.96.12 - - [07/Jul/2025:20:46:45 +0700] "GET /wp-content/plugins/related-posts-by-taxonomy/includes/assets/css/styles.css?ver=6.8.1 HTTP/2" 200 225 "https://onesmart.com.vn/VideoPzCLPOB/" "Mozilla/5.0 (Linux; Android 5.0) AppleWebKit/537.36 (KHTML, like Gecko) Mobile Safari/537.36 (compatible; TikTokSpider; ttspider-feedback@tiktok.com)"
47.128.96.12 - - [07/Jul/2025:20:46:45 +0700] "GET /wp-content/plugins/wordpress-popular-posts/assets/css/wpp.css?ver=7.3.3 HTTP/2" 200 520 "https://onesmart.com.vn/VideoPzCLPOB/" "Mozilla/5.0 (Linux; Android 5.0) AppleWebKit/537.36 (KHTML, like Gecko) Mobile Safari/537.36 (compatible; TikTokSpider; ttspider-feedback@tiktok.com)"
103.131.71.167 - - [07/Jul/2025:20:18:21 +0700] "GET /app/xoai-lac-tv HTTP/1.1" 200 973 "-" "Mozilla/5.0 (compatible; coccocbot-web/1.0; +http://help.coccoc.com/searchengine)"
103.131.71.167 - - [07/Jul/2025:20:18:41 +0700] "GET /order/cashanova-slot.html HTTP/1.1" 200 973 "-" "Mozilla/5.0 (compatible; coccocbot-web/1.0; +http://help.coccoc.com/searchengine)"
103.131.71.167 - - [07/Jul/2025:20:18:51 +0700] "GET /mobile/link-t%E1%BA%A3i-gta-san.html HTTP/1.1" 200 973 "-" "Mozilla/5.0 (compatible; coccocbot-web/1.0; +http://help.coccoc.com/searchengine)"
103.131.71.167 - - [07/Jul/2025:20:19:11 +0700] "GET /hot/www-thien-dia-com.html HTTP/1.1" 200 973 "-" "Mozilla/5.0 (compatible; coccocbot-web/1.0; +http://help.coccoc.com/searchengine)"
52.167.144.219 - - [07/Jul/2025:20:19:24 +0700] "GET /news/88.win-shop HTTP/2" 301 0 "-" "Mozilla/5.0 AppleWebKit/537.36 (KHTML, like Gecko; compatible; bingbot/2.0; +http://www.bing.com/bingbot.htm) Chrome/116.0.1938.76 Safari/537.36"
66.249.79.64 - - [07/Jul/2025:20:21:01 +0700] "GET /game/k%C3%A8o-c%C3%A1-c%C6%B0%E1%BB%A3c-7m HTTP/1.1" 404 10748 "-" "Mozilla/5.0 (Linux; Android 6.0.1; Nexus 5X Build/MMB29P) AppleWebKit/537.36 (KHTML, like Gecko) Chrome/137.0.7151.103 Mobile Safari/537.36 (compatible; Googlebot/2.1; +http://www.google.com/bot.html)"
52.167.144.219 - - [07/Jul/2025:20:21:45 +0700] "GET /news/1536702/ HTTP/2" 301 0 "-" "Mozilla/5.0 AppleWebKit/537.36 (KHTML, like Gecko; compatible; bingbot/2.0; +http://www.bing.com/bingbot.htm) Chrome/116.0.1938.76 Safari/537.36"
103.57.221.79 - - [07/Jul/2025:20:25:45 +0700] "POST /wp-cron.php?doing_wp_cron=1751894745.1719620227813720703125 HTTP/1.1" 200 0 "-" "WordPress/6.8.1; https://onesmart.com.vn"
66.249.79.66 - - [07/Jul/2025:20:25:44 +0700] "GET /app/trang-ch%E1%BB%A7-123b-123btiger.one.html HTTP/1.1" 404 10766 "-" "Mozilla/5.0 (Linux; Android 6.0.1; Nexus 5X Build/MMB29P) AppleWebKit/537.36 (KHTML, like Gecko) Chrome/137.0.7151.103 Mobile Safari/537.36 (compatible; Googlebot/2.1; +http://www.google.com/bot.html)"
103.57.221.79 - - [07/Jul/2025:20:31:27 +0700] "POST /wp-cron.php?doing_wp_cron=1751895087.3049700260162353515625 HTTP/1.1" 200 0 "-" "WordPress/6.8.1; https://onesmart.com.vn"
52.167.144.166 - - [07/Jul/2025:20:31:26 +0700] "GET /news/6127435/ HTTP/2" 404 14117 "-" "Mozilla/5.0 AppleWebKit/537.36 (KHTML, like Gecko; compatible; bingbot/2.0; +http://www.bing.com/bingbot.htm) Chrome/116.0.1938.76 Safari/537.36"
66.249.79.65 - - [07/Jul/2025:20:31:55 +0700] "GET /post-sitemap.xml HTTP/1.1" 200 732 "-" "Mozilla/5.0 (compatible; Googlebot/2.1; +http://www.google.com/bot.html)"
103.57.221.79 - - [07/Jul/2025:20:36:33 +0700] "POST /wp-cron.php?doing_wp_cron=1751895393.7709619998931884765625 HTTP/1.1" 200 0 "-" "WordPress/6.8.1; https://onesmart.com.vn"
103.57.221.79 - - [07/Jul/2025:20:38:25 +0700] "POST /wp-cron.php?doing_wp_cron=1751895505.7470450401306152343750 HTTP/1.1" 200 0 "-" "WordPress/6.8.1; https://onesmart.com.vn"
103.57.221.79 - - [07/Jul/2025:20:39:48 +0700] "POST /wp-cron.php?doing_wp_cron=1751895588.1107571125030517578125 HTTP/1.1" 200 0 "-" "WordPress/6.8.1; https://onesmart.com.vn"
40.77.167.58 - - [07/Jul/2025:20:41:35 +0700] "GET /door/64/5/Cai-Dat-Them-Moi-Thiet-Bi-Dieu-Khien-Cua-Cuon-Bang-Dien-Thoai HTTP/2" 404 14138 "-" "Mozilla/5.0 AppleWebKit/537.36 (KHTML, like Gecko; compatible; bingbot/2.0; +http://www.bing.com/bingbot.htm) Chrome/116.0.1938.76 Safari/537.36"
103.57.221.79 - - [07/Jul/2025:20:42:38 +0700] "POST /wp-cron.php?doing_wp_cron=1751895758.8670499324798583984375 HTTP/1.1" 200 0 "-" "WordPress/6.8.1; https://onesmart.com.vn"
103.57.221.79 - - [07/Jul/2025:20:42:44 +0700] "POST /wp-cron.php?doing_wp_cron=1751895764.5213930606842041015625 HTTP/1.1" 200 0 "-" "WordPress/6.8.1; https://onesmart.com.vn"
47.128.96.12 - - [07/Jul/2025:20:46:45 +0700] "GET /wp-content/plugins/woocommerce/assets/css/brands.css?ver=9.9.5 HTTP/2" 200 579 "https://onesmart.com.vn/VideoPzCLPOB/" "Mozilla/5.0 (Linux; Android 5.0) AppleWebKit/537.36 (KHTML, like Gecko) Mobile Safari/537.36 (compatible; TikTokSpider; ttspider-feedback@tiktok.com)"
47.128.96.12 - - [07/Jul/2025:20:46:45 +0700] "GET /wp-content/themes/flatsome/assets/css/flatsome.css?ver=3.17.7 HTTP/2" 200 28041 "https://onesmart.com.vn/VideoPzCLPOB/" "Mozilla/5.0 (Linux; Android 5.0) AppleWebKit/537.36 (KHTML, like Gecko) Mobile Safari/537.36 (compatible; TikTokSpider; ttspider-feedback@tiktok.com)"
47.128.96.12 - - [07/Jul/2025:20:46:45 +0700] "GET /wp-content/themes/flatsome/assets/css/flatsome-shop.css?ver=3.17.7 HTTP/2" 200 5385 "https://onesmart.com.vn/VideoPzCLPOB/" "Mozilla/5.0 (Linux; Android 5.0) AppleWebKit/537.36 (KHTML, like Gecko) Mobile Safari/537.36 (compatible; TikTokSpider; ttspider-feedback@tiktok.com)"
47.128.96.12 - - [07/Jul/2025:20:46:45 +0700] "GET /wp-content/plugins/Simple-Contact//assets/css/style.css?ver=6.8.1 HTTP/2" 200 16591 "https://onesmart.com.vn/VideoPzCLPOB/" "Mozilla/5.0 (Linux; Android 5.0) AppleWebKit/537.36 (KHTML, like Gecko) Mobile Safari/537.36 (compatible; TikTokSpider; ttspider-feedback@tiktok.com)"
47.128.96.12 - - [07/Jul/2025:20:46:45 +0700] "GET /wp-content/themes/flatsome-child/style.css?ver=3.11.3 HTTP/2" 200 4237 "https://onesmart.com.vn/VideoPzCLPOB/" "Mozilla/5.0 (Linux; Android 5.0) AppleWebKit/537.36 (KHTML, like Gecko) Mobile Safari/537.36 (compatible; TikTokSpider; ttspider-feedback@tiktok.com)"
47.128.96.12 - - [07/Jul/2025:20:46:45 +0700] "GET /wp-content/plugins/woocommerce/assets/client/blocks/wc-blocks.css?ver=wc-9.9.5 HTTP/2" 200 2356 "https://onesmart.com.vn/VideoPzCLPOB/" "Mozilla/5.0 (Linux; Android 5.0) AppleWebKit/537.36 (KHTML, like Gecko) Mobile Safari/537.36 (compatible; TikTokSpider; ttspider-feedback@tiktok.com)"
52.167.144.189 - - [07/Jul/2025:20:50:20 +0700] "GET /news/6592748/ HTTP/2" 301 0 "-" "Mozilla/5.0 AppleWebKit/537.36 (KHTML, like Gecko; compatible; bingbot/2.0; +http://www.bing.com/bingbot.htm) Chrome/116.0.1938.76 Safari/537.36"
40.77.167.26 - - [07/Jul/2025:20:50:30 +0700] "GET /app/0379186/ HTTP/2" 404 14096 "-" "Mozilla/5.0 AppleWebKit/537.36 (KHTML, like Gecko; compatible; bingbot/2.0; +http://www.bing.com/bingbot.htm) Chrome/116.0.1938.76 Safari/537.36"
52.167.144.189 - - [07/Jul/2025:20:50:58 +0700] "GET /news/8350947/ HTTP/2" 301 0 "-" "Mozilla/5.0 AppleWebKit/537.36 (KHTML, like Gecko; compatible; bingbot/2.0; +http://www.bing.com/bingbot.htm) Chrome/116.0.1938.76 Safari/537.36"
103.57.221.79 - - [07/Jul/2025:20:51:37 +0700] "POST /wp-cron.php?doing_wp_cron=1751896297.4725201129913330078125 HTTP/1.1" 200 0 "-" "WordPress/6.8.1; https://onesmart.com.vn"
103.57.221.79 - - [07/Jul/2025:20:52:31 +0700] "POST /wp-cron.php?doing_wp_cron=1751896351.3586950302124023437500 HTTP/1.1" 200 0 "-" "WordPress/6.8.1; https://onesmart.com.vn"
40.77.167.11 - - [07/Jul/2025:20:52:47 +0700] "GET /news/8460913/ HTTP/2" 301 0 "-" "Mozilla/5.0 AppleWebKit/537.36 (KHTML, like Gecko; compatible; bingbot/2.0; +http://www.bing.com/bingbot.htm) Chrome/116.0.1938.76 Safari/537.36"
85.208.96.197 - - [07/Jul/2025:20:53:15 +0700] "GET /san-pham/cua-cuon-khe-thoang-onedoor-b5/ HTTP/1.1" 200 973 "-" "Mozilla/5.0 (compatible; SemrushBot/7~bl; +http://www.semrush.com/bot.html)"
47.128.96.204 - - [07/Jul/2025:20:54:03 +0700] "GET /Casino_wjwbV/ HTTP/2" 404 10720 "-" "Mozilla/5.0 (Linux; Android 5.0) AppleWebKit/537.36 (KHTML, like Gecko) Mobile Safari/537.36 (compatible; TikTokSpider; ttspider-feedback@tiktok.com)"
47.128.96.204 - - [07/Jul/2025:20:54:03 +0700] "POST /wp-content/plugins/litespeed-cache/guest.vary.php HTTP/2" 200 20 "https://onesmart.com.vn/Casino_wjwbV/" "Mozilla/5.0 (Linux; Android 5.0) AppleWebKit/537.36 (KHTML, like Gecko) Mobile Safari/537.36 (compatible; TikTokSpider; ttspider-feedback@tiktok.com)"
66.249.71.97 - - [07/Jul/2025:20:42:38 +0700] "GET /hot/Quay-th%E1%BB%AD-XSMN-ng%C3%A0y-1.html HTTP/1.1" 404 10749 "-" "Mozilla/5.0 (Linux; Android 6.0.1; Nexus 5X Build/MMB29P) AppleWebKit/537.36 (KHTML, like Gecko) Chrome/137.0.7151.103 Mobile Safari/537.36 (compatible; Googlebot/2.1; +http://www.google.com/bot.html)"
103.57.221.79 - - [07/Jul/2025:20:42:43 +0700] "POST /wp-cron.php?doing_wp_cron=1751895763.5263209342956542968750 HTTP/1.1" 200 0 "-" "WordPress/6.8.1; https://onesmart.com.vn"
66.249.71.97 - - [07/Jul/2025:20:42:57 +0700] "GET /hot/789bet-gh.html HTTP/1.1" 404 10728 "-" "Mozilla/5.0 (Linux; Android 6.0.1; Nexus 5X Build/MMB29P) AppleWebKit/537.36 (KHTML, like Gecko) Chrome/137.0.7151.103 Mobile Safari/537.36 (compatible; Googlebot/2.1; +http://www.google.com/bot.html)"
103.57.221.79 - - [07/Jul/2025:20:44:24 +0700] "POST /wp-cron.php?doing_wp_cron=1751895864.7477869987487792968750 HTTP/1.1" 200 0 "-" "WordPress/6.8.1; https://onesmart.com.vn"
66.249.71.99 - - [07/Jul/2025:20:47:04 +0700] "GET /game/Nh%C3%A0-C%C3%A1i-Bty522 HTTP/1.1" 404 10753 "-" "Mozilla/5.0 (Linux; Android 6.0.1; Nexus 5X Build/MMB29P) AppleWebKit/537.36 (KHTML, like Gecko) Chrome/137.0.7151.103 Mobile Safari/537.36 (compatible; Googlebot/2.1; +http://www.google.com/bot.html)"
40.77.167.26 - - [07/Jul/2025:20:49:09 +0700] "GET /news/3841927/ HTTP/2" 404 14127 "-" "Mozilla/5.0 AppleWebKit/537.36 (KHTML, like Gecko; compatible; bingbot/2.0; +http://www.bing.com/bingbot.htm) Chrome/116.0.1938.76 Safari/537.36"
103.57.221.79 - - [07/Jul/2025:20:50:58 +0700] "POST /wp-cron.php?doing_wp_cron=1751896258.8382461071014404296875 HTTP/1.1" 200 0 "-" "WordPress/6.8.1; https://onesmart.com.vn"
52.167.144.17 - - [07/Jul/2025:20:51:21 +0700] "GET /news/jun88.casino HTTP/2" 301 0 "-" "Mozilla/5.0 AppleWebKit/537.36 (KHTML, like Gecko; compatible; bingbot/2.0; +http://www.bing.com/bingbot.htm) Chrome/116.0.1938.76 Safari/537.36"
52.167.144.137 - - [07/Jul/2025:20:52:30 +0700] "GET /order2025-04-06/bong-888.bet.html HTTP/2" 404 14149 "-" "Mozilla/5.0 AppleWebKit/537.36 (KHTML, like Gecko; compatible; bingbot/2.0; +http://www.bing.com/bingbot.htm) Chrome/116.0.1938.76 Safari/537.36"
66.249.79.64 - - [07/Jul/2025:20:52:31 +0700] "GET /order/6187920/ HTTP/1.1" 404 10728 "-" "Mozilla/5.0 (Linux; Android 6.0.1; Nexus 5X Build/MMB29P) AppleWebKit/537.36 (KHTML, like Gecko) Chrome/137.0.7151.103 Mobile Safari/537.36 (compatible; Googlebot/2.1; +http://www.google.com/bot.html)"
103.57.221.79 - - [07/Jul/2025:20:53:49 +0700] "POST /wp-cron.php?doing_wp_cron=1751896429.5937609672546386718750 HTTP/1.1" 200 0 "-" "WordPress/6.8.1; https://onesmart.com.vn"
52.167.144.137 - - [07/Jul/2025:20:53:49 +0700] "GET /news/9741680/ HTTP/2" 404 14121 "-" "Mozilla/5.0 AppleWebKit/537.36 (KHTML, like Gecko; compatible; bingbot/2.0; +http://www.bing.com/bingbot.htm) Chrome/116.0.1938.76 Safari/537.36"
52.167.144.219 - - [07/Jul/2025:20:54:10 +0700] "GET /news/1398065/ HTTP/2" 404 14108 "-" "Mozilla/5.0 AppleWebKit/537.36 (KHTML, like Gecko; compatible; bingbot/2.0; +http://www.bing.com/bingbot.htm) Chrome/116.0.1938.76 Safari/537.36"
40.77.167.4 - - [07/Jul/2025:20:55:00 +0700] "GET /news/4350672/ HTTP/2" 301 0 "-" "Mozilla/5.0 AppleWebKit/537.36 (KHTML, like Gecko; compatible; bingbot/2.0; +http://www.bing.com/bingbot.htm) Chrome/116.0.1938.76 Safari/537.36"
66.249.79.64 - - [07/Jul/2025:20:55:22 +0700] "GET /app20250315/12bet-12bet.global.html HTTP/1.1" 404 10748 "-" "Mozilla/5.0 (Linux; Android 6.0.1; Nexus 5X Build/MMB29P) AppleWebKit/537.36 (KHTML, like Gecko) Chrome/137.0.7151.103 Mobile Safari/537.36 (compatible; Googlebot/2.1; +http://www.google.com/bot.html)"
103.57.221.79 - - [07/Jul/2025:20:56:41 +0700] "POST /wp-cron.php?doing_wp_cron=1751896601.1486101150512695312500 HTTP/1.1" 200 0 "-" "WordPress/6.8.1; https://onesmart.com.vn"
103.57.221.79 - - [07/Jul/2025:20:56:42 +0700] "POST /wp-cron.php?doing_wp_cron=1751896602.1922879219055175781250 HTTP/1.1" 200 0 "-" "WordPress/6.8.1; https://onesmart.com.vn"
66.249.79.66 - - [07/Jul/2025:20:47:02 +0700] "GET /order20250324/game-m88-365.html HTTP/1.1" 404 10744 "-" "Mozilla/5.0 (Linux; Android 6.0.1; Nexus 5X Build/MMB29P) AppleWebKit/537.36 (KHTML, like Gecko) Chrome/137.0.7151.103 Mobile Safari/537.36 (compatible; Googlebot/2.1; +http://www.google.com/bot.html)"
52.167.144.158 - - [07/Jul/2025:20:47:06 +0700] "GET /news/7160435/ HTTP/2" 301 0 "-" "Mozilla/5.0 AppleWebKit/537.36 (KHTML, like Gecko; compatible; bingbot/2.0; +http://www.bing.com/bingbot.htm) Chrome/116.0.1938.76 Safari/537.36"
103.57.221.79 - - [07/Jul/2025:20:49:10 +0700] "POST /wp-cron.php?doing_wp_cron=1751896150.0312910079956054687500 HTTP/1.1" 200 0 "-" "WordPress/6.8.1; https://onesmart.com.vn"
103.57.221.79 - - [07/Jul/2025:20:50:21 +0700] "POST /wp-cron.php?doing_wp_cron=1751896221.1407899856567382812500 HTTP/1.1" 200 0 "-" "WordPress/6.8.1; https://onesmart.com.vn"
52.167.144.210 - - [07/Jul/2025:20:51:37 +0700] "GET /news/bk8-owner.html HTTP/2" 404 14125 "-" "Mozilla/5.0 AppleWebKit/537.36 (KHTML, like Gecko; compatible; bingbot/2.0; +http://www.bing.com/bingbot.htm) Chrome/116.0.1938.76 Safari/537.36"
103.57.221.79 - - [07/Jul/2025:20:52:47 +0700] "POST /wp-cron.php?doing_wp_cron=1751896367.5693039894104003906250 HTTP/1.1" 200 0 "-" "WordPress/6.8.1; https://onesmart.com.vn"
85.208.96.202 - - [07/Jul/2025:20:53:13 +0700] "GET /robots.txt HTTP/1.1" 406 779 "-" "Mozilla/5.0 (compatible; SemrushBot/7~bl; +http://www.semrush.com/bot.html)"
103.57.221.79 - - [07/Jul/2025:20:55:01 +0700] "POST /wp-cron.php?doing_wp_cron=1751896501.0947079658508300781250 HTTP/1.1" 200 0 "-" "WordPress/6.8.1; https://onesmart.com.vn"
66.249.68.66 - - [07/Jul/2025:20:56:40 +0700] "GET /hot/Queen-79-Game-B%C3%A0i-1-%C4%90%E1%BB%95i-1 HTTP/1.1" 301 0 "-" "Mozilla/5.0 (Linux; Android 6.0.1; Nexus 5X Build/MMB29P) AppleWebKit/537.36 (KHTML, like Gecko) Chrome/137.0.7151.103 Mobile Safari/537.36 (compatible; Googlebot/2.1; +http://www.google.com/bot.html)"
66.249.79.65 - - [07/Jul/2025:20:56:41 +0700] "GET /hot/Queen-79-Game-B%C3%A0i-1-%C4%90%E1%BB%95i-1 HTTP/1.1" 404 10763 "-" "Mozilla/5.0 (Linux; Android 6.0.1; Nexus 5X Build/MMB29P) AppleWebKit/537.36 (KHTML, like Gecko) Chrome/137.0.7151.103 Mobile Safari/537.36 (compatible; Googlebot/2.1; +http://www.google.com/bot.html)"
103.57.221.79 - - [07/Jul/2025:20:56:59 +0700] "POST /wp-cron.php?doing_wp_cron=1751896619.4735989570617675781250 HTTP/1.1" 200 0 "-" "WordPress/6.8.1; https://onesmart.com.vn"
47.128.96.204 - - [07/Jul/2025:20:54:03 +0700] "GET /Casino_wjwbV/ HTTP/2" 404 18390 "https://onesmart.com.vn/Casino_wjwbV/" "Mozilla/5.0 (Linux; Android 5.0) AppleWebKit/537.36 (KHTML, like Gecko) Mobile Safari/537.36 (compatible; TikTokSpider; ttspider-feedback@tiktok.com)"
66.249.79.65 - - [07/Jul/2025:20:55:06 +0700] "GET /wp-content/uploads/2024/12/Logo-NAT-1--e1734061345443-300x167.png HTTP/1.1" 200 17649 "-" "Googlebot-Image/1.0"
66.249.79.64 - - [07/Jul/2025:20:56:59 +0700] "GET /app20250403/fb88-b%C3%B3ng-%C4%91%C3%A1-euro.html HTTP/1.1" 404 10755 "-" "Mozilla/5.0 (Linux; Android 6.0.1; Nexus 5X Build/MMB29P) AppleWebKit/537.36 (KHTML, like Gecko) Chrome/137.0.7151.103 Mobile Safari/537.36 (compatible; Googlebot/2.1; +http://www.google.com/bot.html)"
103.57.221.79 - - [07/Jul/2025:20:59:35 +0700] "POST /wp-cron.php?doing_wp_cron=1751896775.0282878875732421875000 HTTP/1.1" 200 0 "-" "WordPress/6.8.1; https://onesmart.com.vn"
66.249.71.99 - - [07/Jul/2025:20:59:34 +0700] "GET /game2025-03-21/game-g63.vin.html HTTP/1.1" 404 10746 "-" "Mozilla/5.0 (Linux; Android 6.0.1; Nexus 5X Build/MMB29P) AppleWebKit/537.36 (KHTML, like Gecko) Chrome/137.0.7151.103 Mobile Safari/537.36 (compatible; Googlebot/2.1; +http://www.google.com/bot.html)"
66.249.79.65 - - [07/Jul/2025:20:59:38 +0700] "GET /news20250316/789bet-betket.html HTTP/1.1" 404 10740 "-" "Mozilla/5.0 (Linux; Android 6.0.1; Nexus 5X Build/MMB29P) AppleWebKit/537.36 (KHTML, like Gecko) Chrome/137.0.7151.103 Mobile Safari/537.36 (compatible; Googlebot/2.1; +http://www.google.com/bot.html)"
103.57.221.79 - - [07/Jul/2025:21:00:32 +0700] "POST /wp-cron.php?doing_wp_cron=1751896832.2157568931579589843750 HTTP/1.1" 200 0 "-" "WordPress/6.8.1; https://onesmart.com.vn"
40.77.167.2 - - [07/Jul/2025:21:03:11 +0700] "GET /app20250413/t%E1%BA%A3i-fb88-v%E1%BB%81-%C4%91i%E1%BB%87n-tho%E1%BA%A1i.html HTTP/2" 404 14174 "-" "Mozilla/5.0 AppleWebKit/537.36 (KHTML, like Gecko; compatible; bingbot/2.0; +http://www.bing.com/bingbot.htm) Chrome/116.0.1938.76 Safari/537.36"
66.249.79.65 - - [07/Jul/2025:21:06:35 +0700] "GET /app2025-03-23/789club-web.html HTTP/1.1" 404 10751 "-" "Mozilla/5.0 (Linux; Android 6.0.1; Nexus 5X Build/MMB29P) AppleWebKit/537.36 (KHTML, like Gecko) Chrome/137.0.7151.103 Mobile Safari/537.36 (compatible; Googlebot/2.1; +http://www.google.com/bot.html)"
103.57.221.79 - - [07/Jul/2025:21:07:41 +0700] "POST /wp-cron.php?doing_wp_cron=1751897261.2261819839477539062500 HTTP/1.1" 200 0 "-" "WordPress/6.8.1; https://onesmart.com.vn"
72.14.199.128 - - [07/Jul/2025:21:07:40 +0700] "GET /chinh-sach-su-dung HTTP/1.1" 404 14087 "-" "PlayStore-Google"
103.57.221.79 - - [07/Jul/2025:21:07:42 +0700] "POST /wp-cron.php?doing_wp_cron=1751897262.9383609294891357421875 HTTP/1.1" 200 0 "-" "WordPress/6.8.1; https://onesmart.com.vn"
72.14.199.128 - - [07/Jul/2025:21:07:44 +0700] "GET /wp-content/themes/flatsome/assets/js/woocommerce.js?ver=1a392523165907adee6a HTTP/1.1" 200 6674 "https://onesmart.com.vn/chinh-sach-su-dung" "PlayStore-Google"
72.14.199.129 - - [07/Jul/2025:21:07:44 +0700] "GET /wp-content/litespeed/css/932c380413f16c9047070a983ff06393.css?ver=1cedb HTTP/1.1" 200 71468 "https://onesmart.com.vn/chinh-sach-su-dung" "PlayStore-Google"
72.14.199.128 - - [07/Jul/2025:21:07:45 +0700] "GET /wp-content/fonts/roboto/KFOMCnqEu92Fr1ME7kSn66aGLdTylUAMQXC89YmC2DPNWub2bVmbiAz0klQm_20O0g.woff HTTP/1.1" 200 5480 "https://onesmart.com.vn/wp-content/litespeed/css/932c380413f16c9047070a983ff06393.css?ver=1cedb" "PlayStore-Google"
72.14.199.128 - - [07/Jul/2025:21:07:45 +0700] "GET /wp-content/fonts/roboto-condensed/ieVo2ZhZI2eCN5jzbjEETS9weq8-_d6T_POl0fRJeyVVpcBB5XpjLdSL57k24Q.woff HTTP/1.1" 200 5604 "https://onesmart.com.vn/wp-content/litespeed/css/932c380413f16c9047070a983ff06393.css?ver=1cedb" "PlayStore-Google"
72.14.199.128 - - [07/Jul/2025:21:07:45 +0700] "POST /wp-content/plugins/litespeed-cache/guest.vary.php HTTP/1.1" 200 6 "https://onesmart.com.vn/chinh-sach-su-dung" "PlayStore-Google"
72.14.199.129 - - [07/Jul/2025:21:07:44 +0700] "GET /wp-content/uploads/2019/05/arrow.png HTTP/1.1" 404 14150 "https://onesmart.com.vn/wp-content/litespeed/css/932c380413f16c9047070a983ff06393.css?ver=1cedb" "PlayStore-Google"
40.77.167.2 - - [07/Jul/2025:21:10:42 +0700] "GET /news/9153706/ HTTP/2" 404 14132 "-" "Mozilla/5.0 AppleWebKit/537.36 (KHTML, like Gecko; compatible; bingbot/2.0; +http://www.bing.com/bingbot.htm) Chrome/116.0.1938.76 Safari/537.36"
103.131.71.85 - - [07/Jul/2025:21:12:19 +0700] "GET / HTTP/1.1" 200 973 "-" "Mozilla/5.0 (compatible; coccocbot-web/1.0; +http://help.coccoc.com/searchengine)"
103.131.71.85 - - [07/Jul/2025:21:12:39 +0700] "GET /game/alive-vietsub HTTP/1.1" 200 973 "-" "Mozilla/5.0 (compatible; coccocbot-web/1.0; +http://help.coccoc.com/searchengine)"
52.167.144.137 - - [07/Jul/2025:21:00:31 +0700] "GET /news/4956172/ HTTP/2" 404 14116 "-" "Mozilla/5.0 AppleWebKit/537.36 (KHTML, like Gecko; compatible; bingbot/2.0; +http://www.bing.com/bingbot.htm) Chrome/116.0.1938.76 Safari/537.36"
47.128.121.67 - - [07/Jul/2025:21:04:58 +0700] "GET /Video_WiRVeZf/ HTTP/2" 404 10759 "-" "Mozilla/5.0 (Linux; Android 5.0) AppleWebKit/537.36 (KHTML, like Gecko) Mobile Safari/537.36 (compatible; TikTokSpider; ttspider-feedback@tiktok.com)"
47.128.121.67 - - [07/Jul/2025:21:04:59 +0700] "POST /wp-content/plugins/litespeed-cache/guest.vary.php HTTP/2" 200 20 "https://onesmart.com.vn/Video_WiRVeZf/" "Mozilla/5.0 (Linux; Android 5.0) AppleWebKit/537.36 (KHTML, like Gecko) Mobile Safari/537.36 (compatible; TikTokSpider; ttspider-feedback@tiktok.com)"
47.128.121.67 - - [07/Jul/2025:21:04:59 +0700] "GET /Video_WiRVeZf/ HTTP/2" 404 18397 "https://onesmart.com.vn/Video_WiRVeZf/" "Mozilla/5.0 (Linux; Android 5.0) AppleWebKit/537.36 (KHTML, like Gecko) Mobile Safari/537.36 (compatible; TikTokSpider; ttspider-feedback@tiktok.com)"
103.57.221.79 - - [07/Jul/2025:21:06:07 +0700] "POST /wp-cron.php?doing_wp_cron=1751897167.5458979606628417968750 HTTP/1.1" 200 0 "-" "WordPress/6.8.1; https://onesmart.com.vn"
72.14.199.130 - - [07/Jul/2025:21:07:42 +0700] "GET /chinh-sach-su-dung HTTP/1.1" 404 14142 "-" "PlayStore-Google"
72.14.199.130 - - [07/Jul/2025:21:07:43 +0700] "GET /wp-content/themes/flatsome/assets/js/chunk.popups.js?ver=3.17.7 HTTP/1.1" 200 6941 "https://onesmart.com.vn/chinh-sach-su-dung" "PlayStore-Google"
72.14.199.130 - - [07/Jul/2025:21:07:44 +0700] "GET /wp-content/themes/flatsome/assets/js/chunk.slider.js?ver=3.17.7 HTTP/1.1" 200 12985 "https://onesmart.com.vn/chinh-sach-su-dung" "PlayStore-Google"
72.14.199.129 - - [07/Jul/2025:21:07:44 +0700] "GET /wp-content/themes/flatsome/assets/js/chunk.tooltips.js?ver=3.17.7 HTTP/1.1" 200 9748 "https://onesmart.com.vn/chinh-sach-su-dung" "PlayStore-Google"
72.14.199.129 - - [07/Jul/2025:21:07:44 +0700] "GET /wp-content/plugins/Simple-Contact/assets/images/Zalo_On.svg HTTP/1.1" 200 1339 "https://onesmart.com.vn/wp-content/litespeed/css/932c380413f16c9047070a983ff06393.css?ver=1cedb" "PlayStore-Google"
103.57.221.79 - - [07/Jul/2025:21:07:45 +0700] "POST /wp-cron.php?doing_wp_cron=1751897265.2823569774627685546875 HTTP/1.1" 200 0 "-" "WordPress/6.8.1; https://onesmart.com.vn"
72.14.199.129 - - [07/Jul/2025:21:07:45 +0700] "GET /wp-content/fonts/roboto/KFOMCnqEu92Fr1ME7kSn66aGLdTylUAMQXC89YmC2DPNWub2bVmUiAz0klQm_20.woff HTTP/1.1" 200 19668 "https://onesmart.com.vn/wp-content/litespeed/css/932c380413f16c9047070a983ff06393.css?ver=1cedb" "PlayStore-Google"
72.14.199.129 - - [07/Jul/2025:21:07:45 +0700] "GET /wp-content/plugins/Simple-Contact/assets/images/Call_On.svg HTTP/1.1" 200 864 "https://onesmart.com.vn/wp-content/litespeed/css/932c380413f16c9047070a983ff06393.css?ver=1cedb" "PlayStore-Google"
40.77.167.3 - - [07/Jul/2025:21:11:29 +0700] "GET /chinh-sach-ban-hang/ HTTP/2" 200 16236 "-" "Mozilla/5.0 AppleWebKit/537.36 (KHTML, like Gecko; compatible; bingbot/2.0; +http://www.bing.com/bingbot.htm) Chrome/116.0.1938.76 Safari/537.36"
103.131.71.85 - - [07/Jul/2025:21:12:29 +0700] "GET /game/nh%E1%BA%ADp-code-shbet HTTP/1.1" 200 973 "-" "Mozilla/5.0 (compatible; coccocbot-web/1.0; +http://help.coccoc.com/searchengine)"
103.131.71.85 - - [07/Jul/2025:21:12:59 +0700] "GET /game/%C4%91%C4%83ng-nh%E1%BA%ADp-33win HTTP/1.1" 200 973 "-" "Mozilla/5.0 (compatible; coccocbot-web/1.0; +http://help.coccoc.com/searchengine)"
103.57.221.79 - - [07/Jul/2025:21:13:04 +0700] "POST /wp-cron.php?doing_wp_cron=1751897584.7848150730133056640625 HTTP/1.1" 200 0 "-" "WordPress/6.8.1; https://onesmart.com.vn"
52.167.144.17 - - [07/Jul/2025:21:13:04 +0700] "GET /app/7016825/ HTTP/2" 301 0 "-" "Mozilla/5.0 AppleWebKit/537.36 (KHTML, like Gecko; compatible; bingbot/2.0; +http://www.bing.com/bingbot.htm) Chrome/116.0.1938.76 Safari/537.36"
40.77.167.23 - - [07/Jul/2025:21:00:38 +0700] "GET /app/5930478/ HTTP/2" 404 14133 "-" "Mozilla/5.0 AppleWebKit/537.36 (KHTML, like Gecko; compatible; bingbot/2.0; +http://www.bing.com/bingbot.htm) Chrome/116.0.1938.76 Safari/537.36"
103.57.221.79 - - [07/Jul/2025:21:03:12 +0700] "POST /wp-cron.php?doing_wp_cron=1751896992.4088549613952636718750 HTTP/1.1" 200 0 "-" "WordPress/6.8.1; https://onesmart.com.vn"
103.57.221.79 - - [07/Jul/2025:21:04:59 +0700] "POST /wp-cron.php?doing_wp_cron=1751897099.2497160434722900390625 HTTP/1.1" 200 0 "-" "WordPress/6.8.1; https://onesmart.com.vn"
40.77.167.23 - - [07/Jul/2025:21:04:59 +0700] "GET /app/6082375/ HTTP/2" 404 14141 "-" "Mozilla/5.0 AppleWebKit/537.36 (KHTML, like Gecko; compatible; bingbot/2.0; +http://www.bing.com/bingbot.htm) Chrome/116.0.1938.76 Safari/537.36"
66.249.71.99 - - [07/Jul/2025:21:06:07 +0700] "GET /news20250315/12bet-bang-dien-thoai.html HTTP/1.1" 404 10748 "-" "Mozilla/5.0 (Linux; Android 6.0.1; Nexus 5X Build/MMB29P) AppleWebKit/537.36 (KHTML, like Gecko) Chrome/137.0.7151.103 Mobile Safari/537.36 (compatible; Googlebot/2.1; +http://www.google.com/bot.html)"
103.57.221.79 - - [07/Jul/2025:21:06:35 +0700] "POST /wp-cron.php?doing_wp_cron=1751897195.7574288845062255859375 HTTP/1.1" 200 0 "-" "WordPress/6.8.1; https://onesmart.com.vn"
103.57.221.79 - - [07/Jul/2025:21:06:53 +0700] "POST /wp-cron.php?doing_wp_cron=1751897213.2212119102478027343750 HTTP/1.1" 200 0 "-" "WordPress/6.8.1; https://onesmart.com.vn"
40.77.167.9 - - [07/Jul/2025:21:06:52 +0700] "GET /app/0698314/ HTTP/2" 404 14142 "-" "Mozilla/5.0 AppleWebKit/537.36 (KHTML, like Gecko; compatible; bingbot/2.0; +http://www.bing.com/bingbot.htm) Chrome/116.0.1938.76 Safari/537.36"
72.14.199.129 - - [07/Jul/2025:21:07:44 +0700] "GET /wp-content/themes/flatsome/assets/js/flatsome.js?ver=43f05e0ca79aa585a6aa HTTP/1.1" 200 15832 "https://onesmart.com.vn/chinh-sach-su-dung" "PlayStore-Google"
72.14.199.129 - - [07/Jul/2025:21:07:44 +0700] "GET /wp-content/plugins/Simple-Contact/assets/images/Messenger_On.svg HTTP/1.1" 200 446 "https://onesmart.com.vn/wp-content/litespeed/css/932c380413f16c9047070a983ff06393.css?ver=1cedb" "PlayStore-Google"
72.14.199.129 - - [07/Jul/2025:21:07:45 +0700] "GET /wp-content/fonts/roboto-condensed/ieVo2ZhZI2eCN5jzbjEETS9weq8-_d6T_POl0fRJeyVVpcBO5XpjLdSL57k.woff HTTP/1.1" 200 19728 "https://onesmart.com.vn/wp-content/litespeed/css/932c380413f16c9047070a983ff06393.css?ver=1cedb" "PlayStore-Google"
72.14.199.128 - - [07/Jul/2025:21:07:45 +0700] "GET /wp-content/fonts/roboto/KFOMCnqEu92Fr1ME7kSn66aGLdTylUAMQXC89YmC2DPNWub2bVmaiAz0klQm_20O0g.woff HTTP/1.1" 200 12524 "https://onesmart.com.vn/wp-content/litespeed/css/932c380413f16c9047070a983ff06393.css?ver=1cedb" "PlayStore-Google"
72.14.199.129 - - [07/Jul/2025:21:07:45 +0700] "GET /wp-content/themes/flatsome/assets/css/icons/fl-icons.woff2?v=3.17.7 HTTP/1.1" 200 7068 "https://onesmart.com.vn/wp-content/litespeed/css/932c380413f16c9047070a983ff06393.css?ver=1cedb" "PlayStore-Google"
103.57.221.79 - - [07/Jul/2025:21:10:43 +0700] "POST /wp-cron.php?doing_wp_cron=1751897443.2432670593261718750000 HTTP/1.1" 200 0 "-" "WordPress/6.8.1; https://onesmart.com.vn"
103.57.221.79 - - [07/Jul/2025:21:11:29 +0700] "POST /wp-cron.php?doing_wp_cron=1751897489.8139700889587402343750 HTTP/1.1" 200 0 "-" "WordPress/6.8.1; https://onesmart.com.vn"
103.131.71.85 - - [07/Jul/2025:21:12:49 +0700] "GET /game/N%E1%BA%A1p-Ti%E1%BB%81n-Nohu94 HTTP/1.1" 200 973 "-" "Mozilla/5.0 (compatible; coccocbot-web/1.0; +http://help.coccoc.com/searchengine)"
103.131.71.85 - - [07/Jul/2025:21:14:21 +0700] "GET /order/game-18-vi%E1%BB%87t-h%C3%B3a.html HTTP/1.1" 200 973 "-" "Mozilla/5.0 (compatible; coccocbot-web/1.0; +http://help.coccoc.com/searchengine)"
103.131.71.85 - - [07/Jul/2025:21:14:41 +0700] "GET /hot/dang-nhap-79king.html HTTP/1.1" 200 973 "-" "Mozilla/5.0 (compatible; coccocbot-web/1.0; +http://help.coccoc.com/searchengine)"
103.131.71.85 - - [07/Jul/2025:21:13:09 +0700] "GET /hot/link-v%C3%A0o-bong88-m%E1%BB%9Bi-nh%E1%BA%A5t-kh%C3%B4ng-b%E1%BB%8B-ch%E1%BA%B7n HTTP/1.1" 200 973 "-" "Mozilla/5.0 (compatible; coccocbot-web/1.0; +http://help.coccoc.com/searchengine)"
103.131.71.85 - - [07/Jul/2025:21:14:01 +0700] "GET /news/ch%C6%A1i-7-vi%C3%AAn-ng%E1%BB%8Dc-r%E1%BB%93ng-3.0.html HTTP/1.1" 200 973 "-" "Mozilla/5.0 (compatible; coccocbot-web/1.0; +http://help.coccoc.com/searchengine)"
103.57.221.79 - - [07/Jul/2025:21:14:51 +0700] "POST /wp-cron.php?doing_wp_cron=1751897691.1680769920349121093750 HTTP/1.1" 200 0 "-" "WordPress/6.8.1; https://onesmart.com.vn"
66.249.71.97 - - [07/Jul/2025:21:14:50 +0700] "GET /app2025-03-16/12bet-tune.html HTTP/1.1" 404 10757 "-" "Mozilla/5.0 (Linux; Android 6.0.1; Nexus 5X Build/MMB29P) AppleWebKit/537.36 (KHTML, like Gecko) Chrome/137.0.7151.103 Mobile Safari/537.36 (compatible; Googlebot/2.1; +http://www.google.com/bot.html)"
103.131.71.85 - - [07/Jul/2025:21:15:21 +0700] "GET /news/v9bet-bong-da.html HTTP/1.1" 200 973 "-" "Mozilla/5.0 (compatible; coccocbot-web/1.0; +http://help.coccoc.com/searchengine)"
103.57.221.79 - - [07/Jul/2025:21:16:06 +0700] "POST /wp-cron.php?doing_wp_cron=1751897766.4077041149139404296875 HTTP/1.1" 200 0 "-" "WordPress/6.8.1; https://onesmart.com.vn"
66.249.79.66 - - [07/Jul/2025:21:16:05 +0700] "GET /hot2025-03-23/well-of-wonders-slot.html HTTP/1.1" 404 10758 "-" "Mozilla/5.0 (Linux; Android 6.0.1; Nexus 5X Build/MMB29P) AppleWebKit/537.36 (KHTML, like Gecko) Chrome/137.0.7151.103 Mobile Safari/537.36 (compatible; Googlebot/2.1; +http://www.google.com/bot.html)"
103.131.71.151 - - [07/Jul/2025:21:16:14 +0700] "GET /order/t%E1%BA%A3i-game-3king-game.html HTTP/1.1" 200 973 "-" "Mozilla/5.0 (compatible; coccocbot-web/1.0; +http://help.coccoc.com/searchengine)"
103.131.71.151 - - [07/Jul/2025:21:16:34 +0700] "GET /order/tai-game-iwin-ruby-cho-may-tinh.html HTTP/1.1" 200 973 "-" "Mozilla/5.0 (compatible; coccocbot-web/1.0; +http://help.coccoc.com/searchengine)"
103.131.71.151 - - [07/Jul/2025:21:17:04 +0700] "GET /game/zingplay-b%E1%BA%AFn-c%C3%A1-ios.html HTTP/1.1" 200 973 "-" "Mozilla/5.0 (compatible; coccocbot-web/1.0; +http://help.coccoc.com/searchengine)"
103.131.71.151 - - [07/Jul/2025:21:17:14 +0700] "GET /mobile/keo-nha-cai-nhan-dinh-keo-giai-ma-keo.html HTTP/1.1" 200 973 "-" "Mozilla/5.0 (compatible; coccocbot-web/1.0; +http://help.coccoc.com/searchengine)"
103.131.71.151 - - [07/Jul/2025:21:17:24 +0700] "GET /order/online-casino-slots-australia.html HTTP/1.1" 200 973 "-" "Mozilla/5.0 (compatible; coccocbot-web/1.0; +http://help.coccoc.com/searchengine)"
103.131.71.63 - - [07/Jul/2025:21:17:55 +0700] "GET /game/wwwvideos.html HTTP/1.1" 200 973 "-" "Mozilla/5.0 (compatible; coccocbot-web/1.0; +http://help.coccoc.com/searchengine)"
103.57.221.79 - - [07/Jul/2025:21:18:42 +0700] "POST /wp-cron.php?doing_wp_cron=1751897922.8187921047210693359375 HTTP/1.1" 200 0 "-" "WordPress/6.8.1; https://onesmart.com.vn"
103.131.71.63 - - [07/Jul/2025:21:19:05 +0700] "GET /order/choi-game-iwin-online-tren-may-tinh.html HTTP/1.1" 200 973 "-" "Mozilla/5.0 (compatible; coccocbot-web/1.0; +http://help.coccoc.com/searchengine)"
103.131.71.179 - - [07/Jul/2025:21:20:16 +0700] "GET /app/xsmn-thu-6x.html HTTP/1.1" 200 973 "-" "Mozilla/5.0 (compatible; coccocbot-web/1.0; +http://help.coccoc.com/searchengine)"
103.57.221.79 - - [07/Jul/2025:21:20:22 +0700] "POST /wp-cron.php?doing_wp_cron=1751898022.6057488918304443359375 HTTP/1.1" 200 0 "-" "WordPress/6.8.1; https://onesmart.com.vn"
66.249.79.65 - - [07/Jul/2025:21:20:33 +0700] "GET /mobile/L%E1%BB%ABa-%C4%91%E1%BA%A3o-Nohu90.html HTTP/1.1" 404 10779 "-" "Mozilla/5.0 (Linux; Android 6.0.1; Nexus 5X Build/MMB29P) AppleWebKit/537.36 (KHTML, like Gecko) Chrome/137.0.7151.103 Mobile Safari/537.36 (compatible; Googlebot/2.1; +http://www.google.com/bot.html)"
103.131.71.179 - - [07/Jul/2025:21:20:36 +0700] "GET /hot/quay-thu-xsmt-hom-nay.html HTTP/1.1" 200 973 "-" "Mozilla/5.0 (compatible; coccocbot-web/1.0; +http://help.coccoc.com/searchengine)"
103.131.71.85 - - [07/Jul/2025:21:14:51 +0700] "GET /hot/soi-c%E1%BA%A7u-r%E1%BB%93ng-b%E1%BA%A1ch-kim-666-h%C3%B4m-nay-mi%E1%BB%85n-ph%C3%AD HTTP/1.1" 200 973 "-" "Mozilla/5.0 (compatible; coccocbot-web/1.0; +http://help.coccoc.com/searchengine)"
103.131.71.85 - - [07/Jul/2025:21:15:01 +0700] "GET /app/list-k%C3%AAnh-iptv-m%E1%BB%9Bi-nh%E1%BA%A5t-2024 HTTP/1.1" 200 973 "-" "Mozilla/5.0 (compatible; coccocbot-web/1.0; +http://help.coccoc.com/searchengine)"
103.131.71.151 - - [07/Jul/2025:21:16:24 +0700] "GET /news/kubet-soi-c%E1%BA%A7u-xsmn.html HTTP/1.1" 200 973 "-" "Mozilla/5.0 (compatible; coccocbot-web/1.0; +http://help.coccoc.com/searchengine)"
103.57.221.79 - - [07/Jul/2025:21:16:40 +0700] "POST /wp-cron.php?doing_wp_cron=1751897800.7927250862121582031250 HTTP/1.1" 200 0 "-" "WordPress/6.8.1; https://onesmart.com.vn"
52.167.144.22 - - [07/Jul/2025:21:16:40 +0700] "GET /news/8502413/ HTTP/2" 301 0 "-" "Mozilla/5.0 AppleWebKit/537.36 (KHTML, like Gecko; compatible; bingbot/2.0; +http://www.bing.com/bingbot.htm) Chrome/116.0.1938.76 Safari/537.36"
52.167.144.16 - - [07/Jul/2025:21:16:41 +0700] "GET /game/3561279/ HTTP/2" 404 14156 "-" "Mozilla/5.0 AppleWebKit/537.36 (KHTML, like Gecko; compatible; bingbot/2.0; +http://www.bing.com/bingbot.htm) Chrome/116.0.1938.76 Safari/537.36"
103.131.71.151 - - [07/Jul/2025:21:16:54 +0700] "GET /app/baccarat-banker.html HTTP/1.1" 200 973 "-" "Mozilla/5.0 (compatible; coccocbot-web/1.0; +http://help.coccoc.com/searchengine)"
103.131.71.63 - - [07/Jul/2025:21:18:05 +0700] "GET /mobile/c%C3%A1-xeng.html HTTP/1.1" 200 973 "-" "Mozilla/5.0 (compatible; coccocbot-web/1.0; +http://help.coccoc.com/searchengine)"
103.131.71.63 - - [07/Jul/2025:21:18:15 +0700] "GET /mobile/du-doan-xsmn-ai-trung-roi.html HTTP/1.1" 200 973 "-" "Mozilla/5.0 (compatible; coccocbot-web/1.0; +http://help.coccoc.com/searchengine)"
103.131.71.63 - - [07/Jul/2025:21:18:35 +0700] "GET /app/choi-iwin-tr%C3%AAn-m%C3%A1y-t%C3%ADnh.html HTTP/1.1" 200 973 "-" "Mozilla/5.0 (compatible; coccocbot-web/1.0; +http://help.coccoc.com/searchengine)"
40.77.167.44 - - [07/Jul/2025:21:18:42 +0700] "GET /news/8492063/ HTTP/2" 404 14128 "-" "Mozilla/5.0 AppleWebKit/537.36 (KHTML, like Gecko; compatible; bingbot/2.0; +http://www.bing.com/bingbot.htm) Chrome/116.0.1938.76 Safari/537.36"
103.131.71.63 - - [07/Jul/2025:21:18:45 +0700] "GET /news/what-is-jbo-drug.html HTTP/1.1" 200 973 "-" "Mozilla/5.0 (compatible; coccocbot-web/1.0; +http://help.coccoc.com/searchengine)"
103.131.71.63 - - [07/Jul/2025:21:19:25 +0700] "GET /order/hit-club-top.html HTTP/1.1" 200 973 "-" "Mozilla/5.0 (compatible; coccocbot-web/1.0; +http://help.coccoc.com/searchengine)"
66.249.79.64 - - [07/Jul/2025:21:20:22 +0700] "GET /app20250317/www-sv388-com.html HTTP/1.1" 404 10739 "-" "Mozilla/5.0 (Linux; Android 6.0.1; Nexus 5X Build/MMB29P) AppleWebKit/537.36 (KHTML, like Gecko) Chrome/137.0.7151.103 Mobile Safari/537.36 (compatible; Googlebot/2.1; +http://www.google.com/bot.html)"
103.57.221.79 - - [07/Jul/2025:21:20:33 +0700] "POST /wp-cron.php?doing_wp_cron=1751898033.5398468971252441406250 HTTP/1.1" 200 0 "-" "WordPress/6.8.1; https://onesmart.com.vn"
66.249.79.64 - - [07/Jul/2025:21:20:34 +0700] "GET /game20250320/x%E1%BB%95-s%E1%BB%91-%C4%91%C3%A0-n%E1%BA%B5ng-quay-th%E1%BB%AD-h%C3%B4m-nay.html HTTP/1.1" 404 10812 "-" "Mozilla/5.0 (Linux; Android 6.0.1; Nexus 5X Build/MMB29P) AppleWebKit/537.36 (KHTML, like Gecko) Chrome/137.0.7151.103 Mobile Safari/537.36 (compatible; Googlebot/2.1; +http://www.google.com/bot.html)"
103.131.71.179 - - [07/Jul/2025:21:20:46 +0700] "GET /mobile/slot-milling.html HTTP/1.1" 200 973 "-" "Mozilla/5.0 (compatible; coccocbot-web/1.0; +http://help.coccoc.com/searchengine)"
103.131.71.179 - - [07/Jul/2025:21:21:06 +0700] "GET /order/domain-name-register.html HTTP/1.1" 200 973 "-" "Mozilla/5.0 (compatible; coccocbot-web/1.0; +http://help.coccoc.com/searchengine)"
103.131.71.85 - - [07/Jul/2025:21:13:19 +0700] "GET /order/tool-t%C3%A0i-x%E1%BB%89u-md5 HTTP/1.1" 200 973 "-" "Mozilla/5.0 (compatible; coccocbot-web/1.0; +http://help.coccoc.com/searchengine)"
103.131.71.85 - - [07/Jul/2025:21:13:51 +0700] "GET /order/mbbg-vi%E1%BB%87t-nam-1 HTTP/1.1" 200 973 "-" "Mozilla/5.0 (compatible; coccocbot-web/1.0; +http://help.coccoc.com/searchengine)"
103.131.71.85 - - [07/Jul/2025:21:14:11 +0700] "GET /order/xem-%C4%91%C3%A1-g%C3%A0-c%E1%BB%B1a-dao-philippines HTTP/1.1" 200 973 "-" "Mozilla/5.0 (compatible; coccocbot-web/1.0; +http://help.coccoc.com/searchengine)"
103.131.71.85 - - [07/Jul/2025:21:14:31 +0700] "GET /app/33win-77.com.html HTTP/1.1" 200 973 "-" "Mozilla/5.0 (compatible; coccocbot-web/1.0; +http://help.coccoc.com/searchengine)"
66.249.79.65 - - [07/Jul/2025:21:14:58 +0700] "GET /news/c%C3%A1-c%C6%B0%E1%BB%A3c-b%C3%B3ng-r%E1%BB%95-fun88.html HTTP/1.1" 404 10767 "-" "Mozilla/5.0 (Linux; Android 6.0.1; Nexus 5X Build/MMB29P) AppleWebKit/537.36 (KHTML, like Gecko) Chrome/137.0.7151.103 Mobile Safari/537.36 (compatible; Googlebot/2.1; +http://www.google.com/bot.html)"
103.131.71.85 - - [07/Jul/2025:21:15:11 +0700] "GET /hot/hi88-8888hi.com.html HTTP/1.1" 200 973 "-" "Mozilla/5.0 (compatible; coccocbot-web/1.0; +http://help.coccoc.com/searchengine)"
103.131.71.151 - - [07/Jul/2025:21:15:54 +0700] "GET /news/xem-bong-da-v9bet.html HTTP/1.1" 200 973 "-" "Mozilla/5.0 (compatible; coccocbot-web/1.0; +http://help.coccoc.com/searchengine)"
103.131.71.151 - - [07/Jul/2025:21:16:04 +0700] "GET /order/kubet-soi-cau-xsmn.html HTTP/1.1" 200 973 "-" "Mozilla/5.0 (compatible; coccocbot-web/1.0; +http://help.coccoc.com/searchengine)"
103.131.71.151 - - [07/Jul/2025:21:16:44 +0700] "GET /news/support-vn-9club-com.html HTTP/1.1" 200 973 "-" "Mozilla/5.0 (compatible; coccocbot-web/1.0; +http://help.coccoc.com/searchengine)"
103.131.71.63 - - [07/Jul/2025:21:18:25 +0700] "GET /news/v9bet-thethao.html HTTP/1.1" 200 973 "-" "Mozilla/5.0 (compatible; coccocbot-web/1.0; +http://help.coccoc.com/searchengine)"
103.131.71.63 - - [07/Jul/2025:21:18:55 +0700] "GET /app/iwin-yeuapk.html HTTP/1.1" 200 973 "-" "Mozilla/5.0 (compatible; coccocbot-web/1.0; +http://help.coccoc.com/searchengine)"
103.131.71.63 - - [07/Jul/2025:21:19:15 +0700] "GET /hot/thowbacks-hits-club.html HTTP/1.1" 200 973 "-" "Mozilla/5.0 (compatible; coccocbot-web/1.0; +http://help.coccoc.com/searchengine)"
103.131.71.179 - - [07/Jul/2025:21:20:06 +0700] "GET /news/du-doan-xsmt-iwin.html HTTP/1.1" 200 973 "-" "Mozilla/5.0 (compatible; coccocbot-web/1.0; +http://help.coccoc.com/searchengine)"
103.131.71.179 - - [07/Jul/2025:21:20:26 +0700] "GET /game/binh-luan-xsmn.html HTTP/1.1" 200 973 "-" "Mozilla/5.0 (compatible; coccocbot-web/1.0; +http://help.coccoc.com/searchengine)"
103.131.71.179 - - [07/Jul/2025:21:21:16 +0700] "GET /hot/1xbet-t%C3%ACm-tr%C3%AAn-google.html HTTP/1.1" 200 973 "-" "Mozilla/5.0 (compatible; coccocbot-web/1.0; +http://help.coccoc.com/searchengine)"
103.131.71.179 - - [07/Jul/2025:21:21:26 +0700] "GET /hot/7ball-nh%C3%A0-c%C3%A1i.html HTTP/1.1" 200 973 "-" "Mozilla/5.0 (compatible; coccocbot-web/1.0; +http://help.coccoc.com/searchengine)"
103.131.71.179 - - [07/Jul/2025:21:21:36 +0700] "GET /mobile/9club-game.html HTTP/1.1" 200 973 "-" "Mozilla/5.0 (compatible; coccocbot-web/1.0; +http://help.coccoc.com/searchengine)"
52.167.144.183 - - [07/Jul/2025:21:21:46 +0700] "GET /news/gambling-games.html HTTP/2" 404 14115 "-" "Mozilla/5.0 AppleWebKit/537.36 (KHTML, like Gecko; compatible; bingbot/2.0; +http://www.bing.com/bingbot.htm) Chrome/116.0.1938.76 Safari/537.36"
103.131.71.184 - - [07/Jul/2025:21:22:22 +0700] "GET /news/7m-cn-sport.html HTTP/1.1" 200 973 "-" "Mozilla/5.0 (compatible; coccocbot-web/1.0; +http://help.coccoc.com/searchengine)"
103.57.221.79 - - [07/Jul/2025:21:22:37 +0700] "POST /wp-cron.php?doing_wp_cron=1751898157.5618081092834472656250 HTTP/1.1" 200 0 "-" "WordPress/6.8.1; https://onesmart.com.vn"
103.131.71.179 - - [07/Jul/2025:21:20:56 +0700] "GET /hot/soi-cau-kubet-mien-nam.html HTTP/1.1" 200 973 "-" "Mozilla/5.0 (compatible; coccocbot-web/1.0; +http://help.coccoc.com/searchengine)"
103.57.221.79 - - [07/Jul/2025:21:21:32 +0700] "POST /wp-cron.php?doing_wp_cron=1751898092.0227661132812500000000 HTTP/1.1" 200 0 "-" "WordPress/6.8.1; https://onesmart.com.vn"
40.77.167.44 - - [07/Jul/2025:21:21:31 +0700] "GET / HTTP/2" 301 0 "-" "Mozilla/5.0 AppleWebKit/537.36 (KHTML, like Gecko; compatible; bingbot/2.0; +http://www.bing.com/bingbot.htm) Chrome/116.0.1938.76 Safari/537.36"
40.77.167.44 - - [07/Jul/2025:21:21:32 +0700] "GET /news/4265730/ HTTP/2" 301 0 "-" "Mozilla/5.0 AppleWebKit/537.36 (KHTML, like Gecko; compatible; bingbot/2.0; +http://www.bing.com/bingbot.htm) Chrome/116.0.1938.76 Safari/537.36"
103.131.71.184 - - [07/Jul/2025:21:22:32 +0700] "GET /news/8xbet-mc.html HTTP/1.1" 200 973 "-" "Mozilla/5.0 (compatible; coccocbot-web/1.0; +http://help.coccoc.com/searchengine)"
103.131.71.184 - - [07/Jul/2025:21:23:02 +0700] "GET /game/quay-randum.html HTTP/1.1" 200 973 "-" "Mozilla/5.0 (compatible; coccocbot-web/1.0; +http://help.coccoc.com/searchengine)"
103.131.71.184 - - [07/Jul/2025:21:23:32 +0700] "GET /news/what-is-domain-name.html HTTP/1.1" 200 973 "-" "Mozilla/5.0 (compatible; coccocbot-web/1.0; +http://help.coccoc.com/searchengine)"
103.131.71.184 - - [07/Jul/2025:21:23:42 +0700] "GET /app/7ball-idle.html HTTP/1.1" 200 973 "-" "Mozilla/5.0 (compatible; coccocbot-web/1.0; +http://help.coccoc.com/searchengine)"
103.57.221.79 - - [07/Jul/2025:21:23:48 +0700] "POST /wp-cron.php?doing_wp_cron=1751898228.8939208984375000000000 HTTP/1.1" 200 0 "-" "WordPress/6.8.1; https://onesmart.com.vn"
103.131.71.159 - - [07/Jul/2025:21:24:24 +0700] "GET /order/7ball-m%C3%AA.html HTTP/1.1" 200 973 "-" "Mozilla/5.0 (compatible; coccocbot-web/1.0; +http://help.coccoc.com/searchengine)"
103.57.221.79 - - [07/Jul/2025:21:24:42 +0700] "POST /wp-cron.php?doing_wp_cron=1751898281.9973859786987304687500 HTTP/1.1" 200 0 "-" "WordPress/6.8.1; https://onesmart.com.vn"
66.249.79.66 - - [07/Jul/2025:21:24:41 +0700] "GET /news/mod-skin-lol-2024 HTTP/1.1" 404 10739 "-" "Mozilla/5.0 (Linux; Android 6.0.1; Nexus 5X Build/MMB29P) AppleWebKit/537.36 (KHTML, like Gecko) Chrome/137.0.7151.103 Mobile Safari/537.36 (compatible; Googlebot/2.1; +http://www.google.com/bot.html)"
103.57.221.79 - - [07/Jul/2025:21:24:47 +0700] "POST /wp-cron.php?doing_wp_cron=1751898287.3461949825286865234375 HTTP/1.1" 200 0 "-" "WordPress/6.8.1; https://onesmart.com.vn"
66.249.71.97 - - [07/Jul/2025:21:24:47 +0700] "GET /game20250322/da-ga-j88.html HTTP/1.1" 404 10716 "-" "Mozilla/5.0 (Linux; Android 6.0.1; Nexus 5X Build/MMB29P) AppleWebKit/537.36 (KHTML, like Gecko) Chrome/137.0.7151.103 Mobile Safari/537.36 (compatible; Googlebot/2.1; +http://www.google.com/bot.html)"
