103.131.71.159 - - [07/Jul/2025:21:25:05 +0700] "GET /order/baccarat-indonesia.html HTTP/1.1" 200 973 "-" "Mozilla/5.0 (compatible; coccocbot-web/1.0; +http://help.coccoc.com/searchengine)"
103.131.71.154 - - [07/Jul/2025:21:26:31 +0700] "GET /order/plem-1-l%C3%A0-gi8.html HTTP/1.1" 200 973 "-" "Mozilla/5.0 (compatible; coccocbot-web/1.0; +http://help.coccoc.com/searchengine)"
103.131.71.154 - - [07/Jul/2025:21:26:51 +0700] "GET /mobile/game-bai-iwin-online.html HTTP/1.1" 200 973 "-" "Mozilla/5.0 (compatible; coccocbot-web/1.0; +http://help.coccoc.com/searchengine)"
103.131.71.154 - - [07/Jul/2025:21:27:01 +0700] "GET /mobile/hit-club.win.html HTTP/1.1" 200 973 "-" "Mozilla/5.0 (compatible; coccocbot-web/1.0; +http://help.coccoc.com/searchengine)"
103.131.71.154 - - [07/Jul/2025:21:27:11 +0700] "GET /mobile/kubet-thi%C3%AAn-h%E1%BA%A1.html HTTP/1.1" 200 973 "-" "Mozilla/5.0 (compatible; coccocbot-web/1.0; +http://help.coccoc.com/searchengine)"
103.131.71.154 - - [07/Jul/2025:21:27:21 +0700] "GET /mobile/so-how-to-learn-malware-analysis-amr-thabet.html HTTP/1.1" 200 973 "-" "Mozilla/5.0 (compatible; coccocbot-web/1.0; +http://help.coccoc.com/searchengine)"
103.57.221.79 - - [07/Jul/2025:21:21:46 +0700] "POST /wp-cron.php?doing_wp_cron=1751898106.7734179496765136718750 HTTP/1.1" 200 0 "-" "WordPress/6.8.1; https://onesmart.com.vn"
103.131.71.184 - - [07/Jul/2025:21:22:12 +0700] "GET /news/1xbet-aplicaci%C3%B3n.html HTTP/1.1" 200 973 "-" "Mozilla/5.0 (compatible; coccocbot-web/1.0; +http://help.coccoc.com/searchengine)"
40.77.167.14 - - [07/Jul/2025:21:22:37 +0700] "GET /news/2059374/ HTTP/2" 301 0 "-" "Mozilla/5.0 AppleWebKit/537.36 (KHTML, like Gecko; compatible; bingbot/2.0; +http://www.bing.com/bingbot.htm) Chrome/116.0.1938.76 Safari/537.36"
103.131.71.184 - - [07/Jul/2025:21:22:52 +0700] "GET /game/jbo-vietnam.html HTTP/1.1" 200 973 "-" "Mozilla/5.0 (compatible; coccocbot-web/1.0; +http://help.coccoc.com/searchengine)"
72.14.199.130 - - [07/Jul/2025:21:22:54 +0700] "GET /chinh-sach-su-dung HTTP/1.1" 404 14100 "-" "PlayStore-Google"
72.14.199.128 - - [07/Jul/2025:21:23:04 +0700] "POST /wp-content/plugins/litespeed-cache/guest.vary.php HTTP/1.1" 200 6 "https://onesmart.com.vn/chinh-sach-su-dung" "PlayStore-Google"
72.14.199.128 - - [07/Jul/2025:21:23:05 +0700] "GET /wp-content/uploads/2019/05/arrow.png HTTP/1.1" 404 14143 "https://onesmart.com.vn/wp-content/litespeed/css/932c380413f16c9047070a983ff06393.css?ver=1cedb" "PlayStore-Google"
103.131.71.184 - - [07/Jul/2025:21:23:22 +0700] "GET /mobile/oxbetdubai.html HTTP/1.1" 200 973 "-" "Mozilla/5.0 (compatible; coccocbot-web/1.0; +http://help.coccoc.com/searchengine)"
40.77.167.14 - - [07/Jul/2025:21:23:37 +0700] "GET /news/6154327/ HTTP/2" 301 0 "-" "Mozilla/5.0 AppleWebKit/537.36 (KHTML, like Gecko; compatible; bingbot/2.0; +http://www.bing.com/bingbot.htm) Chrome/116.0.1938.76 Safari/537.36"
66.249.79.64 - - [07/Jul/2025:21:23:48 +0700] "GET /blocks-sitemap.xml HTTP/1.1" 200 353 "-" "Mozilla/5.0 (compatible; Googlebot/2.1; +http://www.google.com/bot.html)"
103.131.71.159 - - [07/Jul/2025:21:24:35 +0700] "GET /game/how-to-bet-on-1xbet-app.html HTTP/1.1" 200 973 "-" "Mozilla/5.0 (compatible; coccocbot-web/1.0; +http://help.coccoc.com/searchengine)"
103.131.71.159 - - [07/Jul/2025:21:24:45 +0700] "GET /order/website-domain-name.html HTTP/1.1" 200 973 "-" "Mozilla/5.0 (compatible; coccocbot-web/1.0; +http://help.coccoc.com/searchengine)"
103.131.71.159 - - [07/Jul/2025:21:25:15 +0700] "GET /app/witches-wealth-slot.html HTTP/1.1" 200 973 "-" "Mozilla/5.0 (compatible; coccocbot-web/1.0; +http://help.coccoc.com/searchengine)"
103.131.71.159 - - [07/Jul/2025:21:25:35 +0700] "GET /mobile/game-b%E1%BA%AFn-c%C3%A1-l%E1%BA%ADu.html HTTP/1.1" 200 973 "-" "Mozilla/5.0 (compatible; coccocbot-web/1.0; +http://help.coccoc.com/searchengine)"
103.131.71.154 - - [07/Jul/2025:21:26:41 +0700] "GET /hot/tai-iwin-phien-ban-pc.html HTTP/1.1" 200 973 "-" "Mozilla/5.0 (compatible; coccocbot-web/1.0; +http://help.coccoc.com/searchengine)"
103.57.221.79 - - [07/Jul/2025:21:27:45 +0700] "POST /wp-cron.php?doing_wp_cron=1751898465.7029809951782226562500 HTTP/1.1" 200 0 "-" "WordPress/6.8.1; https://onesmart.com.vn"
52.167.144.225 - - [07/Jul/2025:21:27:45 +0700] "GET /game/0754983/ HTTP/2" 404 14116 "-" "Mozilla/5.0 AppleWebKit/537.36 (KHTML, like Gecko; compatible; bingbot/2.0; +http://www.bing.com/bingbot.htm) Chrome/116.0.1938.76 Safari/537.36"
103.131.71.154 - - [07/Jul/2025:21:28:01 +0700] "GET /game/link-truy-c%E1%BA%ADp-8live.html HTTP/1.1" 200 973 "-" "Mozilla/5.0 (compatible; coccocbot-web/1.0; +http://help.coccoc.com/searchengine)"
103.131.71.141 - - [07/Jul/2025:21:28:52 +0700] "GET /hot/8bet-app-login.html HTTP/1.1" 200 973 "-" "Mozilla/5.0 (compatible; coccocbot-web/1.0; +http://help.coccoc.com/searchengine)"
103.131.71.141 - - [07/Jul/2025:21:29:02 +0700] "GET /hot/8kbet-8kbet.like.html HTTP/1.1" 200 973 "-" "Mozilla/5.0 (compatible; coccocbot-web/1.0; +http://help.coccoc.com/searchengine)"
103.131.71.141 - - [07/Jul/2025:21:29:22 +0700] "GET /hot/sport-bets.html HTTP/1.1" 200 973 "-" "Mozilla/5.0 (compatible; coccocbot-web/1.0; +http://help.coccoc.com/searchengine)"
103.57.221.79 - - [07/Jul/2025:21:31:38 +0700] "POST /wp-cron.php?doing_wp_cron=1751898698.0970060825347900390625 HTTP/1.1" 200 0 "-" "WordPress/6.8.1; https://onesmart.com.vn"
103.57.221.79 - - [07/Jul/2025:21:32:36 +0700] "POST /wp-cron.php?doing_wp_cron=1751898756.1971619129180908203125 HTTP/1.1" 200 0 "-" "WordPress/6.8.1; https://onesmart.com.vn"
66.249.79.65 - - [07/Jul/2025:21:32:35 +0700] "GET /news/socolive-link-to-socolive1 HTTP/1.1" 404 10744 "-" "Mozilla/5.0 (Linux; Android 6.0.1; Nexus 5X Build/MMB29P) AppleWebKit/537.36 (KHTML, like Gecko) Chrome/137.0.7151.103 Mobile Safari/537.36 (compatible; Googlebot/2.1; +http://www.google.com/bot.html)"
103.57.221.79 - - [07/Jul/2025:21:32:48 +0700] "POST /wp-cron.php?doing_wp_cron=1751898768.9890511035919189453125 HTTP/1.1" 200 0 "-" "WordPress/6.8.1; https://onesmart.com.vn"
52.167.144.177 - - [07/Jul/2025:21:33:21 +0700] "GET /order/hi88g.html HTTP/2" 301 0 "-" "Mozilla/5.0 AppleWebKit/537.36 (KHTML, like Gecko; compatible; bingbot/2.0; +http://www.bing.com/bingbot.htm) Chrome/116.0.1938.76 Safari/537.36"
47.128.16.159 - - [07/Jul/2025:21:36:04 +0700] "GET /CasinoWVuDfe/ HTTP/2" 404 10722 "-" "Mozilla/5.0 (Linux; Android 5.0) AppleWebKit/537.36 (KHTML, like Gecko) Mobile Safari/537.36 (compatible; TikTokSpider; ttspider-feedback@tiktok.com)"
47.128.16.159 - - [07/Jul/2025:21:36:05 +0700] "POST /wp-content/plugins/litespeed-cache/guest.vary.php HTTP/2" 200 20 "https://onesmart.com.vn/CasinoWVuDfe/" "Mozilla/5.0 (Linux; Android 5.0) AppleWebKit/537.36 (KHTML, like Gecko) Mobile Safari/537.36 (compatible; TikTokSpider; ttspider-feedback@tiktok.com)"
47.128.16.159 - - [07/Jul/2025:21:36:05 +0700] "GET /CasinoWVuDfe/ HTTP/2" 404 18385 "https://onesmart.com.vn/CasinoWVuDfe/" "Mozilla/5.0 (Linux; Android 5.0) AppleWebKit/537.36 (KHTML, like Gecko) Mobile Safari/537.36 (compatible; TikTokSpider; ttspider-feedback@tiktok.com)"
103.131.71.184 - - [07/Jul/2025:21:22:42 +0700] "GET /app/3-reel-slots-online.html HTTP/1.1" 200 973 "-" "Mozilla/5.0 (compatible; coccocbot-web/1.0; +http://help.coccoc.com/searchengine)"
103.57.221.79 - - [07/Jul/2025:21:22:54 +0700] "POST /wp-cron.php?doing_wp_cron=1751898174.8992259502410888671875 HTTP/1.1" 200 0 "-" "WordPress/6.8.1; https://onesmart.com.vn"
72.14.199.128 - - [07/Jul/2025:21:22:59 +0700] "GET /chinh-sach-su-dung HTTP/1.1" 404 14096 "-" "PlayStore-Google"
103.131.71.184 - - [07/Jul/2025:21:23:12 +0700] "GET /game/xsmb-tra-c%E1%BB%A9u.html HTTP/1.1" 200 973 "-" "Mozilla/5.0 (compatible; coccocbot-web/1.0; +http://help.coccoc.com/searchengine)"
103.57.221.79 - - [07/Jul/2025:21:23:37 +0700] "POST /wp-cron.php?doing_wp_cron=1751898217.6180279254913330078125 HTTP/1.1" 200 0 "-" "WordPress/6.8.1; https://onesmart.com.vn"
103.131.71.159 - - [07/Jul/2025:21:24:55 +0700] "GET /app/soi-c%E1%BA%A7u-b%E1%BA%A1ch-th%E1%BB%A7-kon-tum.html HTTP/1.1" 200 973 "-" "Mozilla/5.0 (compatible; coccocbot-web/1.0; +http://help.coccoc.com/searchengine)"
103.131.71.159 - - [07/Jul/2025:21:25:25 +0700] "GET /hot/b%E1%BA%AFn-c%C3%A1-bingo.html HTTP/1.1" 200 973 "-" "Mozilla/5.0 (compatible; coccocbot-web/1.0; +http://help.coccoc.com/searchengine)"
103.131.71.159 - - [07/Jul/2025:21:25:45 +0700] "GET /news/v9bet-t%C3%ACm-v%E1%BB%9Bi-google.html HTTP/1.1" 200 973 "-" "Mozilla/5.0 (compatible; coccocbot-web/1.0; +http://help.coccoc.com/searchengine)"
103.131.71.159 - - [07/Jul/2025:21:25:55 +0700] "GET /hot/jbo-company.html HTTP/1.1" 200 973 "-" "Mozilla/5.0 (compatible; coccocbot-web/1.0; +http://help.coccoc.com/searchengine)"
103.131.71.154 - - [07/Jul/2025:21:27:31 +0700] "GET /mobile/trucking-debet-nota.html HTTP/1.1" 200 973 "-" "Mozilla/5.0 (compatible; coccocbot-web/1.0; +http://help.coccoc.com/searchengine)"
103.131.71.141 - - [07/Jul/2025:21:29:32 +0700] "GET /mobile/7m-=-cn.html HTTP/1.1" 200 973 "-" "Mozilla/5.0 (compatible; coccocbot-web/1.0; +http://help.coccoc.com/searchengine)"
40.77.167.3 - - [07/Jul/2025:21:31:37 +0700] "GET /game/Luck88-H%C6%B0%E1%BB%9Bng-D%E1%BA%ABn-T%E1%BA%A3i-App-%C4%90%C4%83ng-Nh%E1%BA%ADp.html HTTP/2" 301 0 "-" "Mozilla/5.0 AppleWebKit/537.36 (KHTML, like Gecko; compatible; bingbot/2.0; +http://www.bing.com/bingbot.htm) Chrome/116.0.1938.76 Safari/537.36"
103.57.221.79 - - [07/Jul/2025:21:32:43 +0700] "POST /wp-cron.php?doing_wp_cron=1751898763.4484639167785644531250 HTTP/1.1" 200 0 "-" "WordPress/6.8.1; https://onesmart.com.vn"
52.167.144.177 - - [07/Jul/2025:21:32:43 +0700] "GET /news/th%E1%BB%91ng-k%C3%AA-gi%E1%BA%A3i-%C4%91%E1%BA%B7c-bi%E1%BB%87t-300-ng%C3%A0y HTTP/2" 301 0 "-" "Mozilla/5.0 AppleWebKit/537.36 (KHTML, like Gecko; compatible; bingbot/2.0; +http://www.bing.com/bingbot.htm) Chrome/116.0.1938.76 Safari/537.36"
103.131.71.154 - - [07/Jul/2025:21:27:41 +0700] "GET /news/bao-ghe-phong-nbet.html HTTP/1.1" 200 973 "-" "Mozilla/5.0 (compatible; coccocbot-web/1.0; +http://help.coccoc.com/searchengine)"
103.131.71.154 - - [07/Jul/2025:21:27:51 +0700] "GET /news/download-9club.html HTTP/1.1" 200 973 "-" "Mozilla/5.0 (compatible; coccocbot-web/1.0; +http://help.coccoc.com/searchengine)"
103.131.71.141 - - [07/Jul/2025:21:28:32 +0700] "GET /hot/1xbet-apk-last-version.html HTTP/1.1" 200 973 "-" "Mozilla/5.0 (compatible; coccocbot-web/1.0; +http://help.coccoc.com/searchengine)"
103.131.71.141 - - [07/Jul/2025:21:28:42 +0700] "GET /hot/1xbet-diretta.html HTTP/1.1" 200 973 "-" "Mozilla/5.0 (compatible; coccocbot-web/1.0; +http://help.coccoc.com/searchengine)"
103.131.71.141 - - [07/Jul/2025:21:29:12 +0700] "GET /hot/8xbet-c%C3%B3-h%E1%BB%A3p-ph%C3%A1p-kh%C3%B4ng.html HTTP/1.1" 200 973 "-" "Mozilla/5.0 (compatible; coccocbot-web/1.0; +http://help.coccoc.com/searchengine)"
103.131.71.141 - - [07/Jul/2025:21:29:42 +0700] "GET /mobile/m%C3%A3-quay-may-m%E1%BA%AFn-1xbet.html HTTP/1.1" 200 973 "-" "Mozilla/5.0 (compatible; coccocbot-web/1.0; +http://help.coccoc.com/searchengine)"
103.131.71.141 - - [07/Jul/2025:21:29:52 +0700] "GET /news/1xbet-peru.html HTTP/1.1" 200 973 "-" "Mozilla/5.0 (compatible; coccocbot-web/1.0; +http://help.coccoc.com/searchengine)"
103.131.71.141 - - [07/Jul/2025:21:30:02 +0700] "GET /news/online-live-casino.html HTTP/1.1" 200 973 "-" "Mozilla/5.0 (compatible; coccocbot-web/1.0; +http://help.coccoc.com/searchengine)"
103.57.221.79 - - [07/Jul/2025:21:31:25 +0700] "POST /wp-cron.php?doing_wp_cron=1751898685.5163979530334472656250 HTTP/1.1" 200 0 "-" "WordPress/6.8.1; https://onesmart.com.vn"
52.167.144.174 - - [07/Jul/2025:21:31:25 +0700] "GET /app/1634790/ HTTP/2" 404 14141 "-" "Mozilla/5.0 AppleWebKit/537.36 (KHTML, like Gecko; compatible; bingbot/2.0; +http://www.bing.com/bingbot.htm) Chrome/116.0.1938.76 Safari/537.36"
103.57.221.79 - - [07/Jul/2025:21:32:06 +0700] "POST /wp-cron.php?doing_wp_cron=1751898726.1361169815063476562500 HTTP/1.1" 200 0 "-" "WordPress/6.8.1; https://onesmart.com.vn"
40.77.167.10 - - [07/Jul/2025:21:32:05 +0700] "GET /news2025-03-19/1xbet-ghana-registration.html HTTP/2" 301 0 "-" "Mozilla/5.0 AppleWebKit/537.36 (KHTML, like Gecko; compatible; bingbot/2.0; +http://www.bing.com/bingbot.htm) Chrome/116.0.1938.76 Safari/537.36"
40.77.167.79 - - [07/Jul/2025:21:32:48 +0700] "GET /mobile2025-03-30/78win-08.html HTTP/2" 404 14156 "-" "Mozilla/5.0 AppleWebKit/537.36 (KHTML, like Gecko; compatible; bingbot/2.0; +http://www.bing.com/bingbot.htm) Chrome/116.0.1938.76 Safari/537.36"
103.57.221.79 - - [07/Jul/2025:21:33:36 +0700] "POST /wp-cron.php?doing_wp_cron=1751898816.6761128902435302734375 HTTP/1.1" 200 0 "-" "WordPress/6.8.1; https://onesmart.com.vn"
52.167.144.225 - - [07/Jul/2025:21:33:36 +0700] "GET /app/8693041/ HTTP/2" 404 14110 "-" "Mozilla/5.0 AppleWebKit/537.36 (KHTML, like Gecko; compatible; bingbot/2.0; +http://www.bing.com/bingbot.htm) Chrome/116.0.1938.76 Safari/537.36"
103.57.221.79 - - [07/Jul/2025:21:36:05 +0700] "POST /wp-cron.php?doing_wp_cron=1751898964.9965610504150390625000 HTTP/1.1" 200 0 "-" "WordPress/6.8.1; https://onesmart.com.vn"
52.167.144.20 - - [07/Jul/2025:21:40:52 +0700] "GET /app/6518792/ HTTP/2" 404 14142 "-" "Mozilla/5.0 AppleWebKit/537.36 (KHTML, like Gecko; compatible; bingbot/2.0; +http://www.bing.com/bingbot.htm) Chrome/116.0.1938.76 Safari/537.36"
40.77.167.70 - - [07/Jul/2025:21:41:15 +0700] "GET /san-pham/cua-cuon-khe-thoang-onedoor-n01/ HTTP/2" 200 24415 "-" "Mozilla/5.0 AppleWebKit/537.36 (KHTML, like Gecko; compatible; bingbot/2.0; +http://www.bing.com/bingbot.htm) Chrome/116.0.1938.76 Safari/537.36"
40.77.167.116 - - [07/Jul/2025:21:41:39 +0700] "GET /news/1xbet-mobile-cameroun.html HTTP/2" 404 14137 "-" "Mozilla/5.0 AppleWebKit/537.36 (KHTML, like Gecko; compatible; bingbot/2.0; +http://www.bing.com/bingbot.htm) Chrome/116.0.1938.76 Safari/537.36"
103.57.221.79 - - [07/Jul/2025:21:42:18 +0700] "POST /wp-cron.php?doing_wp_cron=1751899338.0889329910278320312500 HTTP/1.1" 200 0 "-" "WordPress/6.8.1; https://onesmart.com.vn"
185.179.24.35 - - [07/Jul/2025:21:42:21 +0700] "POST /xmlrpc.php HTTP/2" 406 779 "https://onesmart.com.vn" "Mozilla/5.0 (Macintosh; Intel Mac OS X 10_15_7) AppleWebKit/537.36 (KHTML, like Gecko) Chrome/116.0.5845.96 Safari/537.36"
52.167.144.177 - - [07/Jul/2025:21:44:20 +0700] "GET /app/4963180/ HTTP/2" 301 0 "-" "Mozilla/5.0 AppleWebKit/537.36 (KHTML, like Gecko; compatible; bingbot/2.0; +http://www.bing.com/bingbot.htm) Chrome/116.0.1938.76 Safari/537.36"
40.77.167.35 - - [07/Jul/2025:21:46:14 +0700] "GET /news/1907623/ HTTP/2" 301 0 "-" "Mozilla/5.0 AppleWebKit/537.36 (KHTML, like Gecko; compatible; bingbot/2.0; +http://www.bing.com/bingbot.htm) Chrome/116.0.1938.76 Safari/537.36"
40.77.167.70 - - [07/Jul/2025:21:48:08 +0700] "GET /news/9051324/ HTTP/2" 404 14146 "-" "Mozilla/5.0 AppleWebKit/537.36 (KHTML, like Gecko; compatible; bingbot/2.0; +http://www.bing.com/bingbot.htm) Chrome/116.0.1938.76 Safari/537.36"
66.249.79.65 - - [07/Jul/2025:21:49:23 +0700] "GET /news2025-03-19/www88-cuoc.html HTTP/1.1" 404 10741 "-" "Mozilla/5.0 (Linux; Android 6.0.1; Nexus 5X Build/MMB29P) AppleWebKit/537.36 (KHTML, like Gecko) Chrome/137.0.7151.103 Mobile Safari/537.36 (compatible; Googlebot/2.1; +http://www.google.com/bot.html)"
103.57.221.79 - - [07/Jul/2025:21:50:03 +0700] "POST /wp-cron.php?doing_wp_cron=1751899803.8505740165710449218750 HTTP/1.1" 200 0 "-" "WordPress/6.8.1; https://onesmart.com.vn"
66.249.79.65 - - [07/Jul/2025:21:50:03 +0700] "GET /app20250315/c%C3%A1ch-c%C6%B0%E1%BB%A3c-fb88.html HTTP/1.1" 404 10757 "-" "Mozilla/5.0 (Linux; Android 6.0.1; Nexus 5X Build/MMB29P) AppleWebKit/537.36 (KHTML, like Gecko) Chrome/137.0.7151.103 Mobile Safari/537.36 (compatible; Googlebot/2.1; +http://www.google.com/bot.html)"
40.77.167.3 - - [07/Jul/2025:21:50:11 +0700] "GET /news/0976184/ HTTP/2" 301 0 "-" "Mozilla/5.0 AppleWebKit/537.36 (KHTML, like Gecko; compatible; bingbot/2.0; +http://www.bing.com/bingbot.htm) Chrome/116.0.1938.76 Safari/537.36"
103.57.221.79 - - [07/Jul/2025:21:51:31 +0700] "POST /wp-cron.php?doing_wp_cron=1751899891.5854880809783935546875 HTTP/1.1" 200 0 "-" "WordPress/6.8.1; https://onesmart.com.vn"
103.57.221.79 - - [07/Jul/2025:21:52:14 +0700] "POST /wp-cron.php?doing_wp_cron=1751899934.6428060531616210937500 HTTP/1.1" 200 0 "-" "WordPress/6.8.1; https://onesmart.com.vn"
52.167.144.145 - - [07/Jul/2025:21:52:14 +0700] "GET /news/fun88-com-thailand HTTP/2" 301 0 "-" "Mozilla/5.0 AppleWebKit/537.36 (KHTML, like Gecko; compatible; bingbot/2.0; +http://www.bing.com/bingbot.htm) Chrome/116.0.1938.76 Safari/537.36"
40.77.167.17 - - [07/Jul/2025:21:54:25 +0700] "GET /app/4360927/ HTTP/2" 404 14127 "-" "Mozilla/5.0 AppleWebKit/537.36 (KHTML, like Gecko; compatible; bingbot/2.0; +http://www.bing.com/bingbot.htm) Chrome/116.0.1938.76 Safari/537.36"
103.57.221.79 - - [07/Jul/2025:21:54:45 +0700] "POST /wp-cron.php?doing_wp_cron=1751900085.8849771022796630859375 HTTP/1.1" 200 0 "-" "WordPress/6.8.1; https://onesmart.com.vn"
40.77.167.17 - - [07/Jul/2025:21:54:45 +0700] "GET /app/8132069/ HTTP/2" 404 14128 "-" "Mozilla/5.0 AppleWebKit/537.36 (KHTML, like Gecko; compatible; bingbot/2.0; +http://www.bing.com/bingbot.htm) Chrome/116.0.1938.76 Safari/537.36"
103.57.221.79 - - [07/Jul/2025:21:56:45 +0700] "POST /wp-cron.php?doing_wp_cron=1751900205.3094360828399658203125 HTTP/1.1" 200 0 "-" "WordPress/6.8.1; https://onesmart.com.vn"
103.57.221.79 - - [07/Jul/2025:22:01:08 +0700] "POST /wp-cron.php?doing_wp_cron=1751900468.1181230545043945312500 HTTP/1.1" 200 0 "-" "WordPress/6.8.1; https://onesmart.com.vn"
47.128.122.111 - - [07/Jul/2025:22:01:07 +0700] "GET /Casino_NQYSJ/ HTTP/2" 404 10726 "-" "Mozilla/5.0 (Linux; Android 5.0) AppleWebKit/537.36 (KHTML, like Gecko) Mobile Safari/537.36 (compatible; TikTokSpider; ttspider-feedback@tiktok.com)"
47.128.122.111 - - [07/Jul/2025:22:01:08 +0700] "GET /wp-content/litespeed/css/932c380413f16c9047070a983ff06393.css?ver=1cedb HTTP/2" 200 71468 "https://onesmart.com.vn/Casino_NQYSJ/" "Mozilla/5.0 (Linux; Android 5.0) AppleWebKit/537.36 (KHTML, like Gecko) Mobile Safari/537.36 (compatible; TikTokSpider; ttspider-feedback@tiktok.com)"
47.128.122.111 - - [07/Jul/2025:22:01:08 +0700] "POST /wp-content/plugins/litespeed-cache/guest.vary.php HTTP/2" 200 20 "https://onesmart.com.vn/Casino_NQYSJ/" "Mozilla/5.0 (Linux; Android 5.0) AppleWebKit/537.36 (KHTML, like Gecko) Mobile Safari/537.36 (compatible; TikTokSpider; ttspider-feedback@tiktok.com)"
47.128.122.111 - - [07/Jul/2025:22:01:08 +0700] "GET /Casino_NQYSJ/ HTTP/2" 404 18382 "https://onesmart.com.vn/Casino_NQYSJ/" "Mozilla/5.0 (Linux; Android 5.0) AppleWebKit/537.36 (KHTML, like Gecko) Mobile Safari/537.36 (compatible; TikTokSpider; ttspider-feedback@tiktok.com)"
47.128.122.111 - - [07/Jul/2025:22:01:09 +0700] "GET /wp-content/plugins/Simple-Contact//assets/css/style.css?ver=6.8.1 HTTP/2" 200 16591 "https://onesmart.com.vn/Casino_NQYSJ/" "Mozilla/5.0 (Linux; Android 5.0) AppleWebKit/537.36 (KHTML, like Gecko) Mobile Safari/537.36 (compatible; TikTokSpider; ttspider-feedback@tiktok.com)"
47.128.122.111 - - [07/Jul/2025:22:01:09 +0700] "GET /wp-content/plugins/related-posts-by-taxonomy/includes/assets/css/styles.css?ver=6.8.1 HTTP/2" 200 225 "https://onesmart.com.vn/Casino_NQYSJ/" "Mozilla/5.0 (Linux; Android 5.0) AppleWebKit/537.36 (KHTML, like Gecko) Mobile Safari/537.36 (compatible; TikTokSpider; ttspider-feedback@tiktok.com)"
47.128.122.111 - - [07/Jul/2025:22:01:09 +0700] "GET /wp-content/plugins/woocommerce/assets/css/brands.css?ver=9.9.5 HTTP/2" 200 579 "https://onesmart.com.vn/Casino_NQYSJ/" "Mozilla/5.0 (Linux; Android 5.0) AppleWebKit/537.36 (KHTML, like Gecko) Mobile Safari/537.36 (compatible; TikTokSpider; ttspider-feedback@tiktok.com)"
47.128.122.111 - - [07/Jul/2025:22:01:09 +0700] "GET /wp-content/plugins/wordpress-popular-posts/assets/css/wpp.css?ver=7.3.3 HTTP/2" 200 520 "https://onesmart.com.vn/Casino_NQYSJ/" "Mozilla/5.0 (Linux; Android 5.0) AppleWebKit/537.36 (KHTML, like Gecko) Mobile Safari/537.36 (compatible; TikTokSpider; ttspider-feedback@tiktok.com)"
47.128.122.111 - - [07/Jul/2025:22:01:09 +0700] "GET /wp-content/plugins/contact-form-7/includes/css/styles.css?ver=6.1 HTTP/2" 200 899 "https://onesmart.com.vn/Casino_NQYSJ/" "Mozilla/5.0 (Linux; Android 5.0) AppleWebKit/537.36 (KHTML, like Gecko) Mobile Safari/537.36 (compatible; TikTokSpider; ttspider-feedback@tiktok.com)"
47.128.122.111 - - [07/Jul/2025:22:01:09 +0700] "GET /wp-content/themes/flatsome/assets/css/flatsome.css?ver=3.17.7 HTTP/2" 200 28041 "https://onesmart.com.vn/Casino_NQYSJ/" "Mozilla/5.0 (Linux; Android 5.0) AppleWebKit/537.36 (KHTML, like Gecko) Mobile Safari/537.36 (compatible; TikTokSpider; ttspider-feedback@tiktok.com)"
47.128.122.111 - - [07/Jul/2025:22:01:09 +0700] "GET /wp-content/themes/flatsome/assets/css/flatsome-shop.css?ver=3.17.7 HTTP/2" 200 5385 "https://onesmart.com.vn/Casino_NQYSJ/" "Mozilla/5.0 (Linux; Android 5.0) AppleWebKit/537.36 (KHTML, like Gecko) Mobile Safari/537.36 (compatible; TikTokSpider; ttspider-feedback@tiktok.com)"
47.128.122.111 - - [07/Jul/2025:22:01:09 +0700] "GET /wp-content/themes/flatsome-child/style.css?ver=3.11.3 HTTP/2" 200 4237 "https://onesmart.com.vn/Casino_NQYSJ/" "Mozilla/5.0 (Linux; Android 5.0) AppleWebKit/537.36 (KHTML, like Gecko) Mobile Safari/537.36 (compatible; TikTokSpider; ttspider-feedback@tiktok.com)"
47.128.122.111 - - [07/Jul/2025:22:01:09 +0700] "GET /wp-content/plugins/woocommerce/assets/client/blocks/wc-blocks.css?ver=wc-9.9.5 HTTP/2" 200 2356 "https://onesmart.com.vn/Casino_NQYSJ/" "Mozilla/5.0 (Linux; Android 5.0) AppleWebKit/537.36 (KHTML, like Gecko) Mobile Safari/537.36 (compatible; TikTokSpider; ttspider-feedback@tiktok.com)"
103.57.221.79 - - [07/Jul/2025:22:01:43 +0700] "POST /wp-cron.php?doing_wp_cron=1751900503.6409959793090820312500 HTTP/1.1" 200 0 "-" "WordPress/6.8.1; https://onesmart.com.vn"
66.249.71.99 - - [07/Jul/2025:22:01:43 +0700] "GET /ads.txt HTTP/1.1" 404 14130 "-" "Mozilla/5.0 (compatible; Googlebot/2.1; +http://www.google.com/bot.html)"
47.128.121.108 - - [07/Jul/2025:21:42:17 +0700] "GET /CasinolKafq/ HTTP/2" 404 10727 "-" "Mozilla/5.0 (Linux; Android 5.0) AppleWebKit/537.36 (KHTML, like Gecko) Mobile Safari/537.36 (compatible; TikTokSpider; ttspider-feedback@tiktok.com)"
47.128.121.108 - - [07/Jul/2025:21:42:18 +0700] "POST /wp-content/plugins/litespeed-cache/guest.vary.php HTTP/2" 200 20 "https://onesmart.com.vn/CasinolKafq/" "Mozilla/5.0 (Linux; Android 5.0) AppleWebKit/537.36 (KHTML, like Gecko) Mobile Safari/537.36 (compatible; TikTokSpider; ttspider-feedback@tiktok.com)"
47.128.121.108 - - [07/Jul/2025:21:42:18 +0700] "GET /CasinolKafq/ HTTP/2" 404 18404 "https://onesmart.com.vn/CasinolKafq/" "Mozilla/5.0 (Linux; Android 5.0) AppleWebKit/537.36 (KHTML, like Gecko) Mobile Safari/537.36 (compatible; TikTokSpider; ttspider-feedback@tiktok.com)"
103.57.221.79 - - [07/Jul/2025:21:53:20 +0700] "POST /wp-cron.php?doing_wp_cron=1751900000.4503319263458251953125 HTTP/1.1" 200 0 "-" "WordPress/6.8.1; https://onesmart.com.vn"
40.77.167.79 - - [07/Jul/2025:21:54:29 +0700] "GET /game/4385170/ HTTP/2" 404 14113 "-" "Mozilla/5.0 AppleWebKit/537.36 (KHTML, like Gecko; compatible; bingbot/2.0; +http://www.bing.com/bingbot.htm) Chrome/116.0.1938.76 Safari/537.36"
66.249.79.65 - - [07/Jul/2025:21:56:44 +0700] "GET /news2025-03-23/n%E1%BA%A1p-ti%E1%BB%81n-12bet-thethao12.com.html HTTP/1.1" 404 10781 "-" "Mozilla/5.0 (Linux; Android 6.0.1; Nexus 5X Build/MMB29P) AppleWebKit/537.36 (KHTML, like Gecko) Chrome/137.0.7151.103 Mobile Safari/537.36 (compatible; Googlebot/2.1; +http://www.google.com/bot.html)"
103.57.221.79 - - [07/Jul/2025:21:40:53 +0700] "POST /wp-cron.php?doing_wp_cron=1751899253.0199151039123535156250 HTTP/1.1" 200 0 "-" "WordPress/6.8.1; https://onesmart.com.vn"
103.57.221.79 - - [07/Jul/2025:21:41:40 +0700] "POST /wp-cron.php?doing_wp_cron=1751899300.2255170345306396484375 HTTP/1.1" 200 0 "-" "WordPress/6.8.1; https://onesmart.com.vn"
103.57.221.79 - - [07/Jul/2025:21:44:20 +0700] "POST /wp-cron.php?doing_wp_cron=1751899460.6387391090393066406250 HTTP/1.1" 200 0 "-" "WordPress/6.8.1; https://onesmart.com.vn"
103.57.221.79 - - [07/Jul/2025:21:46:15 +0700] "POST /wp-cron.php?doing_wp_cron=1751899574.9989531040191650390625 HTTP/1.1" 200 0 "-" "WordPress/6.8.1; https://onesmart.com.vn"
103.57.221.79 - - [07/Jul/2025:21:48:08 +0700] "POST /wp-cron.php?doing_wp_cron=1751899688.8049609661102294921875 HTTP/1.1" 200 0 "-" "WordPress/6.8.1; https://onesmart.com.vn"
103.57.221.79 - - [07/Jul/2025:21:49:24 +0700] "POST /wp-cron.php?doing_wp_cron=1751899764.0458140373229980468750 HTTP/1.1" 200 0 "-" "WordPress/6.8.1; https://onesmart.com.vn"
66.249.79.66 - - [07/Jul/2025:21:50:04 +0700] "GET /news20250321/3king-_1994.html HTTP/1.1" 404 10738 "-" "Mozilla/5.0 (Linux; Android 6.0.1; Nexus 5X Build/MMB29P) AppleWebKit/537.36 (KHTML, like Gecko) Chrome/137.0.7151.103 Mobile Safari/537.36 (compatible; Googlebot/2.1; +http://www.google.com/bot.html)"
66.249.79.64 - - [07/Jul/2025:21:51:31 +0700] "GET /app20250316/R%C3%BAt-ti%E1%BB%81n-SUNBET.html HTTP/1.1" 404 10739 "-" "Mozilla/5.0 (Linux; Android 6.0.1; Nexus 5X Build/MMB29P) AppleWebKit/537.36 (KHTML, like Gecko) Chrome/137.0.7151.103 Mobile Safari/537.36 (compatible; Googlebot/2.1; +http://www.google.com/bot.html)"
52.167.144.20 - - [07/Jul/2025:21:53:20 +0700] "GET /news/fun88-link-trang-chu.html HTTP/2" 301 0 "-" "Mozilla/5.0 AppleWebKit/537.36 (KHTML, like Gecko; compatible; bingbot/2.0; +http://www.bing.com/bingbot.htm) Chrome/116.0.1938.76 Safari/537.36"
103.57.221.79 - - [07/Jul/2025:21:54:25 +0700] "POST /wp-cron.php?doing_wp_cron=1751900065.5769379138946533203125 HTTP/1.1" 200 0 "-" "WordPress/6.8.1; https://onesmart.com.vn"