D7net
Home
Console
Upload
information
Create File
Create Folder
About
Tools
:
/
home
/
fhblmjlrhosting
/
access-logs
/
Filename :
onesmart.com.vn.gsqqgwvb.000web.xyz-ssl_log
back
Copy
103.57.221.79 - - [07/Jul/2025:19:12:57 +0700] "POST /wp-cron.php?doing_wp_cron=1751890377.6222290992736816406250 HTTP/1.1" 200 0 "-" "WordPress/6.8.1; https://onesmart.com.vn"
47.128.121.103 - - [07/Jul/2025:19:12:57 +0700] "GET /CasinoWaVIdlL/ HTTP/2" 404 10746 "-" "Mozilla/5.0 (Linux; Android 5.0) AppleWebKit/537.36 (KHTML, like Gecko) Mobile Safari/537.36 (compatible; TikTokSpider; ttspider-feedback@tiktok.com)"
47.128.121.103 - - [07/Jul/2025:19:12:58 +0700] "POST /wp-content/plugins/litespeed-cache/guest.vary.php HTTP/2" 200 20 "https://onesmart.com.vn/CasinoWaVIdlL/" "Mozilla/5.0 (Linux; Android 5.0) AppleWebKit/537.36 (KHTML, like Gecko) Mobile Safari/537.36 (compatible; TikTokSpider; ttspider-feedback@tiktok.com)"
47.128.121.103 - - [07/Jul/2025:19:12:58 +0700] "GET /CasinoWaVIdlL/ HTTP/2" 404 18378 "https://onesmart.com.vn/CasinoWaVIdlL/" "Mozilla/5.0 (Linux; Android 5.0) AppleWebKit/537.36 (KHTML, like Gecko) Mobile Safari/537.36 (compatible; TikTokSpider; ttspider-feedback@tiktok.com)"
40.77.167.2 - - [07/Jul/2025:19:16:50 +0700] "GET /game20250401/du-doan-ket-qua-xo-so-da-nang-hom-nay.html HTTP/2" 404 14158 "-" "Mozilla/5.0 AppleWebKit/537.36 (KHTML, like Gecko; compatible; bingbot/2.0; +http://www.bing.com/bingbot.htm) Chrome/116.0.1938.76 Safari/537.36"
52.167.144.139 - - [07/Jul/2025:19:18:29 +0700] "GET /order2025-04-14/sport-bets-online.html HTTP/2" 301 0 "-" "Mozilla/5.0 AppleWebKit/537.36 (KHTML, like Gecko; compatible; bingbot/2.0; +http://www.bing.com/bingbot.htm) Chrome/116.0.1938.76 Safari/537.36"
103.57.221.79 - - [07/Jul/2025:19:19:20 +0700] "POST /wp-cron.php?doing_wp_cron=1751890760.4853389263153076171875 HTTP/1.1" 200 0 "-" "WordPress/6.8.1; https://onesmart.com.vn"
52.167.144.139 - - [07/Jul/2025:19:19:20 +0700] "GET /news/4350768/ HTTP/2" 301 0 "-" "Mozilla/5.0 AppleWebKit/537.36 (KHTML, like Gecko; compatible; bingbot/2.0; +http://www.bing.com/bingbot.htm) Chrome/116.0.1938.76 Safari/537.36"
103.57.221.79 - - [07/Jul/2025:19:25:09 +0700] "POST /wp-cron.php?doing_wp_cron=1751891109.2151739597320556640625 HTTP/1.1" 200 0 "-" "WordPress/6.8.1; https://onesmart.com.vn"
66.249.79.65 - - [07/Jul/2025:19:25:08 +0700] "GET /news20250321/w88-nh%C3%A0-c%C3%A1i-uy-t%C3%ADn.html HTTP/1.1" 404 10744 "-" "Mozilla/5.0 (Linux; Android 6.0.1; Nexus 5X Build/MMB29P) AppleWebKit/537.36 (KHTML, like Gecko) Chrome/137.0.7151.103 Mobile Safari/537.36 (compatible; Googlebot/2.1; +http://www.google.com/bot.html)"
66.249.79.65 - - [07/Jul/2025:19:25:09 +0700] "GET /app-ads.txt HTTP/1.1" 404 14118 "-" "Google-adstxt"
103.57.221.79 - - [07/Jul/2025:19:26:13 +0700] "POST /wp-cron.php?doing_wp_cron=1751891173.7803719043731689453125 HTTP/1.1" 200 0 "-" "WordPress/6.8.1; https://onesmart.com.vn"
40.77.167.151 - - [07/Jul/2025:19:27:01 +0700] "GET /news/6180523/ HTTP/2" 301 0 "-" "Mozilla/5.0 AppleWebKit/537.36 (KHTML, like Gecko; compatible; bingbot/2.0; +http://www.bing.com/bingbot.htm) Chrome/116.0.1938.76 Safari/537.36"
52.167.144.162 - - [07/Jul/2025:19:27:21 +0700] "GET /game/ch%E1%BB%91t-s%E1%BB%91-v%C3%A0o-b%E1%BB%9D HTTP/2" 301 0 "-" "Mozilla/5.0 AppleWebKit/537.36 (KHTML, like Gecko; compatible; bingbot/2.0; +http://www.bing.com/bingbot.htm) Chrome/116.0.1938.76 Safari/537.36"
47.128.121.52 - - [07/Jul/2025:19:31:42 +0700] "GET /Video_GtaMN/ HTTP/2" 404 10702 "-" "Mozilla/5.0 (Linux; Android 5.0) AppleWebKit/537.36 (KHTML, like Gecko) Mobile Safari/537.36 (compatible; TikTokSpider; ttspider-feedback@tiktok.com)"
47.128.121.52 - - [07/Jul/2025:19:31:43 +0700] "POST /wp-content/plugins/litespeed-cache/guest.vary.php HTTP/2" 200 20 "https://onesmart.com.vn/Video_GtaMN/" "Mozilla/5.0 (Linux; Android 5.0) AppleWebKit/537.36 (KHTML, like Gecko) Mobile Safari/537.36 (compatible; TikTokSpider; ttspider-feedback@tiktok.com)"
47.128.121.52 - - [07/Jul/2025:19:31:43 +0700] "GET /Video_GtaMN/ HTTP/2" 404 18351 "https://onesmart.com.vn/Video_GtaMN/" "Mozilla/5.0 (Linux; Android 5.0) AppleWebKit/537.36 (KHTML, like Gecko) Mobile Safari/537.36 (compatible; TikTokSpider; ttspider-feedback@tiktok.com)"
40.77.167.26 - - [07/Jul/2025:19:14:21 +0700] "GET /news/8641903/ HTTP/2" 301 0 "-" "Mozilla/5.0 AppleWebKit/537.36 (KHTML, like Gecko; compatible; bingbot/2.0; +http://www.bing.com/bingbot.htm) Chrome/116.0.1938.76 Safari/537.36"
103.57.221.79 - - [07/Jul/2025:19:16:10 +0700] "POST /wp-cron.php?doing_wp_cron=1751890570.6154420375823974609375 HTTP/1.1" 200 0 "-" "WordPress/6.8.1; https://onesmart.com.vn"
52.167.144.182 - - [07/Jul/2025:19:16:14 +0700] "GET /news/7258609/99vin-pc HTTP/2" 404 14148 "-" "Mozilla/5.0 AppleWebKit/537.36 (KHTML, like Gecko; compatible; bingbot/2.0; +http://www.bing.com/bingbot.htm) Chrome/116.0.1938.76 Safari/537.36"
103.57.221.79 - - [07/Jul/2025:19:18:29 +0700] "POST /wp-cron.php?doing_wp_cron=1751890709.4155879020690917968750 HTTP/1.1" 200 0 "-" "WordPress/6.8.1; https://onesmart.com.vn"
40.77.167.26 - - [07/Jul/2025:19:18:33 +0700] "GET /news/1754863/ HTTP/2" 301 0 "-" "Mozilla/5.0 AppleWebKit/537.36 (KHTML, like Gecko; compatible; bingbot/2.0; +http://www.bing.com/bingbot.htm) Chrome/116.0.1938.76 Safari/537.36"
103.57.221.79 - - [07/Jul/2025:19:27:01 +0700] "POST /wp-cron.php?doing_wp_cron=1751891221.7002029418945312500000 HTTP/1.1" 200 0 "-" "WordPress/6.8.1; https://onesmart.com.vn"
40.77.167.32 - - [07/Jul/2025:19:27:05 +0700] "GET /news/2514637/ HTTP/2" 301 0 "-" "Mozilla/5.0 AppleWebKit/537.36 (KHTML, like Gecko; compatible; bingbot/2.0; +http://www.bing.com/bingbot.htm) Chrome/116.0.1938.76 Safari/537.36"
103.57.221.79 - - [07/Jul/2025:19:27:59 +0700] "POST /wp-cron.php?doing_wp_cron=1751891279.4083609580993652343750 HTTP/1.1" 200 0 "-" "WordPress/6.8.1; https://onesmart.com.vn"
103.57.221.79 - - [07/Jul/2025:19:30:35 +0700] "POST /wp-cron.php?doing_wp_cron=1751891435.9807150363922119140625 HTTP/1.1" 200 0 "-" "WordPress/6.8.1; https://onesmart.com.vn"
52.167.144.213 - - [07/Jul/2025:19:30:35 +0700] "GET /news/9654371/ HTTP/2" 404 14124 "-" "Mozilla/5.0 AppleWebKit/537.36 (KHTML, like Gecko; compatible; bingbot/2.0; +http://www.bing.com/bingbot.htm) Chrome/116.0.1938.76 Safari/537.36"
103.57.221.79 - - [07/Jul/2025:19:30:50 +0700] "POST /wp-cron.php?doing_wp_cron=1751891450.8380670547485351562500 HTTP/1.1" 200 0 "-" "WordPress/6.8.1; https://onesmart.com.vn"
52.167.144.206 - - [07/Jul/2025:19:30:50 +0700] "GET /news/1403579/ HTTP/2" 404 14124 "-" "Mozilla/5.0 AppleWebKit/537.36 (KHTML, like Gecko; compatible; bingbot/2.0; +http://www.bing.com/bingbot.htm) Chrome/116.0.1938.76 Safari/537.36"
103.57.221.79 - - [07/Jul/2025:19:31:43 +0700] "POST /wp-cron.php?doing_wp_cron=1751891503.2743589878082275390625 HTTP/1.1" 200 0 "-" "WordPress/6.8.1; https://onesmart.com.vn"
103.57.221.79 - - [07/Jul/2025:19:31:44 +0700] "POST /wp-cron.php?doing_wp_cron=1751891504.1662240028381347656250 HTTP/1.1" 200 0 "-" "WordPress/6.8.1; https://onesmart.com.vn"
103.57.221.79 - - [07/Jul/2025:19:32:53 +0700] "POST /wp-cron.php?doing_wp_cron=1751891573.8132069110870361328125 HTTP/1.1" 200 0 "-" "WordPress/6.8.1; https://onesmart.com.vn"
103.57.221.79 - - [07/Jul/2025:19:37:12 +0700] "POST /wp-cron.php?doing_wp_cron=1751891832.6812119483947753906250 HTTP/1.1" 200 0 "-" "WordPress/6.8.1; https://onesmart.com.vn"
103.57.221.79 - - [07/Jul/2025:19:45:20 +0700] "POST /wp-cron.php?doing_wp_cron=1751892320.3839468955993652343750 HTTP/1.1" 200 0 "-" "WordPress/6.8.1; https://onesmart.com.vn"
47.128.121.154 - - [07/Jul/2025:19:45:19 +0700] "GET /VideornnlDy/ HTTP/2" 404 10730 "-" "Mozilla/5.0 (Linux; Android 5.0) AppleWebKit/537.36 (KHTML, like Gecko) Mobile Safari/537.36 (compatible; TikTokSpider; ttspider-feedback@tiktok.com)"
47.128.121.154 - - [07/Jul/2025:19:45:20 +0700] "GET /wp-content/litespeed/css/932c380413f16c9047070a983ff06393.css?ver=1cedb HTTP/2" 200 71468 "https://onesmart.com.vn/VideornnlDy/" "Mozilla/5.0 (Linux; Android 5.0) AppleWebKit/537.36 (KHTML, like Gecko) Mobile Safari/537.36 (compatible; TikTokSpider; ttspider-feedback@tiktok.com)"
47.128.121.154 - - [07/Jul/2025:19:45:21 +0700] "GET /wp-content/plugins/Simple-Contact/assets/images/widget_icon_zalo.svg HTTP/2" 206 500 "https://onesmart.com.vn/wp-content/litespeed/css/932c380413f16c9047070a983ff06393.css?ver=1cedb" "Mozilla/5.0 (Linux; Android 5.0) AppleWebKit/537.36 (KHTML, like Gecko) Mobile Safari/537.36 (compatible; TikTokSpider; ttspider-feedback@tiktok.com)"
47.128.121.154 - - [07/Jul/2025:19:45:21 +0700] "GET /wp-content/plugins/Simple-Contact/assets/images/widget_icon_messenger.svg HTTP/2" 206 500 "https://onesmart.com.vn/wp-content/litespeed/css/932c380413f16c9047070a983ff06393.css?ver=1cedb" "Mozilla/5.0 (Linux; Android 5.0) AppleWebKit/537.36 (KHTML, like Gecko) Mobile Safari/537.36 (compatible; TikTokSpider; ttspider-feedback@tiktok.com)"
47.128.121.154 - - [07/Jul/2025:19:45:21 +0700] "GET /wp-content/plugins/Simple-Contact/assets/images/widget_icon_click_to_call.svg HTTP/2" 206 500 "https://onesmart.com.vn/wp-content/litespeed/css/932c380413f16c9047070a983ff06393.css?ver=1cedb" "Mozilla/5.0 (Linux; Android 5.0) AppleWebKit/537.36 (KHTML, like Gecko) Mobile Safari/537.36 (compatible; TikTokSpider; ttspider-feedback@tiktok.com)"
47.128.121.154 - - [07/Jul/2025:19:45:21 +0700] "POST /wp-content/plugins/litespeed-cache/guest.vary.php HTTP/2" 200 20 "https://onesmart.com.vn/VideornnlDy/" "Mozilla/5.0 (Linux; Android 5.0) AppleWebKit/537.36 (KHTML, like Gecko) Mobile Safari/537.36 (compatible; TikTokSpider; ttspider-feedback@tiktok.com)"
47.128.121.154 - - [07/Jul/2025:19:45:21 +0700] "GET /VideornnlDy/ HTTP/2" 404 18383 "https://onesmart.com.vn/VideornnlDy/" "Mozilla/5.0 (Linux; Android 5.0) AppleWebKit/537.36 (KHTML, like Gecko) Mobile Safari/537.36 (compatible; TikTokSpider; ttspider-feedback@tiktok.com)"
47.128.121.154 - - [07/Jul/2025:19:45:21 +0700] "GET /wp-content/plugins/Simple-Contact//assets/css/style.css?ver=6.8.1 HTTP/2" 200 16591 "https://onesmart.com.vn/VideornnlDy/" "Mozilla/5.0 (Linux; Android 5.0) AppleWebKit/537.36 (KHTML, like Gecko) Mobile Safari/537.36 (compatible; TikTokSpider; ttspider-feedback@tiktok.com)"
47.128.121.154 - - [07/Jul/2025:19:45:21 +0700] "GET /wp-content/plugins/related-posts-by-taxonomy/includes/assets/css/styles.css?ver=6.8.1 HTTP/2" 200 225 "https://onesmart.com.vn/VideornnlDy/" "Mozilla/5.0 (Linux; Android 5.0) AppleWebKit/537.36 (KHTML, like Gecko) Mobile Safari/537.36 (compatible; TikTokSpider; ttspider-feedback@tiktok.com)"
47.128.121.154 - - [07/Jul/2025:19:45:21 +0700] "GET /wp-content/plugins/wordpress-popular-posts/assets/css/wpp.css?ver=7.3.3 HTTP/2" 200 520 "https://onesmart.com.vn/VideornnlDy/" "Mozilla/5.0 (Linux; Android 5.0) AppleWebKit/537.36 (KHTML, like Gecko) Mobile Safari/537.36 (compatible; TikTokSpider; ttspider-feedback@tiktok.com)"
47.128.121.154 - - [07/Jul/2025:19:45:21 +0700] "GET /wp-content/plugins/woocommerce/assets/css/brands.css?ver=9.9.5 HTTP/2" 200 579 "https://onesmart.com.vn/VideornnlDy/" "Mozilla/5.0 (Linux; Android 5.0) AppleWebKit/537.36 (KHTML, like Gecko) Mobile Safari/537.36 (compatible; TikTokSpider; ttspider-feedback@tiktok.com)"
47.128.121.154 - - [07/Jul/2025:19:45:21 +0700] "GET /wp-content/plugins/contact-form-7/includes/css/styles.css?ver=6.1 HTTP/2" 200 899 "https://onesmart.com.vn/VideornnlDy/" "Mozilla/5.0 (Linux; Android 5.0) AppleWebKit/537.36 (KHTML, like Gecko) Mobile Safari/537.36 (compatible; TikTokSpider; ttspider-feedback@tiktok.com)"
47.128.121.154 - - [07/Jul/2025:19:45:21 +0700] "GET /wp-content/themes/flatsome/assets/css/flatsome.css?ver=3.17.7 HTTP/2" 200 28041 "https://onesmart.com.vn/VideornnlDy/" "Mozilla/5.0 (Linux; Android 5.0) AppleWebKit/537.36 (KHTML, like Gecko) Mobile Safari/537.36 (compatible; TikTokSpider; ttspider-feedback@tiktok.com)"
47.128.121.154 - - [07/Jul/2025:19:45:21 +0700] "GET /wp-content/themes/flatsome-child/style.css?ver=3.11.3 HTTP/2" 200 4237 "https://onesmart.com.vn/VideornnlDy/" "Mozilla/5.0 (Linux; Android 5.0) AppleWebKit/537.36 (KHTML, like Gecko) Mobile Safari/537.36 (compatible; TikTokSpider; ttspider-feedback@tiktok.com)"
103.57.221.79 - - [07/Jul/2025:19:14:21 +0700] "POST /wp-cron.php?doing_wp_cron=1751890461.6880140304565429687500 HTTP/1.1" 200 0 "-" "WordPress/6.8.1; https://onesmart.com.vn"
40.77.167.2 - - [07/Jul/2025:19:16:10 +0700] "GET /news/4691583/ HTTP/2" 404 14111 "-" "Mozilla/5.0 AppleWebKit/537.36 (KHTML, like Gecko; compatible; bingbot/2.0; +http://www.bing.com/bingbot.htm) Chrome/116.0.1938.76 Safari/537.36"
103.57.221.79 - - [07/Jul/2025:19:16:50 +0700] "POST /wp-cron.php?doing_wp_cron=1751890610.9733269214630126953125 HTTP/1.1" 200 0 "-" "WordPress/6.8.1; https://onesmart.com.vn"
47.128.121.103 - - [07/Jul/2025:19:16:57 +0700] "GET /Casino_BLxIBob/ HTTP/2" 404 10753 "-" "Mozilla/5.0 (Linux; Android 5.0) AppleWebKit/537.36 (KHTML, like Gecko) Mobile Safari/537.36 (compatible; TikTokSpider; ttspider-feedback@tiktok.com)"
47.128.121.103 - - [07/Jul/2025:19:16:58 +0700] "POST /wp-content/plugins/litespeed-cache/guest.vary.php HTTP/2" 200 20 "https://onesmart.com.vn/Casino_BLxIBob/" "Mozilla/5.0 (Linux; Android 5.0) AppleWebKit/537.36 (KHTML, like Gecko) Mobile Safari/537.36 (compatible; TikTokSpider; ttspider-feedback@tiktok.com)"
47.128.121.103 - - [07/Jul/2025:19:16:58 +0700] "GET /Casino_BLxIBob/ HTTP/2" 404 18376 "https://onesmart.com.vn/Casino_BLxIBob/" "Mozilla/5.0 (Linux; Android 5.0) AppleWebKit/537.36 (KHTML, like Gecko) Mobile Safari/537.36 (compatible; TikTokSpider; ttspider-feedback@tiktok.com)"
103.57.221.79 - - [07/Jul/2025:19:18:33 +0700] "POST /wp-cron.php?doing_wp_cron=1751890713.8029620647430419921875 HTTP/1.1" 200 0 "-" "WordPress/6.8.1; https://onesmart.com.vn"
103.253.20.138 - - [07/Jul/2025:19:19:29 +0700] "POST /xmlrpc.php HTTP/2" 406 779 "https://onesmart.com.vn" "Mozilla/5.0 (Macintosh; Intel Mac OS X 10_15_7) AppleWebKit/537.36 (KHTML, like Gecko) Chrome/112.0.5615.138 Safari/537.36"
66.249.71.97 - - [07/Jul/2025:19:25:24 +0700] "GET /mobile/kubet-kubetuytin-com.html HTTP/1.1" 404 10727 "-" "Mozilla/5.0 (Linux; Android 6.0.1; Nexus 5X Build/MMB29P) AppleWebKit/537.36 (KHTML, like Gecko) Chrome/137.0.7151.103 Mobile Safari/537.36 (compatible; Googlebot/2.1; +http://www.google.com/bot.html)"
52.167.144.162 - - [07/Jul/2025:19:26:13 +0700] "GET /news/4760821/ HTTP/2" 301 0 "-" "Mozilla/5.0 AppleWebKit/537.36 (KHTML, like Gecko; compatible; bingbot/2.0; +http://www.bing.com/bingbot.htm) Chrome/116.0.1938.76 Safari/537.36"
66.249.79.64 - - [07/Jul/2025:19:26:16 +0700] "GET /news/michelle-kendricks-fun88.html HTTP/1.1" 404 10753 "-" "Mozilla/5.0 (Linux; Android 6.0.1; Nexus 5X Build/MMB29P) AppleWebKit/537.36 (KHTML, like Gecko) Chrome/137.0.7151.103 Mobile Safari/537.36 (compatible; Googlebot/2.1; +http://www.google.com/bot.html)"
52.167.144.201 - - [07/Jul/2025:19:27:58 +0700] "GET /app/2587306/ HTTP/2" 404 14118 "-" "Mozilla/5.0 AppleWebKit/537.36 (KHTML, like Gecko; compatible; bingbot/2.0; +http://www.bing.com/bingbot.htm) Chrome/116.0.1938.76 Safari/537.36"
66.249.71.99 - - [07/Jul/2025:19:32:53 +0700] "GET /hot2025-03-22/r%E1%BB%93ng-b%E1%BA%A1ch-kim-366.html HTTP/1.1" 404 10746 "-" "Mozilla/5.0 (Linux; Android 6.0.1; Nexus 5X Build/MMB29P) AppleWebKit/537.36 (KHTML, like Gecko) Chrome/137.0.7151.103 Mobile Safari/537.36 (compatible; Googlebot/2.1; +http://www.google.com/bot.html)"
103.57.221.79 - - [07/Jul/2025:19:37:37 +0700] "POST /wp-cron.php?doing_wp_cron=1751891857.7366769313812255859375 HTTP/1.1" 200 0 "-" "WordPress/6.8.1; https://onesmart.com.vn"
103.57.221.79 - - [07/Jul/2025:19:47:54 +0700] "POST /wp-cron.php?doing_wp_cron=1751892474.5269939899444580078125 HTTP/1.1" 200 0 "-" "WordPress/6.8.1; https://onesmart.com.vn"
103.57.221.79 - - [07/Jul/2025:19:52:22 +0700] "POST /wp-cron.php?doing_wp_cron=1751892742.9490540027618408203125 HTTP/1.1" 200 0 "-" "WordPress/6.8.1; https://onesmart.com.vn"
103.57.221.79 - - [07/Jul/2025:19:56:18 +0700] "POST /wp-cron.php?doing_wp_cron=1751892978.6599919795989990234375 HTTP/1.1" 200 0 "-" "WordPress/6.8.1; https://onesmart.com.vn"
47.128.121.154 - - [07/Jul/2025:19:45:21 +0700] "GET /wp-content/themes/flatsome/assets/css/flatsome-shop.css?ver=3.17.7 HTTP/2" 200 5385 "https://onesmart.com.vn/VideornnlDy/" "Mozilla/5.0 (Linux; Android 5.0) AppleWebKit/537.36 (KHTML, like Gecko) Mobile Safari/537.36 (compatible; TikTokSpider; ttspider-feedback@tiktok.com)"
47.128.121.154 - - [07/Jul/2025:19:45:21 +0700] "GET /wp-content/plugins/woocommerce/assets/client/blocks/wc-blocks.css?ver=wc-9.9.5 HTTP/2" 200 2356 "https://onesmart.com.vn/VideornnlDy/" "Mozilla/5.0 (Linux; Android 5.0) AppleWebKit/537.36 (KHTML, like Gecko) Mobile Safari/537.36 (compatible; TikTokSpider; ttspider-feedback@tiktok.com)"
47.128.121.154 - - [07/Jul/2025:19:45:21 +0700] "GET /wp-content/plugins/Simple-Contact//assets/images/widget_icon_zalo.svg HTTP/2" 206 500 "https://onesmart.com.vn/wp-content/plugins/Simple-Contact//assets/css/style.css?ver=6.8.1" "Mozilla/5.0 (Linux; Android 5.0) AppleWebKit/537.36 (KHTML, like Gecko) Mobile Safari/537.36 (compatible; TikTokSpider; ttspider-feedback@tiktok.com)"
47.128.121.154 - - [07/Jul/2025:19:45:21 +0700] "GET /wp-content/plugins/Simple-Contact//assets/images/widget_icon_messenger.svg HTTP/2" 206 500 "https://onesmart.com.vn/wp-content/plugins/Simple-Contact//assets/css/style.css?ver=6.8.1" "Mozilla/5.0 (Linux; Android 5.0) AppleWebKit/537.36 (KHTML, like Gecko) Mobile Safari/537.36 (compatible; TikTokSpider; ttspider-feedback@tiktok.com)"
47.128.121.154 - - [07/Jul/2025:19:45:21 +0700] "GET /wp-content/plugins/Simple-Contact//assets/images/widget_icon_click_to_call.svg HTTP/2" 206 500 "https://onesmart.com.vn/wp-content/plugins/Simple-Contact//assets/css/style.css?ver=6.8.1" "Mozilla/5.0 (Linux; Android 5.0) AppleWebKit/537.36 (KHTML, like Gecko) Mobile Safari/537.36 (compatible; TikTokSpider; ttspider-feedback@tiktok.com)"
40.77.167.33 - - [07/Jul/2025:19:47:54 +0700] "GET /app/7906412/ HTTP/2" 404 14114 "-" "Mozilla/5.0 AppleWebKit/537.36 (KHTML, like Gecko; compatible; bingbot/2.0; +http://www.bing.com/bingbot.htm) Chrome/116.0.1938.76 Safari/537.36"
103.57.221.79 - - [07/Jul/2025:19:49:32 +0700] "POST /wp-cron.php?doing_wp_cron=1751892572.1279759407043457031250 HTTP/1.1" 200 0 "-" "WordPress/6.8.1; https://onesmart.com.vn"
52.167.144.213 - - [07/Jul/2025:19:49:31 +0700] "GET /order20250406/%C4%90%C3%A1-g%C3%A0-m%E1%BA%ADu-binh-vip.html HTTP/2" 404 14139 "-" "Mozilla/5.0 AppleWebKit/537.36 (KHTML, like Gecko; compatible; bingbot/2.0; +http://www.bing.com/bingbot.htm) Chrome/116.0.1938.76 Safari/537.36"
52.167.144.213 - - [07/Jul/2025:19:52:22 +0700] "GET /game/2106498/ HTTP/2" 404 14127 "-" "Mozilla/5.0 AppleWebKit/537.36 (KHTML, like Gecko; compatible; bingbot/2.0; +http://www.bing.com/bingbot.htm) Chrome/116.0.1938.76 Safari/537.36"
47.128.96.145 - - [07/Jul/2025:19:56:18 +0700] "GET /VideoTlbLOh/ HTTP/2" 404 10720 "-" "Mozilla/5.0 (Linux; Android 5.0) AppleWebKit/537.36 (KHTML, like Gecko) Mobile Safari/537.36 (compatible; TikTokSpider; ttspider-feedback@tiktok.com)"
47.128.96.145 - - [07/Jul/2025:19:56:19 +0700] "POST /wp-content/plugins/litespeed-cache/guest.vary.php HTTP/2" 200 20 "https://onesmart.com.vn/VideoTlbLOh/" "Mozilla/5.0 (Linux; Android 5.0) AppleWebKit/537.36 (KHTML, like Gecko) Mobile Safari/537.36 (compatible; TikTokSpider; ttspider-feedback@tiktok.com)"
47.128.96.145 - - [07/Jul/2025:19:56:19 +0700] "GET /VideoTlbLOh/ HTTP/2" 404 18365 "https://onesmart.com.vn/VideoTlbLOh/" "Mozilla/5.0 (Linux; Android 5.0) AppleWebKit/537.36 (KHTML, like Gecko) Mobile Safari/537.36 (compatible; TikTokSpider; ttspider-feedback@tiktok.com)"
103.57.221.79 - - [07/Jul/2025:19:57:34 +0700] "POST /wp-cron.php?doing_wp_cron=1751893054.5822560787200927734375 HTTP/1.1" 200 0 "-" "WordPress/6.8.1; https://onesmart.com.vn"
103.131.71.45 - - [07/Jul/2025:19:58:26 +0700] "GET /wp-content/uploads/2024/12/Logo-NAT-1--e1734061345443.png HTTP/1.1" 304 0 "-" "Mozilla/5.0 (compatible; coccocbot-image/1.0; +http://help.coccoc.com/searchengine)"
52.167.144.162 - - [07/Jul/2025:19:32:02 +0700] "GET /news2025-04-11/b%C3%AD-k%C3%ADp-%C4%91%C3%A1-g%C3%A0 HTTP/2" 301 0 "-" "Mozilla/5.0 AppleWebKit/537.36 (KHTML, like Gecko; compatible; bingbot/2.0; +http://www.bing.com/bingbot.htm) Chrome/116.0.1938.76 Safari/537.36"
52.167.144.162 - - [07/Jul/2025:19:37:12 +0700] "GET /order20250403/slot-studio.html HTTP/2" 301 0 "-" "Mozilla/5.0 AppleWebKit/537.36 (KHTML, like Gecko; compatible; bingbot/2.0; +http://www.bing.com/bingbot.htm) Chrome/116.0.1938.76 Safari/537.36"
40.77.167.27 - - [07/Jul/2025:19:37:37 +0700] "GET /news20250314/tai-app-j88.html HTTP/2" 404 14144 "-" "Mozilla/5.0 AppleWebKit/537.36 (KHTML, like Gecko; compatible; bingbot/2.0; +http://www.bing.com/bingbot.htm) Chrome/116.0.1938.76 Safari/537.36"
103.57.221.79 - - [07/Jul/2025:19:45:45 +0700] "POST /wp-cron.php?doing_wp_cron=1751892345.6938209533691406250000 HTTP/1.1" 200 0 "-" "WordPress/6.8.1; https://onesmart.com.vn"
52.167.144.162 - - [07/Jul/2025:19:45:45 +0700] "GET /news/hotline-loto188 HTTP/2" 301 0 "-" "Mozilla/5.0 AppleWebKit/537.36 (KHTML, like Gecko; compatible; bingbot/2.0; +http://www.bing.com/bingbot.htm) Chrome/116.0.1938.76 Safari/537.36"
103.57.221.79 - - [07/Jul/2025:19:47:03 +0700] "POST /wp-cron.php?doing_wp_cron=1751892423.9753420352935791015625 HTTP/1.1" 200 0 "-" "WordPress/6.8.1; https://onesmart.com.vn"
52.167.144.213 - - [07/Jul/2025:19:47:03 +0700] "GET /game/3476520/ HTTP/2" 404 14140 "-" "Mozilla/5.0 AppleWebKit/537.36 (KHTML, like Gecko; compatible; bingbot/2.0; +http://www.bing.com/bingbot.htm) Chrome/116.0.1938.76 Safari/537.36"
158.69.227.204 - - [07/Jul/2025:19:47:42 +0700] "POST /xmlrpc.php HTTP/1.1" 406 779 "-" "Mozilla/5.0 (X11; Ubuntu; Linux x86_64; rv:85.0) Gecko/20100101 Firefox/91.0"
52.167.144.164 - - [07/Jul/2025:19:52:27 +0700] "GET /C/five-88-com.do HTTP/2" 404 14135 "-" "Mozilla/5.0 AppleWebKit/537.36 (KHTML, like Gecko; compatible; bingbot/2.0; +http://www.bing.com/bingbot.htm) Chrome/116.0.1938.76 Safari/537.36"
40.77.167.14 - - [07/Jul/2025:19:57:34 +0700] "GET /app/0857146/ HTTP/2" 404 14152 "-" "Mozilla/5.0 AppleWebKit/537.36 (KHTML, like Gecko; compatible; bingbot/2.0; +http://www.bing.com/bingbot.htm) Chrome/116.0.1938.76 Safari/537.36"
103.131.71.65 - - [07/Jul/2025:19:58:25 +0700] "GET /app/1xbet-clone-app-development.html HTTP/1.1" 200 973 "-" "Mozilla/5.0 (compatible; coccocbot-web/1.0; +http://help.coccoc.com/searchengine)"
103.57.221.79 - - [07/Jul/2025:19:58:57 +0700] "POST /wp-cron.php?doing_wp_cron=1751893137.9306468963623046875000 HTTP/1.1" 200 0 "-" "WordPress/6.8.1; https://onesmart.com.vn"
103.131.71.162 - - [07/Jul/2025:19:59:26 +0700] "GET /mobile/gestion-de-compte-1xbet.html HTTP/1.1" 200 973 "-" "Mozilla/5.0 (compatible; coccocbot-web/1.0; +http://help.coccoc.com/searchengine)"
40.77.167.14 - - [07/Jul/2025:19:59:33 +0700] "GET /news/7582416/ HTTP/2" 404 14149 "-" "Mozilla/5.0 AppleWebKit/537.36 (KHTML, like Gecko; compatible; bingbot/2.0; +http://www.bing.com/bingbot.htm) Chrome/116.0.1938.76 Safari/537.36"
103.131.71.162 - - [07/Jul/2025:19:59:46 +0700] "GET /news/1xbet-clone-app-development.html HTTP/1.1" 200 973 "-" "Mozilla/5.0 (compatible; coccocbot-web/1.0; +http://help.coccoc.com/searchengine)"
103.131.71.162 - - [07/Jul/2025:19:59:56 +0700] "GET /app/iwin-meaning.html HTTP/1.1" 200 973 "-" "Mozilla/5.0 (compatible; coccocbot-web/1.0; +http://help.coccoc.com/searchengine)"
103.131.71.162 - - [07/Jul/2025:20:00:06 +0700] "GET /app/tai-iwin-cho-win-xp.html HTTP/1.1" 200 973 "-" "Mozilla/5.0 (compatible; coccocbot-web/1.0; +http://help.coccoc.com/searchengine)"
103.57.221.79 - - [07/Jul/2025:20:00:15 +0700] "POST /wp-cron.php?doing_wp_cron=1751893215.2020399570465087890625 HTTP/1.1" 200 0 "-" "WordPress/6.8.1; https://onesmart.com.vn"
40.77.167.14 - - [07/Jul/2025:20:00:14 +0700] "GET /news/1xbet-original-app.html HTTP/2" 404 14157 "-" "Mozilla/5.0 AppleWebKit/537.36 (KHTML, like Gecko; compatible; bingbot/2.0; +http://www.bing.com/bingbot.htm) Chrome/116.0.1938.76 Safari/537.36"
103.131.71.65 - - [07/Jul/2025:19:58:45 +0700] "GET /hot/cau-3-cang-mien-bac.html HTTP/1.1" 200 973 "-" "Mozilla/5.0 (compatible; coccocbot-web/1.0; +http://help.coccoc.com/searchengine)"
40.77.167.50 - - [07/Jul/2025:19:58:57 +0700] "GET /news/4709561/ HTTP/2" 301 0 "-" "Mozilla/5.0 AppleWebKit/537.36 (KHTML, like Gecko; compatible; bingbot/2.0; +http://www.bing.com/bingbot.htm) Chrome/116.0.1938.76 Safari/537.36"
103.131.71.162 - - [07/Jul/2025:19:59:16 +0700] "GET /hot/update-1xbet-app.html HTTP/1.1" 200 973 "-" "Mozilla/5.0 (compatible; coccocbot-web/1.0; +http://help.coccoc.com/searchengine)"
103.57.221.79 - - [07/Jul/2025:19:59:33 +0700] "POST /wp-cron.php?doing_wp_cron=1751893173.4691579341888427734375 HTTP/1.1" 200 0 "-" "WordPress/6.8.1; https://onesmart.com.vn"
103.131.71.162 - - [07/Jul/2025:19:59:36 +0700] "GET /mobile/website-domain-name.html HTTP/1.1" 200 973 "-" "Mozilla/5.0 (compatible; coccocbot-web/1.0; +http://help.coccoc.com/searchengine)"
103.131.71.162 - - [07/Jul/2025:20:00:36 +0700] "GET /news/t%E1%BA%A3i-game-iwin-java.html HTTP/1.1" 200 973 "-" "Mozilla/5.0 (compatible; coccocbot-web/1.0; +http://help.coccoc.com/searchengine)"
103.131.71.162 - - [07/Jul/2025:20:00:46 +0700] "GET /order/dafabet-apk-download.html HTTP/1.1" 200 973 "-" "Mozilla/5.0 (compatible; coccocbot-web/1.0; +http://help.coccoc.com/searchengine)"
103.131.71.158 - - [07/Jul/2025:20:01:17 +0700] "GET /app/dafabet-abc.html HTTP/1.1" 200 973 "-" "Mozilla/5.0 (compatible; coccocbot-web/1.0; +http://help.coccoc.com/searchengine)"
40.77.167.10 - - [07/Jul/2025:20:01:25 +0700] "GET /order20250410/sky-club-pro-shooting.html HTTP/2" 301 0 "-" "Mozilla/5.0 AppleWebKit/537.36 (KHTML, like Gecko; compatible; bingbot/2.0; +http://www.bing.com/bingbot.htm) Chrome/116.0.1938.76 Safari/537.36"
103.131.71.158 - - [07/Jul/2025:20:01:27 +0700] "GET /order/i9bet-me.html HTTP/1.1" 200 973 "-" "Mozilla/5.0 (compatible; coccocbot-web/1.0; +http://help.coccoc.com/searchengine)"
103.57.221.79 - - [07/Jul/2025:20:02:19 +0700] "POST /wp-cron.php?doing_wp_cron=1751893339.2982840538024902343750 HTTP/1.1" 200 0 "-" "WordPress/6.8.1; https://onesmart.com.vn"
103.131.71.158 - - [07/Jul/2025:20:02:27 +0700] "GET /hot/i9bet-cn.html HTTP/1.1" 200 973 "-" "Mozilla/5.0 (compatible; coccocbot-web/1.0; +http://help.coccoc.com/searchengine)"
103.131.71.158 - - [07/Jul/2025:20:02:37 +0700] "GET /hot/sunwin-kubet.html HTTP/1.1" 200 973 "-" "Mozilla/5.0 (compatible; coccocbot-web/1.0; +http://help.coccoc.com/searchengine)"
103.131.71.158 - - [07/Jul/2025:20:02:47 +0700] "GET /mobile/dafabet-dafabet.fum.html HTTP/1.1" 200 973 "-" "Mozilla/5.0 (compatible; coccocbot-web/1.0; +http://help.coccoc.com/searchengine)"
103.131.71.70 - - [07/Jul/2025:20:03:48 +0700] "GET /news/i9bet-cn.html HTTP/1.1" 200 973 "-" "Mozilla/5.0 (compatible; coccocbot-web/1.0; +http://help.coccoc.com/searchengine)"
103.131.71.70 - - [07/Jul/2025:20:03:58 +0700] "GET /news/i9bet-me.html HTTP/1.1" 200 973 "-" "Mozilla/5.0 (compatible; coccocbot-web/1.0; +http://help.coccoc.com/searchengine)"
103.131.71.70 - - [07/Jul/2025:20:04:28 +0700] "GET /app/iwin-games.html HTTP/1.1" 200 973 "-" "Mozilla/5.0 (compatible; coccocbot-web/1.0; +http://help.coccoc.com/searchengine)"
103.131.71.70 - - [07/Jul/2025:20:04:48 +0700] "GET /game/iwin-ac.html HTTP/1.1" 200 973 "-" "Mozilla/5.0 (compatible; coccocbot-web/1.0; +http://help.coccoc.com/searchengine)"
103.131.71.232 - - [07/Jul/2025:20:05:19 +0700] "GET /order/game-iwin-casini-link.html HTTP/1.1" 200 973 "-" "Mozilla/5.0 (compatible; coccocbot-web/1.0; +http://help.coccoc.com/searchengine)"
103.131.71.232 - - [07/Jul/2025:20:05:29 +0700] "GET /hot/bk8-apponline.html HTTP/1.1" 200 973 "-" "Mozilla/5.0 (compatible; coccocbot-web/1.0; +http://help.coccoc.com/searchengine)"
103.131.71.232 - - [07/Jul/2025:20:05:49 +0700] "GET /hot/diamond-stars-slot-rtp.html HTTP/1.1" 200 973 "-" "Mozilla/5.0 (compatible; coccocbot-web/1.0; +http://help.coccoc.com/searchengine)"
103.131.71.162 - - [07/Jul/2025:20:00:16 +0700] "GET /hot/soi-keo-8live.html HTTP/1.1" 200 973 "-" "Mozilla/5.0 (compatible; coccocbot-web/1.0; +http://help.coccoc.com/searchengine)"
103.131.71.162 - - [07/Jul/2025:20:00:26 +0700] "GET /news/iwin-doi-thuong.html HTTP/1.1" 200 973 "-" "Mozilla/5.0 (compatible; coccocbot-web/1.0; +http://help.coccoc.com/searchengine)"
103.57.221.79 - - [07/Jul/2025:20:01:25 +0700] "POST /wp-cron.php?doing_wp_cron=1751893285.4249889850616455078125 HTTP/1.1" 200 0 "-" "WordPress/6.8.1; https://onesmart.com.vn"
103.131.71.158 - - [07/Jul/2025:20:01:37 +0700] "GET /app/sunwin-kubet.html HTTP/1.1" 200 973 "-" "Mozilla/5.0 (compatible; coccocbot-web/1.0; +http://help.coccoc.com/searchengine)"
103.131.71.158 - - [07/Jul/2025:20:01:47 +0700] "GET /game/i9bet-cn.html HTTP/1.1" 200 973 "-" "Mozilla/5.0 (compatible; coccocbot-web/1.0; +http://help.coccoc.com/searchengine)"
103.131.71.158 - - [07/Jul/2025:20:02:07 +0700] "GET /game/link-t%E1%BA%A3i-oxbet.html HTTP/1.1" 200 973 "-" "Mozilla/5.0 (compatible; coccocbot-web/1.0; +http://help.coccoc.com/searchengine)"
52.167.144.214 - - [07/Jul/2025:20:02:18 +0700] "GET /news/7308612/ HTTP/2" 404 14149 "-" "Mozilla/5.0 AppleWebKit/537.36 (KHTML, like Gecko; compatible; bingbot/2.0; +http://www.bing.com/bingbot.htm) Chrome/116.0.1938.76 Safari/537.36"
52.167.144.214 - - [07/Jul/2025:20:02:21 +0700] "GET /app/6345298/ HTTP/2" 404 14115 "-" "Mozilla/5.0 AppleWebKit/537.36 (KHTML, like Gecko; compatible; bingbot/2.0; +http://www.bing.com/bingbot.htm) Chrome/116.0.1938.76 Safari/537.36"
103.131.71.70 - - [07/Jul/2025:20:03:38 +0700] "GET /mobile/k8bet-viet.html HTTP/1.1" 200 973 "-" "Mozilla/5.0 (compatible; coccocbot-web/1.0; +http://help.coccoc.com/searchengine)"
103.131.71.70 - - [07/Jul/2025:20:04:08 +0700] "GET /news/shbet-casino-shbet.html HTTP/1.1" 200 973 "-" "Mozilla/5.0 (compatible; coccocbot-web/1.0; +http://help.coccoc.com/searchengine)"
103.131.71.70 - - [07/Jul/2025:20:04:38 +0700] "GET /order/deadwood-slot.html HTTP/1.1" 200 973 "-" "Mozilla/5.0 (compatible; coccocbot-web/1.0; +http://help.coccoc.com/searchengine)"
72.14.199.128 - - [07/Jul/2025:20:04:59 +0700] "GET /app20250322/gi%C3%A0y-iwin-impro--.html HTTP/1.1" 404 10763 "-" "Mozilla/5.0 (Linux; Android 6.0.1; Nexus 5X Build/MMB29P) AppleWebKit/537.36 (KHTML, like Gecko) Chrome/137.0.7151.103 Mobile Safari/537.36 (compatible; AdsBot-Google-Mobile; +http://www.google.com/mobile/adsbot.html)"
40.77.167.156 - - [07/Jul/2025:20:05:51 +0700] "GET /news/2340189/ HTTP/2" 301 0 "-" "Mozilla/5.0 AppleWebKit/537.36 (KHTML, like Gecko; compatible; bingbot/2.0; +http://www.bing.com/bingbot.htm) Chrome/116.0.1938.76 Safari/537.36"
103.131.71.147 - - [07/Jul/2025:20:07:30 +0700] "GET /news/deadwood-slot.html HTTP/1.1" 200 973 "-" "Mozilla/5.0 (compatible; coccocbot-web/1.0; +http://help.coccoc.com/searchengine)"
103.131.71.147 - - [07/Jul/2025:20:08:10 +0700] "GET /hot/du-doan-xs-daklak.html HTTP/1.1" 200 973 "-" "Mozilla/5.0 (compatible; coccocbot-web/1.0; +http://help.coccoc.com/searchengine)"
103.131.71.147 - - [07/Jul/2025:20:08:20 +0700] "GET /order/7ball.html HTTP/1.1" 200 973 "-" "Mozilla/5.0 (compatible; coccocbot-web/1.0; +http://help.coccoc.com/searchengine)"
103.131.71.147 - - [07/Jul/2025:20:08:40 +0700] "GET /order/download-1xbet-app-ios.html HTTP/1.1" 200 973 "-" "Mozilla/5.0 (compatible; coccocbot-web/1.0; +http://help.coccoc.com/searchengine)"
103.131.71.147 - - [07/Jul/2025:20:08:50 +0700] "GET /app/8xbet-kiw.html HTTP/1.1" 200 973 "-" "Mozilla/5.0 (compatible; coccocbot-web/1.0; +http://help.coccoc.com/searchengine)"
40.77.167.4 - - [07/Jul/2025:20:09:40 +0700] "GET /app/2305918/ HTTP/2" 404 14147 "-" "Mozilla/5.0 AppleWebKit/537.36 (KHTML, like Gecko; compatible; bingbot/2.0; +http://www.bing.com/bingbot.htm) Chrome/116.0.1938.76 Safari/537.36"
103.131.71.171 - - [07/Jul/2025:20:09:43 +0700] "GET /app/8xbet-trang-web.html HTTP/1.1" 200 973 "-" "Mozilla/5.0 (compatible; coccocbot-web/1.0; +http://help.coccoc.com/searchengine)"
103.131.71.65 - - [07/Jul/2025:19:58:05 +0700] "GET / HTTP/1.1" 200 973 "-" "Mozilla/5.0 (compatible; coccocbot-web/1.0; +http://help.coccoc.com/searchengine)"
103.131.71.65 - - [07/Jul/2025:19:58:15 +0700] "GET /order/1xbet-app-logo.html HTTP/1.1" 200 973 "-" "Mozilla/5.0 (compatible; coccocbot-web/1.0; +http://help.coccoc.com/searchengine)"
103.131.71.65 - - [07/Jul/2025:19:58:35 +0700] "GET /app/update-1xbet-app.html HTTP/1.1" 200 973 "-" "Mozilla/5.0 (compatible; coccocbot-web/1.0; +http://help.coccoc.com/searchengine)"
40.77.167.10 - - [07/Jul/2025:19:59:03 +0700] "GET /news/9156784/ HTTP/2" 301 0 "-" "Mozilla/5.0 AppleWebKit/537.36 (KHTML, like Gecko; compatible; bingbot/2.0; +http://www.bing.com/bingbot.htm) Chrome/116.0.1938.76 Safari/537.36"
103.131.71.158 - - [07/Jul/2025:20:01:57 +0700] "GET /game/i9bet-i9bet.shop.html HTTP/1.1" 200 973 "-" "Mozilla/5.0 (compatible; coccocbot-web/1.0; +http://help.coccoc.com/searchengine)"
103.131.71.158 - - [07/Jul/2025:20:02:17 +0700] "GET /game/sunwin-kubet.html HTTP/1.1" 200 973 "-" "Mozilla/5.0 (compatible; coccocbot-web/1.0; +http://help.coccoc.com/searchengine)"
103.131.71.70 - - [07/Jul/2025:20:03:18 +0700] "GET /mobile/i9bet-i9bet.shop.html HTTP/1.1" 200 973 "-" "Mozilla/5.0 (compatible; coccocbot-web/1.0; +http://help.coccoc.com/searchengine)"
103.131.71.70 - - [07/Jul/2025:20:03:28 +0700] "GET /mobile/i9bet-me.html HTTP/1.1" 200 973 "-" "Mozilla/5.0 (compatible; coccocbot-web/1.0; +http://help.coccoc.com/searchengine)"
103.131.71.70 - - [07/Jul/2025:20:04:18 +0700] "GET /news/tool-slot-xyz.html HTTP/1.1" 200 973 "-" "Mozilla/5.0 (compatible; coccocbot-web/1.0; +http://help.coccoc.com/searchengine)"
103.57.221.79 - - [07/Jul/2025:20:05:00 +0700] "POST /wp-cron.php?doing_wp_cron=1751893500.1650929450988769531250 HTTP/1.1" 200 0 "-" "WordPress/6.8.1; https://onesmart.com.vn"
103.131.71.232 - - [07/Jul/2025:20:05:39 +0700] "GET /order/iwin-games.html HTTP/1.1" 200 973 "-" "Mozilla/5.0 (compatible; coccocbot-web/1.0; +http://help.coccoc.com/searchengine)"
103.57.221.79 - - [07/Jul/2025:20:05:51 +0700] "POST /wp-cron.php?doing_wp_cron=1751893551.7726759910583496093750 HTTP/1.1" 200 0 "-" "WordPress/6.8.1; https://onesmart.com.vn"
103.131.71.232 - - [07/Jul/2025:20:06:09 +0700] "GET /hot/dragon-spin-slot-free-online.html HTTP/1.1" 200 973 "-" "Mozilla/5.0 (compatible; coccocbot-web/1.0; +http://help.coccoc.com/searchengine)"
103.131.71.232 - - [07/Jul/2025:20:06:19 +0700] "GET /hot/four-lucky-diamonds-slot.html HTTP/1.1" 200 973 "-" "Mozilla/5.0 (compatible; coccocbot-web/1.0; +http://help.coccoc.com/searchengine)"
103.131.71.232 - - [07/Jul/2025:20:06:39 +0700] "GET /mobile/bk8-sdt.com.html HTTP/1.1" 200 973 "-" "Mozilla/5.0 (compatible; coccocbot-web/1.0; +http://help.coccoc.com/searchengine)"
103.131.71.232 - - [07/Jul/2025:20:06:49 +0700] "GET /mobile/iwin-games.html HTTP/1.1" 200 973 "-" "Mozilla/5.0 (compatible; coccocbot-web/1.0; +http://help.coccoc.com/searchengine)"
103.131.71.147 - - [07/Jul/2025:20:07:20 +0700] "GET /news/bk8-lucky-wheel.html HTTP/1.1" 200 973 "-" "Mozilla/5.0 (compatible; coccocbot-web/1.0; +http://help.coccoc.com/searchengine)"
103.131.71.147 - - [07/Jul/2025:20:07:50 +0700] "GET /news/four-lucky-diamonds-slot.html HTTP/1.1" 200 973 "-" "Mozilla/5.0 (compatible; coccocbot-web/1.0; +http://help.coccoc.com/searchengine)"
103.131.71.147 - - [07/Jul/2025:20:08:30 +0700] "GET /app/3king-admin.html HTTP/1.1" 200 973 "-" "Mozilla/5.0 (compatible; coccocbot-web/1.0; +http://help.coccoc.com/searchengine)"
103.131.71.171 - - [07/Jul/2025:20:09:53 +0700] "GET /app/google-domains.html HTTP/1.1" 200 973 "-" "Mozilla/5.0 (compatible; coccocbot-web/1.0; +http://help.coccoc.com/searchengine)"
103.131.71.171 - - [07/Jul/2025:20:10:23 +0700] "GET /game/8xbet-trang-web.html HTTP/1.1" 200 973 "-" "Mozilla/5.0 (compatible; coccocbot-web/1.0; +http://help.coccoc.com/searchengine)"
103.131.71.171 - - [07/Jul/2025:20:10:33 +0700] "GET /game/live-7m-cn-vn2.html HTTP/1.1" 200 973 "-" "Mozilla/5.0 (compatible; coccocbot-web/1.0; +http://help.coccoc.com/searchengine)"
103.131.71.232 - - [07/Jul/2025:20:05:59 +0700] "GET /order/slot-gampang-maxwin.html HTTP/1.1" 200 973 "-" "Mozilla/5.0 (compatible; coccocbot-web/1.0; +http://help.coccoc.com/searchengine)"
103.131.71.232 - - [07/Jul/2025:20:06:29 +0700] "GET /hot/tool-slot-xyz.html HTTP/1.1" 200 973 "-" "Mozilla/5.0 (compatible; coccocbot-web/1.0; +http://help.coccoc.com/searchengine)"
103.131.71.147 - - [07/Jul/2025:20:07:40 +0700] "GET /news/diamond-stars-slot-rtp.html HTTP/1.1" 200 973 "-" "Mozilla/5.0 (compatible; coccocbot-web/1.0; +http://help.coccoc.com/searchengine)"
103.131.71.147 - - [07/Jul/2025:20:08:00 +0700] "GET /news/linear-slot.html HTTP/1.1" 200 973 "-" "Mozilla/5.0 (compatible; coccocbot-web/1.0; +http://help.coccoc.com/searchengine)"
103.131.71.171 - - [07/Jul/2025:20:09:33 +0700] "GET /order/google-domains.html HTTP/1.1" 200 973 "-" "Mozilla/5.0 (compatible; coccocbot-web/1.0; +http://help.coccoc.com/searchengine)"
103.57.221.79 - - [07/Jul/2025:20:09:40 +0700] "POST /wp-cron.php?doing_wp_cron=1751893780.6739819049835205078125 HTTP/1.1" 200 0 "-" "WordPress/6.8.1; https://onesmart.com.vn"
103.131.71.171 - - [07/Jul/2025:20:10:13 +0700] "GET /game/7ball-team.html HTTP/1.1" 200 973 "-" "Mozilla/5.0 (compatible; coccocbot-web/1.0; +http://help.coccoc.com/searchengine)"
103.131.71.171 - - [07/Jul/2025:20:10:43 +0700] "GET /hot/google-domains.html HTTP/1.1" 200 973 "-" "Mozilla/5.0 (compatible; coccocbot-web/1.0; +http://help.coccoc.com/searchengine)"
103.131.71.171 - - [07/Jul/2025:20:11:03 +0700] "GET /mobile/download-1xbet-app-ios.html HTTP/1.1" 200 973 "-" "Mozilla/5.0 (compatible; coccocbot-web/1.0; +http://help.coccoc.com/searchengine)"
103.131.71.82 - - [07/Jul/2025:20:11:34 +0700] "GET /game/c%C3%A1ch-b%E1%BA%AFn-c%C3%A1-zingplay.html HTTP/1.1" 200 973 "-" "Mozilla/5.0 (compatible; coccocbot-web/1.0; +http://help.coccoc.com/searchengine)"
103.131.71.82 - - [07/Jul/2025:20:11:54 +0700] "GET /game/sbobet-link-sbobet.html HTTP/1.1" 200 973 "-" "Mozilla/5.0 (compatible; coccocbot-web/1.0; +http://help.coccoc.com/searchengine)"
52.167.144.146 - - [07/Jul/2025:20:12:10 +0700] "GET /game/7358610/ HTTP/2" 404 14134 "-" "Mozilla/5.0 AppleWebKit/537.36 (KHTML, like Gecko; compatible; bingbot/2.0; +http://www.bing.com/bingbot.htm) Chrome/116.0.1938.76 Safari/537.36"
52.167.144.146 - - [07/Jul/2025:20:12:12 +0700] "GET /game/7583014/ HTTP/2" 404 14128 "-" "Mozilla/5.0 AppleWebKit/537.36 (KHTML, like Gecko; compatible; bingbot/2.0; +http://www.bing.com/bingbot.htm) Chrome/116.0.1938.76 Safari/537.36"
103.131.71.82 - - [07/Jul/2025:20:12:54 +0700] "GET /order/fabet-b%E1%BB%8B-s%E1%BA%ADp HTTP/1.1" 200 973 "-" "Mozilla/5.0 (compatible; coccocbot-web/1.0; +http://help.coccoc.com/searchengine)"
103.131.71.82 - - [07/Jul/2025:20:13:04 +0700] "GET /order/nu%C3%B4i-l%C3%B4-khung-3-ng%C3%A0y-chu%E1%BA%A9n.html HTTP/1.1" 200 973 "-" "Mozilla/5.0 (compatible; coccocbot-web/1.0; +http://help.coccoc.com/searchengine)"
52.167.144.146 - - [07/Jul/2025:20:13:31 +0700] "GET /news/3689710/ HTTP/2" 404 14158 "-" "Mozilla/5.0 AppleWebKit/537.36 (KHTML, like Gecko; compatible; bingbot/2.0; +http://www.bing.com/bingbot.htm) Chrome/116.0.1938.76 Safari/537.36"
103.131.71.237 - - [07/Jul/2025:20:13:45 +0700] "GET /order/thong-ke-tan-suat-loto-mien-bac HTTP/1.1" 200 973 "-" "Mozilla/5.0 (compatible; coccocbot-web/1.0; +http://help.coccoc.com/searchengine)"
103.131.71.237 - - [07/Jul/2025:20:14:15 +0700] "GET /order/cakhia1.tv-truc-tiep-bong-da.html HTTP/1.1" 200 973 "-" "Mozilla/5.0 (compatible; coccocbot-web/1.0; +http://help.coccoc.com/searchengine)"
103.131.71.237 - - [07/Jul/2025:20:14:35 +0700] "GET /hot/animevietsub.tv-app.html HTTP/1.1" 200 973 "-" "Mozilla/5.0 (compatible; coccocbot-web/1.0; +http://help.coccoc.com/searchengine)"
103.131.71.139 - - [07/Jul/2025:20:15:46 +0700] "GET /app/nuoi-lo-khung-1-ngay.html HTTP/1.1" 200 973 "-" "Mozilla/5.0 (compatible; coccocbot-web/1.0; +http://help.coccoc.com/searchengine)"
103.57.221.79 - - [07/Jul/2025:20:12:10 +0700] "POST /wp-cron.php?doing_wp_cron=1751893930.9144599437713623046875 HTTP/1.1" 200 0 "-" "WordPress/6.8.1; https://onesmart.com.vn"
103.131.71.82 - - [07/Jul/2025:20:12:24 +0700] "GET /game/bongdaxoilac.html HTTP/1.1" 200 973 "-" "Mozilla/5.0 (compatible; coccocbot-web/1.0; +http://help.coccoc.com/searchengine)"
103.131.71.82 - - [07/Jul/2025:20:12:44 +0700] "GET /hot/nha-cai-kubet HTTP/1.1" 200 973 "-" "Mozilla/5.0 (compatible; coccocbot-web/1.0; +http://help.coccoc.com/searchengine)"
103.131.71.237 - - [07/Jul/2025:20:13:35 +0700] "GET /hot/du-doan-kqxs-sieu-chinh-xac-nhat-hom-nay HTTP/1.1" 200 973 "-" "Mozilla/5.0 (compatible; coccocbot-web/1.0; +http://help.coccoc.com/searchengine)"
103.131.71.237 - - [07/Jul/2025:20:13:55 +0700] "GET /game/dafabet-download.html HTTP/1.1" 200 973 "-" "Mozilla/5.0 (compatible; coccocbot-web/1.0; +http://help.coccoc.com/searchengine)"
103.131.71.237 - - [07/Jul/2025:20:14:05 +0700] "GET /app/slot-pintu.html HTTP/1.1" 200 973 "-" "Mozilla/5.0 (compatible; coccocbot-web/1.0; +http://help.coccoc.com/searchengine)"
103.131.71.237 - - [07/Jul/2025:20:14:25 +0700] "GET /app/ty-so-7m-s2.html HTTP/1.1" 200 973 "-" "Mozilla/5.0 (compatible; coccocbot-web/1.0; +http://help.coccoc.com/searchengine)"
103.131.71.237 - - [07/Jul/2025:20:14:45 +0700] "GET /order/7m-cn-live-scores.html HTTP/1.1" 200 973 "-" "Mozilla/5.0 (compatible; coccocbot-web/1.0; +http://help.coccoc.com/searchengine)"
103.131.71.237 - - [07/Jul/2025:20:14:55 +0700] "GET /app/nu%C3%B4i-l%C3%B4-khung-2-ng%C3%A0y HTTP/1.1" 200 973 "-" "Mozilla/5.0 (compatible; coccocbot-web/1.0; +http://help.coccoc.com/searchengine)"
103.131.71.237 - - [07/Jul/2025:20:15:05 +0700] "GET /app/baccarat-tr%E1%BB%B1c-tuy%E1%BA%BFn-uy-t%C3%ADn.html HTTP/1.1" 200 973 "-" "Mozilla/5.0 (compatible; coccocbot-web/1.0; +http://help.coccoc.com/searchengine)"
103.131.71.139 - - [07/Jul/2025:20:15:36 +0700] "GET /hot/1xbet.com-live.html HTTP/1.1" 200 973 "-" "Mozilla/5.0 (compatible; coccocbot-web/1.0; +http://help.coccoc.com/searchengine)"
103.131.71.139 - - [07/Jul/2025:20:16:26 +0700] "GET /order/fabet-b%E1%BB%8B-b%E1%BA%AFt HTTP/1.1" 200 973 "-" "Mozilla/5.0 (compatible; coccocbot-web/1.0; +http://help.coccoc.com/searchengine)"
52.167.144.146 - - [07/Jul/2025:20:16:30 +0700] "GET /app/5302761/ HTTP/2" 404 14112 "-" "Mozilla/5.0 AppleWebKit/537.36 (KHTML, like Gecko; compatible; bingbot/2.0; +http://www.bing.com/bingbot.htm) Chrome/116.0.1938.76 Safari/537.36"
103.131.71.139 - - [07/Jul/2025:20:17:06 +0700] "GET /hot/quay-thu-xsmn.html HTTP/1.1" 200 973 "-" "Mozilla/5.0 (compatible; coccocbot-web/1.0; +http://help.coccoc.com/searchengine)"
103.57.221.79 - - [07/Jul/2025:20:16:13 +0700] "POST /wp-cron.php?doing_wp_cron=1751894173.2876870632171630859375 HTTP/1.1" 200 0 "-" "WordPress/6.8.1; https://onesmart.com.vn"
52.167.144.174 - - [07/Jul/2025:20:16:12 +0700] "GET /news/2710654/ HTTP/2" 404 14128 "-" "Mozilla/5.0 AppleWebKit/537.36 (KHTML, like Gecko; compatible; bingbot/2.0; +http://www.bing.com/bingbot.htm) Chrome/116.0.1938.76 Safari/537.36"
103.131.71.139 - - [07/Jul/2025:20:16:16 +0700] "GET /game/2-x-pci-slots HTTP/1.1" 200 973 "-" "Mozilla/5.0 (compatible; coccocbot-web/1.0; +http://help.coccoc.com/searchengine)"
103.131.71.139 - - [07/Jul/2025:20:16:36 +0700] "GET /app/sxmb-xsmb HTTP/1.1" 200 973 "-" "Mozilla/5.0 (compatible; coccocbot-web/1.0; +http://help.coccoc.com/searchengine)"
103.131.71.171 - - [07/Jul/2025:20:10:03 +0700] "GET /game/1xbet-apk-ios.html HTTP/1.1" 200 973 "-" "Mozilla/5.0 (compatible; coccocbot-web/1.0; +http://help.coccoc.com/searchengine)"
103.131.71.171 - - [07/Jul/2025:20:10:53 +0700] "GET /mobile/8xbet-network.html HTTP/1.1" 200 973 "-" "Mozilla/5.0 (compatible; coccocbot-web/1.0; +http://help.coccoc.com/searchengine)"
103.131.71.82 - - [07/Jul/2025:20:11:44 +0700] "GET /game/du-doan-xs-quang-binh.html HTTP/1.1" 200 973 "-" "Mozilla/5.0 (compatible; coccocbot-web/1.0; +http://help.coccoc.com/searchengine)"
103.131.71.82 - - [07/Jul/2025:20:12:04 +0700] "GET /order/login-1xbet-app.html HTTP/1.1" 200 973 "-" "Mozilla/5.0 (compatible; coccocbot-web/1.0; +http://help.coccoc.com/searchengine)"
103.131.71.82 - - [07/Jul/2025:20:12:14 +0700] "GET /game/ty-le-bong-da-7m.html HTTP/1.1" 200 973 "-" "Mozilla/5.0 (compatible; coccocbot-web/1.0; +http://help.coccoc.com/searchengine)"
103.131.71.82 - - [07/Jul/2025:20:12:34 +0700] "GET /hot/rechargement-1xbet-par-id.html HTTP/1.1" 200 973 "-" "Mozilla/5.0 (compatible; coccocbot-web/1.0; +http://help.coccoc.com/searchengine)"
103.57.221.79 - - [07/Jul/2025:20:13:32 +0700] "POST /wp-cron.php?doing_wp_cron=1751894012.2305860519409179687500 HTTP/1.1" 200 0 "-" "WordPress/6.8.1; https://onesmart.com.vn"
103.131.71.139 - - [07/Jul/2025:20:15:56 +0700] "GET /game/da-ga-truc-tiep-cam-pu HTTP/1.1" 200 973 "-" "Mozilla/5.0 (compatible; coccocbot-web/1.0; +http://help.coccoc.com/searchengine)"
103.131.71.139 - - [07/Jul/2025:20:16:06 +0700] "GET /app/happyluke-hzbm HTTP/1.1" 200 973 "-" "Mozilla/5.0 (compatible; coccocbot-web/1.0; +http://help.coccoc.com/searchengine)"
103.131.71.139 - - [07/Jul/2025:20:16:46 +0700] "GET /order/t%E1%BA%A3i-game-b%E1%BA%AFn-c%C3%A1-fishing-diary-hack.html HTTP/1.1" 200 973 "-" "Mozilla/5.0 (compatible; coccocbot-web/1.0; +http://help.coccoc.com/searchengine)"
103.131.71.139 - - [07/Jul/2025:20:16:56 +0700] "GET /hot/dang-nhap-mibet.html HTTP/1.1" 200 973 "-" "Mozilla/5.0 (compatible; coccocbot-web/1.0; +http://help.coccoc.com/searchengine)"
103.57.221.79 - - [07/Jul/2025:20:17:44 +0700] "POST /wp-cron.php?doing_wp_cron=1751894264.7230889797210693359375 HTTP/1.1" 200 0 "-" "WordPress/6.8.1; https://onesmart.com.vn"
103.131.71.167 - - [07/Jul/2025:20:18:11 +0700] "GET /news/slots-lv-bonus.html HTTP/1.1" 200 973 "-" "Mozilla/5.0 (compatible; coccocbot-web/1.0; +http://help.coccoc.com/searchengine)"
103.131.71.167 - - [07/Jul/2025:20:18:31 +0700] "GET /game/thienhabet-net HTTP/1.1" 200 973 "-" "Mozilla/5.0 (compatible; coccocbot-web/1.0; +http://help.coccoc.com/searchengine)"
103.131.71.167 - - [07/Jul/2025:20:19:21 +0700] "GET /hot/da-ga-truc-tiep.html HTTP/1.1" 200 973 "-" "Mozilla/5.0 (compatible; coccocbot-web/1.0; +http://help.coccoc.com/searchengine)"
103.57.221.79 - - [07/Jul/2025:20:19:25 +0700] "POST /wp-cron.php?doing_wp_cron=1751894365.2954649925231933593750 HTTP/1.1" 200 0 "-" "WordPress/6.8.1; https://onesmart.com.vn"
103.131.71.167 - - [07/Jul/2025:20:19:31 +0700] "GET /mobile/du-doan-xs-quang-nam-chinh-xac-nhat.html HTTP/1.1" 200 973 "-" "Mozilla/5.0 (compatible; coccocbot-web/1.0; +http://help.coccoc.com/searchengine)"
103.57.221.79 - - [07/Jul/2025:20:19:46 +0700] "POST /wp-cron.php?doing_wp_cron=1751894386.1666018962860107421875 HTTP/1.1" 200 0 "-" "WordPress/6.8.1; https://onesmart.com.vn"
40.77.167.69 - - [07/Jul/2025:20:19:45 +0700] "GET /news/5214689/ HTTP/2" 404 14075 "-" "Mozilla/5.0 AppleWebKit/537.36 (KHTML, like Gecko; compatible; bingbot/2.0; +http://www.bing.com/bingbot.htm) Chrome/116.0.1938.76 Safari/537.36"
103.57.221.79 - - [07/Jul/2025:20:21:00 +0700] "POST /wp-cron.php?doing_wp_cron=1751894460.4775469303131103515625 HTTP/1.1" 200 0 "-" "WordPress/6.8.1; https://onesmart.com.vn"
103.57.221.79 - - [07/Jul/2025:20:21:45 +0700] "POST /wp-cron.php?doing_wp_cron=1751894505.4166479110717773437500 HTTP/1.1" 200 0 "-" "WordPress/6.8.1; https://onesmart.com.vn"
103.57.221.79 - - [07/Jul/2025:20:28:25 +0700] "POST /wp-cron.php?doing_wp_cron=1751894905.9874520301818847656250 HTTP/1.1" 200 0 "-" "WordPress/6.8.1; https://onesmart.com.vn"
40.77.167.25 - - [07/Jul/2025:20:28:25 +0700] "GET /app/6024513/ HTTP/2" 404 14143 "-" "Mozilla/5.0 AppleWebKit/537.36 (KHTML, like Gecko; compatible; bingbot/2.0; +http://www.bing.com/bingbot.htm) Chrome/116.0.1938.76 Safari/537.36"
103.57.221.79 - - [07/Jul/2025:20:30:37 +0700] "POST /wp-cron.php?doing_wp_cron=1751895037.3248870372772216796875 HTTP/1.1" 200 0 "-" "WordPress/6.8.1; https://onesmart.com.vn"
194.195.113.17 - - [07/Jul/2025:20:30:41 +0700] "POST /xmlrpc.php HTTP/2" 406 779 "https://onesmart.com.vn" "Mozilla/5.0 (Macintosh; Intel Mac OS X 10_15_7; rv:126.0) Gecko/20100101 Firefox/126.0"
103.57.221.79 - - [07/Jul/2025:20:31:48 +0700] "POST /wp-cron.php?doing_wp_cron=1751895108.2720561027526855468750 HTTP/1.1" 200 0 "-" "WordPress/6.8.1; https://onesmart.com.vn"
103.57.221.79 - - [07/Jul/2025:20:35:33 +0700] "POST /wp-cron.php?doing_wp_cron=1751895333.2816579341888427734375 HTTP/1.1" 200 0 "-" "WordPress/6.8.1; https://onesmart.com.vn"
66.249.79.65 - - [07/Jul/2025:20:35:32 +0700] "GET /app/k%C3%AAnh-fb88.html HTTP/1.1" 404 10726 "-" "Mozilla/5.0 (Linux; Android 6.0.1; Nexus 5X Build/MMB29P) AppleWebKit/537.36 (KHTML, like Gecko) Chrome/137.0.7151.103 Mobile Safari/537.36 (compatible; Googlebot/2.1; +http://www.google.com/bot.html)"
103.57.221.79 - - [07/Jul/2025:20:36:06 +0700] "POST /wp-cron.php?doing_wp_cron=1751895366.6826860904693603515625 HTTP/1.1" 200 0 "-" "WordPress/6.8.1; https://onesmart.com.vn"
47.128.121.55 - - [07/Jul/2025:20:38:25 +0700] "GET /Videozwzay/ HTTP/2" 404 10716 "-" "Mozilla/5.0 (Linux; Android 5.0) AppleWebKit/537.36 (KHTML, like Gecko) Mobile Safari/537.36 (compatible; TikTokSpider; ttspider-feedback@tiktok.com)"
47.128.121.55 - - [07/Jul/2025:20:38:26 +0700] "POST /wp-content/plugins/litespeed-cache/guest.vary.php HTTP/2" 200 20 "https://onesmart.com.vn/Videozwzay/" "Mozilla/5.0 (Linux; Android 5.0) AppleWebKit/537.36 (KHTML, like Gecko) Mobile Safari/537.36 (compatible; TikTokSpider; ttspider-feedback@tiktok.com)"
