66.249.79.199 - - [07/Jul/2025:19:11:38 +0700] "GET /air-conditioning/appliances/Y536446946 HTTP/1.1" 200 20747 "-" "Mozilla/5.0 (Linux; Android 6.0.1; Nexus 5X Build/MMB29P) AppleWebKit/537.36 (KHTML, like Gecko) Chrome/137.0.7151.103 Mobile Safari/537.36 (compatible; Googlebot/2.1; +http://www.google.com/bot.html)"
57.141.2.16 - - [07/Jul/2025:19:11:41 +0700] "GET /db.php/shopdetail/outdoor-rods/O5363766658 HTTP/2" 200 39 "-" "meta-externalagent/1.1 (+https://developers.facebook.com/docs/sharing/webmasters/crawler)"
66.249.71.198 - - [07/Jul/2025:19:11:40 +0700] "GET /product/edit/57253098 HTTP/1.1" 200 21639 "-" "Mozilla/5.0 (Linux; Android 6.0.1; Nexus 5X Build/MMB29P) AppleWebKit/537.36 (KHTML, like Gecko) Chrome/137.0.7151.103 Mobile Safari/537.36 (compatible; Googlebot/2.1; +http://www.google.com/bot.html)"
66.249.71.197 - - [07/Jul/2025:19:11:41 +0700] "POST /get-message-notify HTTP/1.1" 200 20481 "https://shielddoor.vn/bicycles/motorcycles/R5291424232" "Mozilla/5.0 (Linux; Android 6.0.1; Nexus 5X Build/MMB29P) AppleWebKit/537.36 (KHTML, like Gecko) Chrome/137.0.7151.119 Mobile Safari/537.36 (compatible; Googlebot/2.1; +http://www.google.com/bot.html)"
66.249.79.199 - - [07/Jul/2025:19:11:41 +0700] "POST /get-message-notify HTTP/1.1" 200 20503 "https://shielddoor.vn/tablets/apple-watches/L5321188851" "Mozilla/5.0 (Linux; Android 6.0.1; Nexus 5X Build/MMB29P) AppleWebKit/537.36 (KHTML, like Gecko) Chrome/137.0.7151.119 Mobile Safari/537.36 (compatible; Googlebot/2.1; +http://www.google.com/bot.html)"
66.249.71.197 - - [07/Jul/2025:19:11:42 +0700] "GET /hobbies/guitars/U530905476 HTTP/1.1" 200 21731 "-" "Mozilla/5.0 (Linux; Android 6.0.1; Nexus 5X Build/MMB29P) AppleWebKit/537.36 (KHTML, like Gecko) Chrome/137.0.7151.103 Mobile Safari/537.36 (compatible; Googlebot/2.1; +http://www.google.com/bot.html)"
57.141.2.1 - - [07/Jul/2025:19:11:44 +0700] "GET /blu-ray/japanese-music/F536264466 HTTP/2" 200 0 "-" "meta-externalagent/1.1 (+https://developers.facebook.com/docs/sharing/webmasters/crawler)"
66.249.79.199 - - [07/Jul/2025:19:11:44 +0700] "GET /computers/pc-peripherals/S533880517 HTTP/1.1" 200 20598 "-" "Mozilla/5.0 (Linux; Android 6.0.1; Nexus 5X Build/MMB29P) AppleWebKit/537.36 (KHTML, like Gecko) Chrome/137.0.7151.103 Mobile Safari/537.36 (compatible; Googlebot/2.1; +http://www.google.com/bot.html)"
57.141.2.2 - - [07/Jul/2025:19:11:47 +0700] "GET /daily-necessities/bulk-sales/A5301293491 HTTP/2" 200 0 "-" "meta-externalagent/1.1 (+https://developers.facebook.com/docs/sharing/webmasters/crawler)"
66.249.79.199 - - [07/Jul/2025:19:11:47 +0700] "POST /get-message-notify HTTP/1.1" 200 20482 "https://shielddoor.vn/hobbies/guitars/U530905476" "Mozilla/5.0 (Linux; Android 6.0.1; Nexus 5X Build/MMB29P) AppleWebKit/537.36 (KHTML, like Gecko) Chrome/137.0.7151.119 Mobile Safari/537.36 (compatible; Googlebot/2.1; +http://www.google.com/bot.html)"
57.141.2.22 - - [07/Jul/2025:19:11:49 +0700] "GET /cosmetics/skincare/Z5311659979 HTTP/2" 200 0 "-" "meta-externalagent/1.1 (+https://developers.facebook.com/docs/sharing/webmasters/crawler)"
52.167.144.210 - - [07/Jul/2025:19:11:52 +0700] "GET /tools/packing/E5312101253 HTTP/2" 200 0 "-" "Mozilla/5.0 AppleWebKit/537.36 (KHTML, like Gecko; compatible; bingbot/2.0; +http://www.bing.com/bingbot.htm) Chrome/116.0.1938.76 Safari/537.36"
66.249.79.198 - - [07/Jul/2025:19:11:46 +0700] "GET /category/7834/listing HTTP/1.1" 200 20871 "-" "Mozilla/5.0 (Linux; Android 6.0.1; Nexus 5X Build/MMB29P) AppleWebKit/537.36 (KHTML, like Gecko) Chrome/137.0.7151.103 Mobile Safari/537.36 (compatible; Googlebot/2.1; +http://www.google.com/bot.html)"
57.141.2.10 - - [07/Jul/2025:19:11:49 +0700] "GET /handicrafts/calligraphy/F5371375867 HTTP/2" 200 0 "-" "meta-externalagent/1.1 (+https://developers.facebook.com/docs/sharing/webmasters/crawler)"
66.249.71.200 - - [07/Jul/2025:19:11:48 +0700] "GET /diy/wrenches/E5351651434 HTTP/1.1" 200 20291 "-" "Mozilla/5.0 (Linux; Android 6.0.1; Nexus 5X Build/MMB29P) AppleWebKit/537.36 (KHTML, like Gecko) Chrome/137.0.7151.103 Mobile Safari/537.36 (compatible; Googlebot/2.1; +http://www.google.com/bot.html)"
57.141.2.24 - - [07/Jul/2025:19:11:51 +0700] "GET /cds/asia/M5302429719 HTTP/2" 200 0 "-" "meta-externalagent/1.1 (+https://developers.facebook.com/docs/sharing/webmasters/crawler)"
66.249.79.198 - - [07/Jul/2025:19:11:50 +0700] "GET /home-appliances/dishwasher/U5313558340 HTTP/1.1" 200 20248 "-" "Mozilla/5.0 (Linux; Android 6.0.1; Nexus 5X Build/MMB29P) AppleWebKit/537.36 (KHTML, like Gecko) Chrome/137.0.7151.103 Mobile Safari/537.36 (compatible; Googlebot/2.1; +http://www.google.com/bot.html)"
66.249.79.197 - - [07/Jul/2025:19:11:51 +0700] "GET /fashion/bags/F5293415007 HTTP/1.1" 200 21431 "-" "Mozilla/5.0 (Linux; Android 6.0.1; Nexus 5X Build/MMB29P) AppleWebKit/537.36 (KHTML, like Gecko) Chrome/137.0.7151.103 Mobile Safari/537.36 (compatible; Googlebot/2.1; +http://www.google.com/bot.html)"
66.249.79.198 - - [07/Jul/2025:19:11:54 +0700] "POST /get-message-notify HTTP/1.1" 200 20461 "https://shielddoor.vn/diy/wrenches/E5351651434" "Mozilla/5.0 (Linux; Android 6.0.1; Nexus 5X Build/MMB29P) AppleWebKit/537.36 (KHTML, like Gecko) Chrome/137.0.7151.119 Mobile Safari/537.36 (compatible; Googlebot/2.1; +http://www.google.com/bot.html)"
66.249.79.197 - - [07/Jul/2025:19:11:56 +0700] "GET /daily-necessities/bulk-sales/V5361912430 HTTP/1.1" 200 20253 "-" "Mozilla/5.0 (Linux; Android 6.0.1; Nexus 5X Build/MMB29P) AppleWebKit/537.36 (KHTML, like Gecko) Chrome/137.0.7151.103 Mobile Safari/537.36 (compatible; Googlebot/2.1; +http://www.google.com/bot.html)"
66.249.79.197 - - [07/Jul/2025:19:11:57 +0700] "GET /alcohol/drinks/H536788053 HTTP/1.1" 200 20307 "-" "Mozilla/5.0 (Linux; Android 6.0.1; Nexus 5X Build/MMB29P) AppleWebKit/537.36 (KHTML, like Gecko) Chrome/137.0.7151.103 Mobile Safari/537.36 (compatible; Googlebot/2.1; +http://www.google.com/bot.html)"
66.249.79.198 - - [07/Jul/2025:19:12:00 +0700] "GET /outdoor/outdoors/V5381977181 HTTP/1.1" 200 20587 "-" "Mozilla/5.0 (Linux; Android 6.0.1; Nexus 5X Build/MMB29P) AppleWebKit/537.36 (KHTML, like Gecko) Chrome/137.0.7151.103 Mobile Safari/537.36 (compatible; Googlebot/2.1; +http://www.google.com/bot.html)"
57.141.2.25 - - [07/Jul/2025:19:12:01 +0700] "GET /audio/audio-equipment/E5361248403 HTTP/2" 200 0 "-" "meta-externalagent/1.1 (+https://developers.facebook.com/docs/sharing/webmasters/crawler)"
57.141.2.26 - - [07/Jul/2025:19:12:02 +0700] "GET /db.php/shopdetail/outdoor-outdoors/L536893065 HTTP/2" 200 39 "-" "meta-externalagent/1.1 (+https://developers.facebook.com/docs/sharing/webmasters/crawler)"
66.249.79.197 - - [07/Jul/2025:19:12:02 +0700] "GET /toys/25d/A5373700790 HTTP/1.1" 200 20244 "-" "Mozilla/5.0 (Linux; Android 6.0.1; Nexus 5X Build/MMB29P) AppleWebKit/537.36 (KHTML, like Gecko) Chrome/137.0.7151.103 Mobile Safari/537.36 (compatible; Googlebot/2.1; +http://www.google.com/bot.html)"
57.141.2.8 - - [07/Jul/2025:19:12:04 +0700] "GET /fashion/outerwear/Q5344073608 HTTP/2" 200 0 "-" "meta-externalagent/1.1 (+https://developers.facebook.com/docs/sharing/webmasters/crawler)"
57.141.2.25 - - [07/Jul/2025:19:11:53 +0700] "GET /tablets/smartphones/J5361912000 HTTP/2" 200 0 "-" "meta-externalagent/1.1 (+https://developers.facebook.com/docs/sharing/webmasters/crawler)"
66.249.79.200 - - [07/Jul/2025:19:11:52 +0700] "GET /fashion/tops/L5373517655 HTTP/1.1" 200 21026 "-" "Mozilla/5.0 (Linux; Android 6.0.1; Nexus 5X Build/MMB29P) AppleWebKit/537.36 (KHTML, like Gecko) Chrome/137.0.7151.103 Mobile Safari/537.36 (compatible; Googlebot/2.1; +http://www.google.com/bot.html)"
66.249.79.200 - - [07/Jul/2025:19:11:55 +0700] "GET /tv/audio-equipment/M538658335 HTTP/1.1" 200 20843 "-" "Mozilla/5.0 (Linux; Android 6.0.1; Nexus 5X Build/MMB29P) AppleWebKit/537.36 (KHTML, like Gecko) Chrome/137.0.7151.103 Mobile Safari/537.36 (compatible; Googlebot/2.1; +http://www.google.com/bot.html)"
57.141.2.1 - - [07/Jul/2025:19:11:58 +0700] "GET /sports/skateboards/E533335699 HTTP/2" 200 0 "-" "meta-externalagent/1.1 (+https://developers.facebook.com/docs/sharing/webmasters/crawler)"
57.141.2.27 - - [07/Jul/2025:19:11:59 +0700] "GET /sports/clubs/D5312761704 HTTP/2" 200 0 "-" "meta-externalagent/1.1 (+https://developers.facebook.com/docs/sharing/webmasters/crawler)"
66.249.79.199 - - [07/Jul/2025:19:11:58 +0700] "POST /get-message-notify HTTP/1.1" 200 20481 "https://shielddoor.vn/tv/audio-equipment/M538658335" "Mozilla/5.0 (Linux; Android 6.0.1; Nexus 5X Build/MMB29P) AppleWebKit/537.36 (KHTML, like Gecko) Chrome/137.0.7151.119 Mobile Safari/537.36 (compatible; Googlebot/2.1; +http://www.google.com/bot.html)"
66.249.79.199 - - [07/Jul/2025:19:12:03 +0700] "GET /fishing/rods/S5363869437 HTTP/1.1" 200 20496 "-" "Mozilla/5.0 (Linux; Android 6.0.1; Nexus 5X Build/MMB29P) AppleWebKit/537.36 (KHTML, like Gecko) Chrome/137.0.7151.103 Mobile Safari/537.36 (compatible; Googlebot/2.1; +http://www.google.com/bot.html)"
57.141.2.3 - - [07/Jul/2025:19:12:07 +0700] "GET /cosmetics/unisex-perfumes/B5372662123 HTTP/2" 200 0 "-" "meta-externalagent/1.1 (+https://developers.facebook.com/docs/sharing/webmasters/crawler)"
66.249.71.197 - - [07/Jul/2025:19:12:12 +0700] "POST /get-message-notify HTTP/1.1" 200 20491 "https://shielddoor.vn/beauty/sa-simple/U531620043" "Mozilla/5.0 (Linux; Android 6.0.1; Nexus 5X Build/MMB29P) AppleWebKit/537.36 (KHTML, like Gecko) Chrome/137.0.7151.119 Mobile Safari/537.36 (compatible; Googlebot/2.1; +http://www.google.com/bot.html)"
66.249.71.197 - - [07/Jul/2025:19:12:16 +0700] "GET /tv/cameras/E5311479879 HTTP/1.1" 200 21635 "-" "Mozilla/5.0 (Linux; Android 6.0.1; Nexus 5X Build/MMB29P) AppleWebKit/537.36 (KHTML, like Gecko) Chrome/137.0.7151.103 Mobile Safari/537.36 (compatible; Googlebot/2.1; +http://www.google.com/bot.html)"
57.141.2.30 - - [07/Jul/2025:19:12:21 +0700] "GET /db.php/shopdetail/tablets-mac-desktop/L5373228949 HTTP/2" 200 39 "-" "meta-externalagent/1.1 (+https://developers.facebook.com/docs/sharing/webmasters/crawler)"
66.249.79.197 - - [07/Jul/2025:19:12:20 +0700] "GET /diy/boat-bottom-paint/P5312228582 HTTP/1.1" 200 20899 "-" "Mozilla/5.0 (Linux; Android 6.0.1; Nexus 5X Build/MMB29P) AppleWebKit/537.36 (KHTML, like Gecko) Chrome/137.0.7151.103 Mobile Safari/537.36 (compatible; Googlebot/2.1; +http://www.google.com/bot.html)"
66.249.71.197 - - [07/Jul/2025:19:12:20 +0700] "GET /sports/gloves/P5381516253 HTTP/1.1" 200 20751 "-" "Mozilla/5.0 (Linux; Android 6.0.1; Nexus 5X Build/MMB29P) AppleWebKit/537.36 (KHTML, like Gecko) Chrome/137.0.7151.103 Mobile Safari/537.36 (compatible; Googlebot/2.1; +http://www.google.com/bot.html)"
66.249.79.198 - - [07/Jul/2025:19:12:22 +0700] "GET /travel-supplies/fishing/E5301799503 HTTP/1.1" 200 20417 "-" "Mozilla/5.0 (Linux; Android 6.0.1; Nexus 5X Build/MMB29P) AppleWebKit/537.36 (KHTML, like Gecko) Chrome/137.0.7151.103 Mobile Safari/537.36 (compatible; Googlebot/2.1; +http://www.google.com/bot.html)"
57.141.2.29 - - [07/Jul/2025:19:12:26 +0700] "GET /db.php/shopdetail/handmade-pants/S5324183286 HTTP/2" 200 39 "-" "meta-externalagent/1.1 (+https://developers.facebook.com/docs/sharing/webmasters/crawler)"
66.249.79.197 - - [07/Jul/2025:19:12:05 +0700] "GET /gardening/saplings/W5381676260 HTTP/1.1" 200 20299 "-" "Mozilla/5.0 (Linux; Android 6.0.1; Nexus 5X Build/MMB29P) AppleWebKit/537.36 (KHTML, like Gecko) Chrome/137.0.7151.103 Mobile Safari/537.36 (compatible; Googlebot/2.1; +http://www.google.com/bot.html)"
66.249.79.198 - - [07/Jul/2025:19:12:07 +0700] "GET /beauty/sa-simple/U531620043 HTTP/1.1" 200 20400 "-" "Mozilla/5.0 (Linux; Android 6.0.1; Nexus 5X Build/MMB29P) AppleWebKit/537.36 (KHTML, like Gecko) Chrome/137.0.7151.103 Mobile Safari/537.36 (compatible; Googlebot/2.1; +http://www.google.com/bot.html)"
57.141.2.4 - - [07/Jul/2025:19:12:08 +0700] "GET /tablets/notebook/F534756322 HTTP/2" 200 0 "-" "meta-externalagent/1.1 (+https://developers.facebook.com/docs/sharing/webmasters/crawler)"
66.249.79.197 - - [07/Jul/2025:19:12:09 +0700] "GET /cars/bicycles/N5353935490 HTTP/1.1" 200 20617 "-" "Mozilla/5.0 (Linux; Android 6.0.1; Nexus 5X Build/MMB29P) AppleWebKit/537.36 (KHTML, like Gecko) Chrome/137.0.7151.103 Mobile Safari/537.36 (compatible; Googlebot/2.1; +http://www.google.com/bot.html)"
66.249.79.197 - - [07/Jul/2025:19:12:10 +0700] "POST /get-message-notify HTTP/1.1" 200 20501 "https://shielddoor.vn/toys/25d/A5373700790" "Mozilla/5.0 (Linux; Android 6.0.1; Nexus 5X Build/MMB29P) AppleWebKit/537.36 (KHTML, like Gecko) Chrome/137.0.7151.119 Mobile Safari/537.36 (compatible; Googlebot/2.1; +http://www.google.com/bot.html)"
66.249.79.197 - - [07/Jul/2025:19:12:12 +0700] "GET /beauty/toner/H5323931542 HTTP/1.1" 200 20201 "-" "Mozilla/5.0 (Linux; Android 6.0.1; Nexus 5X Build/MMB29P) AppleWebKit/537.36 (KHTML, like Gecko) Chrome/137.0.7151.103 Mobile Safari/537.36 (compatible; Googlebot/2.1; +http://www.google.com/bot.html)"
66.249.79.197 - - [07/Jul/2025:19:12:13 +0700] "GET /fashion/sets/S5382095367 HTTP/1.1" 200 20452 "-" "Mozilla/5.0 (Linux; Android 6.0.1; Nexus 5X Build/MMB29P) AppleWebKit/537.36 (KHTML, like Gecko) Chrome/137.0.7151.103 Mobile Safari/537.36 (compatible; Googlebot/2.1; +http://www.google.com/bot.html)"
66.249.79.197 - - [07/Jul/2025:19:12:14 +0700] "GET /travel-supplies/yachts/F535515660 HTTP/1.1" 200 21161 "-" "Mozilla/5.0 (Linux; Android 6.0.1; Nexus 5X Build/MMB29P) AppleWebKit/537.36 (KHTML, like Gecko) Chrome/137.0.7151.103 Mobile Safari/537.36 (compatible; Googlebot/2.1; +http://www.google.com/bot.html)"
66.249.79.197 - - [07/Jul/2025:19:12:18 +0700] "GET /fishing/tents/O537687141 HTTP/1.1" 200 20835 "-" "Mozilla/5.0 (Linux; Android 6.0.1; Nexus 5X Build/MMB29P) AppleWebKit/537.36 (KHTML, like Gecko) Chrome/137.0.7151.103 Mobile Safari/537.36 (compatible; Googlebot/2.1; +http://www.google.com/bot.html)"
66.249.79.197 - - [07/Jul/2025:19:12:18 +0700] "POST /get-message-notify HTTP/1.1" 200 20502 "https://shielddoor.vn/travel-supplies/yachts/F535515660" "Mozilla/5.0 (Linux; Android 6.0.1; Nexus 5X Build/MMB29P) AppleWebKit/537.36 (KHTML, like Gecko) Chrome/137.0.7151.119 Mobile Safari/537.36 (compatible; Googlebot/2.1; +http://www.google.com/bot.html)"
57.141.2.26 - - [07/Jul/2025:19:12:23 +0700] "GET /audio/lens-accessories/H5313157990 HTTP/2" 200 0 "-" "meta-externalagent/1.1 (+https://developers.facebook.com/docs/sharing/webmasters/crawler)"
57.141.2.22 - - [07/Jul/2025:19:12:34 +0700] "GET /cars/cars/W5341534228 HTTP/2" 200 0 "-" "meta-externalagent/1.1 (+https://developers.facebook.com/docs/sharing/webmasters/crawler)"
66.249.79.197 - - [07/Jul/2025:19:12:40 +0700] "GET /motorcycles/parts/G5291318699 HTTP/1.1" 200 21543 "-" "Mozilla/5.0 (Linux; Android 6.0.1; Nexus 5X Build/MMB29P) AppleWebKit/537.36 (KHTML, like Gecko) Chrome/137.0.7151.103 Mobile Safari/537.36 (compatible; Googlebot/2.1; +http://www.google.com/bot.html)"
57.141.2.1 - - [07/Jul/2025:19:12:41 +0700] "GET /db.php/shopdetail/fashion-bags/K5352753408 HTTP/2" 200 39 "-" "meta-externalagent/1.1 (+https://developers.facebook.com/docs/sharing/webmasters/crawler)"
57.141.2.17 - - [07/Jul/2025:19:12:03 +0700] "GET /decor/interior/Y5351721749 HTTP/2" 200 0 "-" "meta-externalagent/1.1 (+https://developers.facebook.com/docs/sharing/webmasters/crawler)"
57.141.2.11 - - [07/Jul/2025:19:12:03 +0700] "GET /db.php/shopdetail/bicycles-security/R5322302967 HTTP/2" 200 39 "-" "meta-externalagent/1.1 (+https://developers.facebook.com/docs/sharing/webmasters/crawler)"
57.141.2.17 - - [07/Jul/2025:19:12:04 +0700] "GET /tickets/music-festivals/N5373725670 HTTP/2" 200 0 "-" "meta-externalagent/1.1 (+https://developers.facebook.com/docs/sharing/webmasters/crawler)"
57.141.2.1 - - [07/Jul/2025:19:12:04 +0700] "GET /db.php/shopdetail/fishing-outdoor-wear/C5312146307 HTTP/2" 200 39 "-" "meta-externalagent/1.1 (+https://developers.facebook.com/docs/sharing/webmasters/crawler)"
57.141.2.22 - - [07/Jul/2025:19:12:05 +0700] "GET /outdoor/rods/Q5353733038 HTTP/2" 200 0 "-" "meta-externalagent/1.1 (+https://developers.facebook.com/docs/sharing/webmasters/crawler)"
57.141.2.27 - - [07/Jul/2025:19:12:22 +0700] "GET /sports/golf/A5362864884 HTTP/2" 200 0 "-" "meta-externalagent/1.1 (+https://developers.facebook.com/docs/sharing/webmasters/crawler)"
66.249.79.198 - - [07/Jul/2025:19:12:23 +0700] "POST /get-message-notify HTTP/1.1" 200 20485 "https://shielddoor.vn/tv/cameras/E5311479879" "Mozilla/5.0 (Linux; Android 6.0.1; Nexus 5X Build/MMB29P) AppleWebKit/537.36 (KHTML, like Gecko) Chrome/137.0.7151.119 Mobile Safari/537.36 (compatible; Googlebot/2.1; +http://www.google.com/bot.html)"
57.141.2.27 - - [07/Jul/2025:19:12:28 +0700] "GET /db.php/shopdetail/home-appliances-appliances/K5362428980 HTTP/2" 200 39 "-" "meta-externalagent/1.1 (+https://developers.facebook.com/docs/sharing/webmasters/crawler)"
66.249.71.197 - - [07/Jul/2025:19:12:27 +0700] "GET /musical-instruments/musical-instruments/O5322605597 HTTP/1.1" 200 20772 "-" "Mozilla/5.0 (Linux; Android 6.0.1; Nexus 5X Build/MMB29P) AppleWebKit/537.36 (KHTML, like Gecko) Chrome/137.0.7151.103 Mobile Safari/537.36 (compatible; Googlebot/2.1; +http://www.google.com/bot.html)"
66.249.79.197 - - [07/Jul/2025:19:12:29 +0700] "GET /smartphones/mobile-phone/B5301633392 HTTP/1.1" 200 20068 "-" "Mozilla/5.0 (Linux; Android 6.0.1; Nexus 5X Build/MMB29P) AppleWebKit/537.36 (KHTML, like Gecko) Chrome/137.0.7151.103 Mobile Safari/537.36 (compatible; Googlebot/2.1; +http://www.google.com/bot.html)"
57.141.2.10 - - [07/Jul/2025:19:12:31 +0700] "GET /db.php/shopdetail/sports-golf/M5323742032 HTTP/2" 200 39 "-" "meta-externalagent/1.1 (+https://developers.facebook.com/docs/sharing/webmasters/crawler)"
57.141.2.18 - - [07/Jul/2025:19:12:32 +0700] "GET /cars/cars/P5304067453 HTTP/2" 200 0 "-" "meta-externalagent/1.1 (+https://developers.facebook.com/docs/sharing/webmasters/crawler)"
57.141.2.13 - - [07/Jul/2025:19:12:33 +0700] "GET /food/drinks/C5331628185 HTTP/2" 200 0 "-" "meta-externalagent/1.1 (+https://developers.facebook.com/docs/sharing/webmasters/crawler)"
66.249.79.197 - - [07/Jul/2025:19:12:34 +0700] "GET /cars/parts/M5321266708 HTTP/1.1" 200 20305 "-" "Mozilla/5.0 (Linux; Android 6.0.1; Nexus 5X Build/MMB29P) AppleWebKit/537.36 (KHTML, like Gecko) Chrome/137.0.7151.103 Mobile Safari/537.36 (compatible; Googlebot/2.1; +http://www.google.com/bot.html)"
66.249.71.197 - - [07/Jul/2025:19:12:34 +0700] "GET /drinks/alcohol/F5371432171 HTTP/1.1" 200 20144 "-" "Mozilla/5.0 (Linux; Android 6.0.1; Nexus 5X Build/MMB29P) AppleWebKit/537.36 (KHTML, like Gecko) Chrome/137.0.7151.103 Mobile Safari/537.36 (compatible; Googlebot/2.1; +http://www.google.com/bot.html)"
66.249.71.197 - - [07/Jul/2025:19:12:39 +0700] "POST /get-message-notify HTTP/1.1" 200 20509 "https://shielddoor.vn/drinks/alcohol/F5371432171" "Mozilla/5.0 (Linux; Android 6.0.1; Nexus 5X Build/MMB29P) AppleWebKit/537.36 (KHTML, like Gecko) Chrome/137.0.7151.119 Mobile Safari/537.36 (compatible; Googlebot/2.1; +http://www.google.com/bot.html)"
57.141.2.29 - - [07/Jul/2025:19:12:43 +0700] "GET /fashion/tops/M5293768896 HTTP/2" 200 0 "-" "meta-externalagent/1.1 (+https://developers.facebook.com/docs/sharing/webmasters/crawler)"
57.141.2.12 - - [07/Jul/2025:19:12:44 +0700] "GET /tv/audio-equipment/S5332435993 HTTP/2" 200 0 "-" "meta-externalagent/1.1 (+https://developers.facebook.com/docs/sharing/webmasters/crawler)"
57.141.2.8 - - [07/Jul/2025:19:12:45 +0700] "GET /diy/supplies/B5383154436 HTTP/2" 200 0 "-" "meta-externalagent/1.1 (+https://developers.facebook.com/docs/sharing/webmasters/crawler)"
57.141.2.4 - - [07/Jul/2025:19:12:46 +0700] "GET /air-conditioning/appliances/S5361261717 HTTP/2" 200 0 "-" "meta-externalagent/1.1 (+https://developers.facebook.com/docs/sharing/webmasters/crawler)"
57.141.2.18 - - [07/Jul/2025:19:12:47 +0700] "GET /alcohol/whiskey/Y5352207343 HTTP/2" 200 0 "-" "meta-externalagent/1.1 (+https://developers.facebook.com/docs/sharing/webmasters/crawler)"
66.249.79.199 - - [07/Jul/2025:19:12:47 +0700] "GET /food/drinks/I5321359898 HTTP/1.1" 200 20571 "-" "Mozilla/5.0 (Linux; Android 6.0.1; Nexus 5X Build/MMB29P) AppleWebKit/537.36 (KHTML, like Gecko) Chrome/137.0.7151.103 Mobile Safari/537.36 (compatible; Googlebot/2.1; +http://www.google.com/bot.html)"
57.141.2.10 - - [07/Jul/2025:19:12:48 +0700] "GET /db.php/shopdetail/cameras-cameras/P5323632848 HTTP/2" 200 39 "-" "meta-externalagent/1.1 (+https://developers.facebook.com/docs/sharing/webmasters/crawler)"
66.249.79.199 - - [07/Jul/2025:19:12:47 +0700] "GET /sports/shoes/J5361695314 HTTP/1.1" 200 20487 "-" "Mozilla/5.0 (Linux; Android 6.0.1; Nexus 5X Build/MMB29P) AppleWebKit/537.36 (KHTML, like Gecko) Chrome/137.0.7151.103 Mobile Safari/537.36 (compatible; Googlebot/2.1; +http://www.google.com/bot.html)"
57.141.2.18 - - [07/Jul/2025:19:12:49 +0700] "GET /cds/japanese-music/V5371031295 HTTP/2" 200 0 "-" "meta-externalagent/1.1 (+https://developers.facebook.com/docs/sharing/webmasters/crawler)"
57.141.2.25 - - [07/Jul/2025:19:12:50 +0700] "GET /gardening/faucets/O5373513332 HTTP/2" 200 0 "-" "meta-externalagent/1.1 (+https://developers.facebook.com/docs/sharing/webmasters/crawler)"
57.141.2.27 - - [07/Jul/2025:19:12:50 +0700] "GET /computers/wearables/Q5333311859 HTTP/2" 200 0 "-" "meta-externalagent/1.1 (+https://developers.facebook.com/docs/sharing/webmasters/crawler)"
57.141.2.25 - - [07/Jul/2025:19:12:50 +0700] "GET /furniture/chairs/V537350276 HTTP/2" 200 0 "-" "meta-externalagent/1.1 (+https://developers.facebook.com/docs/sharing/webmasters/crawler)"
66.249.79.198 - - [07/Jul/2025:19:12:50 +0700] "GET /fashion/mens/J5341973022 HTTP/1.1" 200 20703 "-" "Mozilla/5.0 (Linux; Android 6.0.1; Nexus 5X Build/MMB29P) AppleWebKit/537.36 (KHTML, like Gecko) Chrome/137.0.7151.103 Mobile Safari/537.36 (compatible; Googlebot/2.1; +http://www.google.com/bot.html)"
66.249.71.199 - - [07/Jul/2025:19:12:51 +0700] "GET /decor/tv-stands/V5313688439 HTTP/1.1" 200 20960 "-" "Mozilla/5.0 (Linux; Android 6.0.1; Nexus 5X Build/MMB29P) AppleWebKit/537.36 (KHTML, like Gecko) Chrome/137.0.7151.103 Mobile Safari/537.36 (compatible; Googlebot/2.1; +http://www.google.com/bot.html)"
57.141.2.9 - - [07/Jul/2025:19:12:52 +0700] "GET /tv/cameras/J538834079 HTTP/2" 200 0 "-" "meta-externalagent/1.1 (+https://developers.facebook.com/docs/sharing/webmasters/crawler)"
57.141.2.6 - - [07/Jul/2025:19:12:53 +0700] "GET /toys/playstation4/V5352108459 HTTP/2" 200 0 "-" "meta-externalagent/1.1 (+https://developers.facebook.com/docs/sharing/webmasters/crawler)"
57.141.2.17 - - [07/Jul/2025:19:12:53 +0700] "GET /cameras/speakers/N5351118557 HTTP/2" 200 0 "-" "meta-externalagent/1.1 (+https://developers.facebook.com/docs/sharing/webmasters/crawler)"
57.141.2.22 - - [07/Jul/2025:19:12:54 +0700] "GET /games/musicians/Z5384188300 HTTP/2" 200 0 "-" "meta-externalagent/1.1 (+https://developers.facebook.com/docs/sharing/webmasters/crawler)"
66.249.79.198 - - [07/Jul/2025:19:12:29 +0700] "GET /tablets/smartphones/O5381297117 HTTP/1.1" 200 20305 "-" "Mozilla/5.0 (Linux; Android 6.0.1; Nexus 5X Build/MMB29P) AppleWebKit/537.36 (KHTML, like Gecko) Chrome/137.0.7151.103 Mobile Safari/537.36 (compatible; Googlebot/2.1; +http://www.google.com/bot.html)"
66.249.79.197 - - [07/Jul/2025:19:12:30 +0700] "GET /home-appliances/others/B5311249650 HTTP/1.1" 200 21212 "-" "Mozilla/5.0 (Linux; Android 6.0.1; Nexus 5X Build/MMB29P) AppleWebKit/537.36 (KHTML, like Gecko) Chrome/137.0.7151.103 Mobile Safari/537.36 (compatible; Googlebot/2.1; +http://www.google.com/bot.html)"
66.249.79.198 - - [07/Jul/2025:19:12:31 +0700] "GET /fashion/womens/S5353250286 HTTP/1.1" 200 20874 "-" "Mozilla/5.0 (Linux; Android 6.0.1; Nexus 5X Build/MMB29P) AppleWebKit/537.36 (KHTML, like Gecko) Chrome/137.0.7151.103 Mobile Safari/537.36 (compatible; Googlebot/2.1; +http://www.google.com/bot.html)"
57.141.2.25 - - [07/Jul/2025:19:12:34 +0700] "GET /health/health/X5301860946 HTTP/2" 200 0 "-" "meta-externalagent/1.1 (+https://developers.facebook.com/docs/sharing/webmasters/crawler)"
66.249.79.197 - - [07/Jul/2025:19:12:33 +0700] "GET /health/relaxation/I5384025712 HTTP/1.1" 200 21646 "-" "Mozilla/5.0 (Linux; Android 6.0.1; Nexus 5X Build/MMB29P) AppleWebKit/537.36 (KHTML, like Gecko) Chrome/137.0.7151.103 Mobile Safari/537.36 (compatible; Googlebot/2.1; +http://www.google.com/bot.html)"
66.249.79.198 - - [07/Jul/2025:19:12:35 +0700] "GET /pet-supplies/other/X5342548690 HTTP/1.1" 200 20915 "-" "Mozilla/5.0 (Linux; Android 6.0.1; Nexus 5X Build/MMB29P) AppleWebKit/537.36 (KHTML, like Gecko) Chrome/137.0.7151.103 Mobile Safari/537.36 (compatible; Googlebot/2.1; +http://www.google.com/bot.html)"
57.141.2.27 - - [07/Jul/2025:19:12:39 +0700] "GET /games/others/N529923394 HTTP/2" 200 0 "-" "meta-externalagent/1.1 (+https://developers.facebook.com/docs/sharing/webmasters/crawler)"
66.249.79.199 - - [07/Jul/2025:19:12:38 +0700] "GET /interior/chairs/P5333568249 HTTP/1.1" 200 20855 "-" "Mozilla/5.0 (Linux; Android 6.0.1; Nexus 5X Build/MMB29P) AppleWebKit/537.36 (KHTML, like Gecko) Chrome/137.0.7151.103 Mobile Safari/537.36 (compatible; Googlebot/2.1; +http://www.google.com/bot.html)"
66.249.79.198 - - [07/Jul/2025:19:12:41 +0700] "GET /tv/action-cameras/B5382234582 HTTP/1.1" 200 20556 "-" "Mozilla/5.0 (Linux; Android 6.0.1; Nexus 5X Build/MMB29P) AppleWebKit/537.36 (KHTML, like Gecko) Chrome/137.0.7151.103 Mobile Safari/537.36 (compatible; Googlebot/2.1; +http://www.google.com/bot.html)"
66.249.79.197 - - [07/Jul/2025:19:12:44 +0700] "POST /get-message-notify HTTP/1.1" 200 20522 "https://shielddoor.vn/beauty/toner/H5323931542" "Mozilla/5.0 (Linux; Android 6.0.1; Nexus 5X Build/MMB29P) AppleWebKit/537.36 (KHTML, like Gecko) Chrome/137.0.7151.119 Mobile Safari/537.36 (compatible; Googlebot/2.1; +http://www.google.com/bot.html)"
66.249.79.197 - - [07/Jul/2025:19:12:49 +0700] "GET /musical-instruments/crafts/K5383261517 HTTP/1.1" 200 21656 "-" "Mozilla/5.0 (Linux; Android 6.0.1; Nexus 5X Build/MMB29P) AppleWebKit/537.36 (KHTML, like Gecko) Chrome/137.0.7151.103 Mobile Safari/537.36 (compatible; Googlebot/2.1; +http://www.google.com/bot.html)"
57.141.2.6 - - [07/Jul/2025:19:12:52 +0700] "GET /blu-ray/music/K5331290793 HTTP/2" 200 0 "-" "meta-externalagent/1.1 (+https://developers.facebook.com/docs/sharing/webmasters/crawler)"
66.249.79.197 - - [07/Jul/2025:19:12:53 +0700] "GET /toys/musicians/J538525174 HTTP/1.1" 200 20553 "-" "Mozilla/5.0 (Linux; Android 6.0.1; Nexus 5X Build/MMB29P) AppleWebKit/537.36 (KHTML, like Gecko) Chrome/137.0.7151.103 Mobile Safari/537.36 (compatible; Googlebot/2.1; +http://www.google.com/bot.html)"
66.249.79.199 - - [07/Jul/2025:19:12:54 +0700] "POST /get-message-notify HTTP/1.1" 200 20503 "https://shielddoor.vn/interior/chairs/P5333568249" "Mozilla/5.0 (Linux; Android 6.0.1; Nexus 5X Build/MMB29P) AppleWebKit/537.36 (KHTML, like Gecko) Chrome/137.0.7151.119 Mobile Safari/537.36 (compatible; Googlebot/2.1; +http://www.google.com/bot.html)"
57.141.2.9 - - [07/Jul/2025:19:12:55 +0700] "GET /db.php/shopdetail/tools-drills/T5342706837 HTTP/2" 200 39 "-" "meta-externalagent/1.1 (+https://developers.facebook.com/docs/sharing/webmasters/crawler)"
57.141.2.17 - - [07/Jul/2025:19:12:55 +0700] "GET /musical-instruments/collections/I5293749330 HTTP/2" 200 0 "-" "meta-externalagent/1.1 (+https://developers.facebook.com/docs/sharing/webmasters/crawler)"
66.249.79.198 - - [07/Jul/2025:19:12:54 +0700] "POST /get-message-notify HTTP/1.1" 200 20502 "https://shielddoor.vn/fashion/mens/J5341973022" "Mozilla/5.0 (Linux; Android 6.0.1; Nexus 5X Build/MMB29P) AppleWebKit/537.36 (KHTML, like Gecko) Chrome/137.0.7151.119 Mobile Safari/537.36 (compatible; Googlebot/2.1; +http://www.google.com/bot.html)"
57.141.2.21 - - [07/Jul/2025:19:12:56 +0700] "GET /audio/audio-equipment/N5343556921 HTTP/2" 200 0 "-" "meta-externalagent/1.1 (+https://developers.facebook.com/docs/sharing/webmasters/crawler)"
66.249.71.199 - - [07/Jul/2025:19:12:55 +0700] "GET /handicrafts/mats/A531951924 HTTP/1.1" 200 21132 "-" "Mozilla/5.0 (Linux; Android 6.0.1; Nexus 5X Build/MMB29P) AppleWebKit/537.36 (KHTML, like Gecko) Chrome/137.0.7151.103 Mobile Safari/537.36 (compatible; Googlebot/2.1; +http://www.google.com/bot.html)"
66.249.79.199 - - [07/Jul/2025:19:12:55 +0700] "POST /get-message-notify HTTP/1.1" 200 20477 "https://shielddoor.vn/tv/action-cameras/B5382234582" "Mozilla/5.0 (Linux; Android 6.0.1; Nexus 5X Build/MMB29P) AppleWebKit/537.36 (KHTML, like Gecko) Chrome/137.0.7151.119 Mobile Safari/537.36 (compatible; Googlebot/2.1; +http://www.google.com/bot.html)"
66.249.79.198 - - [07/Jul/2025:19:12:56 +0700] "GET /motorcycles/cars/Z5342862087 HTTP/1.1" 200 20581 "-" "Mozilla/5.0 (Linux; Android 6.0.1; Nexus 5X Build/MMB29P) AppleWebKit/537.36 (KHTML, like Gecko) Chrome/137.0.7151.103 Mobile Safari/537.36 (compatible; Googlebot/2.1; +http://www.google.com/bot.html)"
57.141.2.29 - - [07/Jul/2025:19:12:59 +0700] "GET /fashion/accessories/L5331408947 HTTP/2" 200 0 "-" "meta-externalagent/1.1 (+https://developers.facebook.com/docs/sharing/webmasters/crawler)"
57.141.2.15 - - [07/Jul/2025:19:13:00 +0700] "GET /tools/sockets/M5332303938 HTTP/2" 200 0 "-" "meta-externalagent/1.1 (+https://developers.facebook.com/docs/sharing/webmasters/crawler)"
66.249.79.199 - - [07/Jul/2025:19:12:59 +0700] "GET /computers/tablet/K534615111 HTTP/1.1" 200 20585 "-" "Mozilla/5.0 (Linux; Android 6.0.1; Nexus 5X Build/MMB29P) AppleWebKit/537.36 (KHTML, like Gecko) Chrome/137.0.7151.103 Mobile Safari/537.36 (compatible; Googlebot/2.1; +http://www.google.com/bot.html)"
66.249.79.198 - - [07/Jul/2025:19:13:01 +0700] "POST /get-message-notify HTTP/1.1" 200 20500 "https://shielddoor.vn/handicrafts/mats/A531951924" "Mozilla/5.0 (Linux; Android 6.0.1; Nexus 5X Build/MMB29P) AppleWebKit/537.36 (KHTML, like Gecko) Chrome/137.0.7151.119 Mobile Safari/537.36 (compatible; Googlebot/2.1; +http://www.google.com/bot.html)"
66.249.71.199 - - [07/Jul/2025:19:13:04 +0700] "GET /fashion/womens/L5363490776 HTTP/1.1" 200 20972 "-" "Mozilla/5.0 (Linux; Android 6.0.1; Nexus 5X Build/MMB29P) AppleWebKit/537.36 (KHTML, like Gecko) Chrome/137.0.7151.103 Mobile Safari/537.36 (compatible; Googlebot/2.1; +http://www.google.com/bot.html)"
66.249.71.199 - - [07/Jul/2025:19:13:05 +0700] "GET /motorcycles/parts/J5351448297 HTTP/1.1" 200 20564 "-" "Mozilla/5.0 (Linux; Android 6.0.1; Nexus 5X Build/MMB29P) AppleWebKit/537.36 (KHTML, like Gecko) Chrome/137.0.7151.103 Mobile Safari/537.36 (compatible; Googlebot/2.1; +http://www.google.com/bot.html)"
66.249.79.198 - - [07/Jul/2025:19:13:05 +0700] "POST /get-message-notify HTTP/1.1" 200 20510 "https://shielddoor.vn/decor/tv-stands/V5313688439" "Mozilla/5.0 (Linux; Android 6.0.1; Nexus 5X Build/MMB29P) AppleWebKit/537.36 (KHTML, like Gecko) Chrome/137.0.7151.119 Mobile Safari/537.36 (compatible; Googlebot/2.1; +http://www.google.com/bot.html)"
57.141.2.18 - - [07/Jul/2025:19:12:57 +0700] "GET /tools/housing/W5341597747 HTTP/2" 200 0 "-" "meta-externalagent/1.1 (+https://developers.facebook.com/docs/sharing/webmasters/crawler)"
40.77.167.28 - - [07/Jul/2025:19:12:57 +0700] "GET /home-appliances/vacuum-cleaners/Y5373320735 HTTP/2" 200 0 "-" "Mozilla/5.0 AppleWebKit/537.36 (KHTML, like Gecko; compatible; bingbot/2.0; +http://www.bing.com/bingbot.htm) Chrome/116.0.1938.76 Safari/537.36"
57.141.2.19 - - [07/Jul/2025:19:12:58 +0700] "GET /fashion/womens/J533811019 HTTP/2" 200 0 "-" "meta-externalagent/1.1 (+https://developers.facebook.com/docs/sharing/webmasters/crawler)"
66.249.79.197 - - [07/Jul/2025:19:12:57 +0700] "GET /gardening/other-houseplants/W5382108957 HTTP/1.1" 200 20803 "-" "Mozilla/5.0 (Linux; Android 6.0.1; Nexus 5X Build/MMB29P) AppleWebKit/537.36 (KHTML, like Gecko) Chrome/137.0.7151.103 Mobile Safari/537.36 (compatible; Googlebot/2.1; +http://www.google.com/bot.html)"
66.249.71.197 - - [07/Jul/2025:19:12:59 +0700] "GET /audio/cameras/Z5371243803 HTTP/1.1" 200 20374 "-" "Mozilla/5.0 (Linux; Android 6.0.1; Nexus 5X Build/MMB29P) AppleWebKit/537.36 (KHTML, like Gecko) Chrome/137.0.7151.103 Mobile Safari/537.36 (compatible; Googlebot/2.1; +http://www.google.com/bot.html)"
66.249.79.197 - - [07/Jul/2025:19:13:01 +0700] "GET /goods/sports/V532816967 HTTP/1.1" 200 20800 "-" "Mozilla/5.0 (Linux; Android 6.0.1; Nexus 5X Build/MMB29P) AppleWebKit/537.36 (KHTML, like Gecko) Chrome/137.0.7151.103 Mobile Safari/537.36 (compatible; Googlebot/2.1; +http://www.google.com/bot.html)"
66.249.71.197 - - [07/Jul/2025:19:13:02 +0700] "GET /decor/ornaments/E5351599388 HTTP/1.1" 200 20547 "-" "Mozilla/5.0 (Linux; Android 6.0.1; Nexus 5X Build/MMB29P) AppleWebKit/537.36 (KHTML, like Gecko) Chrome/137.0.7151.103 Mobile Safari/537.36 (compatible; Googlebot/2.1; +http://www.google.com/bot.html)"
66.249.71.198 - - [07/Jul/2025:19:13:06 +0700] "POST /get-message-notify HTTP/1.1" 200 20511 "https://shielddoor.vn/goods/sports/V532816967" "Mozilla/5.0 (Linux; Android 6.0.1; Nexus 5X Build/MMB29P) AppleWebKit/537.36 (KHTML, like Gecko) Chrome/137.0.7151.119 Mobile Safari/537.36 (compatible; Googlebot/2.1; +http://www.google.com/bot.html)"
66.249.71.198 - - [07/Jul/2025:19:13:08 +0700] "GET /books/sports/T5323024712 HTTP/1.1" 200 20417 "-" "Mozilla/5.0 (Linux; Android 6.0.1; Nexus 5X Build/MMB29P) AppleWebKit/537.36 (KHTML, like Gecko) Chrome/137.0.7151.103 Mobile Safari/537.36 (compatible; Googlebot/2.1; +http://www.google.com/bot.html)"
66.249.79.197 - - [07/Jul/2025:19:13:11 +0700] "GET /fashion/accessories/T5311020993 HTTP/1.1" 200 20907 "-" "Mozilla/5.0 (Linux; Android 6.0.1; Nexus 5X Build/MMB29P) AppleWebKit/537.36 (KHTML, like Gecko) Chrome/137.0.7151.103 Mobile Safari/537.36 (compatible; Googlebot/2.1; +http://www.google.com/bot.html)"
40.77.167.44 - - [07/Jul/2025:19:13:16 +0700] "GET /tools/screwdrivers/E530450285 HTTP/2" 200 0 "-" "Mozilla/5.0 AppleWebKit/537.36 (KHTML, like Gecko; compatible; bingbot/2.0; +http://www.bing.com/bingbot.htm) Chrome/116.0.1938.76 Safari/537.36"
40.77.167.44 - - [07/Jul/2025:19:13:16 +0700] "GET /tools/hammer-drills/T5353081612 HTTP/2" 200 0 "-" "Mozilla/5.0 AppleWebKit/537.36 (KHTML, like Gecko; compatible; bingbot/2.0; +http://www.bing.com/bingbot.htm) Chrome/116.0.1938.76 Safari/537.36"
66.249.79.197 - - [07/Jul/2025:19:13:16 +0700] "GET /cosmetics/women-perfume/S5323433955 HTTP/1.1" 200 21252 "-" "Mozilla/5.0 (Linux; Android 6.0.1; Nexus 5X Build/MMB29P) AppleWebKit/537.36 (KHTML, like Gecko) Chrome/137.0.7151.103 Mobile Safari/537.36 (compatible; Googlebot/2.1; +http://www.google.com/bot.html)"
66.249.79.197 - - [07/Jul/2025:19:13:18 +0700] "GET /decor/lighting/F5304095585 HTTP/1.1" 200 20292 "-" "Mozilla/5.0 (Linux; Android 6.0.1; Nexus 5X Build/MMB29P) AppleWebKit/537.36 (KHTML, like Gecko) Chrome/137.0.7151.103 Mobile Safari/537.36 (compatible; Googlebot/2.1; +http://www.google.com/bot.html)"
57.141.2.20 - - [07/Jul/2025:19:12:43 +0700] "GET /interior/interior/G5313977308 HTTP/2" 200 0 "-" "meta-externalagent/1.1 (+https://developers.facebook.com/docs/sharing/webmasters/crawler)"
66.249.79.197 - - [07/Jul/2025:19:12:42 +0700] "GET /travel-supplies/rods/R5291522989 HTTP/1.1" 200 20268 "-" "Mozilla/5.0 (Linux; Android 6.0.1; Nexus 5X Build/MMB29P) AppleWebKit/537.36 (KHTML, like Gecko) Chrome/137.0.7151.103 Mobile Safari/537.36 (compatible; Googlebot/2.1; +http://www.google.com/bot.html)"
66.249.71.199 - - [07/Jul/2025:19:12:43 +0700] "POST /get-message-notify HTTP/1.1" 200 20489 "https://shielddoor.vn/travel-supplies/fishing/E5301799503" "Mozilla/5.0 (Linux; Android 6.0.1; Nexus 5X Build/MMB29P) AppleWebKit/537.36 (KHTML, like Gecko) Chrome/137.0.7151.119 Mobile Safari/537.36 (compatible; Googlebot/2.1; +http://www.google.com/bot.html)"
57.141.2.17 - - [07/Jul/2025:19:12:45 +0700] "GET /interior/interior/H535437467 HTTP/2" 200 0 "-" "meta-externalagent/1.1 (+https://developers.facebook.com/docs/sharing/webmasters/crawler)"
57.141.2.2 - - [07/Jul/2025:19:12:46 +0700] "GET /diet/diet-supplements/A5323024547 HTTP/2" 200 0 "-" "meta-externalagent/1.1 (+https://developers.facebook.com/docs/sharing/webmasters/crawler)"
57.141.2.22 - - [07/Jul/2025:19:12:47 +0700] "GET /daily-necessities/tea-cups/X5311509450 HTTP/2" 200 0 "-" "meta-externalagent/1.1 (+https://developers.facebook.com/docs/sharing/webmasters/crawler)"
57.141.2.20 - - [07/Jul/2025:19:12:47 +0700] "GET /health/supplements/H5351510002 HTTP/2" 200 0 "-" "meta-externalagent/1.1 (+https://developers.facebook.com/docs/sharing/webmasters/crawler)"
57.141.2.7 - - [07/Jul/2025:19:12:50 +0700] "GET /interior/dining-chairs/L5331967366 HTTP/2" 200 0 "-" "meta-externalagent/1.1 (+https://developers.facebook.com/docs/sharing/webmasters/crawler)"
57.141.2.17 - - [07/Jul/2025:19:12:51 +0700] "GET /db.php/shopdetail/fashion-tops/K5301449276 HTTP/2" 200 39 "-" "meta-externalagent/1.1 (+https://developers.facebook.com/docs/sharing/webmasters/crawler)"
57.141.2.5 - - [07/Jul/2025:19:12:55 +0700] "GET /sports/bodyboarding/W5323962300 HTTP/2" 200 0 "-" "meta-externalagent/1.1 (+https://developers.facebook.com/docs/sharing/webmasters/crawler)"
57.141.2.15 - - [07/Jul/2025:19:12:58 +0700] "GET /fishing/fishing/R5352513317 HTTP/2" 200 0 "-" "meta-externalagent/1.1 (+https://developers.facebook.com/docs/sharing/webmasters/crawler)"
66.249.79.197 - - [07/Jul/2025:19:13:19 +0700] "GET /fashion/mens/Z5344188825 HTTP/1.1" 200 21210 "-" "Mozilla/5.0 (Linux; Android 6.0.1; Nexus 5X Build/MMB29P) AppleWebKit/537.36 (KHTML, like Gecko) Chrome/137.0.7151.103 Mobile Safari/537.36 (compatible; Googlebot/2.1; +http://www.google.com/bot.html)"
57.141.2.15 - - [07/Jul/2025:19:13:21 +0700] "GET /games/sports/K535686588 HTTP/2" 200 0 "-" "meta-externalagent/1.1 (+https://developers.facebook.com/docs/sharing/webmasters/crawler)"
66.249.79.197 - - [07/Jul/2025:19:13:20 +0700] "GET /fashion/dresses/I5341363801 HTTP/1.1" 200 20628 "-" "Mozilla/5.0 (Linux; Android 6.0.1; Nexus 5X Build/MMB29P) AppleWebKit/537.36 (KHTML, like Gecko) Chrome/137.0.7151.103 Mobile Safari/537.36 (compatible; Googlebot/2.1; +http://www.google.com/bot.html)"
66.249.79.198 - - [07/Jul/2025:19:13:21 +0700] "GET /outdoor/outdoors/J5292913007 HTTP/1.1" 200 20520 "-" "Mozilla/5.0 (Linux; Android 6.0.1; Nexus 5X Build/MMB29P) AppleWebKit/537.36 (KHTML, like Gecko) Chrome/137.0.7151.103 Mobile Safari/537.36 (compatible; Googlebot/2.1; +http://www.google.com/bot.html)"
66.249.71.197 - - [07/Jul/2025:19:13:22 +0700] "GET /goods/custom-dolls/K5361046224 HTTP/1.1" 200 21574 "-" "Mozilla/5.0 (Linux; Android 6.0.1; Nexus 5X Build/MMB29P) AppleWebKit/537.36 (KHTML, like Gecko) Chrome/137.0.7151.103 Mobile Safari/537.36 (compatible; Googlebot/2.1; +http://www.google.com/bot.html)"
66.249.79.198 - - [07/Jul/2025:19:13:23 +0700] "POST /get-message-notify HTTP/1.1" 200 20509 "https://shielddoor.vn/fashion/mens/Z5344188825" "Mozilla/5.0 (Linux; Android 6.0.1; Nexus 5X Build/MMB29P) AppleWebKit/537.36 (KHTML, like Gecko) Chrome/137.0.7151.119 Mobile Safari/537.36 (compatible; Googlebot/2.1; +http://www.google.com/bot.html)"
66.249.79.197 - - [07/Jul/2025:19:13:25 +0700] "GET /magazines/children-books/Z5352988721 HTTP/1.1" 200 21683 "-" "Mozilla/5.0 (Linux; Android 6.0.1; Nexus 5X Build/MMB29P) AppleWebKit/537.36 (KHTML, like Gecko) Chrome/137.0.7151.103 Mobile Safari/537.36 (compatible; Googlebot/2.1; +http://www.google.com/bot.html)"
66.249.79.197 - - [07/Jul/2025:19:13:27 +0700] "GET /tools/air-tools/M530568941 HTTP/1.1" 200 20931 "-" "Mozilla/5.0 (Linux; Android 6.0.1; Nexus 5X Build/MMB29P) AppleWebKit/537.36 (KHTML, like Gecko) Chrome/137.0.7151.103 Mobile Safari/537.36 (compatible; Googlebot/2.1; +http://www.google.com/bot.html)"
57.141.2.19 - - [07/Jul/2025:19:13:29 +0700] "GET /fashion/bags/E538652611 HTTP/2" 200 0 "-" "meta-externalagent/1.1 (+https://developers.facebook.com/docs/sharing/webmasters/crawler)"
66.249.79.197 - - [07/Jul/2025:19:13:28 +0700] "GET /category/9228/listing HTTP/1.1" 200 20697 "-" "Mozilla/5.0 (Linux; Android 6.0.1; Nexus 5X Build/MMB29P) AppleWebKit/537.36 (KHTML, like Gecko) Chrome/137.0.7151.103 Mobile Safari/537.36 (compatible; Googlebot/2.1; +http://www.google.com/bot.html)"
57.141.2.27 - - [07/Jul/2025:19:13:31 +0700] "GET /smartphones/gaming-pcs/X530770494 HTTP/2" 200 0 "-" "meta-externalagent/1.1 (+https://developers.facebook.com/docs/sharing/webmasters/crawler)"
66.249.79.197 - - [07/Jul/2025:19:13:30 +0700] "POST /get-message-notify HTTP/1.1" 200 20506 "https://shielddoor.vn/tools/air-tools/M530568941" "Mozilla/5.0 (Linux; Android 6.0.1; Nexus 5X Build/MMB29P) AppleWebKit/537.36 (KHTML, like Gecko) Chrome/137.0.7151.119 Mobile Safari/537.36 (compatible; Googlebot/2.1; +http://www.google.com/bot.html)"
66.249.79.197 - - [07/Jul/2025:19:13:31 +0700] "GET /cameras/film-cameras/F5363081603 HTTP/1.1" 200 20741 "-" "Mozilla/5.0 (Linux; Android 6.0.1; Nexus 5X Build/MMB29P) AppleWebKit/537.36 (KHTML, like Gecko) Chrome/137.0.7151.103 Mobile Safari/537.36 (compatible; Googlebot/2.1; +http://www.google.com/bot.html)"
57.141.2.3 - - [07/Jul/2025:19:13:33 +0700] "GET /decor/interior/E5362661393 HTTP/2" 200 0 "-" "meta-externalagent/1.1 (+https://developers.facebook.com/docs/sharing/webmasters/crawler)"
66.249.79.197 - - [07/Jul/2025:19:13:34 +0700] "POST /get-message-notify HTTP/1.1" 200 20520 "https://shielddoor.vn/audio/cameras/J5311511538" "Mozilla/5.0 (Linux; Android 6.0.1; Nexus 5X Build/MMB29P) AppleWebKit/537.36 (KHTML, like Gecko) Chrome/137.0.7151.119 Mobile Safari/537.36 (compatible; Googlebot/2.1; +http://www.google.com/bot.html)"
57.141.2.13 - - [07/Jul/2025:19:13:38 +0700] "GET /home-appliances/gas-stoves/D5323882209 HTTP/2" 200 0 "-" "meta-externalagent/1.1 (+https://developers.facebook.com/docs/sharing/webmasters/crawler)"
57.141.2.17 - - [07/Jul/2025:19:13:39 +0700] "GET /db.php/shopdetail/audio-cameras/C5382611286 HTTP/2" 200 39 "-" "meta-externalagent/1.1 (+https://developers.facebook.com/docs/sharing/webmasters/crawler)"
66.249.71.199 - - [07/Jul/2025:19:13:39 +0700] "POST /get-message-notify HTTP/1.1" 200 20483 "https://shielddoor.vn/sports/baseball/U5301319425" "Mozilla/5.0 (Linux; Android 6.0.1; Nexus 5X Build/MMB29P) AppleWebKit/537.36 (KHTML, like Gecko) Chrome/137.0.7151.119 Mobile Safari/537.36 (compatible; Googlebot/2.1; +http://www.google.com/bot.html)"
57.141.2.10 - - [07/Jul/2025:19:13:42 +0700] "GET /db.php/shopdetail/fashion-pants/D5352047788 HTTP/2" 200 39 "-" "meta-externalagent/1.1 (+https://developers.facebook.com/docs/sharing/webmasters/crawler)"
66.249.71.197 - - [07/Jul/2025:19:13:17 +0700] "GET /diet/diet-foods/Y5372747895 HTTP/1.1" 200 20400 "-" "Mozilla/5.0 (Linux; Android 6.0.1; Nexus 5X Build/MMB29P) AppleWebKit/537.36 (KHTML, like Gecko) Chrome/137.0.7151.103 Mobile Safari/537.36 (compatible; Googlebot/2.1; +http://www.google.com/bot.html)"
57.141.2.20 - - [07/Jul/2025:19:13:18 +0700] "GET /tablets/smartphone/Q5303094393 HTTP/2" 200 0 "-" "meta-externalagent/1.1 (+https://developers.facebook.com/docs/sharing/webmasters/crawler)"
57.141.2.24 - - [07/Jul/2025:19:13:25 +0700] "GET /computers/smartphones/Z5373601899 HTTP/2" 200 0 "-" "meta-externalagent/1.1 (+https://developers.facebook.com/docs/sharing/webmasters/crawler)"
57.141.2.19 - - [07/Jul/2025:19:13:27 +0700] "GET /decor/lighting/L5361334021 HTTP/2" 200 0 "-" "meta-externalagent/1.1 (+https://developers.facebook.com/docs/sharing/webmasters/crawler)"
57.141.2.12 - - [07/Jul/2025:19:13:28 +0700] "GET /cars/bicycles/Y5373508837 HTTP/2" 200 0 "-" "meta-externalagent/1.1 (+https://developers.facebook.com/docs/sharing/webmasters/crawler)"
66.249.71.197 - - [07/Jul/2025:19:13:29 +0700] "GET /audio/cameras/J5311511538 HTTP/1.1" 200 20523 "-" "Mozilla/5.0 (Linux; Android 6.0.1; Nexus 5X Build/MMB29P) AppleWebKit/537.36 (KHTML, like Gecko) Chrome/137.0.7151.103 Mobile Safari/537.36 (compatible; Googlebot/2.1; +http://www.google.com/bot.html)"
66.249.79.198 - - [07/Jul/2025:19:13:30 +0700] "GET /bicycles/helmets/X5343229059 HTTP/1.1" 200 21096 "-" "Mozilla/5.0 (Linux; Android 6.0.1; Nexus 5X Build/MMB29P) AppleWebKit/537.36 (KHTML, like Gecko) Chrome/137.0.7151.103 Mobile Safari/537.36 (compatible; Googlebot/2.1; +http://www.google.com/bot.html)"
66.249.79.198 - - [07/Jul/2025:19:13:34 +0700] "GET /bicycles/bicycles/B533376210 HTTP/1.1" 200 20901 "-" "Mozilla/5.0 (Linux; Android 6.0.1; Nexus 5X Build/MMB29P) AppleWebKit/537.36 (KHTML, like Gecko) Chrome/137.0.7151.103 Mobile Safari/537.36 (compatible; Googlebot/2.1; +http://www.google.com/bot.html)"
66.249.71.198 - - [07/Jul/2025:19:13:35 +0700] "GET /sports/baseball/U5301319425 HTTP/1.1" 200 20911 "-" "Mozilla/5.0 (Linux; Android 6.0.1; Nexus 5X Build/MMB29P) AppleWebKit/537.36 (KHTML, like Gecko) Chrome/137.0.7151.103 Mobile Safari/537.36 (compatible; Googlebot/2.1; +http://www.google.com/bot.html)"
66.249.71.197 - - [07/Jul/2025:19:13:37 +0700] "GET /fashion/dresses/S5381782081 HTTP/1.1" 200 21539 "-" "Mozilla/5.0 (Linux; Android 6.0.1; Nexus 5X Build/MMB29P) AppleWebKit/537.36 (KHTML, like Gecko) Chrome/137.0.7151.103 Mobile Safari/537.36 (compatible; Googlebot/2.1; +http://www.google.com/bot.html)"
57.141.2.9 - - [07/Jul/2025:19:13:41 +0700] "GET /db.php/shopdetail/tickets-theme-parks/M5341321332 HTTP/2" 200 39 "-" "meta-externalagent/1.1 (+https://developers.facebook.com/docs/sharing/webmasters/crawler)"
66.249.71.197 - - [07/Jul/2025:19:13:40 +0700] "POST /get-message-notify HTTP/1.1" 200 20492 "https://shielddoor.vn/air-conditioning/appliances/H5302399029" "Mozilla/5.0 (Linux; Android 6.0.1; Nexus 5X Build/MMB29P) AppleWebKit/537.36 (KHTML, like Gecko) Chrome/137.0.7151.119 Mobile Safari/537.36 (compatible; Googlebot/2.1; +http://www.google.com/bot.html)"
57.141.2.18 - - [07/Jul/2025:19:13:44 +0700] "GET /db.php/shopdetail/fashion-outerwear/Z530895856 HTTP/2" 200 39 "-" "meta-externalagent/1.1 (+https://developers.facebook.com/docs/sharing/webmasters/crawler)"
57.141.2.8 - - [07/Jul/2025:19:13:46 +0700] "GET /db.php/shopdetail/fashion-pants/I534416733 HTTP/2" 200 39 "-" "meta-externalagent/1.1 (+https://developers.facebook.com/docs/sharing/webmasters/crawler)"
57.141.2.28 - - [07/Jul/2025:19:13:46 +0700] "GET /sports/golf/Z5353577282 HTTP/2" 200 0 "-" "meta-externalagent/1.1 (+https://developers.facebook.com/docs/sharing/webmasters/crawler)"
57.141.2.2 - - [07/Jul/2025:19:13:48 +0700] "GET /db.php/shopdetail/tablets-mobile-phones/X5381415544 HTTP/2" 200 39 "-" "meta-externalagent/1.1 (+https://developers.facebook.com/docs/sharing/webmasters/crawler)"
66.249.79.197 - - [07/Jul/2025:19:13:20 +0700] "POST /get-message-notify HTTP/1.1" 200 20495 "https://shielddoor.vn/cosmetics/women-perfume/S5323433955" "Mozilla/5.0 (Linux; Android 6.0.1; Nexus 5X Build/MMB29P) AppleWebKit/537.36 (KHTML, like Gecko) Chrome/137.0.7151.119 Mobile Safari/537.36 (compatible; Googlebot/2.1; +http://www.google.com/bot.html)"
57.141.2.26 - - [07/Jul/2025:19:13:24 +0700] "GET /interior/table-lights/S5331323742 HTTP/2" 200 0 "-" "meta-externalagent/1.1 (+https://developers.facebook.com/docs/sharing/webmasters/crawler)"
66.249.79.198 - - [07/Jul/2025:19:13:23 +0700] "POST /get-message-notify HTTP/1.1" 200 20486 "https://shielddoor.vn/decor/lighting/F5304095585" "Mozilla/5.0 (Linux; Android 6.0.1; Nexus 5X Build/MMB29P) AppleWebKit/537.36 (KHTML, like Gecko) Chrome/137.0.7151.119 Mobile Safari/537.36 (compatible; Googlebot/2.1; +http://www.google.com/bot.html)"
66.249.71.197 - - [07/Jul/2025:19:13:23 +0700] "GET /category/4801/listing HTTP/1.1" 200 20520 "-" "Mozilla/5.0 (Linux; Android 6.0.1; Nexus 5X Build/MMB29P) AppleWebKit/537.36 (KHTML, like Gecko) Chrome/137.0.7151.103 Mobile Safari/537.36 (compatible; Googlebot/2.1; +http://www.google.com/bot.html)"
57.141.2.21 - - [07/Jul/2025:19:13:30 +0700] "GET /interior/sofas/C5322006088 HTTP/2" 200 0 "-" "meta-externalagent/1.1 (+https://developers.facebook.com/docs/sharing/webmasters/crawler)"
57.141.2.15 - - [07/Jul/2025:19:13:33 +0700] "GET /db.php/shopdetail/air-conditioning-air-conditioners/E5321475070 HTTP/2" 200 39 "-" "meta-externalagent/1.1 (+https://developers.facebook.com/docs/sharing/webmasters/crawler)"
57.141.2.23 - - [07/Jul/2025:19:13:37 +0700] "GET /db.php/shopdetail/audio-headphones/L5341780018 HTTP/2" 200 39 "-" "meta-externalagent/1.1 (+https://developers.facebook.com/docs/sharing/webmasters/crawler)"
66.249.71.198 - - [07/Jul/2025:19:13:36 +0700] "GET /air-conditioning/appliances/H5302399029 HTTP/1.1" 200 20242 "-" "Mozilla/5.0 (Linux; Android 6.0.1; Nexus 5X Build/MMB29P) AppleWebKit/537.36 (KHTML, like Gecko) Chrome/137.0.7151.103 Mobile Safari/537.36 (compatible; Googlebot/2.1; +http://www.google.com/bot.html)"
66.249.71.198 - - [07/Jul/2025:19:13:39 +0700] "GET /kitchen/bulk-sales/W5383899593 HTTP/1.1" 200 20728 "-" "Mozilla/5.0 (Linux; Android 6.0.1; Nexus 5X Build/MMB29P) AppleWebKit/537.36 (KHTML, like Gecko) Chrome/137.0.7151.103 Mobile Safari/537.36 (compatible; Googlebot/2.1; +http://www.google.com/bot.html)"
66.249.79.197 - - [07/Jul/2025:19:13:41 +0700] "GET /category/5869/listing HTTP/1.1" 200 20721 "-" "Mozilla/5.0 (Linux; Android 6.0.1; Nexus 5X Build/MMB29P) AppleWebKit/537.36 (KHTML, like Gecko) Chrome/137.0.7151.103 Mobile Safari/537.36 (compatible; Googlebot/2.1; +http://www.google.com/bot.html)"
57.141.2.6 - - [07/Jul/2025:19:13:43 +0700] "GET /db.php/shopdetail/drinks-whiskey/A5322743213 HTTP/2" 200 39 "-" "meta-externalagent/1.1 (+https://developers.facebook.com/docs/sharing/webmasters/crawler)"
57.141.2.2 - - [07/Jul/2025:19:13:45 +0700] "GET /hobbies/dj-equipment/L5312902874 HTTP/2" 200 0 "-" "meta-externalagent/1.1 (+https://developers.facebook.com/docs/sharing/webmasters/crawler)"
57.141.2.3 - - [07/Jul/2025:19:13:47 +0700] "GET /flowers/houseplants/V5351072604 HTTP/2" 200 0 "-" "meta-externalagent/1.1 (+https://developers.facebook.com/docs/sharing/webmasters/crawler)"
