57.141.2.8 - - [07/Jul/2025:19:25:56 +0700] "GET /cameras/headphones/X5292756856 HTTP/2" 200 0 "-" "meta-externalagent/1.1 (+https://developers.facebook.com/docs/sharing/webmasters/crawler)"
66.249.79.197 - - [07/Jul/2025:19:25:56 +0700] "GET /diy/special-tools/S5363044592 HTTP/1.1" 200 20478 "-" "Mozilla/5.0 (Linux; Android 6.0.1; Nexus 5X Build/MMB29P) AppleWebKit/537.36 (KHTML, like Gecko) Chrome/137.0.7151.103 Mobile Safari/537.36 (compatible; Googlebot/2.1; +http://www.google.com/bot.html)"
66.249.71.199 - - [07/Jul/2025:19:25:57 +0700] "GET /motorcycles/motorcycles/J5293978730 HTTP/1.1" 200 20491 "-" "Mozilla/5.0 (Linux; Android 6.0.1; Nexus 5X Build/MMB29P) AppleWebKit/537.36 (KHTML, like Gecko) Chrome/137.0.7151.103 Mobile Safari/537.36 (compatible; Googlebot/2.1; +http://www.google.com/bot.html)"
57.141.2.21 - - [07/Jul/2025:19:25:59 +0700] "GET /db.php/shopdetail/motorcycles-motorcycles/L5381661910 HTTP/2" 200 39 "-" "meta-externalagent/1.1 (+https://developers.facebook.com/docs/sharing/webmasters/crawler)"
66.249.79.198 - - [07/Jul/2025:19:25:58 +0700] "GET /hobbies/keyboard-instruments/S5362164002 HTTP/1.1" 200 21293 "-" "Mozilla/5.0 (Linux; Android 6.0.1; Nexus 5X Build/MMB29P) AppleWebKit/537.36 (KHTML, like Gecko) Chrome/137.0.7151.103 Mobile Safari/537.36 (compatible; Googlebot/2.1; +http://www.google.com/bot.html)"
66.249.79.199 - - [07/Jul/2025:19:25:58 +0700] "GET /outdoor/fishing/K535315997 HTTP/1.1" 200 21060 "-" "Mozilla/5.0 (Linux; Android 6.0.1; Nexus 5X Build/MMB29P) AppleWebKit/537.36 (KHTML, like Gecko) Chrome/137.0.7151.103 Mobile Safari/537.36 (compatible; Googlebot/2.1; +http://www.google.com/bot.html)"
57.141.2.13 - - [07/Jul/2025:19:26:00 +0700] "GET /fashion/bags/C5333574833 HTTP/2" 200 0 "-" "meta-externalagent/1.1 (+https://developers.facebook.com/docs/sharing/webmasters/crawler)"
66.249.71.199 - - [07/Jul/2025:19:25:59 +0700] "POST /get-message-notify HTTP/1.1" 200 20514 "https://shielddoor.vn/home-appliances/appliances/F532533607" "Mozilla/5.0 AppleWebKit/537.36 (KHTML, like Gecko; compatible; Googlebot/2.1; +http://www.google.com/bot.html) Chrome/137.0.7151.119 Safari/537.36"
57.141.2.17 - - [07/Jul/2025:19:26:01 +0700] "GET /fashion/womens/B5311471310 HTTP/2" 200 0 "-" "meta-externalagent/1.1 (+https://developers.facebook.com/docs/sharing/webmasters/crawler)"
66.249.79.197 - - [07/Jul/2025:19:26:01 +0700] "GET /daily-necessities/bulk-sales/H5323369323 HTTP/1.1" 200 20560 "-" "Mozilla/5.0 (Linux; Android 6.0.1; Nexus 5X Build/MMB29P) AppleWebKit/537.36 (KHTML, like Gecko) Chrome/137.0.7151.103 Mobile Safari/537.36 (compatible; Googlebot/2.1; +http://www.google.com/bot.html)"
57.141.2.30 - - [07/Jul/2025:19:26:03 +0700] "GET /fashion/sets/A529645289 HTTP/2" 200 0 "-" "meta-externalagent/1.1 (+https://developers.facebook.com/docs/sharing/webmasters/crawler)"
57.141.2.10 - - [07/Jul/2025:19:26:04 +0700] "GET /db.php/shopdetail/manga-literature/G5332811880 HTTP/2" 200 39 "-" "meta-externalagent/1.1 (+https://developers.facebook.com/docs/sharing/webmasters/crawler)"
66.249.79.197 - - [07/Jul/2025:19:26:03 +0700] "POST /get-message-notify HTTP/1.1" 200 20501 "https://shielddoor.vn/hobbies/keyboard-instruments/S5362164002" "Mozilla/5.0 (Linux; Android 6.0.1; Nexus 5X Build/MMB29P) AppleWebKit/537.36 (KHTML, like Gecko) Chrome/137.0.7151.119 Mobile Safari/537.36 (compatible; Googlebot/2.1; +http://www.google.com/bot.html)"
66.249.79.198 - - [07/Jul/2025:19:26:03 +0700] "GET /diy/sharpeners/K532544625 HTTP/1.1" 200 20515 "-" "Mozilla/5.0 (Linux; Android 6.0.1; Nexus 5X Build/MMB29P) AppleWebKit/537.36 (KHTML, like Gecko) Chrome/137.0.7151.103 Mobile Safari/537.36 (compatible; Googlebot/2.1; +http://www.google.com/bot.html)"
57.141.2.26 - - [07/Jul/2025:19:26:05 +0700] "GET /fashion/mens/E5301128595 HTTP/2" 200 0 "-" "meta-externalagent/1.1 (+https://developers.facebook.com/docs/sharing/webmasters/crawler)"
57.141.2.1 - - [07/Jul/2025:19:26:06 +0700] "GET /tools/air-tools/J5343221095 HTTP/2" 200 0 "-" "meta-externalagent/1.1 (+https://developers.facebook.com/docs/sharing/webmasters/crawler)"
66.249.71.197 - - [07/Jul/2025:19:26:04 +0700] "GET /computers/mobile-phone/F5332061137 HTTP/1.1" 200 20505 "-" "Mozilla/5.0 (Linux; Android 6.0.1; Nexus 5X Build/MMB29P) AppleWebKit/537.36 (KHTML, like Gecko) Chrome/137.0.7151.103 Mobile Safari/537.36 (compatible; Googlebot/2.1; +http://www.google.com/bot.html)"
66.249.79.197 - - [07/Jul/2025:19:26:05 +0700] "GET /fashion/jackets/V537570754 HTTP/1.1" 200 20521 "-" "Mozilla/5.0 (Linux; Android 6.0.1; Nexus 5X Build/MMB29P) AppleWebKit/537.36 (KHTML, like Gecko) Chrome/137.0.7151.103 Mobile Safari/537.36 (compatible; Googlebot/2.1; +http://www.google.com/bot.html)"
57.141.2.11 - - [07/Jul/2025:19:26:08 +0700] "GET /handmade/tops/B5351996139 HTTP/2" 200 0 "-" "meta-externalagent/1.1 (+https://developers.facebook.com/docs/sharing/webmasters/crawler)"
57.141.2.17 - - [07/Jul/2025:19:26:08 +0700] "GET /furniture/racks/A5374085290 HTTP/2" 200 0 "-" "meta-externalagent/1.1 (+https://developers.facebook.com/docs/sharing/webmasters/crawler)"
66.249.79.197 - - [07/Jul/2025:19:26:07 +0700] "GET /furniture/trinket-boxes/F5293626075 HTTP/1.1" 200 20732 "-" "Mozilla/5.0 (Linux; Android 6.0.1; Nexus 5X Build/MMB29P) AppleWebKit/537.36 (KHTML, like Gecko) Chrome/137.0.7151.103 Mobile Safari/537.36 (compatible; Googlebot/2.1; +http://www.google.com/bot.html)"
57.141.2.12 - - [07/Jul/2025:19:26:08 +0700] "GET /motorcycles/parts/H5302890815 HTTP/2" 200 0 "-" "meta-externalagent/1.1 (+https://developers.facebook.com/docs/sharing/webmasters/crawler)"
66.249.71.197 - - [07/Jul/2025:19:26:08 +0700] "GET /fishing/fishing/E5353742753 HTTP/1.1" 200 20926 "-" "Mozilla/5.0 (Linux; Android 6.0.1; Nexus 5X Build/MMB29P) AppleWebKit/537.36 (KHTML, like Gecko) Chrome/137.0.7151.103 Mobile Safari/537.36 (compatible; Googlebot/2.1; +http://www.google.com/bot.html)"
57.141.2.20 - - [07/Jul/2025:19:25:41 +0700] "GET /tv/earphones/H533929014 HTTP/2" 200 0 "-" "meta-externalagent/1.1 (+https://developers.facebook.com/docs/sharing/webmasters/crawler)"
57.141.2.23 - - [07/Jul/2025:19:25:41 +0700] "GET /fishing/reels/U533740719 HTTP/2" 200 0 "-" "meta-externalagent/1.1 (+https://developers.facebook.com/docs/sharing/webmasters/crawler)"
57.141.2.24 - - [07/Jul/2025:19:25:42 +0700] "GET /fishing/reels/M5322737734 HTTP/2" 200 0 "-" "meta-externalagent/1.1 (+https://developers.facebook.com/docs/sharing/webmasters/crawler)"
66.249.71.197 - - [07/Jul/2025:19:25:41 +0700] "POST /get-message-notify HTTP/1.1" 200 20460 "https://shielddoor.vn/furniture/interior/D5353948265" "Mozilla/5.0 (Linux; Android 6.0.1; Nexus 5X Build/MMB29P) AppleWebKit/537.36 (KHTML, like Gecko) Chrome/137.0.7151.119 Mobile Safari/537.36 (compatible; Googlebot/2.1; +http://www.google.com/bot.html)"
57.141.2.16 - - [07/Jul/2025:19:25:46 +0700] "GET /db.php/shopdetail/diet-mugwort-steaming/E5343595921 HTTP/2" 200 39 "-" "meta-externalagent/1.1 (+https://developers.facebook.com/docs/sharing/webmasters/crawler)"
57.141.2.19 - - [07/Jul/2025:19:25:48 +0700] "GET /toys/sports/E530909563 HTTP/2" 200 0 "-" "meta-externalagent/1.1 (+https://developers.facebook.com/docs/sharing/webmasters/crawler)"
66.249.71.198 - - [07/Jul/2025:19:25:48 +0700] "GET /tv/portable-players/O5301888263 HTTP/1.1" 200 20753 "-" "Mozilla/5.0 (Linux; Android 6.0.1; Nexus 5X Build/MMB29P) AppleWebKit/537.36 (KHTML, like Gecko) Chrome/137.0.7151.103 Mobile Safari/537.36 (compatible; Googlebot/2.1; +http://www.google.com/bot.html)"
57.141.2.20 - - [07/Jul/2025:19:25:50 +0700] "GET /sports/hard-rackets/K5384084547 HTTP/2" 200 0 "-" "meta-externalagent/1.1 (+https://developers.facebook.com/docs/sharing/webmasters/crawler)"
57.141.2.27 - - [07/Jul/2025:19:25:51 +0700] "GET /db.php/shopdetail/home-appliances-air-conditioning/B5361171154 HTTP/2" 200 39 "-" "meta-externalagent/1.1 (+https://developers.facebook.com/docs/sharing/webmasters/crawler)"
66.249.71.197 - - [07/Jul/2025:19:25:51 +0700] "GET /cameras/audio-equipment/W5311921389 HTTP/1.1" 200 21005 "-" "Mozilla/5.0 (Linux; Android 6.0.1; Nexus 5X Build/MMB29P) AppleWebKit/537.36 (KHTML, like Gecko) Chrome/137.0.7151.103 Mobile Safari/537.36 (compatible; Googlebot/2.1; +http://www.google.com/bot.html)"
57.141.2.27 - - [07/Jul/2025:19:26:00 +0700] "GET /travel-supplies/reels/A5362018240 HTTP/2" 200 0 "-" "meta-externalagent/1.1 (+https://developers.facebook.com/docs/sharing/webmasters/crawler)"
57.141.2.5 - - [07/Jul/2025:19:26:02 +0700] "GET /fashion/womens/J5371313141 HTTP/2" 200 0 "-" "meta-externalagent/1.1 (+https://developers.facebook.com/docs/sharing/webmasters/crawler)"
57.141.2.2 - - [07/Jul/2025:19:26:02 +0700] "GET /db.php/shopdetail/cameras-digital-cameras/A5311203180 HTTP/2" 200 39 "-" "meta-externalagent/1.1 (+https://developers.facebook.com/docs/sharing/webmasters/crawler)"
57.141.2.25 - - [07/Jul/2025:19:26:07 +0700] "GET /motorcycles/bicycles/U5301195210 HTTP/2" 200 0 "-" "meta-externalagent/1.1 (+https://developers.facebook.com/docs/sharing/webmasters/crawler)"
57.141.2.5 - - [07/Jul/2025:19:26:09 +0700] "GET /cars/wheels/Q5342737377 HTTP/2" 200 0 "-" "meta-externalagent/1.1 (+https://developers.facebook.com/docs/sharing/webmasters/crawler)"
57.141.2.22 - - [07/Jul/2025:19:26:09 +0700] "GET /db.php/shopdetail/fashion-outerwear/Q535661086 HTTP/2" 200 39 "-" "meta-externalagent/1.1 (+https://developers.facebook.com/docs/sharing/webmasters/crawler)"
57.141.2.21 - - [07/Jul/2025:19:26:09 +0700] "GET /db.php/shopdetail/diy-power-tools/B5334168951 HTTP/2" 200 39 "-" "meta-externalagent/1.1 (+https://developers.facebook.com/docs/sharing/webmasters/crawler)"
57.141.2.21 - - [07/Jul/2025:19:26:10 +0700] "GET /tv/cameras/F5362376412 HTTP/2" 200 0 "-" "meta-externalagent/1.1 (+https://developers.facebook.com/docs/sharing/webmasters/crawler)"
57.141.2.3 - - [07/Jul/2025:19:25:57 +0700] "GET /art/musical-instruments/N5324060468 HTTP/2" 200 0 "-" "meta-externalagent/1.1 (+https://developers.facebook.com/docs/sharing/webmasters/crawler)"
57.141.2.25 - - [07/Jul/2025:19:25:58 +0700] "GET /fashion/tops/R534449701 HTTP/2" 200 0 "-" "meta-externalagent/1.1 (+https://developers.facebook.com/docs/sharing/webmasters/crawler)"
57.141.2.26 - - [07/Jul/2025:19:25:58 +0700] "GET /travel-supplies/climbing-equipment/Y5372378114 HTTP/2" 200 0 "-" "meta-externalagent/1.1 (+https://developers.facebook.com/docs/sharing/webmasters/crawler)"
57.141.2.18 - - [07/Jul/2025:19:25:59 +0700] "GET /handicrafts/fashion/D5371546905 HTTP/2" 200 0 "-" "meta-externalagent/1.1 (+https://developers.facebook.com/docs/sharing/webmasters/crawler)"
57.141.2.9 - - [07/Jul/2025:19:26:00 +0700] "GET /tablets/monitors/W5372003218 HTTP/2" 200 0 "-" "meta-externalagent/1.1 (+https://developers.facebook.com/docs/sharing/webmasters/crawler)"
66.249.71.197 - - [07/Jul/2025:19:25:59 +0700] "GET /cameras/earphones/Q5323128394 HTTP/1.1" 200 20276 "-" "Mozilla/5.0 (Linux; Android 6.0.1; Nexus 5X Build/MMB29P) AppleWebKit/537.36 (KHTML, like Gecko) Chrome/137.0.7151.103 Mobile Safari/537.36 (compatible; Googlebot/2.1; +http://www.google.com/bot.html)"
57.141.2.1 - - [07/Jul/2025:19:26:02 +0700] "GET /flowers/agave/Z5313815154 HTTP/2" 200 0 "-" "meta-externalagent/1.1 (+https://developers.facebook.com/docs/sharing/webmasters/crawler)"
57.141.2.14 - - [07/Jul/2025:19:26:04 +0700] "GET /db.php/shopdetail/fashion-outerwear/J531736040 HTTP/2" 200 39 "-" "meta-externalagent/1.1 (+https://developers.facebook.com/docs/sharing/webmasters/crawler)"
57.141.2.10 - - [07/Jul/2025:19:26:05 +0700] "GET /outdoor/fishing/F5382330940 HTTP/2" 200 0 "-" "meta-externalagent/1.1 (+https://developers.facebook.com/docs/sharing/webmasters/crawler)"
57.141.2.13 - - [07/Jul/2025:19:26:05 +0700] "GET /fashion/dresses/Z5383535117 HTTP/2" 200 0 "-" "meta-externalagent/1.1 (+https://developers.facebook.com/docs/sharing/webmasters/crawler)"
66.249.79.197 - - [07/Jul/2025:19:26:09 +0700] "POST /get-message-notify HTTP/1.1" 200 20510 "https://shielddoor.vn/fashion/tops/O5331608454" "Mozilla/5.0 (Linux; Android 6.0.1; Nexus 5X Build/MMB29P) AppleWebKit/537.36 (KHTML, like Gecko) Chrome/137.0.7151.119 Mobile Safari/537.36 (compatible; Googlebot/2.1; +http://www.google.com/bot.html)"
57.141.2.20 - - [07/Jul/2025:19:26:11 +0700] "GET /db.php/shopdetail/sports-men-wear/L5342354037 HTTP/2" 200 39 "-" "meta-externalagent/1.1 (+https://developers.facebook.com/docs/sharing/webmasters/crawler)"
57.141.2.12 - - [07/Jul/2025:19:26:12 +0700] "GET /computers/smart-watches/C5342791357 HTTP/2" 200 0 "-" "meta-externalagent/1.1 (+https://developers.facebook.com/docs/sharing/webmasters/crawler)"
57.141.2.11 - - [07/Jul/2025:19:26:14 +0700] "GET /tablets/smartphone/C5334155108 HTTP/2" 200 0 "-" "meta-externalagent/1.1 (+https://developers.facebook.com/docs/sharing/webmasters/crawler)"
66.249.79.197 - - [07/Jul/2025:19:26:13 +0700] "GET /art/pachinko/B5363756258 HTTP/1.1" 200 21449 "-" "Mozilla/5.0 (Linux; Android 6.0.1; Nexus 5X Build/MMB29P) AppleWebKit/537.36 (KHTML, like Gecko) Chrome/137.0.7151.103 Mobile Safari/537.36 (compatible; Googlebot/2.1; +http://www.google.com/bot.html)"
57.141.2.20 - - [07/Jul/2025:19:26:15 +0700] "GET /db.php/shopdetail/tools-electrical-materials/Q5312332427 HTTP/2" 200 39 "-" "meta-externalagent/1.1 (+https://developers.facebook.com/docs/sharing/webmasters/crawler)"
57.141.2.23 - - [07/Jul/2025:19:26:16 +0700] "GET /audio/projectors/S5384017807 HTTP/2" 200 0 "-" "meta-externalagent/1.1 (+https://developers.facebook.com/docs/sharing/webmasters/crawler)"
57.141.2.16 - - [07/Jul/2025:19:26:19 +0700] "GET /db.php/shopdetail/fashion-shoes/Z5363161826 HTTP/2" 200 39 "-" "meta-externalagent/1.1 (+https://developers.facebook.com/docs/sharing/webmasters/crawler)"
66.249.79.197 - - [07/Jul/2025:19:26:09 +0700] "GET /fishing/outdoors/F5341485713 HTTP/1.1" 200 21114 "-" "Mozilla/5.0 (Linux; Android 6.0.1; Nexus 5X Build/MMB29P) AppleWebKit/537.36 (KHTML, like Gecko) Chrome/137.0.7151.103 Mobile Safari/537.36 (compatible; Googlebot/2.1; +http://www.google.com/bot.html)"
57.141.2.20 - - [07/Jul/2025:19:26:11 +0700] "GET /db.php/shopdetail/fashion-bags/E5301996830 HTTP/2" 200 39 "-" "meta-externalagent/1.1 (+https://developers.facebook.com/docs/sharing/webmasters/crawler)"
57.141.2.25 - - [07/Jul/2025:19:26:12 +0700] "GET /flowers/houseplants/L5373365347 HTTP/2" 200 0 "-" "meta-externalagent/1.1 (+https://developers.facebook.com/docs/sharing/webmasters/crawler)"
66.249.71.197 - - [07/Jul/2025:19:26:12 +0700] "GET /tablets/mobile-phone/F5313743912 HTTP/1.1" 200 20744 "-" "Mozilla/5.0 (Linux; Android 6.0.1; Nexus 5X Build/MMB29P) AppleWebKit/537.36 (KHTML, like Gecko) Chrome/137.0.7151.103 Mobile Safari/537.36 (compatible; Googlebot/2.1; +http://www.google.com/bot.html)"
57.141.2.29 - - [07/Jul/2025:19:26:14 +0700] "GET /fishing/outdoors/R5363435191 HTTP/2" 200 0 "-" "meta-externalagent/1.1 (+https://developers.facebook.com/docs/sharing/webmasters/crawler)"
66.249.79.197 - - [07/Jul/2025:19:26:13 +0700] "POST /get-message-notify HTTP/1.1" 200 20462 "https://shielddoor.vn/fishing/outdoors/F5341485713" "Mozilla/5.0 (Linux; Android 6.0.1; Nexus 5X Build/MMB29P) AppleWebKit/537.36 (KHTML, like Gecko) Chrome/137.0.7151.119 Mobile Safari/537.36 (compatible; Googlebot/2.1; +http://www.google.com/bot.html)"
57.141.2.23 - - [07/Jul/2025:19:26:17 +0700] "GET /db.php/shopdetail/sports-basketball/D5371912017 HTTP/2" 200 39 "-" "meta-externalagent/1.1 (+https://developers.facebook.com/docs/sharing/webmasters/crawler)"
57.141.2.28 - - [07/Jul/2025:19:26:18 +0700] "GET /db.php/shopdetail/smartphones-notebook/Z5321182071 HTTP/2" 200 39 "-" "meta-externalagent/1.1 (+https://developers.facebook.com/docs/sharing/webmasters/crawler)"
57.141.2.15 - - [07/Jul/2025:19:26:19 +0700] "GET /db.php/shopdetail/decor-ornaments/S5324142648 HTTP/2" 200 39 "-" "meta-externalagent/1.1 (+https://developers.facebook.com/docs/sharing/webmasters/crawler)"
57.141.2.9 - - [07/Jul/2025:19:26:19 +0700] "GET /tickets/events/J5314127983 HTTP/2" 200 0 "-" "meta-externalagent/1.1 (+https://developers.facebook.com/docs/sharing/webmasters/crawler)"
57.141.2.5 - - [07/Jul/2025:19:26:21 +0700] "GET /home-appliances/appliances/W5341020804 HTTP/2" 200 0 "-" "meta-externalagent/1.1 (+https://developers.facebook.com/docs/sharing/webmasters/crawler)"
57.141.2.13 - - [07/Jul/2025:19:26:23 +0700] "GET /flowers/sedum/O5322541171 HTTP/2" 200 0 "-" "meta-externalagent/1.1 (+https://developers.facebook.com/docs/sharing/webmasters/crawler)"
57.141.2.19 - - [07/Jul/2025:19:26:27 +0700] "GET /diy/special-tools/W535444940 HTTP/2" 200 0 "-" "meta-externalagent/1.1 (+https://developers.facebook.com/docs/sharing/webmasters/crawler)"
57.141.2.9 - - [07/Jul/2025:19:26:27 +0700] "GET /fashion/bags/X5383717784 HTTP/2" 200 0 "-" "meta-externalagent/1.1 (+https://developers.facebook.com/docs/sharing/webmasters/crawler)"
57.141.2.10 - - [07/Jul/2025:19:26:31 +0700] "GET /tools/detectors/E5322805147 HTTP/2" 200 0 "-" "meta-externalagent/1.1 (+https://developers.facebook.com/docs/sharing/webmasters/crawler)"
57.141.2.9 - - [07/Jul/2025:19:26:31 +0700] "GET /diet/supplements/R5341379739 HTTP/2" 200 0 "-" "meta-externalagent/1.1 (+https://developers.facebook.com/docs/sharing/webmasters/crawler)"
57.141.2.5 - - [07/Jul/2025:19:26:32 +0700] "GET /health/health/Q5331982396 HTTP/2" 200 0 "-" "meta-externalagent/1.1 (+https://developers.facebook.com/docs/sharing/webmasters/crawler)"
57.141.2.19 - - [07/Jul/2025:19:26:34 +0700] "GET /handmade/paintings/N5363579032 HTTP/2" 200 0 "-" "meta-externalagent/1.1 (+https://developers.facebook.com/docs/sharing/webmasters/crawler)"
57.141.2.30 - - [07/Jul/2025:19:26:36 +0700] "GET /cars/cars/J5293695160 HTTP/2" 200 0 "-" "meta-externalagent/1.1 (+https://developers.facebook.com/docs/sharing/webmasters/crawler)"
57.141.2.30 - - [07/Jul/2025:19:26:12 +0700] "GET /db.php/shopdetail/fashion-accessories/R5342487760 HTTP/2" 200 39 "-" "meta-externalagent/1.1 (+https://developers.facebook.com/docs/sharing/webmasters/crawler)"
57.141.2.6 - - [07/Jul/2025:19:26:18 +0700] "GET /cameras/cameras/P533455335 HTTP/2" 200 0 "-" "meta-externalagent/1.1 (+https://developers.facebook.com/docs/sharing/webmasters/crawler)"
66.249.79.198 - - [07/Jul/2025:19:26:18 +0700] "GET /smartphones/pc-parts/W5372614205 HTTP/1.1" 200 20853 "-" "Mozilla/5.0 (Linux; Android 6.0.1; Nexus 5X Build/MMB29P) AppleWebKit/537.36 (KHTML, like Gecko) Chrome/137.0.7151.103 Mobile Safari/537.36 (compatible; Googlebot/2.1; +http://www.google.com/bot.html)"
57.141.2.13 - - [07/Jul/2025:19:26:22 +0700] "GET /tablets/tablet/H5303668201 HTTP/2" 200 0 "-" "meta-externalagent/1.1 (+https://developers.facebook.com/docs/sharing/webmasters/crawler)"
66.249.79.197 - - [07/Jul/2025:19:26:21 +0700] "POST /get-message-notify HTTP/1.1" 200 20486 "https://shielddoor.vn/fishing/fishing/E5353742753" "Mozilla/5.0 (Linux; Android 6.0.1; Nexus 5X Build/MMB29P) AppleWebKit/537.36 (KHTML, like Gecko) Chrome/137.0.7151.119 Mobile Safari/537.36 (compatible; Googlebot/2.1; +http://www.google.com/bot.html)"
57.141.2.24 - - [07/Jul/2025:19:26:23 +0700] "GET /decor/interior/Q534883973 HTTP/2" 200 0 "-" "meta-externalagent/1.1 (+https://developers.facebook.com/docs/sharing/webmasters/crawler)"
57.141.2.2 - - [07/Jul/2025:19:26:23 +0700] "GET /fashion/outerwear/Y5353597091 HTTP/2" 200 0 "-" "meta-externalagent/1.1 (+https://developers.facebook.com/docs/sharing/webmasters/crawler)"
57.141.2.27 - - [07/Jul/2025:19:26:29 +0700] "GET /drinks/food/N5343989746 HTTP/2" 200 0 "-" "meta-externalagent/1.1 (+https://developers.facebook.com/docs/sharing/webmasters/crawler)"
57.141.2.20 - - [07/Jul/2025:19:26:32 +0700] "GET /alcohol/others/A5352066774 HTTP/2" 200 0 "-" "meta-externalagent/1.1 (+https://developers.facebook.com/docs/sharing/webmasters/crawler)"
52.167.144.194 - - [07/Jul/2025:19:26:33 +0700] "GET /drinks/drinks/T5371057178 HTTP/2" 200 0 "-" "Mozilla/5.0 AppleWebKit/537.36 (KHTML, like Gecko; compatible; bingbot/2.0; +http://www.bing.com/bingbot.htm) Chrome/116.0.1938.76 Safari/537.36"
57.141.2.6 - - [07/Jul/2025:19:26:33 +0700] "GET /air-conditioning/appliances/L5341378811 HTTP/2" 200 0 "-" "meta-externalagent/1.1 (+https://developers.facebook.com/docs/sharing/webmasters/crawler)"
57.141.2.22 - - [07/Jul/2025:19:26:35 +0700] "GET /cameras/cameras/Q5293588538 HTTP/2" 200 0 "-" "meta-externalagent/1.1 (+https://developers.facebook.com/docs/sharing/webmasters/crawler)"
57.141.2.22 - - [07/Jul/2025:19:26:35 +0700] "GET /travel-supplies/outdoors/J5321847541 HTTP/2" 200 0 "-" "meta-externalagent/1.1 (+https://developers.facebook.com/docs/sharing/webmasters/crawler)"
57.141.2.12 - - [07/Jul/2025:19:26:38 +0700] "GET /tv/cameras/B532269116 HTTP/2" 200 0 "-" "meta-externalagent/1.1 (+https://developers.facebook.com/docs/sharing/webmasters/crawler)"
57.141.2.15 - - [07/Jul/2025:19:26:38 +0700] "GET /db.php/shopdetail/toys-pins/J5352277311 HTTP/2" 200 39 "-" "meta-externalagent/1.1 (+https://developers.facebook.com/docs/sharing/webmasters/crawler)"
66.249.79.198 - - [07/Jul/2025:19:26:37 +0700] "GET /pet-supplies/aquatic-plants/L5303899082 HTTP/1.1" 200 21935 "-" "Mozilla/5.0 (Linux; Android 6.0.1; Nexus 5X Build/MMB29P) AppleWebKit/537.36 (KHTML, like Gecko) Chrome/137.0.7151.103 Mobile Safari/537.36 (compatible; Googlebot/2.1; +http://www.google.com/bot.html)"
57.141.2.12 - - [07/Jul/2025:19:26:39 +0700] "GET /games/key-chains/Y5303120885 HTTP/2" 200 0 "-" "meta-externalagent/1.1 (+https://developers.facebook.com/docs/sharing/webmasters/crawler)"
57.141.2.2 - - [07/Jul/2025:19:26:39 +0700] "GET /cars/motorcycles/S537808034 HTTP/2" 200 0 "-" "meta-externalagent/1.1 (+https://developers.facebook.com/docs/sharing/webmasters/crawler)"
57.141.2.18 - - [07/Jul/2025:19:26:21 +0700] "GET /db.php/shopdetail/travel-supplies-fishing/E533408562 HTTP/2" 200 39 "-" "meta-externalagent/1.1 (+https://developers.facebook.com/docs/sharing/webmasters/crawler)"
57.141.2.5 - - [07/Jul/2025:19:26:22 +0700] "GET /db.php/shopdetail/interior-interior/E5381701542 HTTP/2" 200 39 "-" "meta-externalagent/1.1 (+https://developers.facebook.com/docs/sharing/webmasters/crawler)"
57.141.2.29 - - [07/Jul/2025:19:26:24 +0700] "GET /fashion/tops/S5323394841 HTTP/2" 200 0 "-" "meta-externalagent/1.1 (+https://developers.facebook.com/docs/sharing/webmasters/crawler)"
57.141.2.2 - - [07/Jul/2025:19:26:28 +0700] "GET /smartphones/tablet/E5344143649 HTTP/2" 200 0 "-" "meta-externalagent/1.1 (+https://developers.facebook.com/docs/sharing/webmasters/crawler)"
57.141.2.25 - - [07/Jul/2025:19:26:31 +0700] "GET /diet/supplements/S535639785 HTTP/2" 200 0 "-" "meta-externalagent/1.1 (+https://developers.facebook.com/docs/sharing/webmasters/crawler)"
57.141.2.17 - - [07/Jul/2025:19:26:32 +0700] "GET /diet/health/K5383094901 HTTP/2" 200 0 "-" "meta-externalagent/1.1 (+https://developers.facebook.com/docs/sharing/webmasters/crawler)"
57.141.2.24 - - [07/Jul/2025:19:26:34 +0700] "GET /travel-supplies/rods/X5381876153 HTTP/2" 200 0 "-" "meta-externalagent/1.1 (+https://developers.facebook.com/docs/sharing/webmasters/crawler)"
57.141.2.26 - - [07/Jul/2025:19:26:36 +0700] "GET /games/other-models/Q5301287698 HTTP/2" 200 0 "-" "meta-externalagent/1.1 (+https://developers.facebook.com/docs/sharing/webmasters/crawler)"
57.141.2.15 - - [07/Jul/2025:19:26:36 +0700] "GET /food/vegetables/Q5292123735 HTTP/2" 200 0 "-" "meta-externalagent/1.1 (+https://developers.facebook.com/docs/sharing/webmasters/crawler)"
57.141.2.1 - - [07/Jul/2025:19:26:38 +0700] "GET /motorcycles/motorcycles/Y5323004945 HTTP/2" 200 0 "-" "meta-externalagent/1.1 (+https://developers.facebook.com/docs/sharing/webmasters/crawler)"
57.141.2.30 - - [07/Jul/2025:19:26:39 +0700] "GET /db.php/shopdetail/home-appliances-lighters/T5293200496 HTTP/2" 200 39 "-" "meta-externalagent/1.1 (+https://developers.facebook.com/docs/sharing/webmasters/crawler)"
57.141.2.15 - - [07/Jul/2025:19:26:41 +0700] "GET /db.php/shopdetail/cameras-digital-cameras/Z530471856 HTTP/2" 200 39 "-" "meta-externalagent/1.1 (+https://developers.facebook.com/docs/sharing/webmasters/crawler)"
66.249.79.198 - - [07/Jul/2025:19:26:43 +0700] "GET /fashion/suits/Y5382620263 HTTP/1.1" 200 21314 "-" "Mozilla/5.0 (Linux; Android 6.0.1; Nexus 5X Build/MMB29P) AppleWebKit/537.36 (KHTML, like Gecko) Chrome/137.0.7151.103 Mobile Safari/537.36 (compatible; Googlebot/2.1; +http://www.google.com/bot.html)"
66.249.79.198 - - [07/Jul/2025:19:26:45 +0700] "GET /hobbies/good-luck/M5372204233 HTTP/1.1" 200 21532 "-" "Mozilla/5.0 (Linux; Android 6.0.1; Nexus 5X Build/MMB29P) AppleWebKit/537.36 (KHTML, like Gecko) Chrome/137.0.7151.103 Mobile Safari/537.36 (compatible; Googlebot/2.1; +http://www.google.com/bot.html)"
57.141.2.15 - - [07/Jul/2025:19:26:48 +0700] "GET /food/whiskey/U5342903253 HTTP/2" 200 0 "-" "meta-externalagent/1.1 (+https://developers.facebook.com/docs/sharing/webmasters/crawler)"
66.249.79.198 - - [07/Jul/2025:19:26:49 +0700] "GET /pet-supplies/trimming-supplies/L5353617330 HTTP/1.1" 200 20754 "-" "Mozilla/5.0 (Linux; Android 6.0.1; Nexus 5X Build/MMB29P) AppleWebKit/537.36 (KHTML, like Gecko) Chrome/137.0.7151.103 Mobile Safari/537.36 (compatible; Googlebot/2.1; +http://www.google.com/bot.html)"
57.141.2.2 - - [07/Jul/2025:19:26:50 +0700] "GET /cars/cars/J5291007705 HTTP/2" 200 0 "-" "meta-externalagent/1.1 (+https://developers.facebook.com/docs/sharing/webmasters/crawler)"
57.141.2.25 - - [07/Jul/2025:19:26:50 +0700] "GET /interior/lighting/B5353339772 HTTP/2" 200 0 "-" "meta-externalagent/1.1 (+https://developers.facebook.com/docs/sharing/webmasters/crawler)"
57.141.2.1 - - [07/Jul/2025:19:26:50 +0700] "GET /audio/audio-equipment/Y5323697462 HTTP/2" 200 0 "-" "meta-externalagent/1.1 (+https://developers.facebook.com/docs/sharing/webmasters/crawler)"
66.249.71.197 - - [07/Jul/2025:19:26:37 +0700] "GET /manga/books/K5291290584 HTTP/1.1" 200 20652 "-" "Mozilla/5.0 (Linux; Android 6.0.1; Nexus 5X Build/MMB29P) AppleWebKit/537.36 (KHTML, like Gecko) Chrome/137.0.7151.103 Mobile Safari/537.36 (compatible; Googlebot/2.1; +http://www.google.com/bot.html)"
57.141.2.19 - - [07/Jul/2025:19:26:40 +0700] "GET /fishing/avalanche-gear/D5372258207 HTTP/2" 200 0 "-" "meta-externalagent/1.1 (+https://developers.facebook.com/docs/sharing/webmasters/crawler)"
57.141.2.6 - - [07/Jul/2025:19:26:41 +0700] "GET /db.php/shopdetail/sports-tennis/B5303437461 HTTP/2" 200 39 "-" "meta-externalagent/1.1 (+https://developers.facebook.com/docs/sharing/webmasters/crawler)"
57.141.2.1 - - [07/Jul/2025:19:26:42 +0700] "GET /kitchen/spoons/G5302445435 HTTP/2" 200 0 "-" "meta-externalagent/1.1 (+https://developers.facebook.com/docs/sharing/webmasters/crawler)"
57.141.2.13 - - [07/Jul/2025:19:26:43 +0700] "GET /bicycles/accessories/H5371841392 HTTP/2" 200 0 "-" "meta-externalagent/1.1 (+https://developers.facebook.com/docs/sharing/webmasters/crawler)"
66.249.79.197 - - [07/Jul/2025:19:26:42 +0700] "GET /art/guitars/X5341270535 HTTP/1.1" 200 21127 "-" "Mozilla/5.0 (Linux; Android 6.0.1; Nexus 5X Build/MMB29P) AppleWebKit/537.36 (KHTML, like Gecko) Chrome/137.0.7151.103 Mobile Safari/537.36 (compatible; Googlebot/2.1; +http://www.google.com/bot.html)"
66.249.79.197 - - [07/Jul/2025:19:26:45 +0700] "GET /dvds/japanese-music/N5313003428 HTTP/1.1" 200 21168 "-" "Mozilla/5.0 (Linux; Android 6.0.1; Nexus 5X Build/MMB29P) AppleWebKit/537.36 (KHTML, like Gecko) Chrome/137.0.7151.103 Mobile Safari/537.36 (compatible; Googlebot/2.1; +http://www.google.com/bot.html)"
57.141.2.12 - - [07/Jul/2025:19:26:47 +0700] "GET /diy/supplies/W530888575 HTTP/2" 200 0 "-" "meta-externalagent/1.1 (+https://developers.facebook.com/docs/sharing/webmasters/crawler)"
66.249.71.198 - - [07/Jul/2025:19:26:47 +0700] "GET /furniture/wood-racks/V5322946381 HTTP/1.1" 200 20730 "-" "Mozilla/5.0 (Linux; Android 6.0.1; Nexus 5X Build/MMB29P) AppleWebKit/537.36 (KHTML, like Gecko) Chrome/137.0.7151.103 Mobile Safari/537.36 (compatible; Googlebot/2.1; +http://www.google.com/bot.html)"
57.141.2.12 - - [07/Jul/2025:19:26:51 +0700] "GET /alcohol/whiskey/F537682725 HTTP/2" 200 0 "-" "meta-externalagent/1.1 (+https://developers.facebook.com/docs/sharing/webmasters/crawler)"
66.249.79.197 - - [07/Jul/2025:19:26:51 +0700] "GET /furniture/ceiling-lights/J5352047807 HTTP/1.1" 200 21221 "-" "Mozilla/5.0 (Linux; Android 6.0.1; Nexus 5X Build/MMB29P) AppleWebKit/537.36 (KHTML, like Gecko) Chrome/137.0.7151.103 Mobile Safari/537.36 (compatible; Googlebot/2.1; +http://www.google.com/bot.html)"
57.141.2.23 - - [07/Jul/2025:19:26:55 +0700] "GET /fashion/outerwear/Q536495311 HTTP/2" 200 0 "-" "meta-externalagent/1.1 (+https://developers.facebook.com/docs/sharing/webmasters/crawler)"
66.249.79.197 - - [07/Jul/2025:19:26:55 +0700] "POST /get-message-notify HTTP/1.1" 200 20520 "https://shielddoor.vn/fashion/suits/Y5382620263" "Mozilla/5.0 (Linux; Android 6.0.1; Nexus 5X Build/MMB29P) AppleWebKit/537.36 (KHTML, like Gecko) Chrome/137.0.7151.119 Mobile Safari/537.36 (compatible; Googlebot/2.1; +http://www.google.com/bot.html)"
66.249.79.197 - - [07/Jul/2025:19:26:56 +0700] "GET /tv/recorders/C5303016066 HTTP/1.1" 200 20507 "-" "Mozilla/5.0 (Linux; Android 6.0.1; Nexus 5X Build/MMB29P) AppleWebKit/537.36 (KHTML, like Gecko) Chrome/137.0.7151.103 Mobile Safari/537.36 (compatible; Googlebot/2.1; +http://www.google.com/bot.html)"
57.141.2.9 - - [07/Jul/2025:19:26:57 +0700] "GET /tools/wrenches/U5292052835 HTTP/2" 200 0 "-" "meta-externalagent/1.1 (+https://developers.facebook.com/docs/sharing/webmasters/crawler)"
57.141.2.22 - - [07/Jul/2025:19:26:57 +0700] "GET /tablets/android-tablet-body/N529638912 HTTP/2" 200 0 "-" "meta-externalagent/1.1 (+https://developers.facebook.com/docs/sharing/webmasters/crawler)"
57.141.2.18 - - [07/Jul/2025:19:26:42 +0700] "GET /fashion/accessories/N538567410 HTTP/2" 200 0 "-" "meta-externalagent/1.1 (+https://developers.facebook.com/docs/sharing/webmasters/crawler)"
57.141.2.21 - - [07/Jul/2025:19:26:43 +0700] "GET /handicrafts/accessories/Q5312059639 HTTP/2" 200 0 "-" "meta-externalagent/1.1 (+https://developers.facebook.com/docs/sharing/webmasters/crawler)"
57.141.2.20 - - [07/Jul/2025:19:26:48 +0700] "GET /fashion/womens/F5363327614 HTTP/2" 200 0 "-" "meta-externalagent/1.1 (+https://developers.facebook.com/docs/sharing/webmasters/crawler)"
57.141.2.13 - - [07/Jul/2025:19:26:49 +0700] "GET /outdoor/outdoors/T5341373471 HTTP/2" 200 0 "-" "meta-externalagent/1.1 (+https://developers.facebook.com/docs/sharing/webmasters/crawler)"
57.141.2.17 - - [07/Jul/2025:19:26:49 +0700] "GET /cameras/digital-cameras/U5302278689 HTTP/2" 200 0 "-" "meta-externalagent/1.1 (+https://developers.facebook.com/docs/sharing/webmasters/crawler)"
57.141.2.13 - - [07/Jul/2025:19:26:52 +0700] "GET /air-conditioning/appliances/U5354012822 HTTP/2" 200 0 "-" "meta-externalagent/1.1 (+https://developers.facebook.com/docs/sharing/webmasters/crawler)"
57.141.2.21 - - [07/Jul/2025:19:26:53 +0700] "GET /alcohol/whiskey/L5362514579 HTTP/2" 200 0 "-" "meta-externalagent/1.1 (+https://developers.facebook.com/docs/sharing/webmasters/crawler)"
57.141.2.24 - - [07/Jul/2025:19:26:53 +0700] "GET /cars/cars/Z538664991 HTTP/2" 200 0 "-" "meta-externalagent/1.1 (+https://developers.facebook.com/docs/sharing/webmasters/crawler)"
66.249.71.199 - - [07/Jul/2025:19:26:52 +0700] "GET /decor/dining-tables/N538427005 HTTP/1.1" 200 21075 "-" "Mozilla/5.0 (Linux; Android 6.0.1; Nexus 5X Build/MMB29P) AppleWebKit/537.36 (KHTML, like Gecko) Chrome/137.0.7151.103 Mobile Safari/537.36 (compatible; Googlebot/2.1; +http://www.google.com/bot.html)"
66.249.71.197 - - [07/Jul/2025:19:26:53 +0700] "GET /alcohol/food/H5351483882 HTTP/1.1" 200 21066 "-" "Mozilla/5.0 (Linux; Android 6.0.1; Nexus 5X Build/MMB29P) AppleWebKit/537.36 (KHTML, like Gecko) Chrome/137.0.7151.103 Mobile Safari/537.36 (compatible; Googlebot/2.1; +http://www.google.com/bot.html)"
57.141.2.19 - - [07/Jul/2025:19:26:54 +0700] "GET /cars/cars/B5313606040 HTTP/2" 200 0 "-" "meta-externalagent/1.1 (+https://developers.facebook.com/docs/sharing/webmasters/crawler)"
57.141.2.15 - - [07/Jul/2025:19:26:55 +0700] "GET /alcohol/food/O5322361201 HTTP/2" 200 0 "-" "meta-externalagent/1.1 (+https://developers.facebook.com/docs/sharing/webmasters/crawler)"
66.249.71.197 - - [07/Jul/2025:19:26:54 +0700] "GET /cars/tires/B5311705076 HTTP/1.1" 200 20708 "-" "Mozilla/5.0 (Linux; Android 6.0.1; Nexus 5X Build/MMB29P) AppleWebKit/537.36 (KHTML, like Gecko) Chrome/137.0.7151.103 Mobile Safari/537.36 (compatible; Googlebot/2.1; +http://www.google.com/bot.html)"
57.141.2.2 - - [07/Jul/2025:19:26:58 +0700] "GET /db.php/shopdetail/fashion-bags/O5362902415 HTTP/2" 200 39 "-" "meta-externalagent/1.1 (+https://developers.facebook.com/docs/sharing/webmasters/crawler)"
57.141.2.16 - - [07/Jul/2025:19:27:00 +0700] "GET /tv/recording-media/V5292159911 HTTP/2" 200 0 "-" "meta-externalagent/1.1 (+https://developers.facebook.com/docs/sharing/webmasters/crawler)"
57.141.2.18 - - [07/Jul/2025:19:27:00 +0700] "GET /fashion/mens/Y5331869998 HTTP/2" 200 0 "-" "meta-externalagent/1.1 (+https://developers.facebook.com/docs/sharing/webmasters/crawler)"
57.141.2.1 - - [07/Jul/2025:19:27:01 +0700] "GET /audio/earphones/B535931995 HTTP/2" 200 0 "-" "meta-externalagent/1.1 (+https://developers.facebook.com/docs/sharing/webmasters/crawler)"
66.249.79.199 - - [07/Jul/2025:19:27:01 +0700] "POST /get-message-notify HTTP/1.1" 200 20485 "https://shielddoor.vn/furniture/wood-racks/V5322946381" "Mozilla/5.0 (Linux; Android 6.0.1; Nexus 5X Build/MMB29P) AppleWebKit/537.36 (KHTML, like Gecko) Chrome/137.0.7151.119 Mobile Safari/537.36 (compatible; Googlebot/2.1; +http://www.google.com/bot.html)"
66.249.79.198 - - [07/Jul/2025:19:26:50 +0700] "POST /get-message-notify HTTP/1.1" 200 20493 "https://shielddoor.vn/hobbies/good-luck/M5372204233" "Mozilla/5.0 (Linux; Android 6.0.1; Nexus 5X Build/MMB29P) AppleWebKit/537.36 (KHTML, like Gecko) Chrome/137.0.7151.119 Mobile Safari/537.36 (compatible; Googlebot/2.1; +http://www.google.com/bot.html)"
57.141.2.6 - - [07/Jul/2025:19:26:53 +0700] "GET /fashion/accessories/Q5333531172 HTTP/2" 200 0 "-" "meta-externalagent/1.1 (+https://developers.facebook.com/docs/sharing/webmasters/crawler)"
57.141.2.15 - - [07/Jul/2025:19:26:53 +0700] "GET /cars/parts/Y530393410 HTTP/2" 200 0 "-" "meta-externalagent/1.1 (+https://developers.facebook.com/docs/sharing/webmasters/crawler)"
57.141.2.8 - - [07/Jul/2025:19:26:56 +0700] "GET /tickets/ski-resorts/T5381261317 HTTP/2" 200 0 "-" "meta-externalagent/1.1 (+https://developers.facebook.com/docs/sharing/webmasters/crawler)"
57.141.2.30 - - [07/Jul/2025:19:26:56 +0700] "GET /cars/equipment/Y5301971311 HTTP/2" 200 0 "-" "meta-externalagent/1.1 (+https://developers.facebook.com/docs/sharing/webmasters/crawler)"
57.141.2.30 - - [07/Jul/2025:19:26:59 +0700] "GET /db.php/shopdetail/fashion-tops/I5362336896 HTTP/2" 200 39 "-" "meta-externalagent/1.1 (+https://developers.facebook.com/docs/sharing/webmasters/crawler)"
66.249.71.199 - - [07/Jul/2025:19:26:58 +0700] "GET /tickets/fitness-clubs/M5302745630 HTTP/1.1" 200 20120 "-" "Mozilla/5.0 (Linux; Android 6.0.1; Nexus 5X Build/MMB29P) AppleWebKit/537.36 (KHTML, like Gecko) Chrome/137.0.7151.103 Mobile Safari/537.36 (compatible; Googlebot/2.1; +http://www.google.com/bot.html)"
57.141.2.19 - - [07/Jul/2025:19:27:01 +0700] "GET /db.php/shopdetail/games-toys/T5303571484 HTTP/2" 200 39 "-" "meta-externalagent/1.1 (+https://developers.facebook.com/docs/sharing/webmasters/crawler)"
66.249.79.198 - - [07/Jul/2025:19:27:01 +0700] "POST /get-message-notify HTTP/1.1" 200 20498 "https://shielddoor.vn/tv/recorders/C5303016066" "Mozilla/5.0 (Linux; Android 6.0.1; Nexus 5X Build/MMB29P) AppleWebKit/537.36 (KHTML, like Gecko) Chrome/137.0.7151.119 Mobile Safari/537.36 (compatible; Googlebot/2.1; +http://www.google.com/bot.html)"
57.141.2.17 - - [07/Jul/2025:19:27:02 +0700] "GET /daily-necessities/bulk-sales/A5313880500 HTTP/2" 200 0 "-" "meta-externalagent/1.1 (+https://developers.facebook.com/docs/sharing/webmasters/crawler)"
57.141.2.12 - - [07/Jul/2025:19:27:03 +0700] "GET /db.php/shopdetail/musical-instruments-prints/F5333996051 HTTP/2" 200 39 "-" "meta-externalagent/1.1 (+https://developers.facebook.com/docs/sharing/webmasters/crawler)"
66.249.79.197 - - [07/Jul/2025:19:27:07 +0700] "GET /fashion/bags/C535808711 HTTP/1.1" 200 20514 "-" "Mozilla/5.0 (Linux; Android 6.0.1; Nexus 5X Build/MMB29P) AppleWebKit/537.36 (KHTML, like Gecko) Chrome/137.0.7151.103 Mobile Safari/537.36 (compatible; Googlebot/2.1; +http://www.google.com/bot.html)"
66.249.79.197 - - [07/Jul/2025:19:27:12 +0700] "POST /get-message-notify HTTP/1.1" 200 20503 "https://shielddoor.vn/art/guitars/X5341270535" "Mozilla/5.0 (Linux; Android 6.0.1; Nexus 5X Build/MMB29P) AppleWebKit/537.36 (KHTML, like Gecko) Chrome/137.0.7151.119 Mobile Safari/537.36 (compatible; Googlebot/2.1; +http://www.google.com/bot.html)"
57.141.2.12 - - [07/Jul/2025:19:27:13 +0700] "GET /fishing/outdoors/C5374220571 HTTP/2" 200 0 "-" "meta-externalagent/1.1 (+https://developers.facebook.com/docs/sharing/webmasters/crawler)"
66.249.79.197 - - [07/Jul/2025:19:27:12 +0700] "GET /furniture/wooden-racks/S5313860387 HTTP/1.1" 200 20825 "-" "Mozilla/5.0 (Linux; Android 6.0.1; Nexus 5X Build/MMB29P) AppleWebKit/537.36 (KHTML, like Gecko) Chrome/137.0.7151.103 Mobile Safari/537.36 (compatible; Googlebot/2.1; +http://www.google.com/bot.html)"
57.141.2.29 - - [07/Jul/2025:19:27:15 +0700] "GET /db.php/shopdetail/daily-necessities-bulk-sales/S5311911703 HTTP/2" 200 39 "-" "meta-externalagent/1.1 (+https://developers.facebook.com/docs/sharing/webmasters/crawler)"
57.141.2.11 - - [07/Jul/2025:19:26:58 +0700] "GET /sports/futsal/H534719091 HTTP/2" 200 0 "-" "meta-externalagent/1.1 (+https://developers.facebook.com/docs/sharing/webmasters/crawler)"
57.141.2.1 - - [07/Jul/2025:19:27:00 +0700] "GET /computers/tablet/B5383260142 HTTP/2" 200 0 "-" "meta-externalagent/1.1 (+https://developers.facebook.com/docs/sharing/webmasters/crawler)"
57.141.2.27 - - [07/Jul/2025:19:27:01 +0700] "GET /games/idols/Z5371684319 HTTP/2" 200 0 "-" "meta-externalagent/1.1 (+https://developers.facebook.com/docs/sharing/webmasters/crawler)"
57.141.2.17 - - [07/Jul/2025:19:27:03 +0700] "GET /fashion/hats/Y5363040985 HTTP/2" 200 0 "-" "meta-externalagent/1.1 (+https://developers.facebook.com/docs/sharing/webmasters/crawler)"
57.141.2.20 - - [07/Jul/2025:19:27:04 +0700] "GET /smartphones/mobile-phone/Q5341188355 HTTP/2" 200 0 "-" "meta-externalagent/1.1 (+https://developers.facebook.com/docs/sharing/webmasters/crawler)"
57.141.2.23 - - [07/Jul/2025:19:27:11 +0700] "GET /home-appliances/heating/T5321726785 HTTP/2" 200 0 "-" "meta-externalagent/1.1 (+https://developers.facebook.com/docs/sharing/webmasters/crawler)"
57.141.2.17 - - [07/Jul/2025:19:27:11 +0700] "GET /goods/pokemon-card-games/P5292042427 HTTP/2" 200 0 "-" "meta-externalagent/1.1 (+https://developers.facebook.com/docs/sharing/webmasters/crawler)"
57.141.2.6 - - [07/Jul/2025:19:27:14 +0700] "GET /decor/desk-mats/A5303583705 HTTP/2" 200 0 "-" "meta-externalagent/1.1 (+https://developers.facebook.com/docs/sharing/webmasters/crawler)"
66.249.71.197 - - [07/Jul/2025:19:27:14 +0700] "GET /fashion/accessories/F5314163644 HTTP/1.1" 200 20715 "-" "Mozilla/5.0 (Linux; Android 6.0.1; Nexus 5X Build/MMB29P) AppleWebKit/537.36 (KHTML, like Gecko) Chrome/137.0.7151.103 Mobile Safari/537.36 (compatible; Googlebot/2.1; +http://www.google.com/bot.html)"
66.249.71.197 - - [07/Jul/2025:19:27:15 +0700] "GET /air-conditioning/appliances/F5374222096 HTTP/1.1" 200 20694 "-" "Mozilla/5.0 (Linux; Android 6.0.1; Nexus 5X Build/MMB29P) AppleWebKit/537.36 (KHTML, like Gecko) Chrome/137.0.7151.103 Mobile Safari/537.36 (compatible; Googlebot/2.1; +http://www.google.com/bot.html)"
66.249.71.197 - - [07/Jul/2025:19:27:18 +0700] "GET /food/whiskey/M5312345929 HTTP/1.1" 200 20338 "-" "Mozilla/5.0 (Linux; Android 6.0.1; Nexus 5X Build/MMB29P) AppleWebKit/537.36 (KHTML, like Gecko) Chrome/137.0.7151.103 Mobile Safari/537.36 (compatible; Googlebot/2.1; +http://www.google.com/bot.html)"
57.141.2.25 - - [07/Jul/2025:19:27:20 +0700] "GET /db.php/shopdetail/tools-measurement/K5314146257 HTTP/2" 200 39 "-" "meta-externalagent/1.1 (+https://developers.facebook.com/docs/sharing/webmasters/crawler)"
57.141.2.2 - - [07/Jul/2025:19:27:21 +0700] "GET /air-conditioning/appliances/F5354217055 HTTP/2" 200 0 "-" "meta-externalagent/1.1 (+https://developers.facebook.com/docs/sharing/webmasters/crawler)"
57.141.2.4 - - [07/Jul/2025:19:27:22 +0700] "GET /fashion/kimono/E5371074823 HTTP/2" 200 0 "-" "meta-externalagent/1.1 (+https://developers.facebook.com/docs/sharing/webmasters/crawler)"
66.249.71.197 - - [07/Jul/2025:19:27:16 +0700] "GET /flowers/gardening-soil/N5383681023 HTTP/1.1" 200 20384 "-" "Mozilla/5.0 (Linux; Android 6.0.1; Nexus 5X Build/MMB29P) AppleWebKit/537.36 (KHTML, like Gecko) Chrome/137.0.7151.103 Mobile Safari/537.36 (compatible; Googlebot/2.1; +http://www.google.com/bot.html)"
57.141.2.4 - - [07/Jul/2025:19:27:23 +0700] "GET /decor/rugs/D5382598286 HTTP/2" 200 0 "-" "meta-externalagent/1.1 (+https://developers.facebook.com/docs/sharing/webmasters/crawler)"
57.141.2.28 - - [07/Jul/2025:19:27:25 +0700] "GET /db.php/shopdetail/air-conditioning-stoves/J5361137650 HTTP/2" 200 39 "-" "meta-externalagent/1.1 (+https://developers.facebook.com/docs/sharing/webmasters/crawler)"
57.141.2.28 - - [07/Jul/2025:19:27:29 +0700] "GET /pet-supplies/dog-supplies/K5312080377 HTTP/2" 200 0 "-" "meta-externalagent/1.1 (+https://developers.facebook.com/docs/sharing/webmasters/crawler)"
52.167.144.188 - - [07/Jul/2025:19:27:03 +0700] "GET /tools/painting/E5372204945 HTTP/2" 200 0 "-" "Mozilla/5.0 AppleWebKit/537.36 (KHTML, like Gecko; compatible; bingbot/2.0; +http://www.bing.com/bingbot.htm) Chrome/116.0.1938.76 Safari/537.36"
57.141.2.30 - - [07/Jul/2025:19:27:04 +0700] "GET /furniture/interior/X5342357873 HTTP/2" 200 0 "-" "meta-externalagent/1.1 (+https://developers.facebook.com/docs/sharing/webmasters/crawler)"
57.141.2.10 - - [07/Jul/2025:19:27:04 +0700] "GET /db.php/shopdetail/tablets-others/Y5362657917 HTTP/2" 200 39 "-" "meta-externalagent/1.1 (+https://developers.facebook.com/docs/sharing/webmasters/crawler)"
57.141.2.12 - - [07/Jul/2025:19:27:06 +0700] "GET /db.php/shopdetail/handmade-fashion-accessories/H5372951971 HTTP/2" 200 39 "-" "meta-externalagent/1.1 (+https://developers.facebook.com/docs/sharing/webmasters/crawler)"
57.141.2.5 - - [07/Jul/2025:19:27:14 +0700] "GET /hobbies/japanese-instruments/B5342476480 HTTP/2" 200 0 "-" "meta-externalagent/1.1 (+https://developers.facebook.com/docs/sharing/webmasters/crawler)"
57.141.2.23 - - [07/Jul/2025:19:27:16 +0700] "GET /db.php/shopdetail/sports-clubs/H5302166530 HTTP/2" 200 39 "-" "meta-externalagent/1.1 (+https://developers.facebook.com/docs/sharing/webmasters/crawler)"
57.141.2.5 - - [07/Jul/2025:19:27:16 +0700] "GET /smartphones/mobile-phone/E5373381600 HTTP/2" 200 0 "-" "meta-externalagent/1.1 (+https://developers.facebook.com/docs/sharing/webmasters/crawler)"
57.141.2.3 - - [07/Jul/2025:19:27:20 +0700] "GET /db.php/shopdetail/diet-wipe/I5371392045 HTTP/2" 200 39 "-" "meta-externalagent/1.1 (+https://developers.facebook.com/docs/sharing/webmasters/crawler)"
66.249.79.198 - - [07/Jul/2025:19:27:21 +0700] "POST /get-message-notify HTTP/1.1" 200 20511 "https://shielddoor.vn/air-conditioning/appliances/F5374222096" "Mozilla/5.0 (Linux; Android 6.0.1; Nexus 5X Build/MMB29P) AppleWebKit/537.36 (KHTML, like Gecko) Chrome/137.0.7151.119 Mobile Safari/537.36 (compatible; Googlebot/2.1; +http://www.google.com/bot.html)"
57.141.2.1 - - [07/Jul/2025:19:27:26 +0700] "GET /games/game-centers/L534928069 HTTP/2" 200 0 "-" "meta-externalagent/1.1 (+https://developers.facebook.com/docs/sharing/webmasters/crawler)"
66.249.79.198 - - [07/Jul/2025:19:27:26 +0700] "GET /gardening/houseplants/M5323782766 HTTP/1.1" 200 20629 "-" "Mozilla/5.0 (Linux; Android 6.0.1; Nexus 5X Build/MMB29P) AppleWebKit/537.36 (KHTML, like Gecko) Chrome/137.0.7151.103 Mobile Safari/537.36 (compatible; Googlebot/2.1; +http://www.google.com/bot.html)"
66.249.79.198 - - [07/Jul/2025:19:27:28 +0700] "GET /musical-instruments/collections/A5372582272 HTTP/1.1" 200 20553 "-" "Mozilla/5.0 (Linux; Android 6.0.1; Nexus 5X Build/MMB29P) AppleWebKit/537.36 (KHTML, like Gecko) Chrome/137.0.7151.103 Mobile Safari/537.36 (compatible; Googlebot/2.1; +http://www.google.com/bot.html)"
57.141.2.17 - - [07/Jul/2025:19:27:33 +0700] "GET /diy/others/F5313055291 HTTP/2" 200 0 "-" "meta-externalagent/1.1 (+https://developers.facebook.com/docs/sharing/webmasters/crawler)"
57.141.2.5 - - [07/Jul/2025:19:27:33 +0700] "GET /travel-supplies/bags/K5322422900 HTTP/2" 200 0 "-" "meta-externalagent/1.1 (+https://developers.facebook.com/docs/sharing/webmasters/crawler)"
66.249.79.197 - - [07/Jul/2025:19:27:32 +0700] "POST /get-message-notify HTTP/1.1" 200 20494 "https://shielddoor.vn/musical-instruments/collections/A5372582272" "Mozilla/5.0 (Linux; Android 6.0.1; Nexus 5X Build/MMB29P) AppleWebKit/537.36 (KHTML, like Gecko) Chrome/137.0.7151.119 Mobile Safari/537.36 (compatible; Googlebot/2.1; +http://www.google.com/bot.html)"
66.249.71.197 - - [07/Jul/2025:19:27:33 +0700] "GET /daily-necessities/japanese-tea-supplies/S5344162377 HTTP/1.1" 200 21021 "-" "Mozilla/5.0 (Linux; Android 6.0.1; Nexus 5X Build/MMB29P) AppleWebKit/537.36 (KHTML, like Gecko) Chrome/137.0.7151.103 Mobile Safari/537.36 (compatible; Googlebot/2.1; +http://www.google.com/bot.html)"
66.249.79.197 - - [07/Jul/2025:19:27:16 +0700] "GET /tv/digital-cameras/K5312093509 HTTP/1.1" 200 20503 "-" "Mozilla/5.0 (Linux; Android 6.0.1; Nexus 5X Build/MMB29P) AppleWebKit/537.36 (KHTML, like Gecko) Chrome/137.0.7151.103 Mobile Safari/537.36 (compatible; Googlebot/2.1; +http://www.google.com/bot.html)"
66.249.71.197 - - [07/Jul/2025:19:27:11 +0700] "GET /fashion/accessories/Z5364046271 HTTP/1.1" 200 20546 "-" "Mozilla/5.0 (Linux; Android 6.0.1; Nexus 5X Build/MMB29P) AppleWebKit/537.36 (KHTML, like Gecko) Chrome/137.0.7151.103 Mobile Safari/537.36 (compatible; Googlebot/2.1; +http://www.google.com/bot.html)"
66.249.79.197 - - [07/Jul/2025:19:27:14 +0700] "GET /cosmetics/body-care/W5342319530 HTTP/1.1" 200 20015 "-" "Mozilla/5.0 (Linux; Android 6.0.1; Nexus 5X Build/MMB29P) AppleWebKit/537.36 (KHTML, like Gecko) Chrome/137.0.7151.103 Mobile Safari/537.36 (compatible; Googlebot/2.1; +http://www.google.com/bot.html)"
66.249.79.197 - - [07/Jul/2025:19:27:19 +0700] "GET /tv/tvs/L5341158425 HTTP/1.1" 200 20826 "-" "Mozilla/5.0 (Linux; Android 6.0.1; Nexus 5X Build/MMB29P) AppleWebKit/537.36 (KHTML, like Gecko) Chrome/137.0.7151.103 Mobile Safari/537.36 (compatible; Googlebot/2.1; +http://www.google.com/bot.html)"
57.141.2.7 - - [07/Jul/2025:19:27:24 +0700] "GET /tablets/smartphone/Z5333675106 HTTP/2" 200 0 "-" "meta-externalagent/1.1 (+https://developers.facebook.com/docs/sharing/webmasters/crawler)"
66.249.79.197 - - [07/Jul/2025:19:27:23 +0700] "GET /furniture/lighting/P5384124252 HTTP/1.1" 200 21683 "-" "Mozilla/5.0 (Linux; Android 6.0.1; Nexus 5X Build/MMB29P) AppleWebKit/537.36 (KHTML, like Gecko) Chrome/137.0.7151.103 Mobile Safari/537.36 (compatible; Googlebot/2.1; +http://www.google.com/bot.html)"
57.141.2.19 - - [07/Jul/2025:19:27:24 +0700] "GET /handmade/benches/Q5353390562 HTTP/2" 200 0 "-" "meta-externalagent/1.1 (+https://developers.facebook.com/docs/sharing/webmasters/crawler)"
57.141.2.17 - - [07/Jul/2025:19:27:27 +0700] "GET /daily-necessities/others/D5382233719 HTTP/2" 200 0 "-" "meta-externalagent/1.1 (+https://developers.facebook.com/docs/sharing/webmasters/crawler)"
57.141.2.29 - - [07/Jul/2025:19:27:29 +0700] "GET /alcohol/drinks/G5382794893 HTTP/2" 200 0 "-" "meta-externalagent/1.1 (+https://developers.facebook.com/docs/sharing/webmasters/crawler)"
57.141.2.5 - - [07/Jul/2025:19:27:30 +0700] "GET /travel-supplies/rods/H537477631 HTTP/2" 200 0 "-" "meta-externalagent/1.1 (+https://developers.facebook.com/docs/sharing/webmasters/crawler)"
57.141.2.3 - - [07/Jul/2025:19:27:30 +0700] "GET /games/sports/E532280290 HTTP/2" 200 0 "-" "meta-externalagent/1.1 (+https://developers.facebook.com/docs/sharing/webmasters/crawler)"
66.249.79.198 - - [07/Jul/2025:19:27:29 +0700] "GET /pet-supplies/fish-supplies/V5363232705 HTTP/1.1" 200 20229 "-" "Mozilla/5.0 (Linux; Android 6.0.1; Nexus 5X Build/MMB29P) AppleWebKit/537.36 (KHTML, like Gecko) Chrome/137.0.7151.103 Mobile Safari/537.36 (compatible; Googlebot/2.1; +http://www.google.com/bot.html)"
57.141.2.5 - - [07/Jul/2025:19:27:31 +0700] "GET /diy/others/Q5362203673 HTTP/2" 200 0 "-" "meta-externalagent/1.1 (+https://developers.facebook.com/docs/sharing/webmasters/crawler)"
57.141.2.25 - - [07/Jul/2025:19:27:32 +0700] "GET /travel-supplies/flies/S530290902 HTTP/2" 200 0 "-" "meta-externalagent/1.1 (+https://developers.facebook.com/docs/sharing/webmasters/crawler)"
57.141.2.23 - - [07/Jul/2025:19:27:35 +0700] "GET /dvds/asia/I5303783743 HTTP/2" 200 0 "-" "meta-externalagent/1.1 (+https://developers.facebook.com/docs/sharing/webmasters/crawler)"
57.141.2.30 - - [07/Jul/2025:19:27:35 +0700] "GET /cosmetics/others/Y534941466 HTTP/2" 200 0 "-" "meta-externalagent/1.1 (+https://developers.facebook.com/docs/sharing/webmasters/crawler)"
57.141.2.16 - - [07/Jul/2025:19:27:36 +0700] "GET /db.php/shopdetail/motorcycles-cars/B5322048474 HTTP/2" 200 39 "-" "meta-externalagent/1.1 (+https://developers.facebook.com/docs/sharing/webmasters/crawler)"
57.141.2.14 - - [07/Jul/2025:19:27:31 +0700] "GET /travel-supplies/fishing/J5322984613 HTTP/2" 200 0 "-" "meta-externalagent/1.1 (+https://developers.facebook.com/docs/sharing/webmasters/crawler)"
57.141.2.27 - - [07/Jul/2025:19:27:32 +0700] "GET /decor/ornaments/Y5352919891 HTTP/2" 200 0 "-" "meta-externalagent/1.1 (+https://developers.facebook.com/docs/sharing/webmasters/crawler)"
