66.249.71.199 - - [07/Jul/2025:19:29:35 +0700] "GET /outdoor/tents/G531307505 HTTP/1.1" 200 21428 "-" "Mozilla/5.0 (Linux; Android 6.0.1; Nexus 5X Build/MMB29P) AppleWebKit/537.36 (KHTML, like Gecko) Chrome/137.0.7151.103 Mobile Safari/537.36 (compatible; Googlebot/2.1; +http://www.google.com/bot.html)"
66.249.71.199 - - [07/Jul/2025:19:29:37 +0700] "GET /handmade/tops/A5341294708 HTTP/1.1" 200 21015 "-" "Mozilla/5.0 (Linux; Android 6.0.1; Nexus 5X Build/MMB29P) AppleWebKit/537.36 (KHTML, like Gecko) Chrome/137.0.7151.103 Mobile Safari/537.36 (compatible; Googlebot/2.1; +http://www.google.com/bot.html)"
57.141.2.21 - - [07/Jul/2025:19:29:43 +0700] "GET /fishing/outdoors/V5331665610 HTTP/2" 200 0 "-" "meta-externalagent/1.1 (+https://developers.facebook.com/docs/sharing/webmasters/crawler)"
57.141.2.27 - - [07/Jul/2025:19:29:44 +0700] "GET /db.php/shopdetail/handicrafts-fashion/W5322539236 HTTP/2" 200 39 "-" "meta-externalagent/1.1 (+https://developers.facebook.com/docs/sharing/webmasters/crawler)"
57.141.2.2 - - [07/Jul/2025:19:29:30 +0700] "GET /dvds/video-tapes/M535336711 HTTP/2" 200 0 "-" "meta-externalagent/1.1 (+https://developers.facebook.com/docs/sharing/webmasters/crawler)"
66.249.71.197 - - [07/Jul/2025:19:29:30 +0700] "GET /fashion/womens/N5361420650 HTTP/1.1" 200 21220 "-" "Mozilla/5.0 (Linux; Android 6.0.1; Nexus 5X Build/MMB29P) AppleWebKit/537.36 (KHTML, like Gecko) Chrome/137.0.7151.103 Mobile Safari/537.36 (compatible; Googlebot/2.1; +http://www.google.com/bot.html)"
66.249.71.198 - - [07/Jul/2025:19:29:31 +0700] "GET /computers/mobile-phones/G5382850639 HTTP/1.1" 200 20438 "-" "Mozilla/5.0 (Linux; Android 6.0.1; Nexus 5X Build/MMB29P) AppleWebKit/537.36 (KHTML, like Gecko) Chrome/137.0.7151.103 Mobile Safari/537.36 (compatible; Googlebot/2.1; +http://www.google.com/bot.html)"
57.141.2.7 - - [07/Jul/2025:19:29:36 +0700] "GET /food/drinks/P5351959479 HTTP/2" 200 0 "-" "meta-externalagent/1.1 (+https://developers.facebook.com/docs/sharing/webmasters/crawler)"
57.141.2.14 - - [07/Jul/2025:19:29:37 +0700] "GET /db.php/shopdetail/outdoor-rods/W5342540649 HTTP/2" 200 39 "-" "meta-externalagent/1.1 (+https://developers.facebook.com/docs/sharing/webmasters/crawler)"
66.249.71.198 - - [07/Jul/2025:19:29:36 +0700] "GET /tablets/monitors/Y5332175210 HTTP/1.1" 200 21222 "-" "Mozilla/5.0 (Linux; Android 6.0.1; Nexus 5X Build/MMB29P) AppleWebKit/537.36 (KHTML, like Gecko) Chrome/137.0.7151.103 Mobile Safari/537.36 (compatible; Googlebot/2.1; +http://www.google.com/bot.html)"
47.82.60.3 - - [07/Jul/2025:19:29:37 +0700] "GET /manga/books/K5361843332 HTTP/1.1" 200 0 "https://shielddoor.vn/manga/books/K5361843332" "Mozilla/5.0 (Windows NT 10.0; Win64; x64) AppleWebKit/537.36 (KHTML, like Gecko) Chrome/114.0.0.0 Safari/537.36 Edg/114.0.1823.43"
66.249.71.198 - - [07/Jul/2025:19:29:38 +0700] "GET /bicycles/motorcycles/G5293578972 HTTP/1.1" 200 20624 "-" "Mozilla/5.0 (Linux; Android 6.0.1; Nexus 5X Build/MMB29P) AppleWebKit/537.36 (KHTML, like Gecko) Chrome/137.0.7151.103 Mobile Safari/537.36 (compatible; Googlebot/2.1; +http://www.google.com/bot.html)"
57.141.2.14 - - [07/Jul/2025:19:29:40 +0700] "GET /cds/cds/W534559894 HTTP/2" 200 0 "-" "meta-externalagent/1.1 (+https://developers.facebook.com/docs/sharing/webmasters/crawler)"
57.141.2.8 - - [07/Jul/2025:19:29:42 +0700] "GET /db.php/shopdetail/cds-japanese-music/A5322139156 HTTP/2" 200 39 "-" "meta-externalagent/1.1 (+https://developers.facebook.com/docs/sharing/webmasters/crawler)"
57.141.2.13 - - [07/Jul/2025:19:29:44 +0700] "GET /db.php/shopdetail/sports-tennis/O5372384227 HTTP/2" 200 39 "-" "meta-externalagent/1.1 (+https://developers.facebook.com/docs/sharing/webmasters/crawler)"
57.141.2.21 - - [07/Jul/2025:19:29:45 +0700] "GET /manga/medicine/D5383279827 HTTP/2" 200 0 "-" "meta-externalagent/1.1 (+https://developers.facebook.com/docs/sharing/webmasters/crawler)"
57.141.2.27 - - [07/Jul/2025:19:29:45 +0700] "GET /cameras/cameras/Q5373480369 HTTP/2" 200 0 "-" "meta-externalagent/1.1 (+https://developers.facebook.com/docs/sharing/webmasters/crawler)"
57.141.2.27 - - [07/Jul/2025:19:29:46 +0700] "GET /db.php/shopdetail/kitchen-bulk-sales/E5322402159 HTTP/2" 200 39 "-" "meta-externalagent/1.1 (+https://developers.facebook.com/docs/sharing/webmasters/crawler)"
57.141.2.8 - - [07/Jul/2025:19:29:47 +0700] "GET /db.php/shopdetail/hobbies-keyboard-instruments/Y5373021110 HTTP/2" 200 39 "-" "meta-externalagent/1.1 (+https://developers.facebook.com/docs/sharing/webmasters/crawler)"
57.141.2.27 - - [07/Jul/2025:19:29:48 +0700] "GET /db.php/shopdetail/home-appliances-circulators/F5343799030 HTTP/2" 200 39 "-" "meta-externalagent/1.1 (+https://developers.facebook.com/docs/sharing/webmasters/crawler)"
66.249.71.197 - - [07/Jul/2025:19:29:47 +0700] "GET /games/character/J5332694972 HTTP/1.1" 200 20550 "-" "Mozilla/5.0 (Linux; Android 6.0.1; Nexus 5X Build/MMB29P) AppleWebKit/537.36 (KHTML, like Gecko) Chrome/137.0.7151.103 Mobile Safari/537.36 (compatible; Googlebot/2.1; +http://www.google.com/bot.html)"
57.141.2.3 - - [07/Jul/2025:19:29:46 +0700] "GET /db.php/shopdetail/tv-cameras/M5341509082 HTTP/2" 200 39 "-" "meta-externalagent/1.1 (+https://developers.facebook.com/docs/sharing/webmasters/crawler)"
57.141.2.2 - - [07/Jul/2025:19:29:48 +0700] "GET /home-appliances/smoking-accessories/G529565982 HTTP/2" 200 0 "-" "meta-externalagent/1.1 (+https://developers.facebook.com/docs/sharing/webmasters/crawler)"
57.141.2.8 - - [07/Jul/2025:19:29:49 +0700] "GET /bicycles/cars/Y537665772 HTTP/2" 200 0 "-" "meta-externalagent/1.1 (+https://developers.facebook.com/docs/sharing/webmasters/crawler)"
66.249.71.197 - - [07/Jul/2025:19:29:48 +0700] "GET /blu-ray/anime/X5301889305 HTTP/1.1" 200 20506 "-" "Mozilla/5.0 (Linux; Android 6.0.1; Nexus 5X Build/MMB29P) AppleWebKit/537.36 (KHTML, like Gecko) Chrome/137.0.7151.103 Mobile Safari/537.36 (compatible; Googlebot/2.1; +http://www.google.com/bot.html)"
57.141.2.24 - - [07/Jul/2025:19:29:51 +0700] "GET /db.php/shopdetail/outdoor-reels/P5312256677 HTTP/2" 200 39 "-" "meta-externalagent/1.1 (+https://developers.facebook.com/docs/sharing/webmasters/crawler)"
66.249.71.197 - - [07/Jul/2025:19:29:51 +0700] "POST /get-message-notify HTTP/1.1" 200 20480 "https://shielddoor.vn/games/character/J5332694972" "Mozilla/5.0 (Linux; Android 6.0.1; Nexus 5X Build/MMB29P) AppleWebKit/537.36 (KHTML, like Gecko) Chrome/137.0.7151.119 Mobile Safari/537.36 (compatible; Googlebot/2.1; +http://www.google.com/bot.html)"
66.249.71.199 - - [07/Jul/2025:19:29:53 +0700] "POST /get-message-notify HTTP/1.1" 200 20484 "https://shielddoor.vn/blu-ray/anime/X5301889305" "Mozilla/5.0 (Linux; Android 6.0.1; Nexus 5X Build/MMB29P) AppleWebKit/537.36 (KHTML, like Gecko) Chrome/137.0.7151.119 Mobile Safari/537.36 (compatible; Googlebot/2.1; +http://www.google.com/bot.html)"
66.249.79.199 - - [07/Jul/2025:19:29:53 +0700] "GET /fashion/mens/S5291248307 HTTP/1.1" 200 20995 "-" "Mozilla/5.0 (Linux; Android 6.0.1; Nexus 5X Build/MMB29P) AppleWebKit/537.36 (KHTML, like Gecko) Chrome/137.0.7151.103 Mobile Safari/537.36 (compatible; Googlebot/2.1; +http://www.google.com/bot.html)"
66.249.71.200 - - [07/Jul/2025:19:29:56 +0700] "GET /tickets/events/V5341946441 HTTP/1.1" 200 20079 "-" "Mozilla/5.0 (Linux; Android 6.0.1; Nexus 5X Build/MMB29P) AppleWebKit/537.36 (KHTML, like Gecko) Chrome/137.0.7151.103 Mobile Safari/537.36 (compatible; Googlebot/2.1; +http://www.google.com/bot.html)"
66.249.79.197 - - [07/Jul/2025:19:29:59 +0700] "GET /daily-necessities/evacuation-supplies/N5331563362 HTTP/1.1" 200 20752 "-" "Mozilla/5.0 (Linux; Android 6.0.1; Nexus 5X Build/MMB29P) AppleWebKit/537.36 (KHTML, like Gecko) Chrome/137.0.7151.103 Mobile Safari/537.36 (compatible; Googlebot/2.1; +http://www.google.com/bot.html)"
57.141.2.27 - - [07/Jul/2025:19:30:01 +0700] "GET /cds/western-music/J5303355870 HTTP/2" 200 0 "-" "meta-externalagent/1.1 (+https://developers.facebook.com/docs/sharing/webmasters/crawler)"
57.141.2.13 - - [07/Jul/2025:19:30:02 +0700] "GET /cosmetics/perfumes/T5322611816 HTTP/2" 200 0 "-" "meta-externalagent/1.1 (+https://developers.facebook.com/docs/sharing/webmasters/crawler)"
66.249.71.197 - - [07/Jul/2025:19:30:02 +0700] "GET /furniture/sofas/P533413174 HTTP/1.1" 200 20437 "-" "Mozilla/5.0 (Linux; Android 6.0.1; Nexus 5X Build/MMB29P) AppleWebKit/537.36 (KHTML, like Gecko) Chrome/137.0.7151.103 Mobile Safari/537.36 (compatible; Googlebot/2.1; +http://www.google.com/bot.html)"
57.141.2.5 - - [07/Jul/2025:19:30:06 +0700] "GET /outdoor/reels/B5361105715 HTTP/2" 200 0 "-" "meta-externalagent/1.1 (+https://developers.facebook.com/docs/sharing/webmasters/crawler)"
66.249.71.198 - - [07/Jul/2025:19:30:09 +0700] "GET /cameras/speakers/H5333079300 HTTP/1.1" 200 20985 "-" "Mozilla/5.0 (Linux; Android 6.0.1; Nexus 5X Build/MMB29P) AppleWebKit/537.36 (KHTML, like Gecko) Chrome/137.0.7151.103 Mobile Safari/537.36 (compatible; Googlebot/2.1; +http://www.google.com/bot.html)"
57.141.2.11 - - [07/Jul/2025:19:29:42 +0700] "GET /fashion/womens/M5301703150 HTTP/2" 200 0 "-" "meta-externalagent/1.1 (+https://developers.facebook.com/docs/sharing/webmasters/crawler)"
66.249.71.199 - - [07/Jul/2025:19:29:43 +0700] "GET /beauty/women-perfume/M5323579879 HTTP/1.1" 200 21668 "-" "Mozilla/5.0 (Linux; Android 6.0.1; Nexus 5X Build/MMB29P) AppleWebKit/537.36 (KHTML, like Gecko) Chrome/137.0.7151.103 Mobile Safari/537.36 (compatible; Googlebot/2.1; +http://www.google.com/bot.html)"
57.141.2.5 - - [07/Jul/2025:19:29:45 +0700] "GET /tv/cameras/D5312114922 HTTP/2" 200 0 "-" "meta-externalagent/1.1 (+https://developers.facebook.com/docs/sharing/webmasters/crawler)"
66.249.79.199 - - [07/Jul/2025:19:29:45 +0700] "GET /fishing/rods/R5352440431 HTTP/1.1" 200 20545 "-" "Mozilla/5.0 (Linux; Android 6.0.1; Nexus 5X Build/MMB29P) AppleWebKit/537.36 (KHTML, like Gecko) Chrome/137.0.7151.103 Mobile Safari/537.36 (compatible; Googlebot/2.1; +http://www.google.com/bot.html)"
57.141.2.30 - - [07/Jul/2025:19:29:48 +0700] "GET /fashion/outerwear/U5353086545 HTTP/2" 200 0 "-" "meta-externalagent/1.1 (+https://developers.facebook.com/docs/sharing/webmasters/crawler)"
57.141.2.19 - - [07/Jul/2025:19:29:50 +0700] "GET /furniture/interior/S5291651040 HTTP/2" 200 0 "-" "meta-externalagent/1.1 (+https://developers.facebook.com/docs/sharing/webmasters/crawler)"
66.249.71.198 - - [07/Jul/2025:19:29:50 +0700] "GET /tablets/pc-peripherals/T5293291698 HTTP/1.1" 200 20770 "-" "Mozilla/5.0 (Linux; Android 6.0.1; Nexus 5X Build/MMB29P) AppleWebKit/537.36 (KHTML, like Gecko) Chrome/137.0.7151.103 Mobile Safari/537.36 (compatible; Googlebot/2.1; +http://www.google.com/bot.html)"
57.141.2.6 - - [07/Jul/2025:19:29:57 +0700] "GET /tickets/facility-tickets/K5383911627 HTTP/2" 200 0 "-" "meta-externalagent/1.1 (+https://developers.facebook.com/docs/sharing/webmasters/crawler)"
66.249.79.197 - - [07/Jul/2025:19:29:58 +0700] "GET /gardening/houseplants/U5321400035 HTTP/1.1" 200 20373 "-" "Mozilla/5.0 (Linux; Android 6.0.1; Nexus 5X Build/MMB29P) AppleWebKit/537.36 (KHTML, like Gecko) Chrome/137.0.7151.103 Mobile Safari/537.36 (compatible; Googlebot/2.1; +http://www.google.com/bot.html)"
66.249.71.199 - - [07/Jul/2025:19:30:01 +0700] "POST /get-message-notify HTTP/1.1" 200 20485 "https://shielddoor.vn/tickets/events/V5341946441" "Mozilla/5.0 (Linux; Android 6.0.1; Nexus 5X Build/MMB29P) AppleWebKit/537.36 (KHTML, like Gecko) Chrome/137.0.7151.119 Mobile Safari/537.36 (compatible; Googlebot/2.1; +http://www.google.com/bot.html)"
57.141.2.9 - - [07/Jul/2025:19:30:05 +0700] "GET /daily-necessities/notebooks/O5312279302 HTTP/2" 200 0 "-" "meta-externalagent/1.1 (+https://developers.facebook.com/docs/sharing/webmasters/crawler)"
57.141.2.30 - - [07/Jul/2025:19:30:11 +0700] "GET /air-conditioning/smoking-accessories/Y5291385667 HTTP/2" 200 0 "-" "meta-externalagent/1.1 (+https://developers.facebook.com/docs/sharing/webmasters/crawler)"
57.141.2.13 - - [07/Jul/2025:19:30:17 +0700] "GET /air-conditioning/dishwasher/A5333173072 HTTP/2" 200 0 "-" "meta-externalagent/1.1 (+https://developers.facebook.com/docs/sharing/webmasters/crawler)"
57.141.2.2 - - [07/Jul/2025:19:30:18 +0700] "GET /db.php/shopdetail/health-yeast/C5314045973 HTTP/2" 200 39 "-" "meta-externalagent/1.1 (+https://developers.facebook.com/docs/sharing/webmasters/crawler)"
57.141.2.6 - - [07/Jul/2025:19:30:19 +0700] "GET /db.php/shopdetail/magazines-boys-manga/L5342981938 HTTP/2" 200 39 "-" "meta-externalagent/1.1 (+https://developers.facebook.com/docs/sharing/webmasters/crawler)"
57.141.2.22 - - [07/Jul/2025:19:30:22 +0700] "GET /audio/woofers/F5382516637 HTTP/2" 200 0 "-" "meta-externalagent/1.1 (+https://developers.facebook.com/docs/sharing/webmasters/crawler)"
57.141.2.5 - - [07/Jul/2025:19:30:25 +0700] "GET /travel-supplies/outdoors/U5383288295 HTTP/2" 200 0 "-" "meta-externalagent/1.1 (+https://developers.facebook.com/docs/sharing/webmasters/crawler)"
57.141.2.24 - - [07/Jul/2025:19:29:51 +0700] "GET /bicycles/cars/Y5321749751 HTTP/2" 200 0 "-" "meta-externalagent/1.1 (+https://developers.facebook.com/docs/sharing/webmasters/crawler)"
66.249.71.197 - - [07/Jul/2025:19:29:51 +0700] "GET /gardening/fresh-flower-arrangements/C5321043353 HTTP/1.1" 200 21037 "-" "Mozilla/5.0 (Linux; Android 6.0.1; Nexus 5X Build/MMB29P) AppleWebKit/537.36 (KHTML, like Gecko) Chrome/137.0.7151.103 Mobile Safari/537.36 (compatible; Googlebot/2.1; +http://www.google.com/bot.html)"
57.141.2.19 - - [07/Jul/2025:19:29:53 +0700] "GET /outdoor/outdoors/X5363668328 HTTP/2" 200 0 "-" "meta-externalagent/1.1 (+https://developers.facebook.com/docs/sharing/webmasters/crawler)"
57.141.2.22 - - [07/Jul/2025:19:29:55 +0700] "GET /db.php/shopdetail/tv-zoom-lens/N5332800408 HTTP/2" 200 39 "-" "meta-externalagent/1.1 (+https://developers.facebook.com/docs/sharing/webmasters/crawler)"
66.249.71.197 - - [07/Jul/2025:19:29:54 +0700] "POST /get-message-notify HTTP/1.1" 200 20488 "https://shielddoor.vn/tablets/pc-peripherals/T5293291698" "Mozilla/5.0 (Linux; Android 6.0.1; Nexus 5X Build/MMB29P) AppleWebKit/537.36 (KHTML, like Gecko) Chrome/137.0.7151.119 Mobile Safari/537.36 (compatible; Googlebot/2.1; +http://www.google.com/bot.html)"
66.249.71.197 - - [07/Jul/2025:19:30:03 +0700] "GET /diet/relaxation/W5314131714 HTTP/1.1" 200 20723 "-" "Mozilla/5.0 (Linux; Android 6.0.1; Nexus 5X Build/MMB29P) AppleWebKit/537.36 (KHTML, like Gecko) Chrome/137.0.7151.103 Mobile Safari/537.36 (compatible; Googlebot/2.1; +http://www.google.com/bot.html)"
66.249.71.197 - - [07/Jul/2025:19:30:04 +0700] "POST /get-message-notify HTTP/1.1" 200 20478 "https://shielddoor.vn/gardening/houseplants/U5321400035" "Mozilla/5.0 (Linux; Android 6.0.1; Nexus 5X Build/MMB29P) AppleWebKit/537.36 (KHTML, like Gecko) Chrome/137.0.7151.119 Mobile Safari/537.36 (compatible; Googlebot/2.1; +http://www.google.com/bot.html)"
57.141.2.18 - - [07/Jul/2025:19:30:05 +0700] "GET /db.php/shopdetail/diy-inspection/T5322309179 HTTP/2" 200 39 "-" "meta-externalagent/1.1 (+https://developers.facebook.com/docs/sharing/webmasters/crawler)"
57.141.2.24 - - [07/Jul/2025:19:30:08 +0700] "GET /db.php/shopdetail/gardening-others/V5371407715 HTTP/2" 200 39 "-" "meta-externalagent/1.1 (+https://developers.facebook.com/docs/sharing/webmasters/crawler)"
57.141.2.23 - - [07/Jul/2025:19:30:26 +0700] "GET /db.php/shopdetail/interior-store/H5381826405 HTTP/2" 200 39 "-" "meta-externalagent/1.1 (+https://developers.facebook.com/docs/sharing/webmasters/crawler)"
57.141.2.26 - - [07/Jul/2025:19:30:28 +0700] "GET /hobbies/antique/Q5351431069 HTTP/2" 200 0 "-" "meta-externalagent/1.1 (+https://developers.facebook.com/docs/sharing/webmasters/crawler)"
57.141.2.29 - - [07/Jul/2025:19:30:32 +0700] "GET /sports/golf/Q5312043388 HTTP/2" 200 0 "-" "meta-externalagent/1.1 (+https://developers.facebook.com/docs/sharing/webmasters/crawler)"
57.141.2.12 - - [07/Jul/2025:19:30:34 +0700] "GET /audio/audio-equipment/H5303609180 HTTP/2" 200 0 "-" "meta-externalagent/1.1 (+https://developers.facebook.com/docs/sharing/webmasters/crawler)"
57.141.2.6 - - [07/Jul/2025:19:30:35 +0700] "GET /drinks/alcohol/I5371623086 HTTP/2" 200 0 "-" "meta-externalagent/1.1 (+https://developers.facebook.com/docs/sharing/webmasters/crawler)"
57.141.2.17 - - [07/Jul/2025:19:30:43 +0700] "GET /sports/training/V5331336453 HTTP/2" 200 0 "-" "meta-externalagent/1.1 (+https://developers.facebook.com/docs/sharing/webmasters/crawler)"
52.167.144.188 - - [07/Jul/2025:19:30:43 +0700] "GET /hallettsvilleaug.xml HTTP/2" 200 33709 "-" "Mozilla/5.0 AppleWebKit/537.36 (KHTML, like Gecko; compatible; bingbot/2.0; +http://www.bing.com/bingbot.htm) Chrome/116.0.1938.76 Safari/537.36"
57.141.2.13 - - [07/Jul/2025:19:30:46 +0700] "GET /db.php/shopdetail/food-whiskey/P5301337992 HTTP/2" 200 39 "-" "meta-externalagent/1.1 (+https://developers.facebook.com/docs/sharing/webmasters/crawler)"
57.141.2.20 - - [07/Jul/2025:19:30:47 +0700] "GET /books/art/X5373817134 HTTP/2" 200 0 "-" "meta-externalagent/1.1 (+https://developers.facebook.com/docs/sharing/webmasters/crawler)"
52.167.144.188 - - [07/Jul/2025:19:30:46 +0700] "GET /diazoaminige.xml HTTP/2" 200 33793 "-" "Mozilla/5.0 AppleWebKit/537.36 (KHTML, like Gecko; compatible; bingbot/2.0; +http://www.bing.com/bingbot.htm) Chrome/116.0.1938.76 Safari/537.36"
52.167.144.188 - - [07/Jul/2025:19:30:53 +0700] "GET /daceloninaeucy.xml HTTP/2" 200 34047 "-" "Mozilla/5.0 AppleWebKit/537.36 (KHTML, like Gecko; compatible; bingbot/2.0; +http://www.bing.com/bingbot.htm) Chrome/116.0.1938.76 Safari/537.36"
57.141.2.29 - - [07/Jul/2025:19:30:56 +0700] "GET /db.php/shopdetail/decor-wood-racks/Q5313416545 HTTP/2" 200 39 "-" "meta-externalagent/1.1 (+https://developers.facebook.com/docs/sharing/webmasters/crawler)"
52.167.144.188 - - [07/Jul/2025:19:30:55 +0700] "GET /antigenicallypki.xml HTTP/2" 200 33765 "-" "Mozilla/5.0 AppleWebKit/537.36 (KHTML, like Gecko; compatible; bingbot/2.0; +http://www.bing.com/bingbot.htm) Chrome/116.0.1938.76 Safari/537.36"
52.167.144.188 - - [07/Jul/2025:19:30:57 +0700] "GET /conenosesodm.xml HTTP/2" 200 33780 "-" "Mozilla/5.0 AppleWebKit/537.36 (KHTML, like Gecko; compatible; bingbot/2.0; +http://www.bing.com/bingbot.htm) Chrome/116.0.1938.76 Safari/537.36"
40.77.167.44 - - [07/Jul/2025:19:30:58 +0700] "GET /habituatingpjk.xml HTTP/2" 200 33771 "-" "Mozilla/5.0 AppleWebKit/537.36 (KHTML, like Gecko; compatible; bingbot/2.0; +http://www.bing.com/bingbot.htm) Chrome/116.0.1938.76 Safari/537.36"
40.77.167.44 - - [07/Jul/2025:19:31:00 +0700] "GET /fulbeecc.xml HTTP/2" 200 34034 "-" "Mozilla/5.0 AppleWebKit/537.36 (KHTML, like Gecko; compatible; bingbot/2.0; +http://www.bing.com/bingbot.htm) Chrome/116.0.1938.76 Safari/537.36"
57.141.2.13 - - [07/Jul/2025:19:31:05 +0700] "GET /fashion/womens/I5363253618 HTTP/2" 200 0 "-" "meta-externalagent/1.1 (+https://developers.facebook.com/docs/sharing/webmasters/crawler)"
40.77.167.44 - - [07/Jul/2025:19:31:07 +0700] "GET /coemptejz.xml HTTP/2" 200 33721 "-" "Mozilla/5.0 AppleWebKit/537.36 (KHTML, like Gecko; compatible; bingbot/2.0; +http://www.bing.com/bingbot.htm) Chrome/116.0.1938.76 Safari/537.36"
57.141.2.19 - - [07/Jul/2025:19:31:09 +0700] "GET /tools/air-tools/M5361213724 HTTP/2" 200 0 "-" "meta-externalagent/1.1 (+https://developers.facebook.com/docs/sharing/webmasters/crawler)"
52.167.144.188 - - [07/Jul/2025:19:31:07 +0700] "GET /alboleersingih.xml HTTP/2" 200 33803 "-" "Mozilla/5.0 AppleWebKit/537.36 (KHTML, like Gecko; compatible; bingbot/2.0; +http://www.bing.com/bingbot.htm) Chrome/116.0.1938.76 Safari/537.36"
52.167.144.188 - - [07/Jul/2025:19:31:10 +0700] "GET /tools/parts/Z5293717542 HTTP/2" 200 0 "-" "Mozilla/5.0 AppleWebKit/537.36 (KHTML, like Gecko; compatible; bingbot/2.0; +http://www.bing.com/bingbot.htm) Chrome/116.0.1938.76 Safari/537.36"
57.141.2.27 - - [07/Jul/2025:19:31:13 +0700] "GET /beauty/body/L5343916955 HTTP/2" 200 0 "-" "meta-externalagent/1.1 (+https://developers.facebook.com/docs/sharing/webmasters/crawler)"
57.141.2.6 - - [07/Jul/2025:19:31:14 +0700] "GET /fashion/womens/G5371177413 HTTP/2" 200 0 "-" "meta-externalagent/1.1 (+https://developers.facebook.com/docs/sharing/webmasters/crawler)"
57.141.2.29 - - [07/Jul/2025:19:31:15 +0700] "GET /alcohol/coffee/P5312821187 HTTP/2" 200 0 "-" "meta-externalagent/1.1 (+https://developers.facebook.com/docs/sharing/webmasters/crawler)"
57.141.2.10 - - [07/Jul/2025:19:31:16 +0700] "GET /bicycles/cars/U5293501331 HTTP/2" 200 0 "-" "meta-externalagent/1.1 (+https://developers.facebook.com/docs/sharing/webmasters/crawler)"
57.141.2.1 - - [07/Jul/2025:19:31:19 +0700] "GET /diy/screwdrivers/O5321772710 HTTP/2" 200 0 "-" "meta-externalagent/1.1 (+https://developers.facebook.com/docs/sharing/webmasters/crawler)"
57.141.2.23 - - [07/Jul/2025:19:31:23 +0700] "GET /db.php/shopdetail/health-supplements/K5341055622 HTTP/2" 200 39 "-" "meta-externalagent/1.1 (+https://developers.facebook.com/docs/sharing/webmasters/crawler)"
57.141.2.17 - - [07/Jul/2025:19:30:12 +0700] "GET /furniture/ornaments/Y536486511 HTTP/2" 200 0 "-" "meta-externalagent/1.1 (+https://developers.facebook.com/docs/sharing/webmasters/crawler)"
57.141.2.26 - - [07/Jul/2025:19:30:15 +0700] "GET /fashion/skirts/N5321594250 HTTP/2" 200 0 "-" "meta-externalagent/1.1 (+https://developers.facebook.com/docs/sharing/webmasters/crawler)"
57.141.2.23 - - [07/Jul/2025:19:30:17 +0700] "GET /fashion/dresses/E5373778700 HTTP/2" 200 0 "-" "meta-externalagent/1.1 (+https://developers.facebook.com/docs/sharing/webmasters/crawler)"
40.77.167.58 - - [07/Jul/2025:19:30:30 +0700] "GET /outdoor/others/A5351018787 HTTP/2" 200 0 "-" "Mozilla/5.0 AppleWebKit/537.36 (KHTML, like Gecko; compatible; bingbot/2.0; +http://www.bing.com/bingbot.htm) Chrome/116.0.1938.76 Safari/537.36"
57.141.2.5 - - [07/Jul/2025:19:30:32 +0700] "GET /handmade/materials/V5343684345 HTTP/2" 200 0 "-" "meta-externalagent/1.1 (+https://developers.facebook.com/docs/sharing/webmasters/crawler)"
57.141.2.13 - - [07/Jul/2025:19:30:33 +0700] "GET /dvds/japanese-movies/K5291233942 HTTP/2" 200 0 "-" "meta-externalagent/1.1 (+https://developers.facebook.com/docs/sharing/webmasters/crawler)"
57.141.2.9 - - [07/Jul/2025:19:30:33 +0700] "GET /fashion/womens/M5294088659 HTTP/2" 200 0 "-" "meta-externalagent/1.1 (+https://developers.facebook.com/docs/sharing/webmasters/crawler)"
57.141.2.25 - - [07/Jul/2025:19:30:37 +0700] "GET /fishing/reels/N5343930368 HTTP/2" 200 0 "-" "meta-externalagent/1.1 (+https://developers.facebook.com/docs/sharing/webmasters/crawler)"
57.141.2.17 - - [07/Jul/2025:19:30:41 +0700] "GET /home-appliances/rice-cooker/M533784176 HTTP/2" 200 0 "-" "meta-externalagent/1.1 (+https://developers.facebook.com/docs/sharing/webmasters/crawler)"
57.141.2.10 - - [07/Jul/2025:19:30:42 +0700] "GET /hobbies/collections/C5322342369 HTTP/2" 200 0 "-" "meta-externalagent/1.1 (+https://developers.facebook.com/docs/sharing/webmasters/crawler)"
57.141.2.18 - - [07/Jul/2025:19:30:43 +0700] "GET /toys/figures/Q5291967810 HTTP/2" 200 0 "-" "meta-externalagent/1.1 (+https://developers.facebook.com/docs/sharing/webmasters/crawler)"
57.141.2.18 - - [07/Jul/2025:19:30:53 +0700] "GET /audio/cameras/V5331530454 HTTP/2" 200 0 "-" "meta-externalagent/1.1 (+https://developers.facebook.com/docs/sharing/webmasters/crawler)"
57.141.2.29 - - [07/Jul/2025:19:30:59 +0700] "GET /db.php/shopdetail/fashion-bags/O538414197 HTTP/2" 200 39 "-" "meta-externalagent/1.1 (+https://developers.facebook.com/docs/sharing/webmasters/crawler)"
57.141.2.6 - - [07/Jul/2025:19:31:01 +0700] "GET /computers/smartphone/S531543828 HTTP/2" 200 0 "-" "meta-externalagent/1.1 (+https://developers.facebook.com/docs/sharing/webmasters/crawler)"
57.141.2.23 - - [07/Jul/2025:19:31:02 +0700] "GET /furniture/dining-tables/C531735812 HTTP/2" 200 0 "-" "meta-externalagent/1.1 (+https://developers.facebook.com/docs/sharing/webmasters/crawler)"
57.141.2.21 - - [07/Jul/2025:19:31:08 +0700] "GET /sports/golf/Z5341311081 HTTP/2" 200 0 "-" "meta-externalagent/1.1 (+https://developers.facebook.com/docs/sharing/webmasters/crawler)"
57.141.2.29 - - [07/Jul/2025:19:31:11 +0700] "GET /kitchen/bulk-sales/E5383168257 HTTP/2" 200 0 "-" "meta-externalagent/1.1 (+https://developers.facebook.com/docs/sharing/webmasters/crawler)"
57.141.2.18 - - [07/Jul/2025:19:31:15 +0700] "GET /fashion/mens/S5292615076 HTTP/2" 200 0 "-" "meta-externalagent/1.1 (+https://developers.facebook.com/docs/sharing/webmasters/crawler)"
57.141.2.4 - - [07/Jul/2025:19:31:16 +0700] "GET /cosmetics/serums/T5343474462 HTTP/2" 200 0 "-" "meta-externalagent/1.1 (+https://developers.facebook.com/docs/sharing/webmasters/crawler)"
57.141.2.12 - - [07/Jul/2025:19:31:19 +0700] "GET /travel-supplies/fishing/Z5351460949 HTTP/2" 200 0 "-" "meta-externalagent/1.1 (+https://developers.facebook.com/docs/sharing/webmasters/crawler)"
57.141.2.12 - - [07/Jul/2025:19:31:26 +0700] "GET /toys/sports/Z5323625635 HTTP/2" 200 0 "-" "meta-externalagent/1.1 (+https://developers.facebook.com/docs/sharing/webmasters/crawler)"
57.141.2.15 - - [07/Jul/2025:19:30:36 +0700] "GET /motorcycles/parts/U5382057276 HTTP/2" 200 0 "-" "meta-externalagent/1.1 (+https://developers.facebook.com/docs/sharing/webmasters/crawler)"
66.249.79.197 - - [07/Jul/2025:19:30:41 +0700] "GET /audio/digital-cameras/C5373308721 HTTP/1.1" 200 20570 "-" "Mozilla/5.0 (Linux; Android 6.0.1; Nexus 5X Build/MMB29P) AppleWebKit/537.36 (KHTML, like Gecko) Chrome/137.0.7151.103 Mobile Safari/537.36 (compatible; Googlebot/2.1; +http://www.google.com/bot.html)"
57.141.2.20 - - [07/Jul/2025:19:30:46 +0700] "GET /tools/others/O537851040 HTTP/2" 200 0 "-" "meta-externalagent/1.1 (+https://developers.facebook.com/docs/sharing/webmasters/crawler)"
57.141.2.11 - - [07/Jul/2025:19:30:47 +0700] "GET /smartphones/pc-peripherals/Z5342104276 HTTP/2" 200 0 "-" "meta-externalagent/1.1 (+https://developers.facebook.com/docs/sharing/webmasters/crawler)"
57.141.2.30 - - [07/Jul/2025:19:30:58 +0700] "GET /fashion/mens/T5301579751 HTTP/2" 200 0 "-" "meta-externalagent/1.1 (+https://developers.facebook.com/docs/sharing/webmasters/crawler)"
57.141.2.3 - - [07/Jul/2025:19:31:00 +0700] "GET /cosmetics/hair-dryers/E5321036189 HTTP/2" 200 0 "-" "meta-externalagent/1.1 (+https://developers.facebook.com/docs/sharing/webmasters/crawler)"
40.77.167.55 - - [07/Jul/2025:19:31:03 +0700] "GET /diabetidcoz.xml HTTP/2" 200 33942 "-" "Mozilla/5.0 AppleWebKit/537.36 (KHTML, like Gecko; compatible; bingbot/2.0; +http://www.bing.com/bingbot.htm) Chrome/116.0.1938.76 Safari/537.36"
40.77.167.55 - - [07/Jul/2025:19:31:06 +0700] "GET /fkrisoni.xml HTTP/2" 200 33948 "-" "Mozilla/5.0 AppleWebKit/537.36 (KHTML, like Gecko; compatible; bingbot/2.0; +http://www.bing.com/bingbot.htm) Chrome/116.0.1938.76 Safari/537.36"
40.77.167.55 - - [07/Jul/2025:19:31:08 +0700] "GET /tools/metal-adhesive/H5303358336 HTTP/2" 200 0 "-" "Mozilla/5.0 AppleWebKit/537.36 (KHTML, like Gecko; compatible; bingbot/2.0; +http://www.bing.com/bingbot.htm) Chrome/116.0.1938.76 Safari/537.36"
57.141.2.24 - - [07/Jul/2025:19:31:09 +0700] "GET /db.php/shopdetail/tv-audio-equipment/H5361353449 HTTP/2" 200 39 "-" "meta-externalagent/1.1 (+https://developers.facebook.com/docs/sharing/webmasters/crawler)"
57.141.2.5 - - [07/Jul/2025:19:31:13 +0700] "GET /travel-supplies/outdoors/T535383855 HTTP/2" 200 0 "-" "meta-externalagent/1.1 (+https://developers.facebook.com/docs/sharing/webmasters/crawler)"
57.141.2.6 - - [07/Jul/2025:19:31:15 +0700] "GET /db.php/shopdetail/fashion-accessories/W5312428313 HTTP/2" 200 39 "-" "meta-externalagent/1.1 (+https://developers.facebook.com/docs/sharing/webmasters/crawler)"
57.141.2.22 - - [07/Jul/2025:19:31:18 +0700] "GET /db.php/shopdetail/interior-tables/I5352783305 HTTP/2" 200 39 "-" "meta-externalagent/1.1 (+https://developers.facebook.com/docs/sharing/webmasters/crawler)"
57.141.2.19 - - [07/Jul/2025:19:31:20 +0700] "GET /tools/special-tools/B5302555292 HTTP/2" 200 0 "-" "meta-externalagent/1.1 (+https://developers.facebook.com/docs/sharing/webmasters/crawler)"
57.141.2.12 - - [07/Jul/2025:19:31:27 +0700] "GET /fashion/womens/A5374024125 HTTP/2" 200 0 "-" "meta-externalagent/1.1 (+https://developers.facebook.com/docs/sharing/webmasters/crawler)"
57.141.2.30 - - [07/Jul/2025:19:31:36 +0700] "GET /alcohol/drinks/K536913860 HTTP/2" 200 0 "-" "meta-externalagent/1.1 (+https://developers.facebook.com/docs/sharing/webmasters/crawler)"
57.141.2.25 - - [07/Jul/2025:19:31:39 +0700] "GET /db.php/shopdetail/tv-digital-cameras/I531771904 HTTP/2" 200 39 "-" "meta-externalagent/1.1 (+https://developers.facebook.com/docs/sharing/webmasters/crawler)"
57.141.2.29 - - [07/Jul/2025:19:31:39 +0700] "GET /alcohol/drinks/J5373160485 HTTP/2" 200 0 "-" "meta-externalagent/1.1 (+https://developers.facebook.com/docs/sharing/webmasters/crawler)"
57.141.2.5 - - [07/Jul/2025:19:31:41 +0700] "GET /goods/pokemon-card-games/Y5353032470 HTTP/2" 200 0 "-" "meta-externalagent/1.1 (+https://developers.facebook.com/docs/sharing/webmasters/crawler)"
57.141.2.23 - - [07/Jul/2025:19:31:24 +0700] "GET /sports/baseball/E5313981333 HTTP/2" 200 0 "-" "meta-externalagent/1.1 (+https://developers.facebook.com/docs/sharing/webmasters/crawler)"
57.141.2.22 - - [07/Jul/2025:19:31:31 +0700] "GET /decor/chairs/Q5353697812 HTTP/2" 200 0 "-" "meta-externalagent/1.1 (+https://developers.facebook.com/docs/sharing/webmasters/crawler)"
57.141.2.6 - - [07/Jul/2025:19:31:32 +0700] "GET /fashion/yukata/S5352637562 HTTP/2" 200 0 "-" "meta-externalagent/1.1 (+https://developers.facebook.com/docs/sharing/webmasters/crawler)"
57.141.2.5 - - [07/Jul/2025:19:31:36 +0700] "GET /db.php/shopdetail/tv-tvs/K5301264948 HTTP/2" 200 39 "-" "meta-externalagent/1.1 (+https://developers.facebook.com/docs/sharing/webmasters/crawler)"
52.167.144.188 - - [07/Jul/2025:19:31:34 +0700] "GET /diechoscopeyaq.xml HTTP/2" 200 33923 "-" "Mozilla/5.0 AppleWebKit/537.36 (KHTML, like Gecko; compatible; bingbot/2.0; +http://www.bing.com/bingbot.htm) Chrome/116.0.1938.76 Safari/537.36"
57.141.2.23 - - [07/Jul/2025:19:31:37 +0700] "GET /furniture/cases/E5303155772 HTTP/2" 200 0 "-" "meta-externalagent/1.1 (+https://developers.facebook.com/docs/sharing/webmasters/crawler)"
57.141.2.18 - - [07/Jul/2025:19:31:37 +0700] "GET /computers/pc-parts/Q5334129032 HTTP/2" 200 0 "-" "meta-externalagent/1.1 (+https://developers.facebook.com/docs/sharing/webmasters/crawler)"
57.141.2.4 - - [07/Jul/2025:19:31:38 +0700] "GET /fashion/womens/P5293623678 HTTP/2" 200 0 "-" "meta-externalagent/1.1 (+https://developers.facebook.com/docs/sharing/webmasters/crawler)"
52.167.144.188 - - [07/Jul/2025:19:31:36 +0700] "GET /charquedadp.xml HTTP/2" 200 33817 "-" "Mozilla/5.0 AppleWebKit/537.36 (KHTML, like Gecko; compatible; bingbot/2.0; +http://www.bing.com/bingbot.htm) Chrome/116.0.1938.76 Safari/537.36"
57.141.2.21 - - [07/Jul/2025:19:31:38 +0700] "GET /musical-instruments/equipment/D5381341287 HTTP/2" 200 0 "-" "meta-externalagent/1.1 (+https://developers.facebook.com/docs/sharing/webmasters/crawler)"
57.141.2.17 - - [07/Jul/2025:19:31:40 +0700] "GET /food/whiskey/R5342971540 HTTP/2" 200 0 "-" "meta-externalagent/1.1 (+https://developers.facebook.com/docs/sharing/webmasters/crawler)"
57.141.2.3 - - [07/Jul/2025:19:31:41 +0700] "GET /home-appliances/heating/G5293156271 HTTP/2" 200 0 "-" "meta-externalagent/1.1 (+https://developers.facebook.com/docs/sharing/webmasters/crawler)"
66.249.71.198 - - [07/Jul/2025:19:31:40 +0700] "GET /fishing/outdoors/I5382312989 HTTP/1.1" 200 20838 "-" "Mozilla/5.0 (Linux; Android 6.0.1; Nexus 5X Build/MMB29P) AppleWebKit/537.36 (KHTML, like Gecko) Chrome/137.0.7151.103 Mobile Safari/537.36 (compatible; Googlebot/2.1; +http://www.google.com/bot.html)"
57.141.2.20 - - [07/Jul/2025:19:31:42 +0700] "GET /fashion/tops/J5382465049 HTTP/2" 200 0 "-" "meta-externalagent/1.1 (+https://developers.facebook.com/docs/sharing/webmasters/crawler)"
57.141.2.29 - - [07/Jul/2025:19:31:43 +0700] "GET /food/whiskey/P5341410981 HTTP/2" 200 0 "-" "meta-externalagent/1.1 (+https://developers.facebook.com/docs/sharing/webmasters/crawler)"
57.141.2.1 - - [07/Jul/2025:19:31:44 +0700] "GET /diy/alloys/P5381095009 HTTP/2" 200 0 "-" "meta-externalagent/1.1 (+https://developers.facebook.com/docs/sharing/webmasters/crawler)"
52.167.144.188 - - [07/Jul/2025:19:31:42 +0700] "GET /dethronementsnnj.xml HTTP/2" 200 34033 "-" "Mozilla/5.0 AppleWebKit/537.36 (KHTML, like Gecko; compatible; bingbot/2.0; +http://www.bing.com/bingbot.htm) Chrome/116.0.1938.76 Safari/537.36"
57.141.2.20 - - [07/Jul/2025:19:31:44 +0700] "GET /food/whiskey/J5332179243 HTTP/2" 200 0 "-" "meta-externalagent/1.1 (+https://developers.facebook.com/docs/sharing/webmasters/crawler)"
57.141.2.8 - - [07/Jul/2025:19:31:45 +0700] "GET /fashion/pants/Q537900439 HTTP/2" 200 0 "-" "meta-externalagent/1.1 (+https://developers.facebook.com/docs/sharing/webmasters/crawler)"
57.141.2.12 - - [07/Jul/2025:19:31:47 +0700] "GET /interior/chairs/L5301125151 HTTP/2" 200 0 "-" "meta-externalagent/1.1 (+https://developers.facebook.com/docs/sharing/webmasters/crawler)"
57.141.2.29 - - [07/Jul/2025:19:31:26 +0700] "GET /db.php/shopdetail/tools-ropes/L5331210573 HTTP/2" 200 39 "-" "meta-externalagent/1.1 (+https://developers.facebook.com/docs/sharing/webmasters/crawler)"
66.249.71.198 - - [07/Jul/2025:19:31:25 +0700] "GET /fishing/others/L5373972369 HTTP/1.1" 200 20218 "-" "Mozilla/5.0 (Linux; Android 6.0.1; Nexus 5X Build/MMB29P) AppleWebKit/537.36 (KHTML, like Gecko) Chrome/137.0.7151.103 Mobile Safari/537.36 (compatible; Googlebot/2.1; +http://www.google.com/bot.html)"
40.77.167.44 - - [07/Jul/2025:19:31:28 +0700] "GET /finickinezk.xml HTTP/2" 200 33844 "-" "Mozilla/5.0 AppleWebKit/537.36 (KHTML, like Gecko; compatible; bingbot/2.0; +http://www.bing.com/bingbot.htm) Chrome/116.0.1938.76 Safari/537.36"
66.249.79.198 - - [07/Jul/2025:19:31:29 +0700] "POST /get-message-notify HTTP/1.1" 200 20529 "https://shielddoor.vn/fishing/others/L5373972369" "Mozilla/5.0 (Linux; Android 6.0.1; Nexus 5X Build/MMB29P) AppleWebKit/537.36 (KHTML, like Gecko) Chrome/137.0.7151.119 Mobile Safari/537.36 (compatible; Googlebot/2.1; +http://www.google.com/bot.html)"
40.77.167.44 - - [07/Jul/2025:19:31:30 +0700] "GET /eristicmny.xml HTTP/2" 200 33800 "-" "Mozilla/5.0 AppleWebKit/537.36 (KHTML, like Gecko; compatible; bingbot/2.0; +http://www.bing.com/bingbot.htm) Chrome/116.0.1938.76 Safari/537.36"
40.77.167.44 - - [07/Jul/2025:19:31:33 +0700] "GET /corinthbmy.xml HTTP/2" 200 33569 "-" "Mozilla/5.0 AppleWebKit/537.36 (KHTML, like Gecko; compatible; bingbot/2.0; +http://www.bing.com/bingbot.htm) Chrome/116.0.1938.76 Safari/537.36"
40.77.167.44 - - [07/Jul/2025:19:31:37 +0700] "GET /fashion/watches/L5312563959 HTTP/2" 200 0 "-" "Mozilla/5.0 AppleWebKit/537.36 (KHTML, like Gecko; compatible; bingbot/2.0; +http://www.bing.com/bingbot.htm) Chrome/116.0.1938.76 Safari/537.36"
57.141.2.2 - - [07/Jul/2025:19:31:41 +0700] "GET /health/diet-foods/M5332515310 HTTP/2" 200 0 "-" "meta-externalagent/1.1 (+https://developers.facebook.com/docs/sharing/webmasters/crawler)"
57.141.2.30 - - [07/Jul/2025:19:31:43 +0700] "GET /food/whiskey/Q5313835082 HTTP/2" 200 0 "-" "meta-externalagent/1.1 (+https://developers.facebook.com/docs/sharing/webmasters/crawler)"
66.249.79.197 - - [07/Jul/2025:19:31:42 +0700] "GET /cameras/cameras/R5303295237 HTTP/1.1" 200 21677 "-" "Mozilla/5.0 (Linux; Android 6.0.1; Nexus 5X Build/MMB29P) AppleWebKit/537.36 (KHTML, like Gecko) Chrome/137.0.7151.103 Mobile Safari/537.36 (compatible; Googlebot/2.1; +http://www.google.com/bot.html)"
57.141.2.28 - - [07/Jul/2025:19:31:44 +0700] "GET /alcohol/powders/T5331809708 HTTP/2" 200 0 "-" "meta-externalagent/1.1 (+https://developers.facebook.com/docs/sharing/webmasters/crawler)"
57.141.2.9 - - [07/Jul/2025:19:31:45 +0700] "GET /food/others/L5292395057 HTTP/2" 200 0 "-" "meta-externalagent/1.1 (+https://developers.facebook.com/docs/sharing/webmasters/crawler)"
66.249.79.197 - - [07/Jul/2025:19:31:46 +0700] "POST /get-message-notify HTTP/1.1" 200 20508 "https://shielddoor.vn/cameras/cameras/R5303295237" "Mozilla/5.0 (Linux; Android 6.0.1; Nexus 5X Build/MMB29P) AppleWebKit/537.36 (KHTML, like Gecko) Chrome/137.0.7151.119 Mobile Safari/537.36 (compatible; Googlebot/2.1; +http://www.google.com/bot.html)"
57.141.2.20 - - [07/Jul/2025:19:31:47 +0700] "GET /food/alcohol/L531563134 HTTP/2" 200 0 "-" "meta-externalagent/1.1 (+https://developers.facebook.com/docs/sharing/webmasters/crawler)"
66.249.79.197 - - [07/Jul/2025:19:31:47 +0700] "GET /motorcycles/cars/X5304202650 HTTP/1.1" 200 21060 "-" "Mozilla/5.0 (Linux; Android 6.0.1; Nexus 5X Build/MMB29P) AppleWebKit/537.36 (KHTML, like Gecko) Chrome/137.0.7151.103 Mobile Safari/537.36 (compatible; Googlebot/2.1; +http://www.google.com/bot.html)"
57.141.2.19 - - [07/Jul/2025:19:31:48 +0700] "GET /db.php/shopdetail/computers-apple-watch-accessories/G529893467 HTTP/2" 200 39 "-" "meta-externalagent/1.1 (+https://developers.facebook.com/docs/sharing/webmasters/crawler)"
40.77.167.44 - - [07/Jul/2025:19:31:48 +0700] "GET /dentatosinuateqjf.xml HTTP/2" 200 33833 "-" "Mozilla/5.0 AppleWebKit/537.36 (KHTML, like Gecko; compatible; bingbot/2.0; +http://www.bing.com/bingbot.htm) Chrome/116.0.1938.76 Safari/537.36"
66.249.79.197 - - [07/Jul/2025:19:31:48 +0700] "GET /computers/monitors/B531500880 HTTP/1.1" 200 20669 "-" "Mozilla/5.0 (Linux; Android 6.0.1; Nexus 5X Build/MMB29P) AppleWebKit/537.36 (KHTML, like Gecko) Chrome/137.0.7151.103 Mobile Safari/537.36 (compatible; Googlebot/2.1; +http://www.google.com/bot.html)"
40.77.167.25 - - [07/Jul/2025:19:31:51 +0700] "GET /home-appliances/air-conditioners/A5301368765 HTTP/2" 200 0 "-" "Mozilla/5.0 AppleWebKit/537.36 (KHTML, like Gecko; compatible; bingbot/2.0; +http://www.bing.com/bingbot.htm) Chrome/116.0.1938.76 Safari/537.36"
57.141.2.24 - - [07/Jul/2025:19:31:51 +0700] "GET /db.php/shopdetail/alcohol-whiskey/U5352853111 HTTP/2" 200 39 "-" "meta-externalagent/1.1 (+https://developers.facebook.com/docs/sharing/webmasters/crawler)"
40.77.167.44 - - [07/Jul/2025:19:31:50 +0700] "GET /aquateuix.xml HTTP/2" 200 33891 "-" "Mozilla/5.0 AppleWebKit/537.36 (KHTML, like Gecko; compatible; bingbot/2.0; +http://www.bing.com/bingbot.htm) Chrome/116.0.1938.76 Safari/537.36"
66.249.79.197 - - [07/Jul/2025:19:31:51 +0700] "POST /get-message-notify HTTP/1.1" 200 20524 "https://shielddoor.vn/beauty/shampoo/U5333481322" "Mozilla/5.0 (Linux; Android 6.0.1; Nexus 5X Build/MMB29P) AppleWebKit/537.36 (KHTML, like Gecko) Chrome/137.0.7151.119 Mobile Safari/537.36 (compatible; Googlebot/2.1; +http://www.google.com/bot.html)"
40.77.167.44 - - [07/Jul/2025:19:31:53 +0700] "GET /flubdubpfr.xml HTTP/2" 200 33684 "-" "Mozilla/5.0 AppleWebKit/537.36 (KHTML, like Gecko; compatible; bingbot/2.0; +http://www.bing.com/bingbot.htm) Chrome/116.0.1938.76 Safari/537.36"
66.249.79.197 - - [07/Jul/2025:19:31:54 +0700] "POST /get-message-notify HTTP/1.1" 200 20488 "https://shielddoor.vn/pet-supplies/other/O5291923573" "Mozilla/5.0 (Linux; Android 6.0.1; Nexus 5X Build/MMB29P) AppleWebKit/537.36 (KHTML, like Gecko) Chrome/137.0.7151.119 Mobile Safari/537.36 (compatible; Googlebot/2.1; +http://www.google.com/bot.html)"
40.77.167.44 - - [07/Jul/2025:19:31:55 +0700] "GET /arditoqjl.xml HTTP/2" 200 33673 "-" "Mozilla/5.0 AppleWebKit/537.36 (KHTML, like Gecko; compatible; bingbot/2.0; +http://www.bing.com/bingbot.htm) Chrome/116.0.1938.76 Safari/537.36"
66.249.79.197 - - [07/Jul/2025:19:31:57 +0700] "POST /get-message-notify HTTP/1.1" 200 20504 "https://shielddoor.vn/flowers/agave/T5382807360" "Mozilla/5.0 (Linux; Android 6.0.1; Nexus 5X Build/MMB29P) AppleWebKit/537.36 (KHTML, like Gecko) Chrome/137.0.7151.119 Mobile Safari/537.36 (compatible; Googlebot/2.1; +http://www.google.com/bot.html)"
40.77.167.44 - - [07/Jul/2025:19:31:58 +0700] "GET /anaclasticmhn.xml HTTP/2" 200 33655 "-" "Mozilla/5.0 AppleWebKit/537.36 (KHTML, like Gecko; compatible; bingbot/2.0; +http://www.bing.com/bingbot.htm) Chrome/116.0.1938.76 Safari/537.36"
66.249.79.197 - - [07/Jul/2025:19:32:01 +0700] "GET /food/shochu/V5293482367 HTTP/1.1" 200 19932 "-" "Mozilla/5.0 (Linux; Android 6.0.1; Nexus 5X Build/MMB29P) AppleWebKit/537.36 (KHTML, like Gecko) Chrome/137.0.7151.103 Mobile Safari/537.36 (compatible; Googlebot/2.1; +http://www.google.com/bot.html)"
66.249.79.197 - - [07/Jul/2025:19:32:03 +0700] "GET /computers/tablet/N5311582603 HTTP/1.1" 200 20818 "-" "Mozilla/5.0 (Linux; Android 6.0.1; Nexus 5X Build/MMB29P) AppleWebKit/537.36 (KHTML, like Gecko) Chrome/137.0.7151.103 Mobile Safari/537.36 (compatible; Googlebot/2.1; +http://www.google.com/bot.html)"
66.249.79.197 - - [07/Jul/2025:19:32:06 +0700] "GET /furniture/others/C5322511013 HTTP/1.1" 200 20870 "-" "Mozilla/5.0 (Linux; Android 6.0.1; Nexus 5X Build/MMB29P) AppleWebKit/537.36 (KHTML, like Gecko) Chrome/137.0.7151.103 Mobile Safari/537.36 (compatible; Googlebot/2.1; +http://www.google.com/bot.html)"
40.77.167.55 - - [07/Jul/2025:19:31:44 +0700] "GET /ferreiraros.xml HTTP/2" 200 33540 "-" "Mozilla/5.0 AppleWebKit/537.36 (KHTML, like Gecko; compatible; bingbot/2.0; +http://www.bing.com/bingbot.htm) Chrome/116.0.1938.76 Safari/537.36"
57.141.2.29 - - [07/Jul/2025:19:31:46 +0700] "GET /health/supplements/W5353250588 HTTP/2" 200 0 "-" "meta-externalagent/1.1 (+https://developers.facebook.com/docs/sharing/webmasters/crawler)"
57.141.2.24 - - [07/Jul/2025:19:31:46 +0700] "GET /outdoor/outdoors/N5332389091 HTTP/2" 200 0 "-" "meta-externalagent/1.1 (+https://developers.facebook.com/docs/sharing/webmasters/crawler)"
66.249.71.197 - - [07/Jul/2025:19:31:45 +0700] "GET /fashion/accessories/B532381991 HTTP/1.1" 200 20520 "-" "Mozilla/5.0 (Linux; Android 6.0.1; Nexus 5X Build/MMB29P) AppleWebKit/537.36 (KHTML, like Gecko) Chrome/137.0.7151.103 Mobile Safari/537.36 (compatible; Googlebot/2.1; +http://www.google.com/bot.html)"
40.77.167.55 - - [07/Jul/2025:19:31:46 +0700] "GET /feteritanev.xml HTTP/2" 200 33637 "-" "Mozilla/5.0 AppleWebKit/537.36 (KHTML, like Gecko; compatible; bingbot/2.0; +http://www.bing.com/bingbot.htm) Chrome/116.0.1938.76 Safari/537.36"
57.141.2.19 - - [07/Jul/2025:19:31:50 +0700] "GET /home-appliances/appliances/P5313997742 HTTP/2" 200 0 "-" "meta-externalagent/1.1 (+https://developers.facebook.com/docs/sharing/webmasters/crawler)"
57.141.2.18 - - [07/Jul/2025:19:31:51 +0700] "GET /diet/herb-tea/P5322868543 HTTP/2" 200 0 "-" "meta-externalagent/1.1 (+https://developers.facebook.com/docs/sharing/webmasters/crawler)"
57.141.2.16 - - [07/Jul/2025:19:31:52 +0700] "GET /daily-necessities/others/U538786934 HTTP/2" 200 0 "-" "meta-externalagent/1.1 (+https://developers.facebook.com/docs/sharing/webmasters/crawler)"
66.249.79.197 - - [07/Jul/2025:19:31:53 +0700] "GET /flowers/agave/T5382807360 HTTP/1.1" 200 20779 "-" "Mozilla/5.0 (Linux; Android 6.0.1; Nexus 5X Build/MMB29P) AppleWebKit/537.36 (KHTML, like Gecko) Chrome/137.0.7151.103 Mobile Safari/537.36 (compatible; Googlebot/2.1; +http://www.google.com/bot.html)"
57.141.2.4 - - [07/Jul/2025:19:31:58 +0700] "GET /tablets/smartphones/L5363362741 HTTP/2" 200 0 "-" "meta-externalagent/1.1 (+https://developers.facebook.com/docs/sharing/webmasters/crawler)"
216.73.216.126 - - [07/Jul/2025:19:31:58 +0700] "GET /sitemap-4.xml HTTP/2" 200 33588 "-" "Mozilla/5.0 AppleWebKit/537.36 (KHTML, like Gecko; compatible; ClaudeBot/1.0; +claudebot@anthropic.com)"
40.77.167.55 - - [07/Jul/2025:19:31:58 +0700] "GET /dezinckedjge.xml HTTP/2" 200 34058 "-" "Mozilla/5.0 AppleWebKit/537.36 (KHTML, like Gecko; compatible; bingbot/2.0; +http://www.bing.com/bingbot.htm) Chrome/116.0.1938.76 Safari/537.36"
57.141.2.22 - - [07/Jul/2025:19:32:00 +0700] "GET /db.php/shopdetail/cosmetics-beauty-appliances/L5292374758 HTTP/2" 200 39 "-" "meta-externalagent/1.1 (+https://developers.facebook.com/docs/sharing/webmasters/crawler)"
40.77.167.44 - - [07/Jul/2025:19:32:02 +0700] "GET /beauty/hair-dryers/Z529721379 HTTP/2" 200 0 "-" "Mozilla/5.0 AppleWebKit/537.36 (KHTML, like Gecko; compatible; bingbot/2.0; +http://www.bing.com/bingbot.htm) Chrome/116.0.1938.76 Safari/537.36"
57.141.2.23 - - [07/Jul/2025:19:32:05 +0700] "GET /decor/tables/O5374162852 HTTP/2" 200 0 "-" "meta-externalagent/1.1 (+https://developers.facebook.com/docs/sharing/webmasters/crawler)"
66.249.71.197 - - [07/Jul/2025:19:32:07 +0700] "GET /fashion/womens/K5341817283 HTTP/1.1" 200 21717 "-" "Mozilla/5.0 (Linux; Android 6.0.1; Nexus 5X Build/MMB29P) AppleWebKit/537.36 (KHTML, like Gecko) Chrome/137.0.7151.103 Mobile Safari/537.36 (compatible; Googlebot/2.1; +http://www.google.com/bot.html)"
57.141.2.26 - - [07/Jul/2025:19:32:09 +0700] "GET /musical-instruments/pachinko/Y5373783580 HTTP/2" 200 0 "-" "meta-externalagent/1.1 (+https://developers.facebook.com/docs/sharing/webmasters/crawler)"
40.77.167.55 - - [07/Jul/2025:19:32:08 +0700] "GET /curlinglyxyv.xml HTTP/2" 200 33605 "-" "Mozilla/5.0 AppleWebKit/537.36 (KHTML, like Gecko; compatible; bingbot/2.0; +http://www.bing.com/bingbot.htm) Chrome/116.0.1938.76 Safari/537.36"
66.249.71.197 - - [07/Jul/2025:19:31:46 +0700] "GET /product/edit/69033949 HTTP/1.1" 200 21075 "-" "Mozilla/5.0 (Linux; Android 6.0.1; Nexus 5X Build/MMB29P) AppleWebKit/537.36 (KHTML, like Gecko) Chrome/137.0.7151.103 Mobile Safari/537.36 (compatible; Googlebot/2.1; +http://www.google.com/bot.html)"
57.141.2.11 - - [07/Jul/2025:19:31:48 +0700] "GET /diy/air-tools/Y5323504168 HTTP/2" 200 0 "-" "meta-externalagent/1.1 (+https://developers.facebook.com/docs/sharing/webmasters/crawler)"
66.249.79.197 - - [07/Jul/2025:19:31:47 +0700] "GET /beauty/shampoo/U5333481322 HTTP/1.1" 200 20847 "-" "Mozilla/5.0 (Linux; Android 6.0.1; Nexus 5X Build/MMB29P) AppleWebKit/537.36 (KHTML, like Gecko) Chrome/137.0.7151.103 Mobile Safari/537.36 (compatible; Googlebot/2.1; +http://www.google.com/bot.html)"
57.141.2.9 - - [07/Jul/2025:19:31:50 +0700] "GET /smartphones/smartphones/C5321063147 HTTP/2" 200 0 "-" "meta-externalagent/1.1 (+https://developers.facebook.com/docs/sharing/webmasters/crawler)"
57.141.2.29 - - [07/Jul/2025:19:31:50 +0700] "GET /fashion/mens/J5351987773 HTTP/2" 200 0 "-" "meta-externalagent/1.1 (+https://developers.facebook.com/docs/sharing/webmasters/crawler)"
57.141.2.13 - - [07/Jul/2025:19:31:51 +0700] "GET /cameras/film/U5372087441 HTTP/2" 200 0 "-" "meta-externalagent/1.1 (+https://developers.facebook.com/docs/sharing/webmasters/crawler)"
66.249.79.197 - - [07/Jul/2025:19:31:50 +0700] "GET /pet-supplies/other/O5291923573 HTTP/1.1" 200 20312 "-" "Mozilla/5.0 (Linux; Android 6.0.1; Nexus 5X Build/MMB29P) AppleWebKit/537.36 (KHTML, like Gecko) Chrome/137.0.7151.103 Mobile Safari/537.36 (compatible; Googlebot/2.1; +http://www.google.com/bot.html)"
66.249.79.197 - - [07/Jul/2025:19:31:52 +0700] "GET /beauty/treatment/Q5382442597 HTTP/1.1" 200 20233 "-" "Mozilla/5.0 (Linux; Android 6.0.1; Nexus 5X Build/MMB29P) AppleWebKit/537.36 (KHTML, like Gecko) Chrome/137.0.7151.103 Mobile Safari/537.36 (compatible; Googlebot/2.1; +http://www.google.com/bot.html)"
52.167.144.188 - - [07/Jul/2025:19:31:52 +0700] "GET /allenviedhtt.xml HTTP/2" 200 33847 "-" "Mozilla/5.0 AppleWebKit/537.36 (KHTML, like Gecko; compatible; bingbot/2.0; +http://www.bing.com/bingbot.htm) Chrome/116.0.1938.76 Safari/537.36"
66.249.79.197 - - [07/Jul/2025:19:31:54 +0700] "POST /get-message-notify HTTP/1.1" 200 20450 "https://shielddoor.vn/hobbies/hobby-radio-controlled-cars/V5311408218" "Mozilla/5.0 (Linux; Android 6.0.1; Nexus 5X Build/MMB29P) AppleWebKit/537.36 (KHTML, like Gecko) Chrome/137.0.7151.119 Mobile Safari/537.36 (compatible; Googlebot/2.1; +http://www.google.com/bot.html)"
52.167.144.188 - - [07/Jul/2025:19:31:55 +0700] "GET /tools/standards/H5351147026 HTTP/2" 200 0 "-" "Mozilla/5.0 AppleWebKit/537.36 (KHTML, like Gecko; compatible; bingbot/2.0; +http://www.bing.com/bingbot.htm) Chrome/116.0.1938.76 Safari/537.36"
57.141.2.14 - - [07/Jul/2025:19:32:01 +0700] "GET /db.php/shopdetail/cars-wheels/E5363866606 HTTP/2" 200 39 "-" "meta-externalagent/1.1 (+https://developers.facebook.com/docs/sharing/webmasters/crawler)"
57.141.2.6 - - [07/Jul/2025:19:32:08 +0700] "GET /cars/parts/P532903403 HTTP/2" 200 0 "-" "meta-externalagent/1.1 (+https://developers.facebook.com/docs/sharing/webmasters/crawler)"
57.141.2.17 - - [07/Jul/2025:19:32:08 +0700] "GET /outdoor/outdoors/O5313688078 HTTP/2" 200 0 "-" "meta-externalagent/1.1 (+https://developers.facebook.com/docs/sharing/webmasters/crawler)"
52.167.144.188 - - [07/Jul/2025:19:32:13 +0700] "GET /aposelenedxp.xml HTTP/2" 200 33796 "-" "Mozilla/5.0 AppleWebKit/537.36 (KHTML, like Gecko; compatible; bingbot/2.0; +http://www.bing.com/bingbot.htm) Chrome/116.0.1938.76 Safari/537.36"
52.167.144.188 - - [07/Jul/2025:19:32:16 +0700] "GET /cudahypym.xml HTTP/2" 200 33994 "-" "Mozilla/5.0 AppleWebKit/537.36 (KHTML, like Gecko; compatible; bingbot/2.0; +http://www.bing.com/bingbot.htm) Chrome/116.0.1938.76 Safari/537.36"
57.141.2.14 - - [07/Jul/2025:19:32:18 +0700] "GET /tickets/facility-tickets/P537412366 HTTP/2" 200 0 "-" "meta-externalagent/1.1 (+https://developers.facebook.com/docs/sharing/webmasters/crawler)"
66.249.71.197 - - [07/Jul/2025:19:32:08 +0700] "POST /get-message-notify HTTP/1.1" 200 20503 "https://shielddoor.vn/computers/tablet/N5311582603" "Mozilla/5.0 (Linux; Android 6.0.1; Nexus 5X Build/MMB29P) AppleWebKit/537.36 (KHTML, like Gecko) Chrome/137.0.7151.119 Mobile Safari/537.36 (compatible; Googlebot/2.1; +http://www.google.com/bot.html)"
66.249.71.197 - - [07/Jul/2025:19:32:09 +0700] "GET /tv/cameras/O5324240254 HTTP/1.1" 200 20939 "-" "Mozilla/5.0 (Linux; Android 6.0.1; Nexus 5X Build/MMB29P) AppleWebKit/537.36 (KHTML, like Gecko) Chrome/137.0.7151.103 Mobile Safari/537.36 (compatible; Googlebot/2.1; +http://www.google.com/bot.html)"
