66.249.71.204 - - [11/Jul/2025:19:52:53 +0700] "GET /recollection.php?shopdetail/299246912 HTTP/1.1" 200 19798 "-" "Mozilla/5.0 (Linux; Android 6.0.1; Nexus 5X Build/MMB29P) AppleWebKit/537.36 (KHTML, like Gecko) Chrome/137.0.7151.103 Mobile Safari/537.36 (compatible; Googlebot/2.1; +http://www.google.com/bot.html)"
66.249.71.204 - - [11/Jul/2025:19:53:01 +0700] "GET /shopdetail/205941312 HTTP/1.1" 200 20642 "-" "Mozilla/5.0 (Linux; Android 6.0.1; Nexus 5X Build/MMB29P) AppleWebKit/537.36 (KHTML, like Gecko) Chrome/137.0.7151.103 Mobile Safari/537.36 (compatible; Googlebot/2.1; +http://www.google.com/bot.html)"
66.249.71.204 - - [11/Jul/2025:19:53:05 +0700] "POST /get-message-notify HTTP/1.1" 200 19363 "https://bodieukhiencuacuon.vn/shopdetail/205941312" "Mozilla/5.0 (Linux; Android 6.0.1; Nexus 5X Build/MMB29P) AppleWebKit/537.36 (KHTML, like Gecko) Chrome/137.0.7151.119 Mobile Safari/537.36 (compatible; Googlebot/2.1; +http://www.google.com/bot.html)"
66.249.71.204 - - [11/Jul/2025:19:53:07 +0700] "GET /recollection.php?shopdetail/246511612 HTTP/1.1" 200 20683 "-" "Mozilla/5.0 (Linux; Android 6.0.1; Nexus 5X Build/MMB29P) AppleWebKit/537.36 (KHTML, like Gecko) Chrome/137.0.7151.103 Mobile Safari/537.36 (compatible; Googlebot/2.1; +http://www.google.com/bot.html)"
66.249.64.71 - - [11/Jul/2025:19:53:30 +0700] "POST /get-message-notify HTTP/1.1" 200 19363 "https://bodieukhiencuacuon.vn/shopdetail/271683312" "Mozilla/5.0 (Linux; Android 6.0.1; Nexus 5X Build/MMB29P) AppleWebKit/537.36 (KHTML, like Gecko) Chrome/137.0.7151.119 Mobile Safari/537.36 (compatible; Googlebot/2.1; +http://www.google.com/bot.html)"
66.249.64.71 - - [11/Jul/2025:19:52:48 +0700] "POST /get-message-notify HTTP/1.1" 200 19363 "https://bodieukhiencuacuon.vn/shopdetail/139104812" "Mozilla/5.0 (Linux; Android 6.0.1; Nexus 5X Build/MMB29P) AppleWebKit/537.36 (KHTML, like Gecko) Chrome/137.0.7151.119 Mobile Safari/537.36 (compatible; Googlebot/2.1; +http://www.google.com/bot.html)"
66.249.64.71 - - [11/Jul/2025:19:52:50 +0700] "GET /shopdetail/167232312 HTTP/1.1" 200 19634 "-" "Mozilla/5.0 (Linux; Android 6.0.1; Nexus 5X Build/MMB29P) AppleWebKit/537.36 (KHTML, like Gecko) Chrome/137.0.7151.103 Mobile Safari/537.36 (compatible; Googlebot/2.1; +http://www.google.com/bot.html)"
66.249.71.203 - - [11/Jul/2025:19:53:11 +0700] "POST /get-message-notify HTTP/1.1" 200 19363 "https://bodieukhiencuacuon.vn/recollection.php?shopdetail/246511612" "Mozilla/5.0 (Linux; Android 6.0.1; Nexus 5X Build/MMB29P) AppleWebKit/537.36 (KHTML, like Gecko) Chrome/137.0.7151.119 Mobile Safari/537.36 (compatible; Googlebot/2.1; +http://www.google.com/bot.html)"
66.249.71.203 - - [11/Jul/2025:19:53:26 +0700] "GET /shopdetail/271683312 HTTP/1.1" 200 19229 "-" "Mozilla/5.0 (Linux; Android 6.0.1; Nexus 5X Build/MMB29P) AppleWebKit/537.36 (KHTML, like Gecko) Chrome/137.0.7151.103 Mobile Safari/537.36 (compatible; Googlebot/2.1; +http://www.google.com/bot.html)"
52.167.144.228 - - [11/Jul/2025:19:53:36 +0700] "GET /order/789-club-game-b%C3%83%C2%A0i-%C3%84%E2%80%98%C3%A1%C2%BB%E2%80%A2i-th%C3%86%C2%B0%C3%A1%C2%BB%C5%B8ng.html HTTP/2" 200 21013 "-" "Mozilla/5.0 AppleWebKit/537.36 (KHTML, like Gecko; compatible; bingbot/2.0; +http://www.bing.com/bingbot.htm) Chrome/116.0.1938.76 Safari/537.36"
52.167.144.228 - - [11/Jul/2025:19:53:46 +0700] "GET /news/6531748/ HTTP/2" 200 19871 "-" "Mozilla/5.0 AppleWebKit/537.36 (KHTML, like Gecko; compatible; bingbot/2.0; +http://www.bing.com/bingbot.htm) Chrome/116.0.1938.76 Safari/537.36"
66.249.64.71 - - [11/Jul/2025:19:53:54 +0700] "GET /zhHant/product/surugaya/58312780?campaign_uid=f64d716db5e979ed2f947dbaf4296895b951ae7f HTTP/1.1" 200 20276 "-" "Mozilla/5.0 (Linux; Android 6.0.1; Nexus 5X Build/MMB29P) AppleWebKit/537.36 (KHTML, like Gecko) Chrome/137.0.7151.103 Mobile Safari/537.36 (compatible; Googlebot/2.1; +http://www.google.com/bot.html)"
66.249.64.71 - - [11/Jul/2025:19:53:57 +0700] "GET /zhHant/product/surugaya/89970686?campaign_uid=f64d716db5e979ed2f947dbaf4296895b951ae7f HTTP/1.1" 200 20061 "-" "Mozilla/5.0 (Linux; Android 6.0.1; Nexus 5X Build/MMB29P) AppleWebKit/537.36 (KHTML, like Gecko) Chrome/137.0.7151.103 Mobile Safari/537.36 (compatible; Googlebot/2.1; +http://www.google.com/bot.html)"
66.249.64.72 - - [11/Jul/2025:19:53:59 +0700] "POST /get-message-notify HTTP/1.1" 200 19363 "https://bodieukhiencuacuon.vn/zhHant/product/surugaya/58312780?campaign_uid=f64d716db5e979ed2f947dbaf4296895b951ae7f" "Mozilla/5.0 (Linux; Android 6.0.1; Nexus 5X Build/MMB29P) AppleWebKit/537.36 (KHTML, like Gecko) Chrome/137.0.7151.119 Mobile Safari/537.36 (compatible; Googlebot/2.1; +http://www.google.com/bot.html)"
66.249.71.203 - - [11/Jul/2025:19:54:14 +0700] "POST /get-message-notify HTTP/1.1" 200 19363 "https://bodieukhiencuacuon.vn/shopdetail/169073412" "Mozilla/5.0 (Linux; Android 6.0.1; Nexus 5X Build/MMB29P) AppleWebKit/537.36 (KHTML, like Gecko) Chrome/137.0.7151.119 Mobile Safari/537.36 (compatible; Googlebot/2.1; +http://www.google.com/bot.html)"
66.249.71.203 - - [11/Jul/2025:19:54:18 +0700] "POST /get-message-notify HTTP/1.1" 200 19363 "https://bodieukhiencuacuon.vn/shopdetail/3024212" "Mozilla/5.0 (Linux; Android 6.0.1; Nexus 5X Build/MMB29P) AppleWebKit/537.36 (KHTML, like Gecko) Chrome/137.0.7151.119 Mobile Safari/537.36 (compatible; Googlebot/2.1; +http://www.google.com/bot.html)"
66.249.71.203 - - [11/Jul/2025:19:54:23 +0700] "GET /Ubiquiti-UniFi-Cloud-Gateway-Ultra/389883 HTTP/1.1" 200 21674 "-" "Mozilla/5.0 (Linux; Android 6.0.1; Nexus 5X Build/MMB29P) AppleWebKit/537.36 (KHTML, like Gecko) Chrome/137.0.7151.103 Mobile Safari/537.36 (compatible; Googlebot/2.1; +http://www.google.com/bot.html)"
66.249.64.71 - - [11/Jul/2025:19:53:32 +0700] "GET /shopdetail/30749012 HTTP/1.1" 200 18754 "-" "Mozilla/5.0 (Linux; Android 6.0.1; Nexus 5X Build/MMB29P) AppleWebKit/537.36 (KHTML, like Gecko) Chrome/137.0.7151.103 Mobile Safari/537.36 (compatible; Googlebot/2.1; +http://www.google.com/bot.html)"
66.249.71.203 - - [11/Jul/2025:19:53:51 +0700] "GET /shopdetail/3024212 HTTP/1.1" 200 19383 "-" "Mozilla/5.0 (Linux; Android 6.0.1; Nexus 5X Build/MMB29P) AppleWebKit/537.36 (KHTML, like Gecko) Chrome/137.0.7151.103 Mobile Safari/537.36 (compatible; Googlebot/2.1; +http://www.google.com/bot.html)"
66.249.71.204 - - [11/Jul/2025:19:54:02 +0700] "POST /get-message-notify HTTP/1.1" 200 19363 "https://bodieukhiencuacuon.vn/zhHant/product/surugaya/89970686?campaign_uid=f64d716db5e979ed2f947dbaf4296895b951ae7f" "Mozilla/5.0 (Linux; Android 6.0.1; Nexus 5X Build/MMB29P) AppleWebKit/537.36 (KHTML, like Gecko) Chrome/137.0.7151.119 Mobile Safari/537.36 (compatible; Googlebot/2.1; +http://www.google.com/bot.html)"
66.249.64.71 - - [11/Jul/2025:19:54:32 +0700] "POST /get-message-notify HTTP/1.1" 200 19363 "https://bodieukhiencuacuon.vn/Document-Dossier-A4-Chemise-Plastique-Pochette-Document-Poch-43/362196" "Mozilla/5.0 (Linux; Android 6.0.1; Nexus 5X Build/MMB29P) AppleWebKit/537.36 (KHTML, like Gecko) Chrome/137.0.7151.119 Mobile Safari/537.36 (compatible; Googlebot/2.1; +http://www.google.com/bot.html)"
66.249.71.203 - - [11/Jul/2025:19:54:34 +0700] "GET /shopdetail/90189012 HTTP/1.1" 200 20537 "-" "Mozilla/5.0 (Linux; Android 6.0.1; Nexus 5X Build/MMB29P) AppleWebKit/537.36 (KHTML, like Gecko) Chrome/137.0.7151.103 Mobile Safari/537.36 (compatible; Googlebot/2.1; +http://www.google.com/bot.html)"
66.249.71.203 - - [11/Jul/2025:19:54:36 +0700] "GET /shopdetail/175992412 HTTP/1.1" 200 21748 "-" "Mozilla/5.0 (Linux; Android 6.0.1; Nexus 5X Build/MMB29P) AppleWebKit/537.36 (KHTML, like Gecko) Chrome/137.0.7151.103 Mobile Safari/537.36 (compatible; Googlebot/2.1; +http://www.google.com/bot.html)"
66.249.64.71 - - [11/Jul/2025:19:54:39 +0700] "GET /shopdetail/121221212 HTTP/1.1" 200 19589 "-" "Mozilla/5.0 (Linux; Android 6.0.1; Nexus 5X Build/MMB29P) AppleWebKit/537.36 (KHTML, like Gecko) Chrome/137.0.7151.119 Mobile Safari/537.36 (compatible; Googlebot/2.1; +http://www.google.com/bot.html)"
66.249.71.204 - - [11/Jul/2025:19:54:43 +0700] "GET /shopdetail/249973112 HTTP/1.1" 200 20970 "-" "Mozilla/5.0 (Linux; Android 6.0.1; Nexus 5X Build/MMB29P) AppleWebKit/537.36 (KHTML, like Gecko) Chrome/137.0.7151.103 Mobile Safari/537.36 (compatible; Googlebot/2.1; +http://www.google.com/bot.html)"
66.249.64.72 - - [11/Jul/2025:19:54:47 +0700] "GET /shopdetail/160569712 HTTP/1.1" 200 20699 "-" "Mozilla/5.0 (Linux; Android 6.0.1; Nexus 5X Build/MMB29P) AppleWebKit/537.36 (KHTML, like Gecko) Chrome/137.0.7151.103 Mobile Safari/537.36 (compatible; Googlebot/2.1; +http://www.google.com/bot.html)"
66.249.64.72 - - [11/Jul/2025:19:54:52 +0700] "POST /get-message-notify HTTP/1.1" 200 19363 "https://bodieukhiencuacuon.vn/shopdetail/160569712" "Mozilla/5.0 (Linux; Android 6.0.1; Nexus 5X Build/MMB29P) AppleWebKit/537.36 (KHTML, like Gecko) Chrome/137.0.7151.119 Mobile Safari/537.36 (compatible; Googlebot/2.1; +http://www.google.com/bot.html)"
66.249.71.203 - - [11/Jul/2025:19:54:57 +0700] "GET /shopdetail/72973412 HTTP/1.1" 200 20937 "-" "Mozilla/5.0 (Linux; Android 6.0.1; Nexus 5X Build/MMB29P) AppleWebKit/537.36 (KHTML, like Gecko) Chrome/137.0.7151.103 Mobile Safari/537.36 (compatible; Googlebot/2.1; +http://www.google.com/bot.html)"
66.249.71.203 - - [11/Jul/2025:19:55:00 +0700] "GET /shopdetail/272961312 HTTP/1.1" 200 18879 "-" "Mozilla/5.0 (Linux; Android 6.0.1; Nexus 5X Build/MMB29P) AppleWebKit/537.36 (KHTML, like Gecko) Chrome/137.0.7151.103 Mobile Safari/537.36 (compatible; Googlebot/2.1; +http://www.google.com/bot.html)"
66.249.64.71 - - [11/Jul/2025:19:53:29 +0700] "GET /shopdetail/108247312 HTTP/1.1" 200 21193 "-" "Mozilla/5.0 (Linux; Android 6.0.1; Nexus 5X Build/MMB29P) AppleWebKit/537.36 (KHTML, like Gecko) Chrome/137.0.7151.103 Mobile Safari/537.36 (compatible; Googlebot/2.1; +http://www.google.com/bot.html)"
66.249.71.203 - - [11/Jul/2025:19:53:37 +0700] "GET /shopdetail/178098212 HTTP/1.1" 200 19073 "-" "Mozilla/5.0 (Linux; Android 6.0.1; Nexus 5X Build/MMB29P) AppleWebKit/537.36 (KHTML, like Gecko) Chrome/137.0.7151.119 Mobile Safari/537.36 (compatible; Googlebot/2.1; +http://www.google.com/bot.html)"
66.249.71.203 - - [11/Jul/2025:19:53:38 +0700] "GET /shopdetail/228240812 HTTP/1.1" 200 19768 "-" "Mozilla/5.0 (Linux; Android 6.0.1; Nexus 5X Build/MMB29P) AppleWebKit/537.36 (KHTML, like Gecko) Chrome/137.0.7151.103 Mobile Safari/537.36 (compatible; Googlebot/2.1; +http://www.google.com/bot.html)"
66.249.64.71 - - [11/Jul/2025:19:53:41 +0700] "GET /shopdetail/169073412 HTTP/1.1" 200 21278 "-" "Mozilla/5.0 (Linux; Android 6.0.1; Nexus 5X Build/MMB29P) AppleWebKit/537.36 (KHTML, like Gecko) Chrome/137.0.7151.103 Mobile Safari/537.36 (compatible; Googlebot/2.1; +http://www.google.com/bot.html)"
66.249.71.203 - - [11/Jul/2025:19:53:44 +0700] "GET /shopdetail/48958512 HTTP/1.1" 200 19621 "-" "Mozilla/5.0 (Linux; Android 6.0.1; Nexus 5X Build/MMB29P) AppleWebKit/537.36 (KHTML, like Gecko) Chrome/137.0.7151.103 Mobile Safari/537.36 (compatible; Googlebot/2.1; +http://www.google.com/bot.html)"
66.249.71.204 - - [11/Jul/2025:19:53:47 +0700] "POST /get-message-notify HTTP/1.1" 200 19363 "https://bodieukhiencuacuon.vn/shopdetail/169073412" "Mozilla/5.0 AppleWebKit/537.36 (KHTML, like Gecko; compatible; Googlebot/2.1; +http://www.google.com/bot.html) Chrome/137.0.7151.119 Safari/537.36"
66.249.71.204 - - [11/Jul/2025:19:53:49 +0700] "GET /shopdetail/167197612 HTTP/1.1" 200 20035 "-" "Mozilla/5.0 (Linux; Android 6.0.1; Nexus 5X Build/MMB29P) AppleWebKit/537.36 (KHTML, like Gecko) Chrome/137.0.7151.103 Mobile Safari/537.36 (compatible; Googlebot/2.1; +http://www.google.com/bot.html)"
66.249.71.203 - - [11/Jul/2025:19:54:03 +0700] "GET /product/edit/13437705 HTTP/1.1" 200 21097 "-" "Mozilla/5.0 (Linux; Android 6.0.1; Nexus 5X Build/MMB29P) AppleWebKit/537.36 (KHTML, like Gecko) Chrome/137.0.7151.103 Mobile Safari/537.36 (compatible; Googlebot/2.1; +http://www.google.com/bot.html)"
66.249.64.71 - - [11/Jul/2025:19:54:08 +0700] "GET /zhHant/product/surugaya/56214133?campaign_uid=f64d716db5e979ed2f947dbaf4296895b951ae7f HTTP/1.1" 200 19825 "-" "Mozilla/5.0 (Linux; Android 6.0.1; Nexus 5X Build/MMB29P) AppleWebKit/537.36 (KHTML, like Gecko) Chrome/137.0.7151.103 Mobile Safari/537.36 (compatible; Googlebot/2.1; +http://www.google.com/bot.html)"
66.249.64.71 - - [11/Jul/2025:19:54:31 +0700] "GET /shopdetail/213062412 HTTP/1.1" 200 19822 "-" "Mozilla/5.0 (Linux; Android 6.0.1; Nexus 5X Build/MMB29P) AppleWebKit/537.36 (KHTML, like Gecko) Chrome/137.0.7151.103 Mobile Safari/537.36 (compatible; Googlebot/2.1; +http://www.google.com/bot.html)"
40.77.167.5 - - [11/Jul/2025:19:54:52 +0700] "GET /Pliable-Avec-Base-Rotative-360-Degr-s-Support-De-Bureau-R/173072 HTTP/2" 200 20056 "-" "Mozilla/5.0 AppleWebKit/537.36 (KHTML, like Gecko; compatible; bingbot/2.0; +http://www.bing.com/bingbot.htm) Chrome/116.0.1938.76 Safari/537.36"
66.249.71.203 - - [11/Jul/2025:19:55:24 +0700] "GET /shopdetail/107321112 HTTP/1.1" 200 20225 "-" "Mozilla/5.0 (Linux; Android 6.0.1; Nexus 5X Build/MMB29P) AppleWebKit/537.36 (KHTML, like Gecko) Chrome/137.0.7151.103 Mobile Safari/537.36 (compatible; Googlebot/2.1; +http://www.google.com/bot.html)"
66.249.71.203 - - [11/Jul/2025:19:55:29 +0700] "GET /shopdetail/131833512 HTTP/1.1" 200 20166 "-" "Mozilla/5.0 (Linux; Android 6.0.1; Nexus 5X Build/MMB29P) AppleWebKit/537.36 (KHTML, like Gecko) Chrome/137.0.7151.103 Mobile Safari/537.36 (compatible; Googlebot/2.1; +http://www.google.com/bot.html)"
66.249.71.203 - - [11/Jul/2025:19:54:27 +0700] "GET /Document-Dossier-A4-Chemise-Plastique-Pochette-Document-Poch-43/362196 HTTP/1.1" 200 20324 "-" "Mozilla/5.0 (Linux; Android 6.0.1; Nexus 5X Build/MMB29P) AppleWebKit/537.36 (KHTML, like Gecko) Chrome/137.0.7151.103 Mobile Safari/537.36 (compatible; Googlebot/2.1; +http://www.google.com/bot.html)"
66.249.64.71 - - [11/Jul/2025:19:54:38 +0700] "POST /get-message-notify HTTP/1.1" 200 19363 "https://bodieukhiencuacuon.vn/shopdetail/90189012" "Mozilla/5.0 (Linux; Android 6.0.1; Nexus 5X Build/MMB29P) AppleWebKit/537.36 (KHTML, like Gecko) Chrome/137.0.7151.119 Mobile Safari/537.36 (compatible; Googlebot/2.1; +http://www.google.com/bot.html)"
66.249.64.71 - - [11/Jul/2025:19:54:39 +0700] "GET /shopdetail/102918612 HTTP/1.1" 200 19585 "-" "Mozilla/5.0 (Linux; Android 6.0.1; Nexus 5X Build/MMB29P) AppleWebKit/537.36 (KHTML, like Gecko) Chrome/137.0.7151.103 Mobile Safari/537.36 (compatible; Googlebot/2.1; +http://www.google.com/bot.html)"
66.249.64.71 - - [11/Jul/2025:19:54:48 +0700] "POST /get-message-notify HTTP/1.1" 200 19363 "https://bodieukhiencuacuon.vn/shopdetail/249973112" "Mozilla/5.0 (Linux; Android 6.0.1; Nexus 5X Build/MMB29P) AppleWebKit/537.36 (KHTML, like Gecko) Chrome/137.0.7151.119 Mobile Safari/537.36 (compatible; Googlebot/2.1; +http://www.google.com/bot.html)"
66.249.64.71 - - [11/Jul/2025:19:54:51 +0700] "GET /shopdetail/137561212 HTTP/1.1" 200 20536 "-" "Mozilla/5.0 (Linux; Android 6.0.1; Nexus 5X Build/MMB29P) AppleWebKit/537.36 (KHTML, like Gecko) Chrome/137.0.7151.103 Mobile Safari/537.36 (compatible; Googlebot/2.1; +http://www.google.com/bot.html)"
66.249.64.71 - - [11/Jul/2025:19:54:55 +0700] "GET /shopdetail/145300212 HTTP/1.1" 200 20974 "-" "Mozilla/5.0 (Linux; Android 6.0.1; Nexus 5X Build/MMB29P) AppleWebKit/537.36 (KHTML, like Gecko) Chrome/137.0.7151.103 Mobile Safari/537.36 (compatible; Googlebot/2.1; +http://www.google.com/bot.html)"
66.249.64.71 - - [11/Jul/2025:19:55:03 +0700] "GET /shopdetail/106358212 HTTP/1.1" 200 22054 "-" "Mozilla/5.0 (Linux; Android 6.0.1; Nexus 5X Build/MMB29P) AppleWebKit/537.36 (KHTML, like Gecko) Chrome/137.0.7151.103 Mobile Safari/537.36 (compatible; Googlebot/2.1; +http://www.google.com/bot.html)"
66.249.64.71 - - [11/Jul/2025:19:55:05 +0700] "POST /get-message-notify HTTP/1.1" 200 19363 "https://bodieukhiencuacuon.vn/shopdetail/272961312" "Mozilla/5.0 (Linux; Android 6.0.1; Nexus 5X Build/MMB29P) AppleWebKit/537.36 (KHTML, like Gecko) Chrome/137.0.7151.119 Mobile Safari/537.36 (compatible; Googlebot/2.1; +http://www.google.com/bot.html)"
66.249.71.203 - - [11/Jul/2025:19:55:07 +0700] "POST /get-message-notify HTTP/1.1" 200 19363 "https://bodieukhiencuacuon.vn/shopdetail/106358212" "Mozilla/5.0 (Linux; Android 6.0.1; Nexus 5X Build/MMB29P) AppleWebKit/537.36 (KHTML, like Gecko) Chrome/137.0.7151.119 Mobile Safari/537.36 (compatible; Googlebot/2.1; +http://www.google.com/bot.html)"
66.249.71.203 - - [11/Jul/2025:19:55:11 +0700] "GET /zhHant/product/surugaya/85354649?campaign_uid=f64d716db5e979ed2f947dbaf4296895b951ae7f HTTP/1.1" 200 19965 "-" "Mozilla/5.0 (Linux; Android 6.0.1; Nexus 5X Build/MMB29P) AppleWebKit/537.36 (KHTML, like Gecko) Chrome/137.0.7151.103 Mobile Safari/537.36 (compatible; Googlebot/2.1; +http://www.google.com/bot.html)"
66.249.64.71 - - [11/Jul/2025:19:55:20 +0700] "GET /product/edit/61767518 HTTP/1.1" 200 20175 "-" "Mozilla/5.0 (Linux; Android 6.0.1; Nexus 5X Build/MMB29P) AppleWebKit/537.36 (KHTML, like Gecko) Chrome/137.0.7151.103 Mobile Safari/537.36 (compatible; Googlebot/2.1; +http://www.google.com/bot.html)"
66.249.64.71 - - [11/Jul/2025:19:55:32 +0700] "GET /product/edit/60053121 HTTP/1.1" 200 19511 "-" "Mozilla/5.0 (Linux; Android 6.0.1; Nexus 5X Build/MMB29P) AppleWebKit/537.36 (KHTML, like Gecko) Chrome/137.0.7151.103 Mobile Safari/537.36 (compatible; Googlebot/2.1; +http://www.google.com/bot.html)"
66.249.64.71 - - [11/Jul/2025:19:55:33 +0700] "POST /get-message-notify HTTP/1.1" 200 19363 "https://bodieukhiencuacuon.vn/shopdetail/131833512" "Mozilla/5.0 (Linux; Android 6.0.1; Nexus 5X Build/MMB29P) AppleWebKit/537.36 (KHTML, like Gecko) Chrome/137.0.7151.119 Mobile Safari/537.36 (compatible; Googlebot/2.1; +http://www.google.com/bot.html)"
66.249.64.71 - - [11/Jul/2025:19:55:34 +0700] "GET /shopdetail/90278812 HTTP/1.1" 200 19889 "-" "Mozilla/5.0 (Linux; Android 6.0.1; Nexus 5X Build/MMB29P) AppleWebKit/537.36 (KHTML, like Gecko) Chrome/137.0.7151.103 Mobile Safari/537.36 (compatible; Googlebot/2.1; +http://www.google.com/bot.html)"
66.249.71.203 - - [11/Jul/2025:19:55:36 +0700] "POST /get-message-notify HTTP/1.1" 200 19363 "https://bodieukhiencuacuon.vn/product/edit/60053121" "Mozilla/5.0 (Linux; Android 6.0.1; Nexus 5X Build/MMB29P) AppleWebKit/537.36 (KHTML, like Gecko) Chrome/137.0.7151.119 Mobile Safari/537.36 (compatible; Googlebot/2.1; +http://www.google.com/bot.html)"
66.249.64.71 - - [11/Jul/2025:19:55:38 +0700] "GET /product/edit/22237968 HTTP/1.1" 200 19949 "-" "Mozilla/5.0 (Linux; Android 6.0.1; Nexus 5X Build/MMB29P) AppleWebKit/537.36 (KHTML, like Gecko) Chrome/137.0.7151.103 Mobile Safari/537.36 (compatible; Googlebot/2.1; +http://www.google.com/bot.html)"
66.249.64.71 - - [11/Jul/2025:19:55:42 +0700] "GET /pcmypage?callback=product%2Fdetail%2F77589577 HTTP/1.1" 200 20428 "-" "Mozilla/5.0 (Linux; Android 6.0.1; Nexus 5X Build/MMB29P) AppleWebKit/537.36 (KHTML, like Gecko) Chrome/137.0.7151.119 Mobile Safari/537.36 (compatible; Googlebot/2.1; +http://www.google.com/bot.html)"
66.249.64.72 - - [11/Jul/2025:19:55:59 +0700] "GET /shopdetail/188341412 HTTP/1.1" 200 20485 "-" "Mozilla/5.0 (Linux; Android 6.0.1; Nexus 5X Build/MMB29P) AppleWebKit/537.36 (KHTML, like Gecko) Chrome/137.0.7151.103 Mobile Safari/537.36 (compatible; Googlebot/2.1; +http://www.google.com/bot.html)"
66.249.64.71 - - [11/Jul/2025:19:56:04 +0700] "POST /get-message-notify HTTP/1.1" 200 19363 "https://bodieukhiencuacuon.vn/shopdetail/188341412" "Mozilla/5.0 (Linux; Android 6.0.1; Nexus 5X Build/MMB29P) AppleWebKit/537.36 (KHTML, like Gecko) Chrome/137.0.7151.119 Mobile Safari/537.36 (compatible; Googlebot/2.1; +http://www.google.com/bot.html)"
66.249.64.71 - - [11/Jul/2025:19:56:28 +0700] "GET /shopdetail/222659612 HTTP/1.1" 200 20529 "-" "Mozilla/5.0 (Linux; Android 6.0.1; Nexus 5X Build/MMB29P) AppleWebKit/537.36 (KHTML, like Gecko) Chrome/137.0.7151.103 Mobile Safari/537.36 (compatible; Googlebot/2.1; +http://www.google.com/bot.html)"
66.249.64.71 - - [11/Jul/2025:19:56:32 +0700] "GET /shopdetail/152946512 HTTP/1.1" 200 18955 "-" "Mozilla/5.0 (Linux; Android 6.0.1; Nexus 5X Build/MMB29P) AppleWebKit/537.36 (KHTML, like Gecko) Chrome/137.0.7151.103 Mobile Safari/537.36 (compatible; Googlebot/2.1; +http://www.google.com/bot.html)"
66.249.64.71 - - [11/Jul/2025:19:56:33 +0700] "POST /get-message-notify HTTP/1.1" 200 19363 "https://bodieukhiencuacuon.vn/shopdetail/115123112" "Mozilla/5.0 (Linux; Android 6.0.1; Nexus 5X Build/MMB29P) AppleWebKit/537.36 (KHTML, like Gecko) Chrome/137.0.7151.119 Mobile Safari/537.36 (compatible; Googlebot/2.1; +http://www.google.com/bot.html)"
66.249.64.71 - - [11/Jul/2025:19:56:35 +0700] "GET /shopdetail/110540312 HTTP/1.1" 200 20406 "-" "Mozilla/5.0 (Linux; Android 6.0.1; Nexus 5X Build/MMB29P) AppleWebKit/537.36 (KHTML, like Gecko) Chrome/137.0.7151.103 Mobile Safari/537.36 (compatible; Googlebot/2.1; +http://www.google.com/bot.html)"
66.249.64.71 - - [11/Jul/2025:19:56:38 +0700] "GET /shopdetail/93820312 HTTP/1.1" 200 20446 "-" "Mozilla/5.0 (Linux; Android 6.0.1; Nexus 5X Build/MMB29P) AppleWebKit/537.36 (KHTML, like Gecko) Chrome/137.0.7151.103 Mobile Safari/537.36 (compatible; Googlebot/2.1; +http://www.google.com/bot.html)"
66.249.71.203 - - [11/Jul/2025:19:55:52 +0700] "GET /shopdetail/251201512 HTTP/1.1" 200 20796 "-" "Mozilla/5.0 (Linux; Android 6.0.1; Nexus 5X Build/MMB29P) AppleWebKit/537.36 (KHTML, like Gecko) Chrome/137.0.7151.103 Mobile Safari/537.36 (compatible; Googlebot/2.1; +http://www.google.com/bot.html)"
66.249.64.71 - - [11/Jul/2025:19:56:19 +0700] "GET /shopdetail/91966912 HTTP/1.1" 200 20983 "-" "Mozilla/5.0 (Linux; Android 6.0.1; Nexus 5X Build/MMB29P) AppleWebKit/537.36 (KHTML, like Gecko) Chrome/137.0.7151.103 Mobile Safari/537.36 (compatible; Googlebot/2.1; +http://www.google.com/bot.html)"
66.249.71.203 - - [11/Jul/2025:19:56:22 +0700] "GET /shopdetail/78504912 HTTP/1.1" 200 20901 "-" "Mozilla/5.0 (Linux; Android 6.0.1; Nexus 5X Build/MMB29P) AppleWebKit/537.36 (KHTML, like Gecko) Chrome/137.0.7151.103 Mobile Safari/537.36 (compatible; Googlebot/2.1; +http://www.google.com/bot.html)"
66.249.71.203 - - [11/Jul/2025:19:56:29 +0700] "GET /shopdetail/115123112 HTTP/1.1" 200 19921 "-" "Mozilla/5.0 (Linux; Android 6.0.1; Nexus 5X Build/MMB29P) AppleWebKit/537.36 (KHTML, like Gecko) Chrome/137.0.7151.103 Mobile Safari/537.36 (compatible; Googlebot/2.1; +http://www.google.com/bot.html)"
66.249.71.203 - - [11/Jul/2025:19:56:42 +0700] "POST /get-message-notify HTTP/1.1" 200 19363 "https://bodieukhiencuacuon.vn/shopdetail/93820312" "Mozilla/5.0 (Linux; Android 6.0.1; Nexus 5X Build/MMB29P) AppleWebKit/537.36 (KHTML, like Gecko) Chrome/137.0.7151.119 Mobile Safari/537.36 (compatible; Googlebot/2.1; +http://www.google.com/bot.html)"
66.249.64.72 - - [11/Jul/2025:19:56:44 +0700] "GET /shopdetail/253992412 HTTP/1.1" 200 19533 "-" "Mozilla/5.0 (Linux; Android 6.0.1; Nexus 5X Build/MMB29P) AppleWebKit/537.36 (KHTML, like Gecko) Chrome/137.0.7151.103 Mobile Safari/537.36 (compatible; Googlebot/2.1; +http://www.google.com/bot.html)"
66.249.64.72 - - [11/Jul/2025:19:56:54 +0700] "POST /get-message-notify HTTP/1.1" 200 19363 "https://bodieukhiencuacuon.vn/shopdetail/10416112" "Mozilla/5.0 (Linux; Android 6.0.1; Nexus 5X Build/MMB29P) AppleWebKit/537.36 (KHTML, like Gecko) Chrome/137.0.7151.119 Mobile Safari/537.36 (compatible; Googlebot/2.1; +http://www.google.com/bot.html)"
66.249.64.72 - - [11/Jul/2025:19:56:56 +0700] "GET /shopdetail/209646612 HTTP/1.1" 200 20304 "-" "Mozilla/5.0 (Linux; Android 6.0.1; Nexus 5X Build/MMB29P) AppleWebKit/537.36 (KHTML, like Gecko) Chrome/137.0.7151.103 Mobile Safari/537.36 (compatible; Googlebot/2.1; +http://www.google.com/bot.html)"
66.249.64.72 - - [11/Jul/2025:19:56:59 +0700] "GET /shopdetail/44618612 HTTP/1.1" 200 22019 "-" "Mozilla/5.0 (Linux; Android 6.0.1; Nexus 5X Build/MMB29P) AppleWebKit/537.36 (KHTML, like Gecko) Chrome/137.0.7151.103 Mobile Safari/537.36 (compatible; Googlebot/2.1; +http://www.google.com/bot.html)"
66.249.64.71 - - [11/Jul/2025:19:57:30 +0700] "GET /shopdetail/59036712 HTTP/1.1" 200 21298 "-" "Mozilla/5.0 (Linux; Android 6.0.1; Nexus 5X Build/MMB29P) AppleWebKit/537.36 (KHTML, like Gecko) Chrome/137.0.7151.103 Mobile Safari/537.36 (compatible; Googlebot/2.1; +http://www.google.com/bot.html)"
66.249.64.71 - - [11/Jul/2025:19:57:31 +0700] "GET /shopdetail/198690812 HTTP/1.1" 200 20837 "-" "Mozilla/5.0 (Linux; Android 6.0.1; Nexus 5X Build/MMB29P) AppleWebKit/537.36 (KHTML, like Gecko) Chrome/137.0.7151.103 Mobile Safari/537.36 (compatible; Googlebot/2.1; +http://www.google.com/bot.html)"
66.249.64.71 - - [11/Jul/2025:19:57:35 +0700] "POST /get-message-notify HTTP/1.1" 200 19363 "https://bodieukhiencuacuon.vn/shopdetail/198690812" "Mozilla/5.0 (Linux; Android 6.0.1; Nexus 5X Build/MMB29P) AppleWebKit/537.36 (KHTML, like Gecko) Chrome/137.0.7151.119 Mobile Safari/537.36 (compatible; Googlebot/2.1; +http://www.google.com/bot.html)"
66.249.64.71 - - [11/Jul/2025:19:57:38 +0700] "GET /shopdetail/249027612 HTTP/1.1" 200 19616 "-" "Mozilla/5.0 (Linux; Android 6.0.1; Nexus 5X Build/MMB29P) AppleWebKit/537.36 (KHTML, like Gecko) Chrome/137.0.7151.103 Mobile Safari/537.36 (compatible; Googlebot/2.1; +http://www.google.com/bot.html)"
66.249.64.71 - - [11/Jul/2025:19:55:06 +0700] "GET /shopdetail/16548612 HTTP/1.1" 200 19834 "-" "Mozilla/5.0 (Linux; Android 6.0.1; Nexus 5X Build/MMB29P) AppleWebKit/537.36 (KHTML, like Gecko) Chrome/137.0.7151.103 Mobile Safari/537.36 (compatible; Googlebot/2.1; +http://www.google.com/bot.html)"
66.249.64.71 - - [11/Jul/2025:19:55:43 +0700] "GET /shopdetail/60873712 HTTP/1.1" 200 19892 "-" "Mozilla/5.0 (Linux; Android 6.0.1; Nexus 5X Build/MMB29P) AppleWebKit/537.36 (KHTML, like Gecko) Chrome/137.0.7151.103 Mobile Safari/537.36 (compatible; Googlebot/2.1; +http://www.google.com/bot.html)"
66.249.64.71 - - [11/Jul/2025:19:55:45 +0700] "GET /shopdetail/231721912 HTTP/1.1" 200 19697 "-" "Mozilla/5.0 (Linux; Android 6.0.1; Nexus 5X Build/MMB29P) AppleWebKit/537.36 (KHTML, like Gecko) Chrome/137.0.7151.103 Mobile Safari/537.36 (compatible; Googlebot/2.1; +http://www.google.com/bot.html)"
66.249.64.71 - - [11/Jul/2025:19:55:49 +0700] "GET /shopdetail/263843612 HTTP/1.1" 200 20684 "-" "Mozilla/5.0 (Linux; Android 6.0.1; Nexus 5X Build/MMB29P) AppleWebKit/537.36 (KHTML, like Gecko) Chrome/137.0.7151.103 Mobile Safari/537.36 (compatible; Googlebot/2.1; +http://www.google.com/bot.html)"
66.249.64.71 - - [11/Jul/2025:19:55:54 +0700] "GET /shopdetail/61346012 HTTP/1.1" 200 19673 "-" "Mozilla/5.0 (Linux; Android 6.0.1; Nexus 5X Build/MMB29P) AppleWebKit/537.36 (KHTML, like Gecko) Chrome/137.0.7151.103 Mobile Safari/537.36 (compatible; Googlebot/2.1; +http://www.google.com/bot.html)"
66.249.71.203 - - [11/Jul/2025:19:56:07 +0700] "GET /shopdetail/2989712 HTTP/1.1" 200 20050 "-" "Mozilla/5.0 (Linux; Android 6.0.1; Nexus 5X Build/MMB29P) AppleWebKit/537.36 (KHTML, like Gecko) Chrome/137.0.7151.103 Mobile Safari/537.36 (compatible; Googlebot/2.1; +http://www.google.com/bot.html)"
52.167.144.204 - - [11/Jul/2025:19:56:53 +0700] "GET /order/5483627/ HTTP/2" 200 20437 "-" "Mozilla/5.0 AppleWebKit/537.36 (KHTML, like Gecko; compatible; bingbot/2.0; +http://www.bing.com/bingbot.htm) Chrome/116.0.1938.76 Safari/537.36"
66.249.71.203 - - [11/Jul/2025:19:57:02 +0700] "POST /get-message-notify HTTP/1.1" 200 19363 "https://bodieukhiencuacuon.vn/shopdetail/44618612" "Mozilla/5.0 (Linux; Android 6.0.1; Nexus 5X Build/MMB29P) AppleWebKit/537.36 (KHTML, like Gecko) Chrome/137.0.7151.119 Mobile Safari/537.36 (compatible; Googlebot/2.1; +http://www.google.com/bot.html)"
66.249.64.71 - - [11/Jul/2025:19:57:03 +0700] "POST /get-message-notify HTTP/1.1" 200 19363 "https://bodieukhiencuacuon.vn/shopdetail/209646612" "Mozilla/5.0 (Linux; Android 6.0.1; Nexus 5X Build/MMB29P) AppleWebKit/537.36 (KHTML, like Gecko) Chrome/137.0.7151.119 Mobile Safari/537.36 (compatible; Googlebot/2.1; +http://www.google.com/bot.html)"
66.249.64.71 - - [11/Jul/2025:19:57:19 +0700] "GET /shopdetail/218379912 HTTP/1.1" 200 20496 "-" "Mozilla/5.0 (Linux; Android 6.0.1; Nexus 5X Build/MMB29P) AppleWebKit/537.36 (KHTML, like Gecko) Chrome/137.0.7151.103 Mobile Safari/537.36 (compatible; Googlebot/2.1; +http://www.google.com/bot.html)"
66.249.71.203 - - [11/Jul/2025:19:57:26 +0700] "GET /shopdetail/15179812 HTTP/1.1" 200 19980 "-" "Mozilla/5.0 (Linux; Android 6.0.1; Nexus 5X Build/MMB29P) AppleWebKit/537.36 (KHTML, like Gecko) Chrome/137.0.7151.103 Mobile Safari/537.36 (compatible; Googlebot/2.1; +http://www.google.com/bot.html)"
66.249.71.203 - - [11/Jul/2025:19:57:29 +0700] "POST /get-message-notify HTTP/1.1" 200 19363 "https://bodieukhiencuacuon.vn/shopdetail/15179812" "Mozilla/5.0 (Linux; Android 6.0.1; Nexus 5X Build/MMB29P) AppleWebKit/537.36 (KHTML, like Gecko) Chrome/137.0.7151.119 Mobile Safari/537.36 (compatible; Googlebot/2.1; +http://www.google.com/bot.html)"
66.249.71.203 - - [11/Jul/2025:19:57:34 +0700] "GET /shopdetail/263551412 HTTP/1.1" 200 21722 "-" "Mozilla/5.0 (Linux; Android 6.0.1; Nexus 5X Build/MMB29P) AppleWebKit/537.36 (KHTML, like Gecko) Chrome/137.0.7151.103 Mobile Safari/537.36 (compatible; Googlebot/2.1; +http://www.google.com/bot.html)"
66.249.64.71 - - [11/Jul/2025:19:56:40 +0700] "GET /shopdetail/71171812 HTTP/1.1" 200 19806 "-" "Mozilla/5.0 (Linux; Android 6.0.1; Nexus 5X Build/MMB29P) AppleWebKit/537.36 (KHTML, like Gecko) Chrome/137.0.7151.103 Mobile Safari/537.36 (compatible; Googlebot/2.1; +http://www.google.com/bot.html)"
66.249.71.204 - - [11/Jul/2025:19:56:47 +0700] "GET /shopdetail/185867812 HTTP/1.1" 200 20675 "-" "Mozilla/5.0 (Linux; Android 6.0.1; Nexus 5X Build/MMB29P) AppleWebKit/537.36 (KHTML, like Gecko) Chrome/137.0.7151.103 Mobile Safari/537.36 (compatible; Googlebot/2.1; +http://www.google.com/bot.html)"
66.249.71.204 - - [11/Jul/2025:19:56:49 +0700] "POST /get-message-notify HTTP/1.1" 200 19363 "https://bodieukhiencuacuon.vn/shopdetail/110540312" "Mozilla/5.0 (Linux; Android 6.0.1; Nexus 5X Build/MMB29P) AppleWebKit/537.36 (KHTML, like Gecko) Chrome/137.0.7151.119 Mobile Safari/537.36 (compatible; Googlebot/2.1; +http://www.google.com/bot.html)"
66.249.64.71 - - [11/Jul/2025:19:56:50 +0700] "GET /shopdetail/10416112 HTTP/1.1" 200 21173 "-" "Mozilla/5.0 (Linux; Android 6.0.1; Nexus 5X Build/MMB29P) AppleWebKit/537.36 (KHTML, like Gecko) Chrome/137.0.7151.103 Mobile Safari/537.36 (compatible; Googlebot/2.1; +http://www.google.com/bot.html)"
66.249.64.71 - - [11/Jul/2025:19:56:51 +0700] "POST /get-message-notify HTTP/1.1" 200 19363 "https://bodieukhiencuacuon.vn/shopdetail/185867812" "Mozilla/5.0 (Linux; Android 6.0.1; Nexus 5X Build/MMB29P) AppleWebKit/537.36 (KHTML, like Gecko) Chrome/137.0.7151.119 Mobile Safari/537.36 (compatible; Googlebot/2.1; +http://www.google.com/bot.html)"
66.249.71.203 - - [11/Jul/2025:19:57:09 +0700] "GET /shopdetail/195547712 HTTP/1.1" 200 20648 "-" "Mozilla/5.0 (Linux; Android 6.0.1; Nexus 5X Build/MMB29P) AppleWebKit/537.36 (KHTML, like Gecko) Chrome/137.0.7151.103 Mobile Safari/537.36 (compatible; Googlebot/2.1; +http://www.google.com/bot.html)"
66.249.64.71 - - [11/Jul/2025:19:58:00 +0700] "GET /shopdetail/103025712 HTTP/1.1" 200 19782 "-" "Mozilla/5.0 (Linux; Android 6.0.1; Nexus 5X Build/MMB29P) AppleWebKit/537.36 (KHTML, like Gecko) Chrome/137.0.7151.103 Mobile Safari/537.36 (compatible; Googlebot/2.1; +http://www.google.com/bot.html)"
66.249.64.71 - - [11/Jul/2025:19:58:03 +0700] "GET /shopdetail/83067012 HTTP/1.1" 200 20021 "-" "Mozilla/5.0 (Linux; Android 6.0.1; Nexus 5X Build/MMB29P) AppleWebKit/537.36 (KHTML, like Gecko) Chrome/137.0.7151.103 Mobile Safari/537.36 (compatible; Googlebot/2.1; +http://www.google.com/bot.html)"
66.249.64.71 - - [11/Jul/2025:19:58:05 +0700] "GET /shopdetail/111115212 HTTP/1.1" 200 20750 "-" "Mozilla/5.0 (Linux; Android 6.0.1; Nexus 5X Build/MMB29P) AppleWebKit/537.36 (KHTML, like Gecko) Chrome/137.0.7151.103 Mobile Safari/537.36 (compatible; Googlebot/2.1; +http://www.google.com/bot.html)"
66.249.71.203 - - [11/Jul/2025:19:58:08 +0700] "GET /shopdetail/250667512 HTTP/1.1" 200 20305 "-" "Mozilla/5.0 (Linux; Android 6.0.1; Nexus 5X Build/MMB29P) AppleWebKit/537.36 (KHTML, like Gecko) Chrome/137.0.7151.103 Mobile Safari/537.36 (compatible; Googlebot/2.1; +http://www.google.com/bot.html)"
66.249.64.71 - - [11/Jul/2025:19:58:10 +0700] "GET /shopdetail/109752012 HTTP/1.1" 200 21299 "-" "Mozilla/5.0 (Linux; Android 6.0.1; Nexus 5X Build/MMB29P) AppleWebKit/537.36 (KHTML, like Gecko) Chrome/137.0.7151.103 Mobile Safari/537.36 (compatible; Googlebot/2.1; +http://www.google.com/bot.html)"
66.249.64.71 - - [11/Jul/2025:19:58:10 +0700] "POST /get-message-notify HTTP/1.1" 200 19363 "https://bodieukhiencuacuon.vn/shopdetail/111115212" "Mozilla/5.0 (Linux; Android 6.0.1; Nexus 5X Build/MMB29P) AppleWebKit/537.36 (KHTML, like Gecko) Chrome/137.0.7151.119 Mobile Safari/537.36 (compatible; Googlebot/2.1; +http://www.google.com/bot.html)"
66.249.64.71 - - [11/Jul/2025:19:58:45 +0700] "GET /shopdetail/213265512 HTTP/1.1" 200 20040 "-" "Mozilla/5.0 (Linux; Android 6.0.1; Nexus 5X Build/MMB29P) AppleWebKit/537.36 (KHTML, like Gecko) Chrome/137.0.7151.119 Mobile Safari/537.36 (compatible; Googlebot/2.1; +http://www.google.com/bot.html)"
66.249.64.71 - - [11/Jul/2025:19:57:41 +0700] "GET /shopdetail/104307512 HTTP/1.1" 200 21154 "-" "Mozilla/5.0 (Linux; Android 6.0.1; Nexus 5X Build/MMB29P) AppleWebKit/537.36 (KHTML, like Gecko) Chrome/137.0.7151.103 Mobile Safari/537.36 (compatible; Googlebot/2.1; +http://www.google.com/bot.html)"
66.249.64.71 - - [11/Jul/2025:19:57:43 +0700] "GET /shopdetail/12711212 HTTP/1.1" 200 20603 "-" "Mozilla/5.0 (Linux; Android 6.0.1; Nexus 5X Build/MMB29P) AppleWebKit/537.36 (KHTML, like Gecko) Chrome/137.0.7151.119 Mobile Safari/537.36 (compatible; Googlebot/2.1; +http://www.google.com/bot.html)"
66.249.64.72 - - [11/Jul/2025:19:57:45 +0700] "GET /shopdetail/77345812 HTTP/1.1" 200 19380 "-" "Mozilla/5.0 (Linux; Android 6.0.1; Nexus 5X Build/MMB29P) AppleWebKit/537.36 (KHTML, like Gecko) Chrome/137.0.7151.103 Mobile Safari/537.36 (compatible; Googlebot/2.1; +http://www.google.com/bot.html)"
66.249.64.71 - - [11/Jul/2025:19:57:47 +0700] "GET /shopdetail/182549912 HTTP/1.1" 200 20823 "-" "Mozilla/5.0 (Linux; Android 6.0.1; Nexus 5X Build/MMB29P) AppleWebKit/537.36 (KHTML, like Gecko) Chrome/137.0.7151.103 Mobile Safari/537.36 (compatible; Googlebot/2.1; +http://www.google.com/bot.html)"
66.249.64.72 - - [11/Jul/2025:19:57:50 +0700] "GET /shopdetail/165931812 HTTP/1.1" 200 19400 "-" "Mozilla/5.0 (Linux; Android 6.0.1; Nexus 5X Build/MMB29P) AppleWebKit/537.36 (KHTML, like Gecko) Chrome/137.0.7151.103 Mobile Safari/537.36 (compatible; Googlebot/2.1; +http://www.google.com/bot.html)"
66.249.64.72 - - [11/Jul/2025:19:57:53 +0700] "GET /shopdetail/44493112 HTTP/1.1" 200 21646 "-" "Mozilla/5.0 (Linux; Android 6.0.1; Nexus 5X Build/MMB29P) AppleWebKit/537.36 (KHTML, like Gecko) Chrome/137.0.7151.103 Mobile Safari/537.36 (compatible; Googlebot/2.1; +http://www.google.com/bot.html)"
66.249.71.204 - - [11/Jul/2025:19:57:56 +0700] "GET /shopdetail/93202312 HTTP/1.1" 200 20814 "-" "Mozilla/5.0 (Linux; Android 6.0.1; Nexus 5X Build/MMB29P) AppleWebKit/537.36 (KHTML, like Gecko) Chrome/137.0.7151.103 Mobile Safari/537.36 (compatible; Googlebot/2.1; +http://www.google.com/bot.html)"
66.249.64.72 - - [11/Jul/2025:19:57:57 +0700] "GET /shopdetail/179155912 HTTP/1.1" 200 20088 "-" "Mozilla/5.0 (Linux; Android 6.0.1; Nexus 5X Build/MMB29P) AppleWebKit/537.36 (KHTML, like Gecko) Chrome/137.0.7151.103 Mobile Safari/537.36 (compatible; Googlebot/2.1; +http://www.google.com/bot.html)"
100.24.167.60 - - [11/Jul/2025:20:00:28 +0700] "GET /shopdetail/133960812/ HTTP/1.1" 200 27634 "-" "Mozilla/5.0 AppleWebKit/537.36 (KHTML, like Gecko; compatible; Amazonbot/0.1; +https://developer.amazon.com/support/amazonbot) Chrome/119.0.6045.214 Safari/537.36"
50.16.216.166 - - [11/Jul/2025:20:00:33 +0700] "GET /pcmypage/?callback=product/detail/07122684 HTTP/1.1" 200 27636 "-" "Mozilla/5.0 AppleWebKit/537.36 (KHTML, like Gecko; compatible; Amazonbot/0.1; +https://developer.amazon.com/support/amazonbot) Chrome/119.0.6045.214 Safari/537.36"
66.249.71.205 - - [11/Jul/2025:20:02:52 +0700] "GET /shopdetail/213997412 HTTP/1.1" 200 20512 "-" "Mozilla/5.0 (Linux; Android 6.0.1; Nexus 5X Build/MMB29P) AppleWebKit/537.36 (KHTML, like Gecko) Chrome/137.0.7151.103 Mobile Safari/537.36 (compatible; Googlebot/2.1; +http://www.google.com/bot.html)"
66.249.64.72 - - [11/Jul/2025:20:02:54 +0700] "GET /shopdetail/211339612 HTTP/1.1" 200 19674 "-" "Mozilla/5.0 (Linux; Android 6.0.1; Nexus 5X Build/MMB29P) AppleWebKit/537.36 (KHTML, like Gecko) Chrome/137.0.7151.103 Mobile Safari/537.36 (compatible; Googlebot/2.1; +http://www.google.com/bot.html)"
66.249.71.204 - - [11/Jul/2025:20:03:11 +0700] "GET /shopdetail/42504912 HTTP/1.1" 200 19646 "-" "Mozilla/5.0 (Linux; Android 6.0.1; Nexus 5X Build/MMB29P) AppleWebKit/537.36 (KHTML, like Gecko) Chrome/137.0.7151.103 Mobile Safari/537.36 (compatible; Googlebot/2.1; +http://www.google.com/bot.html)"
66.249.64.71 - - [11/Jul/2025:19:58:31 +0700] "POST /get-message-notify HTTP/1.1" 200 19363 "https://bodieukhiencuacuon.vn/shopdetail/263551412" "Mozilla/5.0 (Linux; Android 6.0.1; Nexus 5X Build/MMB29P) AppleWebKit/537.36 (KHTML, like Gecko) Chrome/137.0.7151.119 Mobile Safari/537.36 (compatible; Googlebot/2.1; +http://www.google.com/bot.html)"
103.57.221.79 - - [11/Jul/2025:20:00:20 +0700] "POST /wp-cron.php?doing_wp_cron=1752238820.2023661136627197265625 HTTP/1.1" 200 0 "-" "WordPress/6.8.1; https://bodieukhiencuacuon.vn"
103.57.221.79 - - [11/Jul/2025:20:00:21 +0700] "POST /wp-admin/admin-ajax.php?action=async_litespeed&nonce=tBvP9udWuTx3TAiChqPvvM9DyeVMQH2U&litespeed_type=imgoptm HTTP/1.1" 200 146 "-" "WordPress/6.8.1; https://bodieukhiencuacuon.vn"
3.213.106.226 - - [11/Jul/2025:20:00:21 +0700] "GET /feature/shoplist/index.html/ HTTP/1.1" 200 27634 "-" "Mozilla/5.0 AppleWebKit/537.36 (KHTML, like Gecko; compatible; Amazonbot/0.1; +https://developer.amazon.com/support/amazonbot) Chrome/119.0.6045.214 Safari/537.36"
54.83.23.103 - - [11/Jul/2025:20:00:23 +0700] "GET /feature/shoplist-friendly/index.html HTTP/1.1" 301 0 "-" "Mozilla/5.0 AppleWebKit/537.36 (KHTML, like Gecko; compatible; Amazonbot/0.1; +https://developer.amazon.com/support/amazonbot) Chrome/119.0.6045.214 Safari/537.36"
34.227.234.246 - - [11/Jul/2025:20:00:26 +0700] "GET /shopdetail/133960812 HTTP/1.1" 301 0 "-" "Mozilla/5.0 AppleWebKit/537.36 (KHTML, like Gecko; compatible; Amazonbot/0.1; +https://developer.amazon.com/support/amazonbot) Chrome/119.0.6045.214 Safari/537.36"
18.208.11.93 - - [11/Jul/2025:20:00:30 +0700] "GET /pcmypage?callback=product/detail/07122684 HTTP/1.1" 301 0 "-" "Mozilla/5.0 AppleWebKit/537.36 (KHTML, like Gecko; compatible; Amazonbot/0.1; +https://developer.amazon.com/support/amazonbot) Chrome/119.0.6045.214 Safari/537.36"
66.249.64.73 - - [11/Jul/2025:20:00:47 +0700] "GET /pcmypage?callback=/product%2Fdetail%2F77589577 HTTP/1.1" 200 20914 "-" "Mozilla/5.0 (Linux; Android 6.0.1; Nexus 5X Build/MMB29P) AppleWebKit/537.36 (KHTML, like Gecko) Chrome/137.0.7151.119 Mobile Safari/537.36 (compatible; Googlebot/2.1; +http://www.google.com/bot.html)"
66.249.71.203 - - [11/Jul/2025:20:01:48 +0700] "GET /shopdetail/244651212 HTTP/1.1" 200 20124 "-" "Mozilla/5.0 (Linux; Android 6.0.1; Nexus 5X Build/MMB29P) AppleWebKit/537.36 (KHTML, like Gecko) Chrome/137.0.7151.119 Mobile Safari/537.36 (compatible; Googlebot/2.1; +http://www.google.com/bot.html)"
66.249.71.203 - - [11/Jul/2025:20:02:51 +0700] "GET /shopdetail/210263712 HTTP/1.1" 200 19781 "-" "Mozilla/5.0 (Linux; Android 6.0.1; Nexus 5X Build/MMB29P) AppleWebKit/537.36 (KHTML, like Gecko) Chrome/137.0.7151.119 Mobile Safari/537.36 (compatible; Googlebot/2.1; +http://www.google.com/bot.html)"
66.249.71.203 - - [11/Jul/2025:20:02:57 +0700] "GET /shopdetail/35943912 HTTP/1.1" 200 22722 "-" "Mozilla/5.0 (Linux; Android 6.0.1; Nexus 5X Build/MMB29P) AppleWebKit/537.36 (KHTML, like Gecko) Chrome/137.0.7151.103 Mobile Safari/537.36 (compatible; Googlebot/2.1; +http://www.google.com/bot.html)"
66.249.71.203 - - [11/Jul/2025:20:03:16 +0700] "GET /shopdetail/241227112 HTTP/1.1" 200 19895 "-" "Mozilla/5.0 (Linux; Android 6.0.1; Nexus 5X Build/MMB29P) AppleWebKit/537.36 (KHTML, like Gecko) Chrome/137.0.7151.103 Mobile Safari/537.36 (compatible; Googlebot/2.1; +http://www.google.com/bot.html)"
40.77.167.25 - - [11/Jul/2025:20:03:54 +0700] "GET /order/c%C3%A1ch-b%C3%B3i-t%C3%ACnh-y%C3%AAu-b%E1%BA%B1ng-t%C3%AAn-tr%C3%AAn-gi%E1%BA%A5y HTTP/2" 200 21695 "-" "Mozilla/5.0 AppleWebKit/537.36 (KHTML, like Gecko; compatible; bingbot/2.0; +http://www.bing.com/bingbot.htm) Chrome/116.0.1938.76 Safari/537.36"
66.249.64.71 - - [11/Jul/2025:20:04:15 +0700] "GET /shopdetail/235353512 HTTP/1.1" 200 20515 "-" "Mozilla/5.0 (Linux; Android 6.0.1; Nexus 5X Build/MMB29P) AppleWebKit/537.36 (KHTML, like Gecko) Chrome/137.0.7151.103 Mobile Safari/537.36 (compatible; Googlebot/2.1; +http://www.google.com/bot.html)"
66.249.64.71 - - [11/Jul/2025:20:03:33 +0700] "POST /get-message-notify HTTP/1.1" 200 19363 "https://bodieukhiencuacuon.vn/shopdetail/96005212" "Mozilla/5.0 (Linux; Android 6.0.1; Nexus 5X Build/MMB29P) AppleWebKit/537.36 (KHTML, like Gecko) Chrome/137.0.7151.119 Mobile Safari/537.36 (compatible; Googlebot/2.1; +http://www.google.com/bot.html)"
66.249.64.71 - - [11/Jul/2025:20:03:37 +0700] "GET /shopdetail/264167812 HTTP/1.1" 200 20510 "-" "Mozilla/5.0 (Linux; Android 6.0.1; Nexus 5X Build/MMB29P) AppleWebKit/537.36 (KHTML, like Gecko) Chrome/137.0.7151.103 Mobile Safari/537.36 (compatible; Googlebot/2.1; +http://www.google.com/bot.html)"
66.249.71.203 - - [11/Jul/2025:20:03:49 +0700] "GET /shopdetail/127193712 HTTP/1.1" 200 20240 "-" "Mozilla/5.0 (Linux; Android 6.0.1; Nexus 5X Build/MMB29P) AppleWebKit/537.36 (KHTML, like Gecko) Chrome/137.0.7151.103 Mobile Safari/537.36 (compatible; Googlebot/2.1; +http://www.google.com/bot.html)"
66.249.64.71 - - [11/Jul/2025:20:04:36 +0700] "POST /get-message-notify HTTP/1.1" 200 19363 "https://bodieukhiencuacuon.vn/shopdetail/185575412" "Mozilla/5.0 (Linux; Android 6.0.1; Nexus 5X Build/MMB29P) AppleWebKit/537.36 (KHTML, like Gecko) Chrome/137.0.7151.119 Mobile Safari/537.36 (compatible; Googlebot/2.1; +http://www.google.com/bot.html)"
66.249.64.71 - - [11/Jul/2025:20:04:46 +0700] "GET /shopdetail/73086012 HTTP/1.1" 200 20642 "-" "Mozilla/5.0 (Linux; Android 6.0.1; Nexus 5X Build/MMB29P) AppleWebKit/537.36 (KHTML, like Gecko) Chrome/137.0.7151.103 Mobile Safari/537.36 (compatible; Googlebot/2.1; +http://www.google.com/bot.html)"
66.249.71.203 - - [11/Jul/2025:20:04:48 +0700] "GET /recollection.php?shopdetail/245232112 HTTP/1.1" 200 21117 "-" "Mozilla/5.0 (Linux; Android 6.0.1; Nexus 5X Build/MMB29P) AppleWebKit/537.36 (KHTML, like Gecko) Chrome/137.0.7151.103 Mobile Safari/537.36 (compatible; Googlebot/2.1; +http://www.google.com/bot.html)"
66.249.71.203 - - [11/Jul/2025:20:04:52 +0700] "GET /shopdetail/141472912 HTTP/1.1" 200 20592 "-" "Mozilla/5.0 (Linux; Android 6.0.1; Nexus 5X Build/MMB29P) AppleWebKit/537.36 (KHTML, like Gecko) Chrome/137.0.7151.119 Mobile Safari/537.36 (compatible; Googlebot/2.1; +http://www.google.com/bot.html)"
66.249.64.71 - - [11/Jul/2025:20:04:58 +0700] "GET /shopdetail/177493012 HTTP/1.1" 200 20222 "-" "Mozilla/5.0 (Linux; Android 6.0.1; Nexus 5X Build/MMB29P) AppleWebKit/537.36 (KHTML, like Gecko) Chrome/137.0.7151.103 Mobile Safari/537.36 (compatible; Googlebot/2.1; +http://www.google.com/bot.html)"
66.249.64.73 - - [11/Jul/2025:20:05:10 +0700] "GET /shopdetail/213905312 HTTP/1.1" 200 21954 "-" "Mozilla/5.0 (Linux; Android 6.0.1; Nexus 5X Build/MMB29P) AppleWebKit/537.36 (KHTML, like Gecko) Chrome/137.0.7151.103 Mobile Safari/537.36 (compatible; Googlebot/2.1; +http://www.google.com/bot.html)"
40.77.167.55 - - [11/Jul/2025:20:05:21 +0700] "GET /order/51260/ HTTP/2" 200 19340 "-" "Mozilla/5.0 AppleWebKit/537.36 (KHTML, like Gecko; compatible; bingbot/2.0; +http://www.bing.com/bingbot.htm) Chrome/116.0.1938.76 Safari/537.36"
66.249.64.71 - - [11/Jul/2025:20:05:24 +0700] "GET /recollection.php?shopdetail/75563812 HTTP/1.1" 200 19696 "-" "Mozilla/5.0 (Linux; Android 6.0.1; Nexus 5X Build/MMB29P) AppleWebKit/537.36 (KHTML, like Gecko) Chrome/137.0.7151.103 Mobile Safari/537.36 (compatible; Googlebot/2.1; +http://www.google.com/bot.html)"
66.249.71.203 - - [11/Jul/2025:20:05:26 +0700] "GET /shopdetail/261582512 HTTP/1.1" 200 20093 "-" "Mozilla/5.0 (Linux; Android 6.0.1; Nexus 5X Build/MMB29P) AppleWebKit/537.36 (KHTML, like Gecko) Chrome/137.0.7151.103 Mobile Safari/537.36 (compatible; Googlebot/2.1; +http://www.google.com/bot.html)"
66.249.64.71 - - [11/Jul/2025:20:05:41 +0700] "POST /get-message-notify HTTP/1.1" 200 19363 "https://bodieukhiencuacuon.vn/shopdetail/46690412" "Mozilla/5.0 (Linux; Android 6.0.1; Nexus 5X Build/MMB29P) AppleWebKit/537.36 (KHTML, like Gecko) Chrome/137.0.7151.119 Mobile Safari/537.36 (compatible; Googlebot/2.1; +http://www.google.com/bot.html)"
34.236.41.241 - - [11/Jul/2025:20:00:18 +0700] "GET /feature/shoplist/index.html HTTP/1.1" 301 0 "-" "Mozilla/5.0 AppleWebKit/537.36 (KHTML, like Gecko; compatible; Amazonbot/0.1; +https://developer.amazon.com/support/amazonbot) Chrome/119.0.6045.214 Safari/537.36"
40.77.167.28 - - [11/Jul/2025:20:00:24 +0700] "GET /news/danh-s%C3%A1ch-4-link-v%C3%A0o-bk8.html HTTP/2" 200 19802 "-" "Mozilla/5.0 AppleWebKit/537.36 (KHTML, like Gecko; compatible; bingbot/2.0; +http://www.bing.com/bingbot.htm) Chrome/116.0.1938.76 Safari/537.36"
44.212.145.46 - - [11/Jul/2025:20:00:25 +0700] "GET /feature/shoplist-friendly/index.html/ HTTP/1.1" 200 27633 "-" "Mozilla/5.0 AppleWebKit/537.36 (KHTML, like Gecko; compatible; Amazonbot/0.1; +https://developer.amazon.com/support/amazonbot) Chrome/119.0.6045.214 Safari/537.36"
40.77.167.28 - - [11/Jul/2025:20:00:43 +0700] "GET /news/41569/ HTTP/2" 200 20025 "-" "Mozilla/5.0 AppleWebKit/537.36 (KHTML, like Gecko; compatible; bingbot/2.0; +http://www.bing.com/bingbot.htm) Chrome/116.0.1938.76 Safari/537.36"
66.249.71.203 - - [11/Jul/2025:20:03:04 +0700] "GET /shopdetail/177011012 HTTP/1.1" 200 20575 "-" "Mozilla/5.0 (Linux; Android 6.0.1; Nexus 5X Build/MMB29P) AppleWebKit/537.36 (KHTML, like Gecko) Chrome/137.0.7151.103 Mobile Safari/537.36 (compatible; Googlebot/2.1; +http://www.google.com/bot.html)"
66.249.64.71 - - [11/Jul/2025:20:03:25 +0700] "GET /shopdetail/122770512 HTTP/1.1" 200 19854 "-" "Mozilla/5.0 (Linux; Android 6.0.1; Nexus 5X Build/MMB29P) AppleWebKit/537.36 (KHTML, like Gecko) Chrome/137.0.7151.103 Mobile Safari/537.36 (compatible; Googlebot/2.1; +http://www.google.com/bot.html)"
66.249.64.71 - - [11/Jul/2025:20:03:27 +0700] "GET /shopdetail/96005212 HTTP/1.1" 200 19833 "-" "Mozilla/5.0 (Linux; Android 6.0.1; Nexus 5X Build/MMB29P) AppleWebKit/537.36 (KHTML, like Gecko) Chrome/137.0.7151.103 Mobile Safari/537.36 (compatible; Googlebot/2.1; +http://www.google.com/bot.html)"
66.249.64.71 - - [11/Jul/2025:20:03:29 +0700] "GET /shopdetail/98906612 HTTP/1.1" 200 19685 "-" "Mozilla/5.0 (Linux; Android 6.0.1; Nexus 5X Build/MMB29P) AppleWebKit/537.36 (KHTML, like Gecko) Chrome/137.0.7151.103 Mobile Safari/537.36 (compatible; Googlebot/2.1; +http://www.google.com/bot.html)"
66.249.64.71 - - [11/Jul/2025:20:03:33 +0700] "GET /shopdetail/135281612 HTTP/1.1" 200 19732 "-" "Mozilla/5.0 (Linux; Android 6.0.1; Nexus 5X Build/MMB29P) AppleWebKit/537.36 (KHTML, like Gecko) Chrome/137.0.7151.103 Mobile Safari/537.36 (compatible; Googlebot/2.1; +http://www.google.com/bot.html)"
66.249.64.71 - - [11/Jul/2025:20:05:52 +0700] "GET /shopdetail/32411212 HTTP/1.1" 200 18656 "-" "Mozilla/5.0 (Linux; Android 6.0.1; Nexus 5X Build/MMB29P) AppleWebKit/537.36 (KHTML, like Gecko) Chrome/137.0.7151.103 Mobile Safari/537.36 (compatible; Googlebot/2.1; +http://www.google.com/bot.html)"
66.249.64.71 - - [11/Jul/2025:20:05:53 +0700] "GET /recollection.php?shopdetail/360755412 HTTP/1.1" 200 20284 "-" "Mozilla/5.0 (Linux; Android 6.0.1; Nexus 5X Build/MMB29P) AppleWebKit/537.36 (KHTML, like Gecko) Chrome/137.0.7151.103 Mobile Safari/537.36 (compatible; Googlebot/2.1; +http://www.google.com/bot.html)"
66.249.71.205 - - [11/Jul/2025:20:06:04 +0700] "GET /shopdetail/195921212 HTTP/1.1" 200 19728 "-" "Mozilla/5.0 (Linux; Android 6.0.1; Nexus 5X Build/MMB29P) AppleWebKit/537.36 (KHTML, like Gecko) Chrome/137.0.7151.103 Mobile Safari/537.36 (compatible; Googlebot/2.1; +http://www.google.com/bot.html)"
66.249.71.203 - - [11/Jul/2025:20:06:11 +0700] "GET /shopdetail/54263812 HTTP/1.1" 200 20087 "-" "Mozilla/5.0 (Linux; Android 6.0.1; Nexus 5X Build/MMB29P) AppleWebKit/537.36 (KHTML, like Gecko) Chrome/137.0.7151.103 Mobile Safari/537.36 (compatible; Googlebot/2.1; +http://www.google.com/bot.html)"
66.249.64.71 - - [11/Jul/2025:20:06:19 +0700] "GET /shopdetail/45067912 HTTP/1.1" 200 21496 "-" "Mozilla/5.0 (Linux; Android 6.0.1; Nexus 5X Build/MMB29P) AppleWebKit/537.36 (KHTML, like Gecko) Chrome/137.0.7151.103 Mobile Safari/537.36 (compatible; Googlebot/2.1; +http://www.google.com/bot.html)"
66.249.64.71 - - [11/Jul/2025:20:06:24 +0700] "GET /shopdetail/104254512 HTTP/1.1" 200 20500 "-" "Mozilla/5.0 (Linux; Android 6.0.1; Nexus 5X Build/MMB29P) AppleWebKit/537.36 (KHTML, like Gecko) Chrome/137.0.7151.103 Mobile Safari/537.36 (compatible; Googlebot/2.1; +http://www.google.com/bot.html)"
66.249.64.71 - - [11/Jul/2025:20:06:25 +0700] "POST /get-message-notify HTTP/1.1" 200 19363 "https://bodieukhiencuacuon.vn/shopdetail/45067912" "Mozilla/5.0 (Linux; Android 6.0.1; Nexus 5X Build/MMB29P) AppleWebKit/537.36 (KHTML, like Gecko) Chrome/137.0.7151.119 Mobile Safari/537.36 (compatible; Googlebot/2.1; +http://www.google.com/bot.html)"
