66.249.64.71 - - [11/Jul/2025:22:10:38 +0700] "GET /shopdetail/260379512 HTTP/1.1" 200 20503 "-" "Mozilla/5.0 (Linux; Android 6.0.1; Nexus 5X Build/MMB29P) AppleWebKit/537.36 (KHTML, like Gecko) Chrome/137.0.7151.103 Mobile Safari/537.36 (compatible; Googlebot/2.1; +http://www.google.com/bot.html)"
66.249.64.71 - - [11/Jul/2025:22:10:43 +0700] "POST /get-message-notify HTTP/1.1" 200 19363 "https://bodieukhiencuacuon.vn/shopdetail/260379512" "Mozilla/5.0 (Linux; Android 6.0.1; Nexus 5X Build/MMB29P) AppleWebKit/537.36 (KHTML, like Gecko) Chrome/137.0.7151.119 Mobile Safari/537.36 (compatible; Googlebot/2.1; +http://www.google.com/bot.html)"
66.249.71.205 - - [11/Jul/2025:22:09:02 +0700] "GET /recollection.php?shopdetail/313111712 HTTP/1.1" 200 19702 "-" "Mozilla/5.0 (Linux; Android 6.0.1; Nexus 5X Build/MMB29P) AppleWebKit/537.36 (KHTML, like Gecko) Chrome/137.0.7151.103 Mobile Safari/537.36 (compatible; Googlebot/2.1; +http://www.google.com/bot.html)"
66.249.64.72 - - [11/Jul/2025:22:09:04 +0700] "GET /shopdetail/154641812 HTTP/1.1" 200 21960 "-" "Mozilla/5.0 (Linux; Android 6.0.1; Nexus 5X Build/MMB29P) AppleWebKit/537.36 (KHTML, like Gecko) Chrome/137.0.7151.103 Mobile Safari/537.36 (compatible; Googlebot/2.1; +http://www.google.com/bot.html)"
66.249.71.203 - - [11/Jul/2025:22:09:25 +0700] "POST /get-message-notify HTTP/1.1" 200 19363 "https://bodieukhiencuacuon.vn/shopdetail/166319512" "Mozilla/5.0 (Linux; Android 6.0.1; Nexus 5X Build/MMB29P) AppleWebKit/537.36 (KHTML, like Gecko) Chrome/137.0.7151.119 Mobile Safari/537.36 (compatible; Googlebot/2.1; +http://www.google.com/bot.html)"
66.249.71.203 - - [11/Jul/2025:22:09:27 +0700] "GET /shopdetail/76632712 HTTP/1.1" 200 19899 "-" "Mozilla/5.0 (Linux; Android 6.0.1; Nexus 5X Build/MMB29P) AppleWebKit/537.36 (KHTML, like Gecko) Chrome/137.0.7151.103 Mobile Safari/537.36 (compatible; Googlebot/2.1; +http://www.google.com/bot.html)"
66.249.71.203 - - [11/Jul/2025:22:09:32 +0700] "GET /shopdetail/78731312 HTTP/1.1" 200 20116 "-" "Mozilla/5.0 (Linux; Android 6.0.1; Nexus 5X Build/MMB29P) AppleWebKit/537.36 (KHTML, like Gecko) Chrome/137.0.7151.103 Mobile Safari/537.36 (compatible; Googlebot/2.1; +http://www.google.com/bot.html)"
66.249.71.203 - - [11/Jul/2025:22:09:36 +0700] "POST /get-message-notify HTTP/1.1" 200 19363 "https://bodieukhiencuacuon.vn/shopdetail/78731312" "Mozilla/5.0 (Linux; Android 6.0.1; Nexus 5X Build/MMB29P) AppleWebKit/537.36 (KHTML, like Gecko) Chrome/137.0.7151.119 Mobile Safari/537.36 (compatible; Googlebot/2.1; +http://www.google.com/bot.html)"
66.249.64.72 - - [11/Jul/2025:22:09:42 +0700] "GET /shopdetail/6630412 HTTP/1.1" 200 19586 "-" "Mozilla/5.0 (Linux; Android 6.0.1; Nexus 5X Build/MMB29P) AppleWebKit/537.36 (KHTML, like Gecko) Chrome/137.0.7151.103 Mobile Safari/537.36 (compatible; Googlebot/2.1; +http://www.google.com/bot.html)"
66.249.64.72 - - [11/Jul/2025:22:10:08 +0700] "GET /recollection.php?shopdetail/84832312 HTTP/1.1" 200 19900 "-" "Mozilla/5.0 (Linux; Android 6.0.1; Nexus 5X Build/MMB29P) AppleWebKit/537.36 (KHTML, like Gecko) Chrome/137.0.7151.103 Mobile Safari/537.36 (compatible; Googlebot/2.1; +http://www.google.com/bot.html)"
35.173.18.61 - - [11/Jul/2025:22:10:09 +0700] "GET /shopdetail/30499912/ HTTP/1.1" 200 27636 "-" "Mozilla/5.0 AppleWebKit/537.36 (KHTML, like Gecko; compatible; Amazonbot/0.1; +https://developer.amazon.com/support/amazonbot) Chrome/119.0.6045.214 Safari/537.36"
107.20.25.33 - - [11/Jul/2025:22:10:12 +0700] "GET /shopdetail/148634812/ HTTP/1.1" 200 27636 "-" "Mozilla/5.0 AppleWebKit/537.36 (KHTML, like Gecko; compatible; Amazonbot/0.1; +https://developer.amazon.com/support/amazonbot) Chrome/119.0.6045.214 Safari/537.36"
66.249.71.203 - - [11/Jul/2025:22:10:27 +0700] "GET /shopdetail/108978712 HTTP/1.1" 200 20506 "-" "Mozilla/5.0 (Linux; Android 6.0.1; Nexus 5X Build/MMB29P) AppleWebKit/537.36 (KHTML, like Gecko) Chrome/137.0.7151.103 Mobile Safari/537.36 (compatible; Googlebot/2.1; +http://www.google.com/bot.html)"
66.249.71.203 - - [11/Jul/2025:22:10:29 +0700] "POST /get-message-notify HTTP/1.1" 200 19363 "https://bodieukhiencuacuon.vn/shopdetail/108978712" "Mozilla/5.0 (Linux; Android 6.0.1; Nexus 5X Build/MMB29P) AppleWebKit/537.36 (KHTML, like Gecko) Chrome/137.0.7151.119 Mobile Safari/537.36 (compatible; Googlebot/2.1; +http://www.google.com/bot.html)"
66.249.71.203 - - [11/Jul/2025:22:10:44 +0700] "GET /shopdetail/148194712 HTTP/1.1" 200 20510 "-" "Mozilla/5.0 (Linux; Android 6.0.1; Nexus 5X Build/MMB29P) AppleWebKit/537.36 (KHTML, like Gecko) Chrome/137.0.7151.103 Mobile Safari/537.36 (compatible; Googlebot/2.1; +http://www.google.com/bot.html)"
66.249.64.73 - - [11/Jul/2025:22:08:35 +0700] "GET /zhHant/product/surugaya/08823766?campaign_uid=f64d716db5e979ed2f947dbaf4296895b951ae7f HTTP/1.1" 200 19514 "-" "Mozilla/5.0 (Linux; Android 6.0.1; Nexus 5X Build/MMB29P) AppleWebKit/537.36 (KHTML, like Gecko) Chrome/137.0.7151.103 Mobile Safari/537.36 (compatible; Googlebot/2.1; +http://www.google.com/bot.html)"
66.249.64.71 - - [11/Jul/2025:22:08:43 +0700] "GET /shopdetail/126090412 HTTP/1.1" 200 20200 "-" "Mozilla/5.0 (Linux; Android 6.0.1; Nexus 5X Build/MMB29P) AppleWebKit/537.36 (KHTML, like Gecko) Chrome/137.0.7151.103 Mobile Safari/537.36 (compatible; Googlebot/2.1; +http://www.google.com/bot.html)"
66.249.64.71 - - [11/Jul/2025:22:08:46 +0700] "GET /shopdetail/135376412 HTTP/1.1" 200 19493 "-" "Mozilla/5.0 (Linux; Android 6.0.1; Nexus 5X Build/MMB29P) AppleWebKit/537.36 (KHTML, like Gecko) Chrome/137.0.7151.103 Mobile Safari/537.36 (compatible; Googlebot/2.1; +http://www.google.com/bot.html)"
66.249.64.72 - - [11/Jul/2025:22:08:56 +0700] "GET /shopdetail/147980012 HTTP/1.1" 200 20078 "-" "Mozilla/5.0 (Linux; Android 6.0.1; Nexus 5X Build/MMB29P) AppleWebKit/537.36 (KHTML, like Gecko) Chrome/137.0.7151.103 Mobile Safari/537.36 (compatible; Googlebot/2.1; +http://www.google.com/bot.html)"
66.249.71.205 - - [11/Jul/2025:22:09:03 +0700] "GET /shopdetail/119582112 HTTP/1.1" 200 20972 "-" "Mozilla/5.0 (Linux; Android 6.0.1; Nexus 5X Build/MMB29P) AppleWebKit/537.36 (KHTML, like Gecko) Chrome/137.0.7151.103 Mobile Safari/537.36 (compatible; Googlebot/2.1; +http://www.google.com/bot.html)"
66.249.64.71 - - [11/Jul/2025:22:09:07 +0700] "GET /shopdetail/194104312 HTTP/1.1" 200 20526 "-" "Mozilla/5.0 (Linux; Android 6.0.1; Nexus 5X Build/MMB29P) AppleWebKit/537.36 (KHTML, like Gecko) Chrome/137.0.7151.103 Mobile Safari/537.36 (compatible; Googlebot/2.1; +http://www.google.com/bot.html)"
66.249.64.71 - - [11/Jul/2025:22:09:42 +0700] "POST /get-message-notify HTTP/1.1" 200 19363 "https://bodieukhiencuacuon.vn/shopdetail/239993912" "Mozilla/5.0 (Linux; Android 6.0.1; Nexus 5X Build/MMB29P) AppleWebKit/537.36 (KHTML, like Gecko) Chrome/137.0.7151.119 Mobile Safari/537.36 (compatible; Googlebot/2.1; +http://www.google.com/bot.html)"
66.249.64.71 - - [11/Jul/2025:22:09:49 +0700] "GET /recollection.php?shopdetail/277232812 HTTP/1.1" 200 20054 "-" "Mozilla/5.0 (Linux; Android 6.0.1; Nexus 5X Build/MMB29P) AppleWebKit/537.36 (KHTML, like Gecko) Chrome/137.0.7151.103 Mobile Safari/537.36 (compatible; Googlebot/2.1; +http://www.google.com/bot.html)"
66.249.64.71 - - [11/Jul/2025:22:09:54 +0700] "GET /shopdetail/137865512 HTTP/1.1" 200 21330 "-" "Mozilla/5.0 (Linux; Android 6.0.1; Nexus 5X Build/MMB29P) AppleWebKit/537.36 (KHTML, like Gecko) Chrome/137.0.7151.103 Mobile Safari/537.36 (compatible; Googlebot/2.1; +http://www.google.com/bot.html)"
66.249.64.72 - - [11/Jul/2025:22:10:07 +0700] "GET /shopdetail/69286212 HTTP/1.1" 200 19759 "-" "Mozilla/5.0 (Linux; Android 6.0.1; Nexus 5X Build/MMB29P) AppleWebKit/537.36 (KHTML, like Gecko) Chrome/137.0.7151.103 Mobile Safari/537.36 (compatible; Googlebot/2.1; +http://www.google.com/bot.html)"
18.206.47.187 - - [11/Jul/2025:22:10:06 +0700] "GET /shopdetail/30499912 HTTP/1.1" 301 0 "-" "Mozilla/5.0 AppleWebKit/537.36 (KHTML, like Gecko; compatible; Amazonbot/0.1; +https://developer.amazon.com/support/amazonbot) Chrome/119.0.6045.214 Safari/537.36"
103.57.221.79 - - [11/Jul/2025:22:10:09 +0700] "POST /wp-admin/admin-ajax.php?action=async_litespeed&nonce=j9C4EeVBpJvQsfnp92L0U5s2JzHR0ZpN&litespeed_type=imgoptm HTTP/1.1" 200 146 "-" "WordPress/6.8.1; https://bodieukhiencuacuon.vn"
66.249.64.71 - - [11/Jul/2025:22:10:13 +0700] "GET /shopdetail/153185112 HTTP/1.1" 200 19897 "-" "Mozilla/5.0 (Linux; Android 6.0.1; Nexus 5X Build/MMB29P) AppleWebKit/537.36 (KHTML, like Gecko) Chrome/137.0.7151.103 Mobile Safari/537.36 (compatible; Googlebot/2.1; +http://www.google.com/bot.html)"
66.249.64.71 - - [11/Jul/2025:22:11:20 +0700] "GET /shopdetail/ARABIA/%E3%82%A2%E3%83%A9%E3%83%93%E3%82%A2%20Rosmarin%20%E3%83%86%E3%82%A3%E3%83%BC%E3%82%AB%E3%83%83%E3%83%97%EF%BC%86%E3%82%BD%E3%83%BC%E3%82%B5%E3%83%BC%E3%80%80-%20%E5%8C%97%E6%AC%A7%E9%9B%91%E8%B2%A8%E3%83%BB%E5%8C%97%E6%AC%A7%E9%A3%9F%E5%99%A8%E3%81%A8%E3%83%8F%E3%83%B3%E3%83%89%E3%83%A1%E3%82%A4%E3%83%89%E3%81%AE%E3%81%8A%E5%BA%97%20%E3%80%90Tomas%E3%80%91 HTTP/1.1" 200 19573 "-" "Mozilla/5.0 (Linux; Android 6.0.1; Nexus 5X Build/MMB29P) AppleWebKit/537.36 (KHTML, like Gecko) Chrome/137.0.7151.103 Mobile Safari/537.36 (compatible; Googlebot/2.1; +http://www.google.com/bot.html)"
66.249.64.71 - - [11/Jul/2025:22:11:22 +0700] "GET /recollection.php?shopdetail/392417512 HTTP/1.1" 200 19869 "-" "Mozilla/5.0 (Linux; Android 6.0.1; Nexus 5X Build/MMB29P) AppleWebKit/537.36 (KHTML, like Gecko) Chrome/137.0.7151.103 Mobile Safari/537.36 (compatible; Googlebot/2.1; +http://www.google.com/bot.html)"
66.249.71.203 - - [11/Jul/2025:22:11:26 +0700] "GET /shopdetail/%E3%83%95%E3%83%A9%E3%83%B3%E3%82%B9%20%E3%82%A2%E3%83%B3%E3%83%86%E3%82%A3%E3%83%BC%E3%82%AF/%20Longchamp%E7%AA%AF%20/%20%E3%82%AA%E3%82%AF%E3%83%88%E3%82%B4%E3%83%8A%E3%83%AB%E3%83%97%E3%83%AC%E3%83%BC%E3%83%88%20%E5%B0%8F HTTP/1.1" 200 19695 "-" "Mozilla/5.0 (Linux; Android 6.0.1; Nexus 5X Build/MMB29P) AppleWebKit/537.36 (KHTML, like Gecko) Chrome/137.0.7151.103 Mobile Safari/537.36 (compatible; Googlebot/2.1; +http://www.google.com/bot.html)"
66.249.71.203 - - [11/Jul/2025:22:11:41 +0700] "POST /get-message-notify HTTP/1.1" 200 19363 "https://bodieukhiencuacuon.vn/shopdetail/Hoganas%20Keramik/%E3%83%9B%E3%82%AC%E3%83%8A%E3%82%B9%E3%82%B1%E3%83%A9%E3%83%9F%E3%83%83%E3%82%AF/%E3%82%B7%E3%83%AA%E3%82%A2%E3%83%AB%E3%83%9C%E3%82%A6%E3%83%AB%20%E3%83%96%E3%83%AB%E3%83%BC%20500ml" "Mozilla/5.0 (Linux; Android 6.0.1; Nexus 5X Build/MMB29P) AppleWebKit/537.36 (KHTML, like Gecko) Chrome/137.0.7151.119 Mobile Safari/537.36 (compatible; Googlebot/2.1; +http://www.google.com/bot.html)"
66.249.64.71 - - [11/Jul/2025:22:11:50 +0700] "GET /shopdetail/KDL-23S2000%E3%81%AE%E4%B8%AD%E5%8F%A4/%E6%9C%AA%E4%BD%BF%E7%94%A8%E5%93%81%20-%20%E3%83%A1%E3%83%AB%E3%82%AB%E3%83%AA HTTP/1.1" 200 19812 "-" "Mozilla/5.0 (Linux; Android 6.0.1; Nexus 5X Build/MMB29P) AppleWebKit/537.36 (KHTML, like Gecko) Chrome/137.0.7151.103 Mobile Safari/537.36 (compatible; Googlebot/2.1; +http://www.google.com/bot.html)"
66.249.64.71 - - [11/Jul/2025:22:11:56 +0700] "GET /shopdetail/%E3%83%AC%E3%82%A2%20STUSSY%20JAM%20HOME%20MADE%20%E3%82%B3%E3%83%A9%E3%83%9C%20%E3%83%8D%E3%83%83%E3%82%AF%E3%83%AC%E3%82%B9%20/%20%E3%82%AA%E3%83%BC%E3%83%AB%E3%83%89%20-%20%E3%83%A1%E3%83%AB%E3%82%AB%E3%83%AA HTTP/1.1" 200 20514 "-" "Mozilla/5.0 (Linux; Android 6.0.1; Nexus 5X Build/MMB29P) AppleWebKit/537.36 (KHTML, like Gecko) Chrome/137.0.7151.103 Mobile Safari/537.36 (compatible; Googlebot/2.1; +http://www.google.com/bot.html)"
66.249.64.71 - - [11/Jul/2025:22:12:00 +0700] "POST /get-message-notify HTTP/1.1" 200 19363 "https://bodieukhiencuacuon.vn/shopdetail/%E3%83%AC%E3%82%A2%20STUSSY%20JAM%20HOME%20MADE%20%E3%82%B3%E3%83%A9%E3%83%9C%20%E3%83%8D%E3%83%83%E3%82%AF%E3%83%AC%E3%82%B9%20/%20%E3%82%AA%E3%83%BC%E3%83%AB%E3%83%89%20-%20%E3%83%A1%E3%83%AB%E3%82%AB%E3%83%AA" "Mozilla/5.0 (Linux; Android 6.0.1; Nexus 5X Build/MMB29P) AppleWebKit/537.36 (KHTML, like Gecko) Chrome/137.0.7151.119 Mobile Safari/537.36 (compatible; Googlebot/2.1; +http://www.google.com/bot.html)"
66.249.71.203 - - [11/Jul/2025:22:14:07 +0700] "GET /recollection.php?shopdetail/321082912 HTTP/1.1" 200 19059 "-" "Mozilla/5.0 (Linux; Android 6.0.1; Nexus 5X Build/MMB29P) AppleWebKit/537.36 (KHTML, like Gecko) Chrome/137.0.7151.103 Mobile Safari/537.36 (compatible; Googlebot/2.1; +http://www.google.com/bot.html)"
66.249.64.71 - - [11/Jul/2025:22:10:51 +0700] "GET /recollection.php?shopdetail/67382812 HTTP/1.1" 200 20025 "-" "Mozilla/5.0 (Linux; Android 6.0.1; Nexus 5X Build/MMB29P) AppleWebKit/537.36 (KHTML, like Gecko) Chrome/137.0.7151.103 Mobile Safari/537.36 (compatible; Googlebot/2.1; +http://www.google.com/bot.html)"
66.249.64.71 - - [11/Jul/2025:22:10:55 +0700] "GET /shopdetail/191453412 HTTP/1.1" 200 19482 "-" "Mozilla/5.0 (Linux; Android 6.0.1; Nexus 5X Build/MMB29P) AppleWebKit/537.36 (KHTML, like Gecko) Chrome/137.0.7151.103 Mobile Safari/537.36 (compatible; Googlebot/2.1; +http://www.google.com/bot.html)"
66.249.64.72 - - [11/Jul/2025:22:11:01 +0700] "POST /get-message-notify HTTP/1.1" 200 19363 "https://bodieukhiencuacuon.vn/shopdetail/191453412" "Mozilla/5.0 (Linux; Android 6.0.1; Nexus 5X Build/MMB29P) AppleWebKit/537.36 (KHTML, like Gecko) Chrome/137.0.7151.119 Mobile Safari/537.36 (compatible; Googlebot/2.1; +http://www.google.com/bot.html)"
66.249.71.205 - - [11/Jul/2025:22:11:01 +0700] "GET /app20250414/%E3%83%91%E3%83%AD%E3%83%9E%20%E3%82%AC%E3%82%B9%E3%82%B3%E3%83%B3%E3%83%AD%20PA-S42H%2059cm/%E6%B0%B4%E3%81%AA%E3%81%97%E7%89%87%E9%9D%A2%E7%84%BC%E3%81%8D/%E3%82%AC%E3%82%B9%E3%83%9B%E3%83%BC%E3%82%B9%E4%BB%98%E3%81%8D%20:PA HTTP/1.1" 200 20682 "-" "Mozilla/5.0 (Linux; Android 6.0.1; Nexus 5X Build/MMB29P) AppleWebKit/537.36 (KHTML, like Gecko) Chrome/137.0.7151.103 Mobile Safari/537.36 (compatible; Googlebot/2.1; +http://www.google.com/bot.html)"
40.77.167.241 - - [11/Jul/2025:22:11:30 +0700] "GET /Carburateur-Pour-591160-591979/410982 HTTP/2" 200 19763 "-" "Mozilla/5.0 AppleWebKit/537.36 (KHTML, like Gecko; compatible; bingbot/2.0; +http://www.bing.com/bingbot.htm) Chrome/116.0.1938.76 Safari/537.36"
66.249.64.71 - - [11/Jul/2025:22:11:31 +0700] "GET /shopdetail/%E3%83%90%E3%83%AB%E3%83%89%EF%BC%BDBALDO%20CORSA%20PERFOMANCE%20DRIVER%20435%20/%20MAGIC%20MOMENT%20%E3%82%B7%E3%83%A3%E3%83%95%E3%83%88 HTTP/1.1" 200 20058 "-" "Mozilla/5.0 (Linux; Android 6.0.1; Nexus 5X Build/MMB29P) AppleWebKit/537.36 (KHTML, like Gecko) Chrome/137.0.7151.103 Mobile Safari/537.36 (compatible; Googlebot/2.1; +http://www.google.com/bot.html)"
66.249.71.203 - - [11/Jul/2025:22:11:33 +0700] "GET /recollection.php?shopdetail/114199112 HTTP/1.1" 200 19355 "-" "Mozilla/5.0 (Linux; Android 6.0.1; Nexus 5X Build/MMB29P) AppleWebKit/537.36 (KHTML, like Gecko) Chrome/137.0.7151.103 Mobile Safari/537.36 (compatible; Googlebot/2.1; +http://www.google.com/bot.html)"
66.249.71.203 - - [11/Jul/2025:22:11:35 +0700] "GET /shopdetail/Hoganas%20Keramik/%E3%83%9B%E3%82%AC%E3%83%8A%E3%82%B9%E3%82%B1%E3%83%A9%E3%83%9F%E3%83%83%E3%82%AF/%E3%82%B7%E3%83%AA%E3%82%A2%E3%83%AB%E3%83%9C%E3%82%A6%E3%83%AB%20%E3%83%96%E3%83%AB%E3%83%BC%20500ml HTTP/1.1" 200 20095 "-" "Mozilla/5.0 (Linux; Android 6.0.1; Nexus 5X Build/MMB29P) AppleWebKit/537.36 (KHTML, like Gecko) Chrome/137.0.7151.103 Mobile Safari/537.36 (compatible; Googlebot/2.1; +http://www.google.com/bot.html)"
66.249.71.203 - - [11/Jul/2025:22:11:40 +0700] "GET /shopdetail/%E3%83%99%E3%83%8D%E3%83%83%E3%82%BB%20%E9%80%B2%E7%A0%94%E6%A8%A1%E8%A9%A6%20%E9%AB%98%EF%BC%92%20%E7%B7%8F%E5%90%88%E5%AD%A6%E5%8A%9B%E3%83%86%E3%82%B9%E3%83%88%20%EF%BC%92%EF%BC%90%EF%BC%91%EF%BC%98%E5%B9%B4%E5%BA%A6%EF%BC%91%EF%BC%91%E6%9C%88%20%E8%8B%B1%E8%AA%9E/%E6%95%B0%E5%AD%A6 HTTP/1.1" 200 20222 "-" "Mozilla/5.0 (Linux; Android 6.0.1; Nexus 5X Build/MMB29P) AppleWebKit/537.36 (KHTML, like Gecko) Chrome/137.0.7151.103 Mobile Safari/537.36 (compatible; Googlebot/2.1; +http://www.google.com/bot.html)"
66.249.71.205 - - [11/Jul/2025:22:13:11 +0700] "GET /recollection.php?shopdetail/172258312 HTTP/1.1" 200 21315 "-" "Mozilla/5.0 (Linux; Android 6.0.1; Nexus 5X Build/MMB29P) AppleWebKit/537.36 (KHTML, like Gecko) Chrome/137.0.7151.103 Mobile Safari/537.36 (compatible; Googlebot/2.1; +http://www.google.com/bot.html)"
66.249.71.203 - - [11/Jul/2025:22:11:06 +0700] "POST /get-message-notify HTTP/1.1" 200 19363 "https://bodieukhiencuacuon.vn/app20250414/%E3%83%91%E3%83%AD%E3%83%9E%20%E3%82%AC%E3%82%B9%E3%82%B3%E3%83%B3%E3%83%AD%20PA-S42H%2059cm/%E6%B0%B4%E3%81%AA%E3%81%97%E7%89%87%E9%9D%A2%E7%84%BC%E3%81%8D/%E3%82%AC%E3%82%B9%E3%83%9B%E3%83%BC%E3%82%B9%E4%BB%98%E3%81%8D%20:PA" "Mozilla/5.0 (Linux; Android 6.0.1; Nexus 5X Build/MMB29P) AppleWebKit/537.36 (KHTML, like Gecko) Chrome/137.0.7151.119 Mobile Safari/537.36 (compatible; Googlebot/2.1; +http://www.google.com/bot.html)"
66.249.64.71 - - [11/Jul/2025:22:11:07 +0700] "GET /shopdetail/%E3%82%B7%E3%82%A2%E3%83%BC%E3%83%96%E3%83%A9%E3%82%A6%E3%82%B9%EF%BC%86%E3%83%97%E3%83%AA%E3%83%BC%E3%83%84%E3%83%AF%E3%83%B3%E3%83%94%E3%83%BC%E3%82%B92%E7%82%B9%E3%82%BB%E3%83%83%E3%83%88%20/%20%E7%B5%90%E5%A9%9A%E5%BC%8F%E3%83%AF%E3%83%B3%E3%83%94%E3%83%BC%E3%82%B9%E3%83%BB%E5%90%8C%E7%AA%93%E4%BC%9A%E3%83%BB%E6%88%90%E4%BA%BA%E5%BC%8F%E3%83%BB%E3%82%BB%E3%83%AC%E3%83%A2%E3%83%8B%E3%83%BC%E5%A4%A7%E3%81%8D%E3%81%84%E3%82%B5%E3%82%A4%E3%82%BA%E5%AF%BE%E5%BF%9C%E3%83%95%E3%82%A9%E3%83%BC%E3%83%9E%E3%83%AB%E3%83%91%E3%83%BC%E3%83%86%E3%82%A3%E3%83%BC%E3%83%89%E3%83%AC%E3%82%B9 HTTP/1.1" 200 20272 "-" "Mozilla/5.0 (Linux; Android 6.0.1; Nexus 5X Build/MMB29P) AppleWebKit/537.36 (KHTML, like Gecko) Chrome/137.0.7151.103 Mobile Safari/537.36 (compatible; Googlebot/2.1; +http://www.google.com/bot.html)"
66.249.71.203 - - [11/Jul/2025:22:11:11 +0700] "POST /get-message-notify HTTP/1.1" 200 19363 "https://bodieukhiencuacuon.vn/shopdetail/%E3%82%B7%E3%82%A2%E3%83%BC%E3%83%96%E3%83%A9%E3%82%A6%E3%82%B9%EF%BC%86%E3%83%97%E3%83%AA%E3%83%BC%E3%83%84%E3%83%AF%E3%83%B3%E3%83%94%E3%83%BC%E3%82%B92%E7%82%B9%E3%82%BB%E3%83%83%E3%83%88%20/%20%E7%B5%90%E5%A9%9A%E5%BC%8F%E3%83%AF%E3%83%B3%E3%83%94%E3%83%BC%E3%82%B9%E3%83%BB%E5%90%8C%E7%AA%93%E4%BC%9A%E3%83%BB%E6%88%90%E4%BA%BA%E5%BC%8F%E3%83%BB%E3%82%BB%E3%83%AC%E3%83%A2%E3%83%8B%E3%83%BC%E5%A4%A7%E3%81%8D%E3%81%84%E3%82%B5%E3%82%A4%E3%82%BA%E5%AF%BE%E5%BF%9C%E3%83%95%E3%82%A9%E3%83%BC%E3%83%9E%E3%83%AB%E3%83%91%E3%83%BC%E3%83%86%E3%82%A3%E3%83%BC%E3%83%89%E3%83%AC%E3%82%B9" "Mozilla/5.0 (Linux; Android 6.0.1; Nexus 5X Build/MMB29P) AppleWebKit/537.36 (KHTML, like Gecko) Chrome/137.0.7151.119 Mobile Safari/537.36 (compatible; Googlebot/2.1; +http://www.google.com/bot.html)"
66.249.71.205 - - [11/Jul/2025:22:12:04 +0700] "GET /shopdetail/%E3%83%AA%E3%83%88%E3%83%AB%E3%82%A6%E3%82%A3%E3%83%83%E3%83%81%E3%82%A2%E3%82%AB%E3%83%87%E3%83%9F%E3%82%A2%20%E5%8E%9F%E7%94%BB%E3%81%AE%E4%B8%AD%E5%8F%A4/%E6%9C%AA%E4%BD%BF%E7%94%A8%E5%93%81%20-%20%E3%83%A1%E3%83%AB%E3%82%AB%E3%83%AA HTTP/1.1" 200 20176 "-" "Mozilla/5.0 (Linux; Android 6.0.1; Nexus 5X Build/MMB29P) AppleWebKit/537.36 (KHTML, like Gecko) Chrome/137.0.7151.103 Mobile Safari/537.36 (compatible; Googlebot/2.1; +http://www.google.com/bot.html)"
66.249.64.71 - - [11/Jul/2025:22:12:41 +0700] "GET /recollection.php?shopdetail/228637812 HTTP/1.1" 200 19491 "-" "Mozilla/5.0 (Linux; Android 6.0.1; Nexus 5X Build/MMB29P) AppleWebKit/537.36 (KHTML, like Gecko) Chrome/137.0.7151.103 Mobile Safari/537.36 (compatible; Googlebot/2.1; +http://www.google.com/bot.html)"
66.249.71.203 - - [11/Jul/2025:22:16:07 +0700] "GET /recollection.php?shopdetail/375065412 HTTP/1.1" 200 19613 "-" "Mozilla/5.0 (Linux; Android 6.0.1; Nexus 5X Build/MMB29P) AppleWebKit/537.36 (KHTML, like Gecko) Chrome/137.0.7151.103 Mobile Safari/537.36 (compatible; Googlebot/2.1; +http://www.google.com/bot.html)"
66.249.71.204 - - [11/Jul/2025:22:19:45 +0700] "GET /shopdetail/257973112 HTTP/1.1" 200 19726 "-" "Mozilla/5.0 (Linux; Android 6.0.1; Nexus 5X Build/MMB29P) AppleWebKit/537.36 (KHTML, like Gecko) Chrome/137.0.7151.103 Mobile Safari/537.36 (compatible; Googlebot/2.1; +http://www.google.com/bot.html)"
66.249.64.71 - - [11/Jul/2025:22:14:12 +0700] "POST /get-message-notify HTTP/1.1" 200 19363 "https://bodieukhiencuacuon.vn/recollection.php?shopdetail/321082912" "Mozilla/5.0 (Linux; Android 6.0.1; Nexus 5X Build/MMB29P) AppleWebKit/537.36 (KHTML, like Gecko) Chrome/137.0.7151.119 Mobile Safari/537.36 (compatible; Googlebot/2.1; +http://www.google.com/bot.html)"
66.249.64.71 - - [11/Jul/2025:22:14:21 +0700] "GET /shopdetail/212036112 HTTP/1.1" 200 19712 "-" "Mozilla/5.0 (Linux; Android 6.0.1; Nexus 5X Build/MMB29P) AppleWebKit/537.36 (KHTML, like Gecko) Chrome/137.0.7151.103 Mobile Safari/537.36 (compatible; Googlebot/2.1; +http://www.google.com/bot.html)"
40.77.167.132 - - [11/Jul/2025:22:16:26 +0700] "GET /order/Gi%E1%BB%9Bi-thi%E1%BB%87u-ok99.html HTTP/2" 200 20847 "-" "Mozilla/5.0 AppleWebKit/537.36 (KHTML, like Gecko; compatible; bingbot/2.0; +http://www.bing.com/bingbot.htm) Chrome/116.0.1938.76 Safari/537.36"
40.77.167.132 - - [11/Jul/2025:22:16:28 +0700] "GET /order/%C4%90%E1%BB%8Ba-ch%E1%BB%89-t%E1%BA%A3i-df888.html HTTP/2" 200 21060 "-" "Mozilla/5.0 AppleWebKit/537.36 (KHTML, like Gecko; compatible; bingbot/2.0; +http://www.bing.com/bingbot.htm) Chrome/116.0.1938.76 Safari/537.36"
66.249.71.204 - - [11/Jul/2025:22:19:18 +0700] "GET /recollection.php?shopdetail/156030612 HTTP/1.1" 200 20827 "-" "Mozilla/5.0 (Linux; Android 6.0.1; Nexus 5X Build/MMB29P) AppleWebKit/537.36 (KHTML, like Gecko) Chrome/137.0.7151.103 Mobile Safari/537.36 (compatible; Googlebot/2.1; +http://www.google.com/bot.html)"
66.249.64.72 - - [11/Jul/2025:22:21:24 +0700] "GET /shopdetail/227481612 HTTP/1.1" 200 21324 "-" "Mozilla/5.0 (Linux; Android 6.0.1; Nexus 5X Build/MMB29P) AppleWebKit/537.36 (KHTML, like Gecko) Chrome/137.0.7151.103 Mobile Safari/537.36 (compatible; Googlebot/2.1; +http://www.google.com/bot.html)"
66.249.64.71 - - [11/Jul/2025:22:23:02 +0700] "GET /shopdetail/6521712 HTTP/1.1" 200 20912 "-" "Mozilla/5.0 (Linux; Android 6.0.1; Nexus 5X Build/MMB29P) AppleWebKit/537.36 (KHTML, like Gecko) Chrome/137.0.7151.103 Mobile Safari/537.36 (compatible; Googlebot/2.1; +http://www.google.com/bot.html)"
66.249.64.71 - - [11/Jul/2025:22:24:47 +0700] "POST /get-message-notify HTTP/1.1" 200 19363 "https://bodieukhiencuacuon.vn/shopdetail/272278412" "Mozilla/5.0 (Linux; Android 6.0.1; Nexus 5X Build/MMB29P) AppleWebKit/537.36 (KHTML, like Gecko) Chrome/137.0.7151.119 Mobile Safari/537.36 (compatible; Googlebot/2.1; +http://www.google.com/bot.html)"
66.249.64.73 - - [11/Jul/2025:22:25:15 +0700] "GET /shopdetail/71987012 HTTP/1.1" 200 20705 "-" "Mozilla/5.0 (Linux; Android 6.0.1; Nexus 5X Build/MMB29P) AppleWebKit/537.36 (KHTML, like Gecko) Chrome/137.0.7151.103 Mobile Safari/537.36 (compatible; Googlebot/2.1; +http://www.google.com/bot.html)"
66.249.64.71 - - [11/Jul/2025:22:25:24 +0700] "POST /get-message-notify HTTP/1.1" 200 19363 "https://bodieukhiencuacuon.vn/shopdetail/5257112" "Mozilla/5.0 (Linux; Android 6.0.1; Nexus 5X Build/MMB29P) AppleWebKit/537.36 (KHTML, like Gecko) Chrome/137.0.7151.119 Mobile Safari/537.36 (compatible; Googlebot/2.1; +http://www.google.com/bot.html)"
66.249.71.204 - - [11/Jul/2025:22:26:14 +0700] "GET /shopdetail/103049712 HTTP/1.1" 200 19672 "-" "Mozilla/5.0 (Linux; Android 6.0.1; Nexus 5X Build/MMB29P) AppleWebKit/537.36 (KHTML, like Gecko) Chrome/137.0.7151.103 Mobile Safari/537.36 (compatible; Googlebot/2.1; +http://www.google.com/bot.html)"
66.249.71.205 - - [11/Jul/2025:22:28:08 +0700] "GET /shopdetail/190815812 HTTP/1.1" 200 19739 "-" "Mozilla/5.0 (Linux; Android 6.0.1; Nexus 5X Build/MMB29P) AppleWebKit/537.36 (KHTML, like Gecko) Chrome/137.0.7151.103 Mobile Safari/537.36 (compatible; Googlebot/2.1; +http://www.google.com/bot.html)"
103.57.221.79 - - [11/Jul/2025:22:32:31 +0700] "POST /wp-admin/admin-ajax.php?action=async_litespeed&nonce=xpv5aLjAfgrF8LJB3tGnppihUVhJgcPi&litespeed_type=imgoptm HTTP/1.1" 200 146 "-" "WordPress/6.8.1; https://bodieukhiencuacuon.vn"
66.249.64.71 - - [11/Jul/2025:22:15:57 +0700] "GET /recollection.php?shopdetail/46323512 HTTP/1.1" 200 20204 "-" "Mozilla/5.0 (Linux; Android 6.0.1; Nexus 5X Build/MMB29P) AppleWebKit/537.36 (KHTML, like Gecko) Chrome/137.0.7151.103 Mobile Safari/537.36 (compatible; Googlebot/2.1; +http://www.google.com/bot.html)"
66.249.64.73 - - [11/Jul/2025:22:18:06 +0700] "GET /shopdetail/103500412 HTTP/1.1" 200 20219 "-" "Mozilla/5.0 (Linux; Android 6.0.1; Nexus 5X Build/MMB29P) AppleWebKit/537.36 (KHTML, like Gecko) Chrome/137.0.7151.103 Mobile Safari/537.36 (compatible; Googlebot/2.1; +http://www.google.com/bot.html)"
66.249.64.73 - - [11/Jul/2025:22:21:13 +0700] "GET /shopdetail/20339612 HTTP/1.1" 200 19981 "-" "Mozilla/5.0 (Linux; Android 6.0.1; Nexus 5X Build/MMB29P) AppleWebKit/537.36 (KHTML, like Gecko) Chrome/137.0.7151.103 Mobile Safari/537.36 (compatible; Googlebot/2.1; +http://www.google.com/bot.html)"
66.249.64.72 - - [11/Jul/2025:22:22:37 +0700] "GET /recollection.php?shopdetail/354898912 HTTP/1.1" 200 19564 "-" "Mozilla/5.0 (Linux; Android 6.0.1; Nexus 5X Build/MMB29P) AppleWebKit/537.36 (KHTML, like Gecko) Chrome/137.0.7151.103 Mobile Safari/537.36 (compatible; Googlebot/2.1; +http://www.google.com/bot.html)"
66.249.64.72 - - [11/Jul/2025:22:24:25 +0700] "GET /shopdetail/189496312 HTTP/1.1" 200 19883 "-" "Mozilla/5.0 (Linux; Android 6.0.1; Nexus 5X Build/MMB29P) AppleWebKit/537.36 (KHTML, like Gecko) Chrome/137.0.7151.103 Mobile Safari/537.36 (compatible; Googlebot/2.1; +http://www.google.com/bot.html)"
66.249.64.71 - - [11/Jul/2025:22:24:41 +0700] "GET /shopdetail/157734212 HTTP/1.1" 200 20134 "-" "Mozilla/5.0 (Linux; Android 6.0.1; Nexus 5X Build/MMB29P) AppleWebKit/537.36 (KHTML, like Gecko) Chrome/137.0.7151.103 Mobile Safari/537.36 (compatible; Googlebot/2.1; +http://www.google.com/bot.html)"
66.249.64.71 - - [11/Jul/2025:22:26:23 +0700] "GET /shopdetail/194972412 HTTP/1.1" 200 20561 "-" "Mozilla/5.0 (Linux; Android 6.0.1; Nexus 5X Build/MMB29P) AppleWebKit/537.36 (KHTML, like Gecko) Chrome/137.0.7151.103 Mobile Safari/537.36 (compatible; Googlebot/2.1; +http://www.google.com/bot.html)"
52.167.144.233 - - [11/Jul/2025:22:27:48 +0700] "GET /mobile/7396104/ HTTP/2" 200 20001 "-" "Mozilla/5.0 AppleWebKit/537.36 (KHTML, like Gecko; compatible; bingbot/2.0; +http://www.bing.com/bingbot.htm) Chrome/116.0.1938.76 Safari/537.36"
66.249.64.72 - - [11/Jul/2025:22:29:16 +0700] "POST /get-message-notify HTTP/1.1" 200 19363 "https://bodieukhiencuacuon.vn/shopdetail/270503912" "Mozilla/5.0 (Linux; Android 6.0.1; Nexus 5X Build/MMB29P) AppleWebKit/537.36 (KHTML, like Gecko) Chrome/137.0.7151.119 Mobile Safari/537.36 (compatible; Googlebot/2.1; +http://www.google.com/bot.html)"
66.249.71.204 - - [11/Jul/2025:22:30:04 +0700] "GET /shopdetail/43621812 HTTP/1.1" 200 20615 "-" "Mozilla/5.0 (Linux; Android 6.0.1; Nexus 5X Build/MMB29P) AppleWebKit/537.36 (KHTML, like Gecko) Chrome/137.0.7151.103 Mobile Safari/537.36 (compatible; Googlebot/2.1; +http://www.google.com/bot.html)"
66.249.64.71 - - [11/Jul/2025:22:30:10 +0700] "POST /get-message-notify HTTP/1.1" 200 19363 "https://bodieukhiencuacuon.vn/shopdetail/43621812" "Mozilla/5.0 (Linux; Android 6.0.1; Nexus 5X Build/MMB29P) AppleWebKit/537.36 (KHTML, like Gecko) Chrome/137.0.7151.119 Mobile Safari/537.36 (compatible; Googlebot/2.1; +http://www.google.com/bot.html)"
66.249.64.71 - - [11/Jul/2025:22:30:17 +0700] "GET /shopdetail/232285012 HTTP/1.1" 200 19930 "-" "Mozilla/5.0 (Linux; Android 6.0.1; Nexus 5X Build/MMB29P) AppleWebKit/537.36 (KHTML, like Gecko) Chrome/137.0.7151.103 Mobile Safari/537.36 (compatible; Googlebot/2.1; +http://www.google.com/bot.html)"
66.249.64.71 - - [11/Jul/2025:22:31:28 +0700] "GET /shopdetail/86400412 HTTP/1.1" 200 20537 "-" "Mozilla/5.0 (Linux; Android 6.0.1; Nexus 5X Build/MMB29P) AppleWebKit/537.36 (KHTML, like Gecko) Chrome/137.0.7151.103 Mobile Safari/537.36 (compatible; Googlebot/2.1; +http://www.google.com/bot.html)"
66.249.64.71 - - [11/Jul/2025:22:20:57 +0700] "GET /shopdetail/78171912 HTTP/1.1" 200 20006 "-" "Mozilla/5.0 (Linux; Android 6.0.1; Nexus 5X Build/MMB29P) AppleWebKit/537.36 (KHTML, like Gecko) Chrome/137.0.7151.103 Mobile Safari/537.36 (compatible; Googlebot/2.1; +http://www.google.com/bot.html)"
66.249.64.71 - - [11/Jul/2025:22:24:40 +0700] "GET /shopdetail/272278412 HTTP/1.1" 200 19057 "-" "Mozilla/5.0 (Linux; Android 6.0.1; Nexus 5X Build/MMB29P) AppleWebKit/537.36 (KHTML, like Gecko) Chrome/137.0.7151.103 Mobile Safari/537.36 (compatible; Googlebot/2.1; +http://www.google.com/bot.html)"
66.249.71.204 - - [11/Jul/2025:22:25:20 +0700] "GET /shopdetail/5257112 HTTP/1.1" 200 20753 "-" "Mozilla/5.0 (Linux; Android 6.0.1; Nexus 5X Build/MMB29P) AppleWebKit/537.36 (KHTML, like Gecko) Chrome/137.0.7151.103 Mobile Safari/537.36 (compatible; Googlebot/2.1; +http://www.google.com/bot.html)"
66.249.71.204 - - [11/Jul/2025:22:28:38 +0700] "GET /shopdetail/139661812 HTTP/1.1" 200 19315 "-" "Mozilla/5.0 (Linux; Android 6.0.1; Nexus 5X Build/MMB29P) AppleWebKit/537.36 (KHTML, like Gecko) Chrome/137.0.7151.103 Mobile Safari/537.36 (compatible; Googlebot/2.1; +http://www.google.com/bot.html)"
66.249.64.73 - - [11/Jul/2025:22:29:13 +0700] "GET /shopdetail/270503912 HTTP/1.1" 200 19511 "-" "Mozilla/5.0 (Linux; Android 6.0.1; Nexus 5X Build/MMB29P) AppleWebKit/537.36 (KHTML, like Gecko) Chrome/137.0.7151.103 Mobile Safari/537.36 (compatible; Googlebot/2.1; +http://www.google.com/bot.html)"
67.205.23.222 - - [11/Jul/2025:22:32:33 +0700] "GET /wp-json/wp/v2/users HTTP/2" 301 0 "http://bodieukhiencuacuon.vn/wp-login.php" "Mozilla/5.0 (Windows NT 10.0; Win64; x64; rv:137.0) Gecko/20100101 Firefox/137.0"
67.205.23.222 - - [11/Jul/2025:22:32:35 +0700] "POST /wp-login.php HTTP/2" 200 2162 "https://bodieukhiencuacuon.vn/wp-login.php?redirect_to=https%3A%2F%2Fbodieukhiencuacuon.vn%2Fwp-admin%2F" "Mozilla/5.0 (Windows NT 10.0; Win64; x64; rv:137.0) Gecko/20100101 Firefox/137.0"
66.249.64.72 - - [11/Jul/2025:22:32:35 +0700] "GET /shopdetail/13695512 HTTP/1.1" 200 21242 "-" "Mozilla/5.0 (Linux; Android 6.0.1; Nexus 5X Build/MMB29P) AppleWebKit/537.36 (KHTML, like Gecko) Chrome/137.0.7151.103 Mobile Safari/537.36 (compatible; Googlebot/2.1; +http://www.google.com/bot.html)"
66.249.71.204 - - [11/Jul/2025:22:36:38 +0700] "GET /shopdetail/193608612 HTTP/1.1" 200 19888 "-" "Mozilla/5.0 (Linux; Android 6.0.1; Nexus 5X Build/MMB29P) AppleWebKit/537.36 (KHTML, like Gecko) Chrome/137.0.7151.103 Mobile Safari/537.36 (compatible; Googlebot/2.1; +http://www.google.com/bot.html)"
66.249.64.71 - - [11/Jul/2025:22:37:05 +0700] "GET /recollection.php?shopdetail/301209712 HTTP/1.1" 200 20216 "-" "Mozilla/5.0 (Linux; Android 6.0.1; Nexus 5X Build/MMB29P) AppleWebKit/537.36 (KHTML, like Gecko) Chrome/137.0.7151.103 Mobile Safari/537.36 (compatible; Googlebot/2.1; +http://www.google.com/bot.html)"
66.249.64.71 - - [11/Jul/2025:22:37:06 +0700] "GET /shopdetail/199698212 HTTP/1.1" 200 20777 "-" "Mozilla/5.0 (Linux; Android 6.0.1; Nexus 5X Build/MMB29P) AppleWebKit/537.36 (KHTML, like Gecko) Chrome/137.0.7151.103 Mobile Safari/537.36 (compatible; Googlebot/2.1; +http://www.google.com/bot.html)"
66.249.64.71 - - [11/Jul/2025:22:37:08 +0700] "GET /recollection.php?shopdetail/95379412 HTTP/1.1" 200 20975 "-" "Mozilla/5.0 (Linux; Android 6.0.1; Nexus 5X Build/MMB29P) AppleWebKit/537.36 (KHTML, like Gecko) Chrome/137.0.7151.103 Mobile Safari/537.36 (compatible; Googlebot/2.1; +http://www.google.com/bot.html)"
66.249.64.71 - - [11/Jul/2025:22:37:13 +0700] "GET /shopdetail/78853512 HTTP/1.1" 200 19822 "-" "Mozilla/5.0 (Linux; Android 6.0.1; Nexus 5X Build/MMB29P) AppleWebKit/537.36 (KHTML, like Gecko) Chrome/137.0.7151.103 Mobile Safari/537.36 (compatible; Googlebot/2.1; +http://www.google.com/bot.html)"
67.205.23.222 - - [11/Jul/2025:22:32:31 +0700] "GET /wp-login.php HTTP/2" 200 2016 "http://bodieukhiencuacuon.vn/wp-login.php" "Mozilla/5.0 (Windows NT 10.0; Win64; x64; rv:137.0) Gecko/20100101 Firefox/137.0"
66.249.64.73 - - [11/Jul/2025:22:34:10 +0700] "GET /recollection.php?shopdetail/395911812 HTTP/1.1" 200 20073 "-" "Mozilla/5.0 (Linux; Android 6.0.1; Nexus 5X Build/MMB29P) AppleWebKit/537.36 (KHTML, like Gecko) Chrome/137.0.7151.103 Mobile Safari/537.36 (compatible; Googlebot/2.1; +http://www.google.com/bot.html)"
66.249.64.71 - - [11/Jul/2025:22:36:47 +0700] "POST /get-message-notify HTTP/1.1" 200 19363 "https://bodieukhiencuacuon.vn/shopdetail/173968212" "Mozilla/5.0 (Linux; Android 6.0.1; Nexus 5X Build/MMB29P) AppleWebKit/537.36 (KHTML, like Gecko) Chrome/137.0.7151.119 Mobile Safari/537.36 (compatible; Googlebot/2.1; +http://www.google.com/bot.html)"
66.249.64.71 - - [11/Jul/2025:22:36:52 +0700] "GET /shopdetail/86460512 HTTP/1.1" 200 19628 "-" "Mozilla/5.0 (Linux; Android 6.0.1; Nexus 5X Build/MMB29P) AppleWebKit/537.36 (KHTML, like Gecko) Chrome/137.0.7151.103 Mobile Safari/537.36 (compatible; Googlebot/2.1; +http://www.google.com/bot.html)"
66.249.71.203 - - [11/Jul/2025:22:36:55 +0700] "GET /shopdetail/73851312 HTTP/1.1" 200 22026 "-" "Mozilla/5.0 (Linux; Android 6.0.1; Nexus 5X Build/MMB29P) AppleWebKit/537.36 (KHTML, like Gecko) Chrome/137.0.7151.103 Mobile Safari/537.36 (compatible; Googlebot/2.1; +http://www.google.com/bot.html)"
66.249.71.203 - - [11/Jul/2025:22:36:57 +0700] "GET /shopdetail/36363712 HTTP/1.1" 200 19547 "-" "Mozilla/5.0 (Linux; Android 6.0.1; Nexus 5X Build/MMB29P) AppleWebKit/537.36 (KHTML, like Gecko) Chrome/137.0.7151.103 Mobile Safari/537.36 (compatible; Googlebot/2.1; +http://www.google.com/bot.html)"
66.249.64.71 - - [11/Jul/2025:22:36:59 +0700] "POST /get-message-notify HTTP/1.1" 200 19363 "https://bodieukhiencuacuon.vn/shopdetail/73851312" "Mozilla/5.0 (Linux; Android 6.0.1; Nexus 5X Build/MMB29P) AppleWebKit/537.36 (KHTML, like Gecko) Chrome/137.0.7151.119 Mobile Safari/537.36 (compatible; Googlebot/2.1; +http://www.google.com/bot.html)"
66.249.64.71 - - [11/Jul/2025:22:37:44 +0700] "GET /shopdetail/213736112 HTTP/1.1" 200 19797 "-" "Mozilla/5.0 (Linux; Android 6.0.1; Nexus 5X Build/MMB29P) AppleWebKit/537.36 (KHTML, like Gecko) Chrome/137.0.7151.103 Mobile Safari/537.36 (compatible; Googlebot/2.1; +http://www.google.com/bot.html)"
66.249.64.71 - - [11/Jul/2025:22:37:49 +0700] "POST /get-message-notify HTTP/1.1" 200 19363 "https://bodieukhiencuacuon.vn/shopdetail/213736112" "Mozilla/5.0 (Linux; Android 6.0.1; Nexus 5X Build/MMB29P) AppleWebKit/537.36 (KHTML, like Gecko) Chrome/137.0.7151.119 Mobile Safari/537.36 (compatible; Googlebot/2.1; +http://www.google.com/bot.html)"
34.239.85.139 - - [11/Jul/2025:22:37:50 +0700] "GET /shopdetail/110373412 HTTP/1.1" 301 0 "-" "Mozilla/5.0 AppleWebKit/537.36 (KHTML, like Gecko; compatible; Amazonbot/0.1; +https://developer.amazon.com/support/amazonbot) Chrome/119.0.6045.214 Safari/537.36"
66.249.64.71 - - [11/Jul/2025:22:37:53 +0700] "GET /shopdetail/108066812 HTTP/1.1" 200 20195 "-" "Mozilla/5.0 (Linux; Android 6.0.1; Nexus 5X Build/MMB29P) AppleWebKit/537.36 (KHTML, like Gecko) Chrome/137.0.7151.103 Mobile Safari/537.36 (compatible; Googlebot/2.1; +http://www.google.com/bot.html)"
103.57.221.79 - - [11/Jul/2025:22:37:53 +0700] "POST /wp-admin/admin-ajax.php?action=async_litespeed&nonce=xBdHd5YbYLO2CW0tJw0PWeDuD9AG1s0k&litespeed_type=imgoptm HTTP/1.1" 200 146 "-" "WordPress/6.8.1; https://bodieukhiencuacuon.vn"
34.239.85.139 - - [11/Jul/2025:22:37:53 +0700] "GET /shopdetail/110373412/ HTTP/1.1" 200 27636 "-" "Mozilla/5.0 AppleWebKit/537.36 (KHTML, like Gecko; compatible; Amazonbot/0.1; +https://developer.amazon.com/support/amazonbot) Chrome/119.0.6045.214 Safari/537.36"
44.210.213.220 - - [11/Jul/2025:22:37:54 +0700] "GET /shopdetail/65678612 HTTP/1.1" 301 0 "-" "Mozilla/5.0 AppleWebKit/537.36 (KHTML, like Gecko; compatible; Amazonbot/0.1; +https://developer.amazon.com/support/amazonbot) Chrome/119.0.6045.214 Safari/537.36"
66.249.64.72 - - [11/Jul/2025:22:36:29 +0700] "GET /shopdetail/131086612 HTTP/1.1" 200 20972 "-" "Mozilla/5.0 (Linux; Android 6.0.1; Nexus 5X Build/MMB29P) AppleWebKit/537.36 (KHTML, like Gecko) Chrome/137.0.7151.103 Mobile Safari/537.36 (compatible; Googlebot/2.1; +http://www.google.com/bot.html)"
66.249.64.72 - - [11/Jul/2025:22:36:33 +0700] "GET /shopdetail/208035612 HTTP/1.1" 200 20456 "-" "Mozilla/5.0 (Linux; Android 6.0.1; Nexus 5X Build/MMB29P) AppleWebKit/537.36 (KHTML, like Gecko) Chrome/137.0.7151.103 Mobile Safari/537.36 (compatible; Googlebot/2.1; +http://www.google.com/bot.html)"
66.249.64.71 - - [11/Jul/2025:22:36:34 +0700] "GET /recollection.php?shopdetail/138713712 HTTP/1.1" 200 19548 "-" "Mozilla/5.0 (Linux; Android 6.0.1; Nexus 5X Build/MMB29P) AppleWebKit/537.36 (KHTML, like Gecko) Chrome/137.0.7151.103 Mobile Safari/537.36 (compatible; Googlebot/2.1; +http://www.google.com/bot.html)"
66.249.64.71 - - [11/Jul/2025:22:36:41 +0700] "GET /shopdetail/173968212 HTTP/1.1" 200 20026 "-" "Mozilla/5.0 (Linux; Android 6.0.1; Nexus 5X Build/MMB29P) AppleWebKit/537.36 (KHTML, like Gecko) Chrome/137.0.7151.103 Mobile Safari/537.36 (compatible; Googlebot/2.1; +http://www.google.com/bot.html)"
66.249.71.203 - - [11/Jul/2025:22:37:23 +0700] "POST /get-message-notify HTTP/1.1" 200 19363 "https://bodieukhiencuacuon.vn/shopdetail/78853512" "Mozilla/5.0 (Linux; Android 6.0.1; Nexus 5X Build/MMB29P) AppleWebKit/537.36 (KHTML, like Gecko) Chrome/137.0.7151.119 Mobile Safari/537.36 (compatible; Googlebot/2.1; +http://www.google.com/bot.html)"
66.249.64.71 - - [11/Jul/2025:22:37:35 +0700] "GET /shopdetail/68771712 HTTP/1.1" 200 20115 "-" "Mozilla/5.0 (Linux; Android 6.0.1; Nexus 5X Build/MMB29P) AppleWebKit/537.36 (KHTML, like Gecko) Chrome/137.0.7151.103 Mobile Safari/537.36 (compatible; Googlebot/2.1; +http://www.google.com/bot.html)"
66.249.64.71 - - [11/Jul/2025:22:37:37 +0700] "GET /shopdetail/113779612 HTTP/1.1" 200 19625 "-" "Mozilla/5.0 (Linux; Android 6.0.1; Nexus 5X Build/MMB29P) AppleWebKit/537.36 (KHTML, like Gecko) Chrome/137.0.7151.103 Mobile Safari/537.36 (compatible; Googlebot/2.1; +http://www.google.com/bot.html)"
100.28.133.214 - - [11/Jul/2025:22:37:58 +0700] "GET /shopdetail/196863412 HTTP/1.1" 301 0 "-" "Mozilla/5.0 AppleWebKit/537.36 (KHTML, like Gecko; compatible; Amazonbot/0.1; +https://developer.amazon.com/support/amazonbot) Chrome/119.0.6045.214 Safari/537.36"
66.249.64.71 - - [11/Jul/2025:22:37:59 +0700] "GET /shopdetail/132919212 HTTP/1.1" 200 20883 "-" "Mozilla/5.0 (Linux; Android 6.0.1; Nexus 5X Build/MMB29P) AppleWebKit/537.36 (KHTML, like Gecko) Chrome/137.0.7151.103 Mobile Safari/537.36 (compatible; Googlebot/2.1; +http://www.google.com/bot.html)"
66.249.71.203 - - [11/Jul/2025:22:38:04 +0700] "GET /shopdetail/144909412 HTTP/1.1" 200 20824 "-" "Mozilla/5.0 (Linux; Android 6.0.1; Nexus 5X Build/MMB29P) AppleWebKit/537.36 (KHTML, like Gecko) Chrome/137.0.7151.103 Mobile Safari/537.36 (compatible; Googlebot/2.1; +http://www.google.com/bot.html)"
34.196.237.236 - - [11/Jul/2025:22:38:06 +0700] "GET /toreka/toreka_single.html HTTP/1.1" 301 0 "-" "Mozilla/5.0 AppleWebKit/537.36 (KHTML, like Gecko; compatible; Amazonbot/0.1; +https://developer.amazon.com/support/amazonbot) Chrome/119.0.6045.214 Safari/537.36"
66.249.71.203 - - [11/Jul/2025:22:38:08 +0700] "GET /shopdetail/201402312 HTTP/1.1" 200 21660 "-" "Mozilla/5.0 (Linux; Android 6.0.1; Nexus 5X Build/MMB29P) AppleWebKit/537.36 (KHTML, like Gecko) Chrome/137.0.7151.103 Mobile Safari/537.36 (compatible; Googlebot/2.1; +http://www.google.com/bot.html)"
66.249.64.71 - - [11/Jul/2025:22:38:26 +0700] "GET /shopdetail/127113312 HTTP/1.1" 200 19543 "-" "Mozilla/5.0 (Linux; Android 6.0.1; Nexus 5X Build/MMB29P) AppleWebKit/537.36 (KHTML, like Gecko) Chrome/137.0.7151.103 Mobile Safari/537.36 (compatible; Googlebot/2.1; +http://www.google.com/bot.html)"
66.249.64.71 - - [11/Jul/2025:22:37:16 +0700] "GET /shopdetail/221324412 HTTP/1.1" 200 19954 "-" "Mozilla/5.0 (Linux; Android 6.0.1; Nexus 5X Build/MMB29P) AppleWebKit/537.36 (KHTML, like Gecko) Chrome/137.0.7151.103 Mobile Safari/537.36 (compatible; Googlebot/2.1; +http://www.google.com/bot.html)"
66.249.64.71 - - [11/Jul/2025:22:37:21 +0700] "GET /shopdetail/233769212 HTTP/1.1" 200 20260 "-" "Mozilla/5.0 (Linux; Android 6.0.1; Nexus 5X Build/MMB29P) AppleWebKit/537.36 (KHTML, like Gecko) Chrome/137.0.7151.103 Mobile Safari/537.36 (compatible; Googlebot/2.1; +http://www.google.com/bot.html)"
103.57.221.79 - - [11/Jul/2025:22:37:52 +0700] "POST /wp-cron.php?doing_wp_cron=1752248272.3052020072937011718750 HTTP/1.1" 200 0 "-" "WordPress/6.8.1; https://bodieukhiencuacuon.vn"
44.210.213.220 - - [11/Jul/2025:22:37:57 +0700] "GET /shopdetail/65678612/ HTTP/1.1" 200 27636 "-" "Mozilla/5.0 AppleWebKit/537.36 (KHTML, like Gecko; compatible; Amazonbot/0.1; +https://developer.amazon.com/support/amazonbot) Chrome/119.0.6045.214 Safari/537.36"
66.249.64.71 - - [11/Jul/2025:22:37:59 +0700] "GET /recollection.php?shopdetail/186045412 HTTP/1.1" 200 20337 "-" "Mozilla/5.0 (Linux; Android 6.0.1; Nexus 5X Build/MMB29P) AppleWebKit/537.36 (KHTML, like Gecko) Chrome/137.0.7151.103 Mobile Safari/537.36 (compatible; Googlebot/2.1; +http://www.google.com/bot.html)"
52.204.89.12 - - [11/Jul/2025:22:38:00 +0700] "GET /shopdetail/196863412/ HTTP/1.1" 200 27636 "-" "Mozilla/5.0 AppleWebKit/537.36 (KHTML, like Gecko; compatible; Amazonbot/0.1; +https://developer.amazon.com/support/amazonbot) Chrome/119.0.6045.214 Safari/537.36"
35.171.141.42 - - [11/Jul/2025:22:38:05 +0700] "GET /cd.html/ HTTP/1.1" 200 27636 "-" "Mozilla/5.0 AppleWebKit/537.36 (KHTML, like Gecko; compatible; Amazonbot/0.1; +https://developer.amazon.com/support/amazonbot) Chrome/119.0.6045.214 Safari/537.36"
66.249.64.71 - - [11/Jul/2025:22:38:06 +0700] "POST /get-message-notify HTTP/1.1" 200 19363 "https://bodieukhiencuacuon.vn/shopdetail/108066812" "Mozilla/5.0 (Linux; Android 6.0.1; Nexus 5X Build/MMB29P) AppleWebKit/537.36 (KHTML, like Gecko) Chrome/137.0.7151.119 Mobile Safari/537.36 (compatible; Googlebot/2.1; +http://www.google.com/bot.html)"
3.94.40.182 - - [11/Jul/2025:22:38:09 +0700] "GET /toreka/toreka_single.html/ HTTP/1.1" 200 27633 "-" "Mozilla/5.0 AppleWebKit/537.36 (KHTML, like Gecko; compatible; Amazonbot/0.1; +https://developer.amazon.com/support/amazonbot) Chrome/119.0.6045.214 Safari/537.36"
66.249.71.203 - - [11/Jul/2025:22:39:23 +0700] "GET /shopdetail/260143712 HTTP/1.1" 200 21375 "-" "Mozilla/5.0 (Linux; Android 6.0.1; Nexus 5X Build/MMB29P) AppleWebKit/537.36 (KHTML, like Gecko) Chrome/137.0.7151.103 Mobile Safari/537.36 (compatible; Googlebot/2.1; +http://www.google.com/bot.html)"
66.249.64.71 - - [11/Jul/2025:22:39:46 +0700] "GET /shopdetail/32804712 HTTP/1.1" 200 20262 "-" "Mozilla/5.0 (Linux; Android 6.0.1; Nexus 5X Build/MMB29P) AppleWebKit/537.36 (KHTML, like Gecko) Chrome/137.0.7151.103 Mobile Safari/537.36 (compatible; Googlebot/2.1; +http://www.google.com/bot.html)"
66.249.64.71 - - [11/Jul/2025:22:39:48 +0700] "GET /recollection.php?shopdetail/99573512 HTTP/1.1" 200 21413 "-" "Mozilla/5.0 (Linux; Android 6.0.1; Nexus 5X Build/MMB29P) AppleWebKit/537.36 (KHTML, like Gecko) Chrome/137.0.7151.103 Mobile Safari/537.36 (compatible; Googlebot/2.1; +http://www.google.com/bot.html)"
66.249.64.71 - - [11/Jul/2025:22:39:52 +0700] "GET /shopdetail/41461312 HTTP/1.1" 200 20820 "-" "Mozilla/5.0 (Linux; Android 6.0.1; Nexus 5X Build/MMB29P) AppleWebKit/537.36 (KHTML, like Gecko) Chrome/137.0.7151.103 Mobile Safari/537.36 (compatible; Googlebot/2.1; +http://www.google.com/bot.html)"
66.249.64.71 - - [11/Jul/2025:22:40:03 +0700] "GET /shopdetail/229071612 HTTP/1.1" 200 20564 "-" "Mozilla/5.0 (Linux; Android 6.0.1; Nexus 5X Build/MMB29P) AppleWebKit/537.36 (KHTML, like Gecko) Chrome/137.0.7151.103 Mobile Safari/537.36 (compatible; Googlebot/2.1; +http://www.google.com/bot.html)"
66.249.64.71 - - [11/Jul/2025:22:38:50 +0700] "GET /shopdetail/159353012 HTTP/1.1" 200 20319 "-" "Mozilla/5.0 (Linux; Android 6.0.1; Nexus 5X Build/MMB29P) AppleWebKit/537.36 (KHTML, like Gecko) Chrome/137.0.7151.103 Mobile Safari/537.36 (compatible; Googlebot/2.1; +http://www.google.com/bot.html)"
66.249.64.71 - - [11/Jul/2025:22:39:27 +0700] "GET /shopdetail/30454112 HTTP/1.1" 200 23085 "-" "Mozilla/5.0 (Linux; Android 6.0.1; Nexus 5X Build/MMB29P) AppleWebKit/537.36 (KHTML, like Gecko) Chrome/137.0.7151.103 Mobile Safari/537.36 (compatible; Googlebot/2.1; +http://www.google.com/bot.html)"
66.249.64.71 - - [11/Jul/2025:22:39:29 +0700] "GET /shopdetail/163020612 HTTP/1.1" 200 20931 "-" "Mozilla/5.0 (Linux; Android 6.0.1; Nexus 5X Build/MMB29P) AppleWebKit/537.36 (KHTML, like Gecko) Chrome/137.0.7151.103 Mobile Safari/537.36 (compatible; Googlebot/2.1; +http://www.google.com/bot.html)"
66.249.64.71 - - [11/Jul/2025:22:39:33 +0700] "GET /shopdetail/240634212 HTTP/1.1" 200 19847 "-" "Mozilla/5.0 (Linux; Android 6.0.1; Nexus 5X Build/MMB29P) AppleWebKit/537.36 (KHTML, like Gecko) Chrome/137.0.7151.103 Mobile Safari/537.36 (compatible; Googlebot/2.1; +http://www.google.com/bot.html)"
66.249.71.203 - - [11/Jul/2025:22:39:35 +0700] "GET /shopdetail/253661812 HTTP/1.1" 200 19836 "-" "Mozilla/5.0 (Linux; Android 6.0.1; Nexus 5X Build/MMB29P) AppleWebKit/537.36 (KHTML, like Gecko) Chrome/137.0.7151.103 Mobile Safari/537.36 (compatible; Googlebot/2.1; +http://www.google.com/bot.html)"
66.249.64.71 - - [11/Jul/2025:22:39:35 +0700] "POST /get-message-notify HTTP/1.1" 200 19363 "https://bodieukhiencuacuon.vn/shopdetail/30454112" "Mozilla/5.0 (Linux; Android 6.0.1; Nexus 5X Build/MMB29P) AppleWebKit/537.36 (KHTML, like Gecko) Chrome/137.0.7151.119 Mobile Safari/537.36 (compatible; Googlebot/2.1; +http://www.google.com/bot.html)"
66.249.64.71 - - [11/Jul/2025:22:39:38 +0700] "GET /shopdetail/140664012 HTTP/1.1" 200 20015 "-" "Mozilla/5.0 (Linux; Android 6.0.1; Nexus 5X Build/MMB29P) AppleWebKit/537.36 (KHTML, like Gecko) Chrome/137.0.7151.103 Mobile Safari/537.36 (compatible; Googlebot/2.1; +http://www.google.com/bot.html)"
66.249.64.72 - - [11/Jul/2025:22:39:57 +0700] "GET /shopdetail/247028212 HTTP/1.1" 200 19798 "-" "Mozilla/5.0 (Linux; Android 6.0.1; Nexus 5X Build/MMB29P) AppleWebKit/537.36 (KHTML, like Gecko) Chrome/137.0.7151.103 Mobile Safari/537.36 (compatible; Googlebot/2.1; +http://www.google.com/bot.html)"
66.249.64.71 - - [11/Jul/2025:22:40:09 +0700] "GET /product/edit/44311538 HTTP/1.1" 200 20410 "-" "Mozilla/5.0 (Linux; Android 6.0.1; Nexus 5X Build/MMB29P) AppleWebKit/537.36 (KHTML, like Gecko) Chrome/137.0.7151.103 Mobile Safari/537.36 (compatible; Googlebot/2.1; +http://www.google.com/bot.html)"
66.249.64.71 - - [11/Jul/2025:22:40:11 +0700] "POST /get-message-notify HTTP/1.1" 200 19363 "https://bodieukhiencuacuon.vn/shopdetail/229071612" "Mozilla/5.0 (Linux; Android 6.0.1; Nexus 5X Build/MMB29P) AppleWebKit/537.36 (KHTML, like Gecko) Chrome/137.0.7151.119 Mobile Safari/537.36 (compatible; Googlebot/2.1; +http://www.google.com/bot.html)"
66.249.64.71 - - [11/Jul/2025:22:40:14 +0700] "GET /shopdetail/205807012 HTTP/1.1" 200 20401 "-" "Mozilla/5.0 (Linux; Android 6.0.1; Nexus 5X Build/MMB29P) AppleWebKit/537.36 (KHTML, like Gecko) Chrome/137.0.7151.103 Mobile Safari/537.36 (compatible; Googlebot/2.1; +http://www.google.com/bot.html)"
66.249.64.71 - - [11/Jul/2025:22:40:15 +0700] "GET /recollection.php?shopdetail/275774712 HTTP/1.1" 200 19802 "-" "Mozilla/5.0 (Linux; Android 6.0.1; Nexus 5X Build/MMB29P) AppleWebKit/537.36 (KHTML, like Gecko) Chrome/137.0.7151.103 Mobile Safari/537.36 (compatible; Googlebot/2.1; +http://www.google.com/bot.html)"
66.249.64.71 - - [11/Jul/2025:22:40:16 +0700] "GET /shopdetail/150894812 HTTP/1.1" 200 20744 "-" "Mozilla/5.0 (Linux; Android 6.0.1; Nexus 5X Build/MMB29P) AppleWebKit/537.36 (KHTML, like Gecko) Chrome/137.0.7151.103 Mobile Safari/537.36 (compatible; Googlebot/2.1; +http://www.google.com/bot.html)"
66.249.64.71 - - [11/Jul/2025:22:40:07 +0700] "GET /product/edit/34040360 HTTP/1.1" 200 20037 "-" "Mozilla/5.0 (Linux; Android 6.0.1; Nexus 5X Build/MMB29P) AppleWebKit/537.36 (KHTML, like Gecko) Chrome/137.0.7151.103 Mobile Safari/537.36 (compatible; Googlebot/2.1; +http://www.google.com/bot.html)"
66.249.64.71 - - [11/Jul/2025:22:40:08 +0700] "GET /shopdetail/151881112 HTTP/1.1" 200 20155 "-" "Mozilla/5.0 (Linux; Android 6.0.1; Nexus 5X Build/MMB29P) AppleWebKit/537.36 (KHTML, like Gecko) Chrome/137.0.7151.103 Mobile Safari/537.36 (compatible; Googlebot/2.1; +http://www.google.com/bot.html)"
66.249.64.71 - - [11/Jul/2025:22:40:11 +0700] "GET /shopdetail/100188312 HTTP/1.1" 200 19580 "-" "Mozilla/5.0 (Linux; Android 6.0.1; Nexus 5X Build/MMB29P) AppleWebKit/537.36 (KHTML, like Gecko) Chrome/137.0.7151.103 Mobile Safari/537.36 (compatible; Googlebot/2.1; +http://www.google.com/bot.html)"
66.249.64.71 - - [11/Jul/2025:22:40:12 +0700] "GET /shopdetail/173844312 HTTP/1.1" 200 19525 "-" "Mozilla/5.0 (Linux; Android 6.0.1; Nexus 5X Build/MMB29P) AppleWebKit/537.36 (KHTML, like Gecko) Chrome/137.0.7151.103 Mobile Safari/537.36 (compatible; Googlebot/2.1; +http://www.google.com/bot.html)"
66.249.64.71 - - [11/Jul/2025:22:40:14 +0700] "POST /get-message-notify HTTP/1.1" 200 19363 "https://bodieukhiencuacuon.vn/product/edit/34040360" "Mozilla/5.0 (Linux; Android 6.0.1; Nexus 5X Build/MMB29P) AppleWebKit/537.36 (KHTML, like Gecko) Chrome/137.0.7151.119 Mobile Safari/537.36 (compatible; Googlebot/2.1; +http://www.google.com/bot.html)"
66.249.64.71 - - [11/Jul/2025:22:40:16 +0700] "POST /get-message-notify HTTP/1.1" 200 19363 "https://bodieukhiencuacuon.vn/product/edit/44311538" "Mozilla/5.0 (Linux; Android 6.0.1; Nexus 5X Build/MMB29P) AppleWebKit/537.36 (KHTML, like Gecko) Chrome/137.0.7151.119 Mobile Safari/537.36 (compatible; Googlebot/2.1; +http://www.google.com/bot.html)"
