66.249.64.71 - - [11/Jul/2025:21:21:24 +0700] "POST /get-message-notify HTTP/1.1" 200 19363 "https://bodieukhiencuacuon.vn/shopdetail/100060812" "Mozilla/5.0 (Linux; Android 6.0.1; Nexus 5X Build/MMB29P) AppleWebKit/537.36 (KHTML, like Gecko) Chrome/137.0.7151.119 Mobile Safari/537.36 (compatible; Googlebot/2.1; +http://www.google.com/bot.html)"
66.249.64.71 - - [11/Jul/2025:21:21:26 +0700] "GET /shopdetail/67424012 HTTP/1.1" 200 21151 "-" "Mozilla/5.0 (Linux; Android 6.0.1; Nexus 5X Build/MMB29P) AppleWebKit/537.36 (KHTML, like Gecko) Chrome/137.0.7151.103 Mobile Safari/537.36 (compatible; Googlebot/2.1; +http://www.google.com/bot.html)"
66.249.64.72 - - [11/Jul/2025:21:21:31 +0700] "GET /shopdetail/89355812 HTTP/1.1" 200 21403 "-" "Mozilla/5.0 (Linux; Android 6.0.1; Nexus 5X Build/MMB29P) AppleWebKit/537.36 (KHTML, like Gecko) Chrome/137.0.7151.103 Mobile Safari/537.36 (compatible; Googlebot/2.1; +http://www.google.com/bot.html)"
40.77.167.241 - - [11/Jul/2025:21:20:12 +0700] "GET /news/code-ff-c%C3%B2n-s%E1%BB%AD-d%E1%BB%A5ng-%C4%91%C6%B0%E1%BB%A3c HTTP/2" 200 19722 "-" "Mozilla/5.0 AppleWebKit/537.36 (KHTML, like Gecko; compatible; bingbot/2.0; +http://www.bing.com/bingbot.htm) Chrome/116.0.1938.76 Safari/537.36"
66.249.71.204 - - [11/Jul/2025:21:20:53 +0700] "GET /shopdetail/109030512 HTTP/1.1" 200 21037 "-" "Mozilla/5.0 (Linux; Android 6.0.1; Nexus 5X Build/MMB29P) AppleWebKit/537.36 (KHTML, like Gecko) Chrome/137.0.7151.103 Mobile Safari/537.36 (compatible; Googlebot/2.1; +http://www.google.com/bot.html)"
66.249.71.204 - - [11/Jul/2025:21:20:55 +0700] "GET /recollection.php?shopdetail/259979612 HTTP/1.1" 200 20043 "-" "Mozilla/5.0 (Linux; Android 6.0.1; Nexus 5X Build/MMB29P) AppleWebKit/537.36 (KHTML, like Gecko) Chrome/137.0.7151.103 Mobile Safari/537.36 (compatible; Googlebot/2.1; +http://www.google.com/bot.html)"
66.249.71.203 - - [11/Jul/2025:21:20:55 +0700] "POST /get-message-notify HTTP/1.1" 200 19363 "https://bodieukhiencuacuon.vn/shopdetail/184873112" "Mozilla/5.0 (Linux; Android 6.0.1; Nexus 5X Build/MMB29P) AppleWebKit/537.36 (KHTML, like Gecko) Chrome/137.0.7151.119 Mobile Safari/537.36 (compatible; Googlebot/2.1; +http://www.google.com/bot.html)"
66.249.64.71 - - [11/Jul/2025:21:21:23 +0700] "GET /shopdetail/28285612 HTTP/1.1" 200 20084 "-" "Mozilla/5.0 (Linux; Android 6.0.1; Nexus 5X Build/MMB29P) AppleWebKit/537.36 (KHTML, like Gecko) Chrome/137.0.7151.103 Mobile Safari/537.36 (compatible; Googlebot/2.1; +http://www.google.com/bot.html)"
66.249.64.71 - - [11/Jul/2025:21:21:24 +0700] "GET /shopdetail/29801512 HTTP/1.1" 200 21827 "-" "Mozilla/5.0 (Linux; Android 6.0.1; Nexus 5X Build/MMB29P) AppleWebKit/537.36 (KHTML, like Gecko) Chrome/137.0.7151.103 Mobile Safari/537.36 (compatible; Googlebot/2.1; +http://www.google.com/bot.html)"
66.249.71.204 - - [11/Jul/2025:21:21:29 +0700] "GET /shopdetail/257998812 HTTP/1.1" 200 20731 "-" "Mozilla/5.0 (Linux; Android 6.0.1; Nexus 5X Build/MMB29P) AppleWebKit/537.36 (KHTML, like Gecko) Chrome/137.0.7151.103 Mobile Safari/537.36 (compatible; Googlebot/2.1; +http://www.google.com/bot.html)"
66.249.71.204 - - [11/Jul/2025:21:21:32 +0700] "GET /shopdetail/113415212 HTTP/1.1" 200 19643 "-" "Mozilla/5.0 (Linux; Android 6.0.1; Nexus 5X Build/MMB29P) AppleWebKit/537.36 (KHTML, like Gecko) Chrome/137.0.7151.103 Mobile Safari/537.36 (compatible; Googlebot/2.1; +http://www.google.com/bot.html)"
66.249.64.71 - - [11/Jul/2025:21:21:44 +0700] "GET /shopdetail/135832612 HTTP/1.1" 200 22258 "-" "Mozilla/5.0 (Linux; Android 6.0.1; Nexus 5X Build/MMB29P) AppleWebKit/537.36 (KHTML, like Gecko) Chrome/137.0.7151.103 Mobile Safari/537.36 (compatible; Googlebot/2.1; +http://www.google.com/bot.html)"
66.249.64.71 - - [11/Jul/2025:21:21:46 +0700] "GET /shopdetail/%E6%A5%BD%E5%A4%A9%E5%B8%82%E5%A0%B4%E3%80%91%E3%83%91%E3%82%BF%E3%82%B4%E3%83%8B%E3%82%A2%20%E3%82%AC%E3%83%BC%E3%83%AB%E3%82%BA%20%E3%83%80%E3%82%A6%E3%83%B3%20%E3%82%B3%E3%83%BC%E3%83%88%E3%81%AE%E9%80%9A%E8%B2%A9 HTTP/1.1" 200 20302 "-" "Mozilla/5.0 (Linux; Android 6.0.1; Nexus 5X Build/MMB29P) AppleWebKit/537.36 (KHTML, like Gecko) Chrome/137.0.7151.103 Mobile Safari/537.36 (compatible; Googlebot/2.1; +http://www.google.com/bot.html)"
66.249.71.204 - - [11/Jul/2025:21:21:47 +0700] "GET /product/edit/56118410 HTTP/1.1" 200 19772 "-" "Mozilla/5.0 (Linux; Android 6.0.1; Nexus 5X Build/MMB29P) AppleWebKit/537.36 (KHTML, like Gecko) Chrome/137.0.7151.103 Mobile Safari/537.36 (compatible; Googlebot/2.1; +http://www.google.com/bot.html)"
66.249.64.71 - - [11/Jul/2025:21:21:50 +0700] "GET /shopdetail/%E3%83%AA%E3%83%88%E3%83%AB%E3%83%BB%E3%83%9E%E3%83%BC%E3%83%A1%E3%82%A4%E3%83%89/%E3%82%A2%E3%83%AA%E3%82%A8%E3%83%AB/%E3%82%AB%E3%83%BC%E3%83%89%E3%83%9D%E3%83%BC%E3%83%81(PONEYCOMB%20ChouChou) HTTP/1.1" 200 21584 "-" "Mozilla/5.0 (Linux; Android 6.0.1; Nexus 5X Build/MMB29P) AppleWebKit/537.36 (KHTML, like Gecko) Chrome/137.0.7151.103 Mobile Safari/537.36 (compatible; Googlebot/2.1; +http://www.google.com/bot.html)"
66.249.64.71 - - [11/Jul/2025:21:21:35 +0700] "GET /shopdetail/75953812 HTTP/1.1" 200 20379 "-" "Mozilla/5.0 (Linux; Android 6.0.1; Nexus 5X Build/MMB29P) AppleWebKit/537.36 (KHTML, like Gecko) Chrome/137.0.7151.103 Mobile Safari/537.36 (compatible; Googlebot/2.1; +http://www.google.com/bot.html)"
66.249.64.72 - - [11/Jul/2025:21:21:36 +0700] "GET /shopdetail/2774712 HTTP/1.1" 200 19995 "-" "Mozilla/5.0 (Linux; Android 6.0.1; Nexus 5X Build/MMB29P) AppleWebKit/537.36 (KHTML, like Gecko) Chrome/137.0.7151.103 Mobile Safari/537.36 (compatible; Googlebot/2.1; +http://www.google.com/bot.html)"
66.249.64.71 - - [11/Jul/2025:21:21:38 +0700] "GET /shopdetail/96889912 HTTP/1.1" 200 20274 "-" "Mozilla/5.0 (Linux; Android 6.0.1; Nexus 5X Build/MMB29P) AppleWebKit/537.36 (KHTML, like Gecko) Chrome/137.0.7151.103 Mobile Safari/537.36 (compatible; Googlebot/2.1; +http://www.google.com/bot.html)"
66.249.64.72 - - [11/Jul/2025:21:21:40 +0700] "GET /shopdetail/223953612 HTTP/1.1" 200 19749 "-" "Mozilla/5.0 (Linux; Android 6.0.1; Nexus 5X Build/MMB29P) AppleWebKit/537.36 (KHTML, like Gecko) Chrome/137.0.7151.103 Mobile Safari/537.36 (compatible; Googlebot/2.1; +http://www.google.com/bot.html)"
66.249.64.72 - - [11/Jul/2025:21:21:42 +0700] "GET /shopdetail/57773512 HTTP/1.1" 200 19923 "-" "Mozilla/5.0 (Linux; Android 6.0.1; Nexus 5X Build/MMB29P) AppleWebKit/537.36 (KHTML, like Gecko) Chrome/137.0.7151.103 Mobile Safari/537.36 (compatible; Googlebot/2.1; +http://www.google.com/bot.html)"
66.249.64.72 - - [11/Jul/2025:21:21:45 +0700] "GET /shopdetail/251928212 HTTP/1.1" 200 19589 "-" "Mozilla/5.0 (Linux; Android 6.0.1; Nexus 5X Build/MMB29P) AppleWebKit/537.36 (KHTML, like Gecko) Chrome/137.0.7151.103 Mobile Safari/537.36 (compatible; Googlebot/2.1; +http://www.google.com/bot.html)"
66.249.64.72 - - [11/Jul/2025:21:21:48 +0700] "GET /shopdetail/Maisto%201:24%201973%20Datsun%20620%20PICK%20UP%20/%20NISSAN%20SKYLINE%20R34%20GT%20R%20die HTTP/1.1" 200 19943 "-" "Mozilla/5.0 (Linux; Android 6.0.1; Nexus 5X Build/MMB29P) AppleWebKit/537.36 (KHTML, like Gecko) Chrome/137.0.7151.103 Mobile Safari/537.36 (compatible; Googlebot/2.1; +http://www.google.com/bot.html)"
66.249.71.205 - - [11/Jul/2025:21:21:49 +0700] "GET /shopdetail/%E3%80%90gym%20master%20/%20%E3%82%B8%E3%83%A0%E3%83%9E%E3%82%B9%E3%82%BF%E3%83%BC%E3%80%91%20%E3%83%AA%E3%83%90%E3%83%BC%E3%82%B7%E3%83%96%E3%83%AB%E3%83%9C%E3%82%A2%E3%82%BF%E3%82%B9%E3%83%AD%E3%83%B3%E3%83%95%E3%83%BC%E3%83%89 HTTP/1.1" 200 20195 "-" "Mozilla/5.0 (Linux; Android 6.0.1; Nexus 5X Build/MMB29P) AppleWebKit/537.36 (KHTML, like Gecko) Chrome/137.0.7151.103 Mobile Safari/537.36 (compatible; Googlebot/2.1; +http://www.google.com/bot.html)"
66.249.64.71 - - [11/Jul/2025:21:21:51 +0700] "GET /shopdetail/%E3%83%80%E3%82%A4%E3%83%AF%20HZ%20IL%20%E3%82%A8%E3%83%B3%E3%83%96%E3%83%AC%E3%83%A0%20ISO%201-53/M427L%20%E7%A3%AF%E7%AB%BF%20%E7%BE%8E%E5%93%81%20%E9%80%9A%E8%B2%A9%20LINE%E3%83%9D%E3%82%A4%E3%83%B3%E3%83%88 HTTP/1.1" 200 20127 "-" "Mozilla/5.0 (Linux; Android 6.0.1; Nexus 5X Build/MMB29P) AppleWebKit/537.36 (KHTML, like Gecko) Chrome/137.0.7151.103 Mobile Safari/537.36 (compatible; Googlebot/2.1; +http://www.google.com/bot.html)"
66.249.64.73 - - [11/Jul/2025:21:21:54 +0700] "GET /shopdetail/%E9%80%B2%E7%A0%94%E6%A8%A1%E8%A9%A6%20%E3%83%99%E3%83%8D%E3%83%83%E3%82%BB%20%E9%AB%98%EF%BC%91%20%E7%B7%8F%E5%90%88%E5%AD%A6%E5%8A%9B%E3%83%86%E3%82%B9%E3%83%88%20%EF%BC%92%EF%BC%90%EF%BC%92%EF%BC%90%E5%B9%B4%E5%BA%A6%EF%BC%97%E6%9C%88%20%E8%8B%B1%E8%AA%9E/%E6%95%B0%E5%AD%A6 HTTP/1.1" 200 20290 "-" "Mozilla/5.0 (Linux; Android 6.0.1; Nexus 5X Build/MMB29P) AppleWebKit/537.36 (KHTML, like Gecko) Chrome/137.0.7151.103 Mobile Safari/537.36 (compatible; Googlebot/2.1; +http://www.google.com/bot.html)"
66.249.64.72 - - [11/Jul/2025:21:21:55 +0700] "POST /get-message-notify HTTP/1.1" 200 19363 "https://bodieukhiencuacuon.vn/shopdetail/223953612" "Mozilla/5.0 (Linux; Android 6.0.1; Nexus 5X Build/MMB29P) AppleWebKit/537.36 (KHTML, like Gecko) Chrome/137.0.7151.119 Mobile Safari/537.36 (compatible; Googlebot/2.1; +http://www.google.com/bot.html)"
66.249.64.73 - - [11/Jul/2025:21:21:56 +0700] "GET /shopdetail/%E3%82%AB%E3%83%AA%E3%83%9E%E3%83%BC%20%E3%83%9B%E3%83%83%E3%83%88%E3%82%AF%E3%83%A9%E3%83%83%E3%82%B0%2040%E3%80%80%E3%82%BF%E3%82%A4%E3%83%97%EF%BC%91%20%E3%83%AA%E3%83%A5%E3%83%83%E3%82%AF%20%E3%83%AC%E3%83%87%E3%82%A3%E3%83%BC%E3%82%B9%20%EF%BC%88%E8%BA%AB%E9%95%B7160cm%E4%BB%A5%E4%B8%8B%E3%81%AB%E9%81%A9%E7%94%A8%EF%BC%89/%20karrimor%E3%80%80hot%E3%80%80crag%2040%E3%80%80type1%20%20%E3%83%95%E3%82%A7%E3%82%B9 HTTP/1.1" 200 20449 "-" "Mozilla/5.0 (Linux; Android 6.0.1; Nexus 5X Build/MMB29P) AppleWebKit/537.36 (KHTML, like Gecko) Chrome/137.0.7151.103 Mobile Safari/537.36 (compatible; Googlebot/2.1; +http://www.google.com/bot.html)"
66.249.64.72 - - [11/Jul/2025:21:21:57 +0700] "GET /shopdetail/%E3%80%90%E6%98%A0%E7%94%BB%E3%83%9D%E3%82%B9%E3%82%BF%E3%83%BC%E3%80%91%20%E7%BE%8E%E5%A5%B3%E3%81%A8%E9%87%8E%E7%8D%A3%20(%E3%83%87%E3%82%A3%E3%82%BA%E3%83%8B%E3%83%BC%20%E3%83%99%E3%83%AB/Beauty%20and%20the%20Beast)%20/REG%20%E4%B8%A1%E9%9D%A2%20%E3%82%AA%E3%83%AA%E3%82%B8%E3%83%8A%E3%83%AB%E3%83%9D%E3%82%B9%E3%82%BF%E3%83%BC HTTP/1.1" 200 20512 "-" "Mozilla/5.0 (Linux; Android 6.0.1; Nexus 5X Build/MMB29P) AppleWebKit/537.36 (KHTML, like Gecko) Chrome/137.0.7151.103 Mobile Safari/537.36 (compatible; Googlebot/2.1; +http://www.google.com/bot.html)"
66.249.64.73 - - [11/Jul/2025:21:21:58 +0700] "POST /get-message-notify HTTP/1.1" 200 19363 "https://bodieukhiencuacuon.vn/product/edit/56118410" "Mozilla/5.0 (Linux; Android 6.0.1; Nexus 5X Build/MMB29P) AppleWebKit/537.36 (KHTML, like Gecko) Chrome/137.0.7151.119 Mobile Safari/537.36 (compatible; Googlebot/2.1; +http://www.google.com/bot.html)"
66.249.64.72 - - [11/Jul/2025:21:21:59 +0700] "GET /shopdetail/%E3%82%A2%E3%82%A4%E3%83%8A%E3%83%8A%20%E3%82%B3%E3%82%B9%E3%83%97%E3%83%AC%20%E7%99%BE%E3%81%AE%E4%B8%AD%E5%8F%A4/%E6%9C%AA%E4%BD%BF%E7%94%A8%E5%93%81%20-%20%E3%83%A1%E3%83%AB%E3%82%AB%E3%83%AA HTTP/1.1" 200 20491 "-" "Mozilla/5.0 (Linux; Android 6.0.1; Nexus 5X Build/MMB29P) AppleWebKit/537.36 (KHTML, like Gecko) Chrome/137.0.7151.103 Mobile Safari/537.36 (compatible; Googlebot/2.1; +http://www.google.com/bot.html)"
66.249.64.73 - - [11/Jul/2025:21:22:00 +0700] "POST /get-message-notify HTTP/1.1" 200 19363 "https://bodieukhiencuacuon.vn/shopdetail/%E3%80%90gym%20master%20/%20%E3%82%B8%E3%83%A0%E3%83%9E%E3%82%B9%E3%82%BF%E3%83%BC%E3%80%91%20%E3%83%AA%E3%83%90%E3%83%BC%E3%82%B7%E3%83%96%E3%83%AB%E3%83%9C%E3%82%A2%E3%82%BF%E3%82%B9%E3%83%AD%E3%83%B3%E3%83%95%E3%83%BC%E3%83%89" "Mozilla/5.0 (Linux; Android 6.0.1; Nexus 5X Build/MMB29P) AppleWebKit/537.36 (KHTML, like Gecko) Chrome/137.0.7151.119 Mobile Safari/537.36 (compatible; Googlebot/2.1; +http://www.google.com/bot.html)"
66.249.64.71 - - [11/Jul/2025:21:22:01 +0700] "GET /shopdetail/%E3%82%B9%E3%82%BF%E3%83%90%E6%96%B0%E4%BD%9C%E3%82%B0%E3%83%83%E3%82%BA%E3%81%AESTANLEY%E6%A1%9C%E3%83%94%E3%83%B3%E3%82%AF%E3%82%BF%E3%83%B3%E3%83%96%E3%83%A9%E3%83%BC3/5%E7%99%BB%E5%A0%B4%20-%20%E5%B1%B1%E5%8F%A3%E7%9A%84 HTTP/1.1" 200 20618 "-" "Mozilla/5.0 (Linux; Android 6.0.1; Nexus 5X Build/MMB29P) AppleWebKit/537.36 (KHTML, like Gecko) Chrome/137.0.7151.103 Mobile Safari/537.36 (compatible; Googlebot/2.1; +http://www.google.com/bot.html)"
66.249.64.72 - - [11/Jul/2025:21:22:01 +0700] "GET /shopdetail/YUMIKO%E3%80%80Elli%20%E3%80%90HC/Cap%E3%80%91%20N-Black/V-MistyRose%20(B.Panel)-%E3%83%90%E3%83%AC%E3%82%A8%E3%82%B7%E3%83%A7%E3%83%83%E3%83%97%E3%82%A8%E3%83%88%E3%83%AF%E3%83%BC%E3%83%AB HTTP/1.1" 200 19350 "-" "Mozilla/5.0 (Linux; Android 6.0.1; Nexus 5X Build/MMB29P) AppleWebKit/537.36 (KHTML, like Gecko) Chrome/137.0.7151.103 Mobile Safari/537.36 (compatible; Googlebot/2.1; +http://www.google.com/bot.html)"
66.249.71.203 - - [11/Jul/2025:21:21:03 +0700] "GET /shopdetail/36852512 HTTP/1.1" 200 21383 "-" "Mozilla/5.0 (Linux; Android 6.0.1; Nexus 5X Build/MMB29P) AppleWebKit/537.36 (KHTML, like Gecko) Chrome/137.0.7151.103 Mobile Safari/537.36 (compatible; Googlebot/2.1; +http://www.google.com/bot.html)"
66.249.71.203 - - [11/Jul/2025:21:21:08 +0700] "GET /shopdetail/100475112 HTTP/1.1" 200 21268 "-" "Mozilla/5.0 (Linux; Android 6.0.1; Nexus 5X Build/MMB29P) AppleWebKit/537.36 (KHTML, like Gecko) Chrome/137.0.7151.103 Mobile Safari/537.36 (compatible; Googlebot/2.1; +http://www.google.com/bot.html)"
66.249.64.71 - - [11/Jul/2025:21:21:11 +0700] "POST /get-message-notify HTTP/1.1" 200 19363 "https://bodieukhiencuacuon.vn/shopdetail/141172612" "Mozilla/5.0 (Linux; Android 6.0.1; Nexus 5X Build/MMB29P) AppleWebKit/537.36 (KHTML, like Gecko) Chrome/137.0.7151.119 Mobile Safari/537.36 (compatible; Googlebot/2.1; +http://www.google.com/bot.html)"
66.249.71.203 - - [11/Jul/2025:21:21:14 +0700] "GET /shopdetail/112771212 HTTP/1.1" 200 19987 "-" "Mozilla/5.0 (Linux; Android 6.0.1; Nexus 5X Build/MMB29P) AppleWebKit/537.36 (KHTML, like Gecko) Chrome/137.0.7151.103 Mobile Safari/537.36 (compatible; Googlebot/2.1; +http://www.google.com/bot.html)"
66.249.71.203 - - [11/Jul/2025:21:21:15 +0700] "GET /shopdetail/214221112 HTTP/1.1" 200 20206 "-" "Mozilla/5.0 (Linux; Android 6.0.1; Nexus 5X Build/MMB29P) AppleWebKit/537.36 (KHTML, like Gecko) Chrome/137.0.7151.103 Mobile Safari/537.36 (compatible; Googlebot/2.1; +http://www.google.com/bot.html)"
66.249.71.203 - - [11/Jul/2025:21:21:33 +0700] "GET /shopdetail/38213312 HTTP/1.1" 200 21336 "-" "Mozilla/5.0 (Linux; Android 6.0.1; Nexus 5X Build/MMB29P) AppleWebKit/537.36 (KHTML, like Gecko) Chrome/137.0.7151.103 Mobile Safari/537.36 (compatible; Googlebot/2.1; +http://www.google.com/bot.html)"
66.249.71.204 - - [11/Jul/2025:21:21:42 +0700] "GET /shopdetail/154151412 HTTP/1.1" 200 19914 "-" "Mozilla/5.0 (Linux; Android 6.0.1; Nexus 5X Build/MMB29P) AppleWebKit/537.36 (KHTML, like Gecko) Chrome/137.0.7151.103 Mobile Safari/537.36 (compatible; Googlebot/2.1; +http://www.google.com/bot.html)"
66.249.64.72 - - [11/Jul/2025:21:21:55 +0700] "GET /shopdetail/%E6%BF%80%E5%AE%89%E9%80%9A%E8%B2%A9%20(%E8%A7%A3%E7%AD%94%E8%A7%A3%E8%AA%AC%E4%BB%98%20%E8%8B%B1%E8%AA%9E/%E6%95%B0%E5%AD%A6/%E5%9B%BD%E8%AA%9E%20%EF%BC%92%EF%BC%90%EF%BC%92%EF%BC%91%E5%B9%B4%E5%BA%A6%EF%BC%91%EF%BC%91%E6%9C%88%20%E7%B7%8F%E5%90%88%E5%AD%A6%E5%8A%9B HTTP/1.1" 200 20833 "-" "Mozilla/5.0 (Linux; Android 6.0.1; Nexus 5X Build/MMB29P) AppleWebKit/537.36 (KHTML, like Gecko) Chrome/137.0.7151.103 Mobile Safari/537.36 (compatible; Googlebot/2.1; +http://www.google.com/bot.html)"
66.249.71.203 - - [11/Jul/2025:21:21:57 +0700] "POST /get-message-notify HTTP/1.1" 200 19363 "https://bodieukhiencuacuon.vn/shopdetail/251928212" "Mozilla/5.0 (Linux; Android 6.0.1; Nexus 5X Build/MMB29P) AppleWebKit/537.36 (KHTML, like Gecko) Chrome/137.0.7151.119 Mobile Safari/537.36 (compatible; Googlebot/2.1; +http://www.google.com/bot.html)"
66.249.71.205 - - [11/Jul/2025:21:21:58 +0700] "GET /shopdetail/M/%E5%8F%A4%E7%9D%80%20%E3%82%B9%E3%82%BF%E3%82%B8%E3%83%A3%E3%83%B3%20R%20%E8%A2%96%E3%83%AC%E3%82%B6%E3%83%BC%20%E3%82%A6%E3%83%BC%E3%83%AB%20%E7%B7%91%20%E3%82%B0%E3%83%AA%E3%83%BC%E3%83%B3%2018dec27%20%E4%B8%AD%E5%8F%A4 HTTP/1.1" 200 22082 "-" "Mozilla/5.0 (Linux; Android 6.0.1; Nexus 5X Build/MMB29P) AppleWebKit/537.36 (KHTML, like Gecko) Chrome/137.0.7151.103 Mobile Safari/537.36 (compatible; Googlebot/2.1; +http://www.google.com/bot.html)"
66.249.71.206 - - [11/Jul/2025:21:21:59 +0700] "GET /shopdetail/HAMMOND%20DESIGN%20/%20%E3%83%8F%E3%83%A2%E3%83%B3%E3%83%89%E3%83%87%E3%82%B6%E3%82%A4%E3%83%B3%20%E3%83%88%E3%83%AD%E3%83%B3%E3%83%9C%E3%83%BC%E3%83%B3%20%E3%83%9E%E3%82%A6%E3%82%B9%E3%83%94%E3%83%BC%E3%82%B9%2013M HTTP/1.1" 200 20973 "-" "Mozilla/5.0 (Linux; Android 6.0.1; Nexus 5X Build/MMB29P) AppleWebKit/537.36 (KHTML, like Gecko) Chrome/137.0.7151.103 Mobile Safari/537.36 (compatible; Googlebot/2.1; +http://www.google.com/bot.html)"
66.249.64.73 - - [11/Jul/2025:21:22:02 +0700] "GET /shopdetail/AVIREX/%E3%82%A2%E3%83%B4%E3%82%A3%E3%83%AC%E3%83%83%E3%82%AF%E3%82%B9/%E3%82%B7%E3%83%BC%E3%83%97%20B-15%E3%82%B8%E3%83%A3%E3%82%B1%E3%83%83%E3%83%88/SHEEP%20B-15%20JACKET HTTP/1.1" 200 20988 "-" "Mozilla/5.0 (Linux; Android 6.0.1; Nexus 5X Build/MMB29P) AppleWebKit/537.36 (KHTML, like Gecko) Chrome/137.0.7151.103 Mobile Safari/537.36 (compatible; Googlebot/2.1; +http://www.google.com/bot.html)"
66.249.64.73 - - [11/Jul/2025:21:22:03 +0700] "GET /recollection.php?shopdetail/245684812 HTTP/1.1" 200 20818 "-" "Mozilla/5.0 (Linux; Android 6.0.1; Nexus 5X Build/MMB29P) AppleWebKit/537.36 (KHTML, like Gecko) Chrome/137.0.7151.103 Mobile Safari/537.36 (compatible; Googlebot/2.1; +http://www.google.com/bot.html)"
66.249.64.71 - - [11/Jul/2025:21:22:04 +0700] "GET /shopdetail/YUMIKO%20Sofiane%20C-Iron/N-Moontide-%E3%83%90%E3%83%AC%E3%82%A8%E3%82%B7%E3%83%A7%E3%83%83%E3%83%97%E3%82%A8%E3%83%88%E3%83%AF%E3%83%BC%E3%83%AB HTTP/1.1" 200 20911 "-" "Mozilla/5.0 (Linux; Android 6.0.1; Nexus 5X Build/MMB29P) AppleWebKit/537.36 (KHTML, like Gecko) Chrome/137.0.7151.103 Mobile Safari/537.36 (compatible; Googlebot/2.1; +http://www.google.com/bot.html)"
66.249.64.72 - - [11/Jul/2025:21:22:05 +0700] "GET /shopdetail/%E6%A5%BD%E5%A4%A9%E5%B8%82%E5%A0%B4%E3%80%91WARRIOR/%E3%82%A6%E3%82%A9%E3%83%AA%E3%82%A2%E3%83%BC%20TOILETRY%20BAG%20%E3%80%90%E3%82%A2%E3%82%A4%E3%82%B9%E3%83%9B%E3%83%83%E3%82%B1%E3%83%BC%E3%83%90%E3%83%83%E3%82%AF HTTP/1.1" 200 21807 "-" "Mozilla/5.0 (Linux; Android 6.0.1; Nexus 5X Build/MMB29P) AppleWebKit/537.36 (KHTML, like Gecko) Chrome/137.0.7151.103 Mobile Safari/537.36 (compatible; Googlebot/2.1; +http://www.google.com/bot.html)"
66.249.64.73 - - [11/Jul/2025:21:22:04 +0700] "GET /shopdetail/%E3%82%B7%E3%83%A7%E3%83%AB%E3%83%80%E3%83%BC%E3%83%90%E3%83%83%E3%82%B0%20%E3%82%AF%E3%83%9E%E3%81%AE%E3%83%97%E3%83%BC%E3%81%95%E3%82%93%20%E3%83%9D%E3%82%B7%E3%82%A7%E3%83%83%E3%83%88%20%E3%83%87%E3%82%A3%E3%82%BA%E3%83%8B%E3%83%BC%20%E3%83%9D%E3%83%BC%E3%83%81%20%E3%82%A2%E3%83%AA%E3%83%BC%E3%83%8A/%E3%82%AF%E3%83%9E%E3%81%AE%E3%83%97%E3%83%BC%E3%81%95%E3%82%93%20%E3%82%B7%E3%83%A7%E3%83%AB%E3%83%80%E3%83%BC%E3%83%90%E3%83%83%E3%82%B0%20DISX-5315 HTTP/1.1" 200 21295 "-" "Mozilla/5.0 (Linux; Android 6.0.1; Nexus 5X Build/MMB29P) AppleWebKit/537.36 (KHTML, like Gecko) Chrome/137.0.7151.103 Mobile Safari/537.36 (compatible; Googlebot/2.1; +http://www.google.com/bot.html)"
66.249.64.71 - - [11/Jul/2025:21:22:06 +0700] "GET /shopdetail/%E3%83%93%E3%82%B9%E3%82%AF%20%E3%83%9F%E3%83%8B%E3%83%A7%E3%83%8D%E3%83%83%E3%83%88%E3%81%AE%E4%B8%AD%E5%8F%A4/%E6%9C%AA%E4%BD%BF%E7%94%A8%E5%93%81%20-%20%E3%83%A1%E3%83%AB%E3%82%AB%E3%83%AA HTTP/1.1" 200 21851 "-" "Mozilla/5.0 (Linux; Android 6.0.1; Nexus 5X Build/MMB29P) AppleWebKit/537.36 (KHTML, like Gecko) Chrome/137.0.7151.103 Mobile Safari/537.36 (compatible; Googlebot/2.1; +http://www.google.com/bot.html)"
66.249.71.203 - - [11/Jul/2025:21:22:07 +0700] "POST /get-message-notify HTTP/1.1" 200 19363 "https://bodieukhiencuacuon.vn/shopdetail/%E3%82%B9%E3%82%BF%E3%83%90%E6%96%B0%E4%BD%9C%E3%82%B0%E3%83%83%E3%82%BA%E3%81%AESTANLEY%E6%A1%9C%E3%83%94%E3%83%B3%E3%82%AF%E3%82%BF%E3%83%B3%E3%83%96%E3%83%A9%E3%83%BC3/5%E7%99%BB%E5%A0%B4%20-%20%E5%B1%B1%E5%8F%A3%E7%9A%84" "Mozilla/5.0 (Linux; Android 6.0.1; Nexus 5X Build/MMB29P) AppleWebKit/537.36 (KHTML, like Gecko) Chrome/137.0.7151.119 Mobile Safari/537.36 (compatible; Googlebot/2.1; +http://www.google.com/bot.html)"
66.249.71.203 - - [11/Jul/2025:21:22:09 +0700] "POST /get-message-notify HTTP/1.1" 200 19363 "https://bodieukhiencuacuon.vn/shopdetail/YUMIKO%20Sofiane%20C-Iron/N-Moontide-%E3%83%90%E3%83%AC%E3%82%A8%E3%82%B7%E3%83%A7%E3%83%83%E3%83%97%E3%82%A8%E3%83%88%E3%83%AF%E3%83%BC%E3%83%AB" "Mozilla/5.0 (Linux; Android 6.0.1; Nexus 5X Build/MMB29P) AppleWebKit/537.36 (KHTML, like Gecko) Chrome/137.0.7151.119 Mobile Safari/537.36 (compatible; Googlebot/2.1; +http://www.google.com/bot.html)"
66.249.71.204 - - [11/Jul/2025:21:21:50 +0700] "POST /get-message-notify HTTP/1.1" 200 19363 "https://bodieukhiencuacuon.vn/shopdetail/2774712" "Mozilla/5.0 (Linux; Android 6.0.1; Nexus 5X Build/MMB29P) AppleWebKit/537.36 (KHTML, like Gecko) Chrome/137.0.7151.119 Mobile Safari/537.36 (compatible; Googlebot/2.1; +http://www.google.com/bot.html)"
66.249.71.204 - - [11/Jul/2025:21:21:52 +0700] "GET /shopdetail/Johnstons%20of%20Elgin/%E3%82%AB%E3%82%B7%E3%83%9F%E3%83%A4%E3%83%AA%E3%83%96%E3%83%95%E3%82%A3%E3%83%B3%E3%82%AC%E3%83%BC%E3%83%AC%E3%82%B9%E3%82%B0%E3%83%AD%E3%83%BC%E3%83%96 HTTP/1.1" 200 20612 "-" "Mozilla/5.0 (Linux; Android 6.0.1; Nexus 5X Build/MMB29P) AppleWebKit/537.36 (KHTML, like Gecko) Chrome/137.0.7151.103 Mobile Safari/537.36 (compatible; Googlebot/2.1; +http://www.google.com/bot.html)"
66.249.71.204 - - [11/Jul/2025:21:21:53 +0700] "GET /shopdetail/%E9%80%B2%E7%A0%94%E6%A8%A1%E8%A9%A6%20%E3%83%99%E3%83%8D%E3%83%83%E3%82%BB%20%E9%AB%98%EF%BC%91%20%E7%B7%8F%E5%90%88%E5%AD%A6%E5%8A%9B%E3%83%86%E3%82%B9%E3%83%88%20%EF%BC%92%EF%BC%90%EF%BC%92%EF%BC%91%E5%B9%B4%E5%BA%A6%EF%BC%91%EF%BC%91%E6%9C%88%20%E8%8B%B1%E8%AA%9E/%E6%95%B0%E5%AD%A6 HTTP/1.1" 200 20278 "-" "Mozilla/5.0 (Linux; Android 6.0.1; Nexus 5X Build/MMB29P) AppleWebKit/537.36 (KHTML, like Gecko) Chrome/137.0.7151.103 Mobile Safari/537.36 (compatible; Googlebot/2.1; +http://www.google.com/bot.html)"
66.249.71.204 - - [11/Jul/2025:21:21:54 +0700] "POST /get-message-notify HTTP/1.1" 200 19363 "https://bodieukhiencuacuon.vn/shopdetail/57773512" "Mozilla/5.0 (Linux; Android 6.0.1; Nexus 5X Build/MMB29P) AppleWebKit/537.36 (KHTML, like Gecko) Chrome/137.0.7151.119 Mobile Safari/537.36 (compatible; Googlebot/2.1; +http://www.google.com/bot.html)"
66.249.64.72 - - [11/Jul/2025:21:21:56 +0700] "GET /shopdetail/jasminjasmin%20/%20%E2%80%BB%E2%80%BBleur%20logette(%E3%83%AB%E3%83%BC%E3%83%AB%E3%83%AD%E3%82%B8%E3%82%A7%E3%83%83%E3%83%88)%E3%82%A2%E3%83%BC%E3%83%88%E3%83%95%E3%83%A9%E3%83%AF%E3%83%BC%E5%88%BA%E7%B9%8D HTTP/1.1" 200 21707 "-" "Mozilla/5.0 (Linux; Android 6.0.1; Nexus 5X Build/MMB29P) AppleWebKit/537.36 (KHTML, like Gecko) Chrome/137.0.7151.103 Mobile Safari/537.36 (compatible; Googlebot/2.1; +http://www.google.com/bot.html)"
66.249.71.204 - - [11/Jul/2025:21:21:57 +0700] "GET /shopdetail/%E7%84%A1%E5%8D%B0%E8%89%AF%E5%93%81%20%E3%82%B9%E3%83%81%E3%83%BC%E3%83%AB%E3%83%A6%E3%83%8B%E3%83%83%E3%83%88%E3%82%B7%E3%82%A7%E3%83%AB%E3%83%95/%E5%B8%86%E5%B8%83%E3%83%90%E3%82%B9%E3%82%B1%E3%83%83%E3%83%88%20%E3%82%B9%E3%83%81%E3%83%BC%E3%83%AB%E6%A3%9A%E6%9D%BF HTTP/1.1" 200 21610 "-" "Mozilla/5.0 (Linux; Android 6.0.1; Nexus 5X Build/MMB29P) AppleWebKit/537.36 (KHTML, like Gecko) Chrome/137.0.7151.103 Mobile Safari/537.36 (compatible; Googlebot/2.1; +http://www.google.com/bot.html)"
66.249.64.73 - - [11/Jul/2025:21:22:03 +0700] "GET /shopdetail/lego%2040338%E3%81%AE%E4%B8%AD%E5%8F%A4/%E6%9C%AA%E4%BD%BF%E7%94%A8%E5%93%81%20-%20%E3%83%A1%E3%83%AB%E3%82%AB%E3%83%AA HTTP/1.1" 200 20236 "-" "Mozilla/5.0 (Linux; Android 6.0.1; Nexus 5X Build/MMB29P) AppleWebKit/537.36 (KHTML, like Gecko) Chrome/137.0.7151.103 Mobile Safari/537.36 (compatible; Googlebot/2.1; +http://www.google.com/bot.html)"
66.249.71.203 - - [11/Jul/2025:21:22:06 +0700] "POST /get-message-notify HTTP/1.1" 200 19363 "https://bodieukhiencuacuon.vn/shopdetail/%E7%84%A1%E5%8D%B0%E8%89%AF%E5%93%81%20%E3%82%B9%E3%83%81%E3%83%BC%E3%83%AB%E3%83%A6%E3%83%8B%E3%83%83%E3%83%88%E3%82%B7%E3%82%A7%E3%83%AB%E3%83%95/%E5%B8%86%E5%B8%83%E3%83%90%E3%82%B9%E3%82%B1%E3%83%83%E3%83%88%20%E3%82%B9%E3%83%81%E3%83%BC%E3%83%AB%E6%A3%9A%E6%9D%BF" "Mozilla/5.0 (Linux; Android 6.0.1; Nexus 5X Build/MMB29P) AppleWebKit/537.36 (KHTML, like Gecko) Chrome/137.0.7151.119 Mobile Safari/537.36 (compatible; Googlebot/2.1; +http://www.google.com/bot.html)"
213.141.131.39 - - [11/Jul/2025:21:25:27 +0700] "POST /wp-login.php HTTP/2" 200 2161 "https://bodieukhiencuacuon.vn/wp-login.php?redirect_to=https%3A%2F%2Fbodieukhiencuacuon.vn%2Fwp-admin%2F" "Mozilla/5.0 (Windows NT 10.0; Win64; x64; rv:137.0) Gecko/20100101 Firefox/137.0"
66.249.71.204 - - [11/Jul/2025:21:22:05 +0700] "GET /shopdetail/%E3%83%AB%E3%83%8D%20%E3%83%95%E3%83%AB%E3%83%88%E3%83%AC%E3%83%BC%E3%83%AB%20/%20%E3%83%9C%E3%83%AA%E3%83%A5%E3%83%A1%E3%82%A2%20%E3%82%B7%E3%83%A3%E3%83%B3%E3%83%97%E3%83%BC%EF%BC%8F%E3%82%B3%E3%83%B3%E3%83%87%E3%82%A3%E3%82%B7%E3%83%A7%E3%83%8A%E3%83%BC%E3%81%AE%E5%85%AC%E5%BC%8F HTTP/1.1" 200 20178 "-" "Mozilla/5.0 (Linux; Android 6.0.1; Nexus 5X Build/MMB29P) AppleWebKit/537.36 (KHTML, like Gecko) Chrome/137.0.7151.103 Mobile Safari/537.36 (compatible; Googlebot/2.1; +http://www.google.com/bot.html)"
66.249.71.204 - - [11/Jul/2025:21:22:07 +0700] "POST /get-message-notify HTTP/1.1" 200 19363 "https://bodieukhiencuacuon.vn/shopdetail/M/%E5%8F%A4%E7%9D%80%20%E3%82%B9%E3%82%BF%E3%82%B8%E3%83%A3%E3%83%B3%20R%20%E8%A2%96%E3%83%AC%E3%82%B6%E3%83%BC%20%E3%82%A6%E3%83%BC%E3%83%AB%20%E7%B7%91%20%E3%82%B0%E3%83%AA%E3%83%BC%E3%83%B3%2018dec27%20%E4%B8%AD%E5%8F%A4" "Mozilla/5.0 (Linux; Android 6.0.1; Nexus 5X Build/MMB29P) AppleWebKit/537.36 (KHTML, like Gecko) Chrome/137.0.7151.119 Mobile Safari/537.36 (compatible; Googlebot/2.1; +http://www.google.com/bot.html)"
66.249.64.71 - - [11/Jul/2025:21:22:11 +0700] "POST /get-message-notify HTTP/1.1" 200 19363 "https://bodieukhiencuacuon.vn/shopdetail/%E3%83%AB%E3%83%8D%20%E3%83%95%E3%83%AB%E3%83%88%E3%83%AC%E3%83%BC%E3%83%AB%20/%20%E3%83%9C%E3%83%AA%E3%83%A5%E3%83%A1%E3%82%A2%20%E3%82%B7%E3%83%A3%E3%83%B3%E3%83%97%E3%83%BC%EF%BC%8F%E3%82%B3%E3%83%B3%E3%83%87%E3%82%A3%E3%82%B7%E3%83%A7%E3%83%8A%E3%83%BC%E3%81%AE%E5%85%AC%E5%BC%8F" "Mozilla/5.0 (Linux; Android 6.0.1; Nexus 5X Build/MMB29P) AppleWebKit/537.36 (KHTML, like Gecko) Chrome/137.0.7151.119 Mobile Safari/537.36 (compatible; Googlebot/2.1; +http://www.google.com/bot.html)"
66.249.64.72 - - [11/Jul/2025:21:22:38 +0700] "POST /get-message-notify HTTP/1.1" 200 19363 "https://bodieukhiencuacuon.vn/shopdetail/lego%2040338%E3%81%AE%E4%B8%AD%E5%8F%A4/%E6%9C%AA%E4%BD%BF%E7%94%A8%E5%93%81%20-%20%E3%83%A1%E3%83%AB%E3%82%AB%E3%83%AA" "Mozilla/5.0 (Linux; Android 6.0.1; Nexus 5X Build/MMB29P) AppleWebKit/537.36 (KHTML, like Gecko) Chrome/137.0.7151.119 Mobile Safari/537.36 (compatible; Googlebot/2.1; +http://www.google.com/bot.html)"
40.77.167.20 - - [11/Jul/2025:21:22:50 +0700] "GET /order/0321564/ HTTP/2" 200 20129 "-" "Mozilla/5.0 AppleWebKit/537.36 (KHTML, like Gecko; compatible; bingbot/2.0; +http://www.bing.com/bingbot.htm) Chrome/116.0.1938.76 Safari/537.36"
52.167.144.213 - - [11/Jul/2025:21:24:05 +0700] "GET /Impromptus-De-Chopin-Wikip-dia/247691 HTTP/2" 200 20227 "-" "Mozilla/5.0 AppleWebKit/537.36 (KHTML, like Gecko; compatible; bingbot/2.0; +http://www.bing.com/bingbot.htm) Chrome/116.0.1938.76 Safari/537.36"
66.249.64.73 - - [11/Jul/2025:21:24:57 +0700] "GET /recollection.php?shopdetail/361618112 HTTP/1.1" 200 19391 "-" "Mozilla/5.0 (Linux; Android 6.0.1; Nexus 5X Build/MMB29P) AppleWebKit/537.36 (KHTML, like Gecko) Chrome/137.0.7151.103 Mobile Safari/537.36 (compatible; Googlebot/2.1; +http://www.google.com/bot.html)"
103.57.221.79 - - [11/Jul/2025:21:25:22 +0700] "POST /wp-admin/admin-ajax.php?action=async_litespeed&nonce=1uBPwwBUJSZ4IYZsoaEkmtFCa86YEJzw&litespeed_type=imgoptm HTTP/1.1" 200 146 "-" "WordPress/6.8.1; https://bodieukhiencuacuon.vn"
66.249.71.203 - - [11/Jul/2025:21:26:38 +0700] "GET /shopdetail/12977412 HTTP/1.1" 200 21623 "-" "Mozilla/5.0 (Linux; Android 6.0.1; Nexus 5X Build/MMB29P) AppleWebKit/537.36 (KHTML, like Gecko) Chrome/137.0.7151.103 Mobile Safari/537.36 (compatible; Googlebot/2.1; +http://www.google.com/bot.html)"
66.249.71.203 - - [11/Jul/2025:21:26:54 +0700] "GET /recollection.php?shopdetail/169367412 HTTP/1.1" 200 19922 "-" "Mozilla/5.0 (Linux; Android 6.0.1; Nexus 5X Build/MMB29P) AppleWebKit/537.36 (KHTML, like Gecko) Chrome/137.0.7151.103 Mobile Safari/537.36 (compatible; Googlebot/2.1; +http://www.google.com/bot.html)"
66.249.64.71 - - [11/Jul/2025:21:22:10 +0700] "POST /get-message-notify HTTP/1.1" 200 19363 "https://bodieukhiencuacuon.vn/shopdetail/%E6%A5%BD%E5%A4%A9%E5%B8%82%E5%A0%B4%E3%80%91WARRIOR/%E3%82%A6%E3%82%A9%E3%83%AA%E3%82%A2%E3%83%BC%20TOILETRY%20BAG%20%E3%80%90%E3%82%A2%E3%82%A4%E3%82%B9%E3%83%9B%E3%83%83%E3%82%B1%E3%83%BC%E3%83%90%E3%83%83%E3%82%AF" "Mozilla/5.0 (Linux; Android 6.0.1; Nexus 5X Build/MMB29P) AppleWebKit/537.36 (KHTML, like Gecko) Chrome/137.0.7151.119 Mobile Safari/537.36 (compatible; Googlebot/2.1; +http://www.google.com/bot.html)"
66.249.71.203 - - [11/Jul/2025:21:23:18 +0700] "GET /shopdetail/231471512 HTTP/1.1" 200 19362 "-" "Mozilla/5.0 (Linux; Android 6.0.1; Nexus 5X Build/MMB29P) AppleWebKit/537.36 (KHTML, like Gecko) Chrome/137.0.7151.103 Mobile Safari/537.36 (compatible; Googlebot/2.1; +http://www.google.com/bot.html)"
66.249.71.203 - - [11/Jul/2025:21:23:24 +0700] "POST /get-message-notify HTTP/1.1" 200 19363 "https://bodieukhiencuacuon.vn/shopdetail/231471512" "Mozilla/5.0 (Linux; Android 6.0.1; Nexus 5X Build/MMB29P) AppleWebKit/537.36 (KHTML, like Gecko) Chrome/137.0.7151.119 Mobile Safari/537.36 (compatible; Googlebot/2.1; +http://www.google.com/bot.html)"
40.77.167.23 - - [11/Jul/2025:21:24:54 +0700] "GET /news/2491580/ HTTP/2" 200 19331 "-" "Mozilla/5.0 AppleWebKit/537.36 (KHTML, like Gecko; compatible; bingbot/2.0; +http://www.bing.com/bingbot.htm) Chrome/116.0.1938.76 Safari/537.36"
66.249.71.204 - - [11/Jul/2025:21:25:13 +0700] "GET /shopdetail/21490612 HTTP/1.1" 200 21931 "-" "Mozilla/5.0 (Linux; Android 6.0.1; Nexus 5X Build/MMB29P) AppleWebKit/537.36 (KHTML, like Gecko) Chrome/137.0.7151.103 Mobile Safari/537.36 (compatible; Googlebot/2.1; +http://www.google.com/bot.html)"
213.141.131.39 - - [11/Jul/2025:21:25:22 +0700] "GET /wp-login.php HTTP/2" 200 2016 "http://bodieukhiencuacuon.vn/wp-login.php" "Mozilla/5.0 (Windows NT 10.0; Win64; x64; rv:137.0) Gecko/20100101 Firefox/137.0"
213.141.131.39 - - [11/Jul/2025:21:25:25 +0700] "GET /wp-json/wp/v2/users HTTP/2" 301 0 "http://bodieukhiencuacuon.vn/wp-login.php" "Mozilla/5.0 (Windows NT 10.0; Win64; x64; rv:137.0) Gecko/20100101 Firefox/137.0"
66.249.71.203 - - [11/Jul/2025:21:25:29 +0700] "POST /get-message-notify HTTP/1.1" 200 19363 "https://bodieukhiencuacuon.vn/shopdetail/21490612" "Mozilla/5.0 (Linux; Android 6.0.1; Nexus 5X Build/MMB29P) AppleWebKit/537.36 (KHTML, like Gecko) Chrome/137.0.7151.119 Mobile Safari/537.36 (compatible; Googlebot/2.1; +http://www.google.com/bot.html)"
52.167.144.213 - - [11/Jul/2025:21:26:04 +0700] "GET /mobile/52641/ HTTP/2" 200 22803 "-" "Mozilla/5.0 AppleWebKit/537.36 (KHTML, like Gecko; compatible; bingbot/2.0; +http://www.bing.com/bingbot.htm) Chrome/116.0.1938.76 Safari/537.36"
66.249.64.71 - - [11/Jul/2025:21:26:43 +0700] "POST /get-message-notify HTTP/1.1" 200 19363 "https://bodieukhiencuacuon.vn/shopdetail/35884112" "Mozilla/5.0 (Linux; Android 6.0.1; Nexus 5X Build/MMB29P) AppleWebKit/537.36 (KHTML, like Gecko) Chrome/137.0.7151.119 Mobile Safari/537.36 (compatible; Googlebot/2.1; +http://www.google.com/bot.html)"
66.249.64.71 - - [11/Jul/2025:21:27:42 +0700] "GET /recollection.php?shopdetail/122320112 HTTP/1.1" 200 19964 "-" "Mozilla/5.0 (Linux; Android 6.0.1; Nexus 5X Build/MMB29P) AppleWebKit/537.36 (KHTML, like Gecko) Chrome/137.0.7151.103 Mobile Safari/537.36 (compatible; Googlebot/2.1; +http://www.google.com/bot.html)"
66.249.71.204 - - [11/Jul/2025:21:28:06 +0700] "POST /get-message-notify HTTP/1.1" 200 19363 "https://bodieukhiencuacuon.vn/shopdetail/47982112" "Mozilla/5.0 (Linux; Android 6.0.1; Nexus 5X Build/MMB29P) AppleWebKit/537.36 (KHTML, like Gecko) Chrome/137.0.7151.119 Mobile Safari/537.36 (compatible; Googlebot/2.1; +http://www.google.com/bot.html)"
66.249.64.72 - - [11/Jul/2025:21:28:05 +0700] "GET /shopdetail/145654712 HTTP/1.1" 200 20109 "-" "Mozilla/5.0 (Linux; Android 6.0.1; Nexus 5X Build/MMB29P) AppleWebKit/537.36 (KHTML, like Gecko) Chrome/137.0.7151.103 Mobile Safari/537.36 (compatible; Googlebot/2.1; +http://www.google.com/bot.html)"
52.167.144.216 - - [11/Jul/2025:21:28:11 +0700] "GET /D-c-fix-Papier-Adh-sif-Pour-Meuble-Effet-Bois-Bois-Noir-Film/344092 HTTP/2" 200 20666 "-" "Mozilla/5.0 AppleWebKit/537.36 (KHTML, like Gecko; compatible; bingbot/2.0; +http://www.bing.com/bingbot.htm) Chrome/116.0.1938.76 Safari/537.36"
103.57.221.79 - - [11/Jul/2025:21:32:22 +0700] "POST /wp-cron.php?doing_wp_cron=1752244342.3278911113739013671875 HTTP/1.1" 200 0 "-" "WordPress/6.8.1; https://bodieukhiencuacuon.vn"
103.57.221.79 - - [11/Jul/2025:21:32:23 +0700] "POST /wp-admin/admin-ajax.php?action=async_litespeed&nonce=dPELYsSVT7uimvlfBJtbRBQvbd2SZxWq&litespeed_type=imgoptm HTTP/1.1" 200 146 "-" "WordPress/6.8.1; https://bodieukhiencuacuon.vn"
103.179.191.57 - - [11/Jul/2025:21:32:31 +0700] "GET /aptomat-mccb-abn-ls-2pha-va-3-pha/ HTTP/1.1" 200 27634 "-" "Mozilla/5.0 (X11; Linux x86_64) AppleWebKit/537.36 (KHTML, like Gecko) Chrome/103.0.5060.53 Safari/537.36"
66.249.71.203 - - [11/Jul/2025:21:32:42 +0700] "POST /get-message-notify HTTP/1.1" 200 19363 "https://bodieukhiencuacuon.vn/recollection.php?shopdetail/115821412" "Mozilla/5.0 (Linux; Android 6.0.1; Nexus 5X Build/MMB29P) AppleWebKit/537.36 (KHTML, like Gecko) Chrome/137.0.7151.119 Mobile Safari/537.36 (compatible; Googlebot/2.1; +http://www.google.com/bot.html)"
66.249.64.73 - - [11/Jul/2025:21:26:29 +0700] "GET /shopdetail/35884112 HTTP/1.1" 200 20613 "-" "Mozilla/5.0 (Linux; Android 6.0.1; Nexus 5X Build/MMB29P) AppleWebKit/537.36 (KHTML, like Gecko) Chrome/137.0.7151.103 Mobile Safari/537.36 (compatible; Googlebot/2.1; +http://www.google.com/bot.html)"
52.167.144.18 - - [11/Jul/2025:21:27:03 +0700] "GET /news/6320481/ HTTP/2" 200 19864 "-" "Mozilla/5.0 AppleWebKit/537.36 (KHTML, like Gecko; compatible; bingbot/2.0; +http://www.bing.com/bingbot.htm) Chrome/116.0.1938.76 Safari/537.36"
66.249.64.71 - - [11/Jul/2025:21:28:02 +0700] "GET /shopdetail/47982112 HTTP/1.1" 200 20649 "-" "Mozilla/5.0 (Linux; Android 6.0.1; Nexus 5X Build/MMB29P) AppleWebKit/537.36 (KHTML, like Gecko) Chrome/137.0.7151.103 Mobile Safari/537.36 (compatible; Googlebot/2.1; +http://www.google.com/bot.html)"
66.249.71.204 - - [11/Jul/2025:21:29:10 +0700] "GET /recollection.php?shopdetail/145292012 HTTP/1.1" 200 21462 "-" "Mozilla/5.0 (Linux; Android 6.0.1; Nexus 5X Build/MMB29P) AppleWebKit/537.36 (KHTML, like Gecko) Chrome/137.0.7151.103 Mobile Safari/537.36 (compatible; Googlebot/2.1; +http://www.google.com/bot.html)"
103.179.191.57 - - [11/Jul/2025:21:32:21 +0700] "GET / HTTP/1.1" 200 27636 "-" "Mozilla/5.0 (X11; Linux x86_64) AppleWebKit/537.36 (KHTML, like Gecko) Chrome/103.0.5060.53 Safari/537.36"
66.249.64.71 - - [11/Jul/2025:21:29:14 +0700] "POST /get-message-notify HTTP/1.1" 200 19363 "https://bodieukhiencuacuon.vn/recollection.php?shopdetail/145292012" "Mozilla/5.0 (Linux; Android 6.0.1; Nexus 5X Build/MMB29P) AppleWebKit/537.36 (KHTML, like Gecko) Chrome/137.0.7151.119 Mobile Safari/537.36 (compatible; Googlebot/2.1; +http://www.google.com/bot.html)"
66.249.64.73 - - [11/Jul/2025:21:31:28 +0700] "GET /recollection.php?shopdetail/152586912 HTTP/1.1" 200 19449 "-" "Mozilla/5.0 (Linux; Android 6.0.1; Nexus 5X Build/MMB29P) AppleWebKit/537.36 (KHTML, like Gecko) Chrome/137.0.7151.103 Mobile Safari/537.36 (compatible; Googlebot/2.1; +http://www.google.com/bot.html)"
66.249.64.72 - - [11/Jul/2025:21:32:26 +0700] "GET /recollection.php?shopdetail/115821412 HTTP/1.1" 200 20609 "-" "Mozilla/5.0 (Linux; Android 6.0.1; Nexus 5X Build/MMB29P) AppleWebKit/537.36 (KHTML, like Gecko) Chrome/137.0.7151.103 Mobile Safari/537.36 (compatible; Googlebot/2.1; +http://www.google.com/bot.html)"
40.77.167.35 - - [11/Jul/2025:21:32:50 +0700] "GET /2-Capacit-2-Kg-NF-Avec-Support-De-Fixation-Contact/174668 HTTP/2" 200 20034 "-" "Mozilla/5.0 AppleWebKit/537.36 (KHTML, like Gecko; compatible; bingbot/2.0; +http://www.bing.com/bingbot.htm) Chrome/116.0.1938.76 Safari/537.36"
66.249.71.203 - - [11/Jul/2025:21:33:45 +0700] "GET /recollection.php?shopdetail/322417112 HTTP/1.1" 200 19976 "-" "Mozilla/5.0 (Linux; Android 6.0.1; Nexus 5X Build/MMB29P) AppleWebKit/537.36 (KHTML, like Gecko) Chrome/137.0.7151.103 Mobile Safari/537.36 (compatible; Googlebot/2.1; +http://www.google.com/bot.html)"
66.249.64.72 - - [11/Jul/2025:21:34:11 +0700] "POST /get-message-notify HTTP/1.1" 200 19363 "https://bodieukhiencuacuon.vn/recollection.php?shopdetail/322417112" "Mozilla/5.0 (Linux; Android 6.0.1; Nexus 5X Build/MMB29P) AppleWebKit/537.36 (KHTML, like Gecko) Chrome/137.0.7151.119 Mobile Safari/537.36 (compatible; Googlebot/2.1; +http://www.google.com/bot.html)"
66.249.71.203 - - [11/Jul/2025:21:35:55 +0700] "GET /shopdetail/148354412 HTTP/1.1" 200 19514 "-" "Mozilla/5.0 (Linux; Android 6.0.1; Nexus 5X Build/MMB29P) AppleWebKit/537.36 (KHTML, like Gecko) Chrome/137.0.7151.103 Mobile Safari/537.36 (compatible; Googlebot/2.1; +http://www.google.com/bot.html)"
40.77.167.35 - - [11/Jul/2025:21:38:07 +0700] "GET /mobile/69431/ HTTP/2" 200 22772 "-" "Mozilla/5.0 AppleWebKit/537.36 (KHTML, like Gecko; compatible; bingbot/2.0; +http://www.bing.com/bingbot.htm) Chrome/116.0.1938.76 Safari/537.36"
66.249.71.204 - - [11/Jul/2025:21:41:09 +0700] "GET /shopdetail/162810512 HTTP/1.1" 200 19810 "-" "Mozilla/5.0 (Linux; Android 6.0.1; Nexus 5X Build/MMB29P) AppleWebKit/537.36 (KHTML, like Gecko) Chrome/137.0.7151.103 Mobile Safari/537.36 (compatible; Googlebot/2.1; +http://www.google.com/bot.html)"
66.249.71.204 - - [11/Jul/2025:21:41:12 +0700] "GET /shopdetail/70463412 HTTP/1.1" 200 20039 "-" "Mozilla/5.0 (Linux; Android 6.0.1; Nexus 5X Build/MMB29P) AppleWebKit/537.36 (KHTML, like Gecko) Chrome/137.0.7151.103 Mobile Safari/537.36 (compatible; Googlebot/2.1; +http://www.google.com/bot.html)"
66.249.64.71 - - [11/Jul/2025:21:41:13 +0700] "GET /shopdetail/110802612 HTTP/1.1" 200 20053 "-" "Mozilla/5.0 (Linux; Android 6.0.1; Nexus 5X Build/MMB29P) AppleWebKit/537.36 (KHTML, like Gecko) Chrome/137.0.7151.103 Mobile Safari/537.36 (compatible; Googlebot/2.1; +http://www.google.com/bot.html)"
66.249.64.71 - - [11/Jul/2025:21:41:13 +0700] "GET /shopdetail/63732212 HTTP/1.1" 200 19875 "-" "Mozilla/5.0 (Linux; Android 6.0.1; Nexus 5X Build/MMB29P) AppleWebKit/537.36 (KHTML, like Gecko) Chrome/137.0.7151.103 Mobile Safari/537.36 (compatible; Googlebot/2.1; +http://www.google.com/bot.html)"
66.249.71.203 - - [11/Jul/2025:21:41:14 +0700] "GET /shopdetail/43268212 HTTP/1.1" 200 19427 "-" "Mozilla/5.0 (Linux; Android 6.0.1; Nexus 5X Build/MMB29P) AppleWebKit/537.36 (KHTML, like Gecko) Chrome/137.0.7151.103 Mobile Safari/537.36 (compatible; Googlebot/2.1; +http://www.google.com/bot.html)"
66.249.64.71 - - [11/Jul/2025:21:41:17 +0700] "POST /get-message-notify HTTP/1.1" 200 19363 "https://bodieukhiencuacuon.vn/shopdetail/63732212" "Mozilla/5.0 (Linux; Android 6.0.1; Nexus 5X Build/MMB29P) AppleWebKit/537.36 (KHTML, like Gecko) Chrome/137.0.7151.119 Mobile Safari/537.36 (compatible; Googlebot/2.1; +http://www.google.com/bot.html)"
66.249.71.203 - - [11/Jul/2025:21:41:18 +0700] "GET /shopdetail/64748612 HTTP/1.1" 200 19847 "-" "Mozilla/5.0 (Linux; Android 6.0.1; Nexus 5X Build/MMB29P) AppleWebKit/537.36 (KHTML, like Gecko) Chrome/137.0.7151.103 Mobile Safari/537.36 (compatible; Googlebot/2.1; +http://www.google.com/bot.html)"
66.249.64.71 - - [11/Jul/2025:21:41:19 +0700] "GET /shopdetail/25903912 HTTP/1.1" 200 20154 "-" "Mozilla/5.0 (Linux; Android 6.0.1; Nexus 5X Build/MMB29P) AppleWebKit/537.36 (KHTML, like Gecko) Chrome/137.0.7151.103 Mobile Safari/537.36 (compatible; Googlebot/2.1; +http://www.google.com/bot.html)"
66.249.64.71 - - [11/Jul/2025:21:41:20 +0700] "GET /shopdetail/110804912 HTTP/1.1" 200 20895 "-" "Mozilla/5.0 (Linux; Android 6.0.1; Nexus 5X Build/MMB29P) AppleWebKit/537.36 (KHTML, like Gecko) Chrome/137.0.7151.103 Mobile Safari/537.36 (compatible; Googlebot/2.1; +http://www.google.com/bot.html)"
66.249.64.71 - - [11/Jul/2025:21:41:22 +0700] "POST /get-message-notify HTTP/1.1" 200 19363 "https://bodieukhiencuacuon.vn/shopdetail/64748612" "Mozilla/5.0 (Linux; Android 6.0.1; Nexus 5X Build/MMB29P) AppleWebKit/537.36 (KHTML, like Gecko) Chrome/137.0.7151.119 Mobile Safari/537.36 (compatible; Googlebot/2.1; +http://www.google.com/bot.html)"
66.249.64.71 - - [11/Jul/2025:21:41:32 +0700] "GET /shopdetail/73432212 HTTP/1.1" 200 20452 "-" "Mozilla/5.0 (Linux; Android 6.0.1; Nexus 5X Build/MMB29P) AppleWebKit/537.36 (KHTML, like Gecko) Chrome/137.0.7151.103 Mobile Safari/537.36 (compatible; Googlebot/2.1; +http://www.google.com/bot.html)"
52.167.144.216 - - [11/Jul/2025:21:35:11 +0700] "GET /mobile/53602/ HTTP/2" 200 20866 "-" "Mozilla/5.0 AppleWebKit/537.36 (KHTML, like Gecko; compatible; bingbot/2.0; +http://www.bing.com/bingbot.htm) Chrome/116.0.1938.76 Safari/537.36"
66.249.64.72 - - [11/Jul/2025:21:36:31 +0700] "GET /shopdetail/256324012 HTTP/1.1" 200 20029 "-" "Mozilla/5.0 (Linux; Android 6.0.1; Nexus 5X Build/MMB29P) AppleWebKit/537.36 (KHTML, like Gecko) Chrome/137.0.7151.103 Mobile Safari/537.36 (compatible; Googlebot/2.1; +http://www.google.com/bot.html)"
66.249.71.204 - - [11/Jul/2025:21:36:36 +0700] "POST /get-message-notify HTTP/1.1" 200 19363 "https://bodieukhiencuacuon.vn/shopdetail/256324012" "Mozilla/5.0 (Linux; Android 6.0.1; Nexus 5X Build/MMB29P) AppleWebKit/537.36 (KHTML, like Gecko) Chrome/137.0.7151.119 Mobile Safari/537.36 (compatible; Googlebot/2.1; +http://www.google.com/bot.html)"
40.77.167.241 - - [11/Jul/2025:21:38:43 +0700] "GET /news/39281/ HTTP/2" 200 19855 "-" "Mozilla/5.0 AppleWebKit/537.36 (KHTML, like Gecko; compatible; bingbot/2.0; +http://www.bing.com/bingbot.htm) Chrome/116.0.1938.76 Safari/537.36"
52.167.144.210 - - [11/Jul/2025:21:39:22 +0700] "GET /mobile/20418/ HTTP/2" 200 20614 "-" "Mozilla/5.0 AppleWebKit/537.36 (KHTML, like Gecko; compatible; bingbot/2.0; +http://www.bing.com/bingbot.htm) Chrome/116.0.1938.76 Safari/537.36"
66.249.71.205 - - [11/Jul/2025:21:40:01 +0700] "GET /shopdetail/62167412 HTTP/1.1" 200 19920 "-" "Mozilla/5.0 (Linux; Android 6.0.1; Nexus 5X Build/MMB29P) AppleWebKit/537.36 (KHTML, like Gecko) Chrome/137.0.7151.103 Mobile Safari/537.36 (compatible; Googlebot/2.1; +http://www.google.com/bot.html)"
40.77.167.35 - - [11/Jul/2025:21:40:29 +0700] "GET /4726501 HTTP/2" 200 20224 "-" "Mozilla/5.0 AppleWebKit/537.36 (KHTML, like Gecko; compatible; bingbot/2.0; +http://www.bing.com/bingbot.htm) Chrome/116.0.1938.76 Safari/537.36"
66.249.71.203 - - [11/Jul/2025:21:40:53 +0700] "GET /shopdetail/63036312 HTTP/1.1" 200 20169 "-" "Mozilla/5.0 (Linux; Android 6.0.1; Nexus 5X Build/MMB29P) AppleWebKit/537.36 (KHTML, like Gecko) Chrome/137.0.7151.103 Mobile Safari/537.36 (compatible; Googlebot/2.1; +http://www.google.com/bot.html)"
66.249.64.71 - - [11/Jul/2025:21:40:58 +0700] "POST /get-message-notify HTTP/1.1" 200 19363 "https://bodieukhiencuacuon.vn/shopdetail/63036312" "Mozilla/5.0 (Linux; Android 6.0.1; Nexus 5X Build/MMB29P) AppleWebKit/537.36 (KHTML, like Gecko) Chrome/137.0.7151.119 Mobile Safari/537.36 (compatible; Googlebot/2.1; +http://www.google.com/bot.html)"
66.249.64.72 - - [11/Jul/2025:21:41:13 +0700] "POST /get-message-notify HTTP/1.1" 200 19363 "https://bodieukhiencuacuon.vn/shopdetail/162810512" "Mozilla/5.0 (Linux; Android 6.0.1; Nexus 5X Build/MMB29P) AppleWebKit/537.36 (KHTML, like Gecko) Chrome/137.0.7151.119 Mobile Safari/537.36 (compatible; Googlebot/2.1; +http://www.google.com/bot.html)"
66.249.71.204 - - [11/Jul/2025:21:41:35 +0700] "POST /get-message-notify HTTP/1.1" 200 19363 "https://bodieukhiencuacuon.vn/shopdetail/94348412" "Mozilla/5.0 (Linux; Android 6.0.1; Nexus 5X Build/MMB29P) AppleWebKit/537.36 (KHTML, like Gecko) Chrome/137.0.7151.119 Mobile Safari/537.36 (compatible; Googlebot/2.1; +http://www.google.com/bot.html)"
66.249.64.72 - - [11/Jul/2025:21:41:35 +0700] "GET /shopdetail/98259912 HTTP/1.1" 200 19996 "-" "Mozilla/5.0 (Linux; Android 6.0.1; Nexus 5X Build/MMB29P) AppleWebKit/537.36 (KHTML, like Gecko) Chrome/137.0.7151.103 Mobile Safari/537.36 (compatible; Googlebot/2.1; +http://www.google.com/bot.html)"
66.249.64.72 - - [11/Jul/2025:21:41:41 +0700] "GET /shopdetail/151628012 HTTP/1.1" 200 20547 "-" "Mozilla/5.0 (Linux; Android 6.0.1; Nexus 5X Build/MMB29P) AppleWebKit/537.36 (KHTML, like Gecko) Chrome/137.0.7151.103 Mobile Safari/537.36 (compatible; Googlebot/2.1; +http://www.google.com/bot.html)"
66.249.64.72 - - [11/Jul/2025:21:34:36 +0700] "GET /shopdetail/6656312 HTTP/1.1" 200 20459 "-" "Mozilla/5.0 (Linux; Android 6.0.1; Nexus 5X Build/MMB29P) AppleWebKit/537.36 (KHTML, like Gecko) Chrome/137.0.7151.103 Mobile Safari/537.36 (compatible; Googlebot/2.1; +http://www.google.com/bot.html)"
40.77.167.241 - - [11/Jul/2025:21:36:22 +0700] "GET /Guidons-ABM-MultiClip-R-glable-Sport-40mm/305070 HTTP/2" 200 21238 "-" "Mozilla/5.0 AppleWebKit/537.36 (KHTML, like Gecko; compatible; bingbot/2.0; +http://www.bing.com/bingbot.htm) Chrome/116.0.1938.76 Safari/537.36"
66.249.64.71 - - [11/Jul/2025:21:41:05 +0700] "GET /robots.txt HTTP/1.1" 200 141 "-" "Mozilla/5.0 (compatible; Googlebot/2.1; +http://www.google.com/bot.html)"
66.249.64.72 - - [11/Jul/2025:21:41:05 +0700] "GET /shopdetail/94348412 HTTP/1.1" 200 20899 "-" "Mozilla/5.0 (Linux; Android 6.0.1; Nexus 5X Build/MMB29P) AppleWebKit/537.36 (KHTML, like Gecko) Chrome/137.0.7151.103 Mobile Safari/537.36 (compatible; Googlebot/2.1; +http://www.google.com/bot.html)"
66.249.64.73 - - [11/Jul/2025:21:41:06 +0700] "GET /shopdetail/214191212 HTTP/1.1" 200 20488 "-" "Mozilla/5.0 (Linux; Android 6.0.1; Nexus 5X Build/MMB29P) AppleWebKit/537.36 (KHTML, like Gecko) Chrome/137.0.7151.103 Mobile Safari/537.36 (compatible; Googlebot/2.1; +http://www.google.com/bot.html)"
66.249.71.203 - - [11/Jul/2025:21:41:28 +0700] "GET /shopdetail/210187812 HTTP/1.1" 200 20053 "-" "Mozilla/5.0 (Linux; Android 6.0.1; Nexus 5X Build/MMB29P) AppleWebKit/537.36 (KHTML, like Gecko) Chrome/137.0.7151.103 Mobile Safari/537.36 (compatible; Googlebot/2.1; +http://www.google.com/bot.html)"
66.249.71.203 - - [11/Jul/2025:21:41:43 +0700] "GET /shopdetail/82511112 HTTP/1.1" 200 21121 "-" "Mozilla/5.0 (Linux; Android 6.0.1; Nexus 5X Build/MMB29P) AppleWebKit/537.36 (KHTML, like Gecko) Chrome/137.0.7151.103 Mobile Safari/537.36 (compatible; Googlebot/2.1; +http://www.google.com/bot.html)"
66.249.64.72 - - [11/Jul/2025:21:41:46 +0700] "GET /shopdetail/102560712 HTTP/1.1" 200 20548 "-" "Mozilla/5.0 (Linux; Android 6.0.1; Nexus 5X Build/MMB29P) AppleWebKit/537.36 (KHTML, like Gecko) Chrome/137.0.7151.103 Mobile Safari/537.36 (compatible; Googlebot/2.1; +http://www.google.com/bot.html)"
66.249.64.71 - - [11/Jul/2025:21:41:46 +0700] "POST /get-message-notify HTTP/1.1" 200 19363 "https://bodieukhiencuacuon.vn/shopdetail/151628012" "Mozilla/5.0 (Linux; Android 6.0.1; Nexus 5X Build/MMB29P) AppleWebKit/537.36 (KHTML, like Gecko) Chrome/137.0.7151.119 Mobile Safari/537.36 (compatible; Googlebot/2.1; +http://www.google.com/bot.html)"
66.249.64.71 - - [11/Jul/2025:21:41:49 +0700] "GET /shopdetail/181953212 HTTP/1.1" 200 20120 "-" "Mozilla/5.0 (Linux; Android 6.0.1; Nexus 5X Build/MMB29P) AppleWebKit/537.36 (KHTML, like Gecko) Chrome/137.0.7151.103 Mobile Safari/537.36 (compatible; Googlebot/2.1; +http://www.google.com/bot.html)"
66.249.64.72 - - [11/Jul/2025:21:41:51 +0700] "POST /get-message-notify HTTP/1.1" 200 19363 "https://bodieukhiencuacuon.vn/shopdetail/110290612" "Mozilla/5.0 (Linux; Android 6.0.1; Nexus 5X Build/MMB29P) AppleWebKit/537.36 (KHTML, like Gecko) Chrome/137.0.7151.119 Mobile Safari/537.36 (compatible; Googlebot/2.1; +http://www.google.com/bot.html)"
66.249.64.72 - - [11/Jul/2025:21:41:52 +0700] "GET /shopdetail/231205412 HTTP/1.1" 200 20234 "-" "Mozilla/5.0 (Linux; Android 6.0.1; Nexus 5X Build/MMB29P) AppleWebKit/537.36 (KHTML, like Gecko) Chrome/137.0.7151.103 Mobile Safari/537.36 (compatible; Googlebot/2.1; +http://www.google.com/bot.html)"
66.249.71.205 - - [11/Jul/2025:21:41:55 +0700] "GET /shopdetail/38890612 HTTP/1.1" 200 22399 "-" "Mozilla/5.0 (Linux; Android 6.0.1; Nexus 5X Build/MMB29P) AppleWebKit/537.36 (KHTML, like Gecko) Chrome/137.0.7151.103 Mobile Safari/537.36 (compatible; Googlebot/2.1; +http://www.google.com/bot.html)"
66.249.64.71 - - [11/Jul/2025:21:41:32 +0700] "GET /shopdetail/43762512 HTTP/1.1" 200 19324 "-" "Mozilla/5.0 (Linux; Android 6.0.1; Nexus 5X Build/MMB29P) AppleWebKit/537.36 (KHTML, like Gecko) Chrome/137.0.7151.103 Mobile Safari/537.36 (compatible; Googlebot/2.1; +http://www.google.com/bot.html)"
66.249.64.71 - - [11/Jul/2025:21:41:36 +0700] "POST /get-message-notify HTTP/1.1" 200 19363 "https://bodieukhiencuacuon.vn/shopdetail/110804912" "Mozilla/5.0 (Linux; Android 6.0.1; Nexus 5X Build/MMB29P) AppleWebKit/537.36 (KHTML, like Gecko) Chrome/137.0.7151.119 Mobile Safari/537.36 (compatible; Googlebot/2.1; +http://www.google.com/bot.html)"
