103.57.221.79 - - [11/Jul/2025:20:37:35 +0700] "POST /wp-cron.php?doing_wp_cron=1752241055.7710490226745605468750 HTTP/1.1" 200 0 "-" "WordPress/6.8.1; https://onesmart.com.vn"
66.249.71.97 - - [11/Jul/2025:20:37:35 +0700] "GET /order2025-03-15/h%C6%B0%E1%BB%9Bng-d%E1%BA%ABn-ch%C6%A1i-w88 HTTP/1.1" 404 10749 "-" "Mozilla/5.0 (Linux; Android 6.0.1; Nexus 5X Build/MMB29P) AppleWebKit/537.36 (KHTML, like Gecko) Chrome/137.0.7151.103 Mobile Safari/537.36 (compatible; Googlebot/2.1; +http://www.google.com/bot.html)"
3.141.146.79 - - [11/Jul/2025:20:38:53 +0700] "POST /xmlrpc.php HTTP/1.1" 406 779 "-" "Mozilla/5.0 (X11; Ubuntu; Linux x86_64; rv:85.0) Gecko/20100101 Firefox/91.0"
103.57.221.79 - - [11/Jul/2025:20:42:04 +0700] "POST /wp-cron.php?doing_wp_cron=1752241324.9238319396972656250000 HTTP/1.1" 200 0 "-" "WordPress/6.8.1; https://onesmart.com.vn"
52.167.144.191 - - [11/Jul/2025:20:42:04 +0700] "GET /hot/g%C3%A0-ch%E1%BB%8Di-c1-%C4%91%E1%BB%89nh-cao.html HTTP/2" 301 0 "-" "Mozilla/5.0 AppleWebKit/537.36 (KHTML, like Gecko; compatible; bingbot/2.0; +http://www.bing.com/bingbot.htm) Chrome/116.0.1938.76 Safari/537.36"
40.77.167.38 - - [11/Jul/2025:20:42:45 +0700] "GET /news/5703412/ HTTP/2" 404 14114 "-" "Mozilla/5.0 AppleWebKit/537.36 (KHTML, like Gecko; compatible; bingbot/2.0; +http://www.bing.com/bingbot.htm) Chrome/116.0.1938.76 Safari/537.36"
103.57.221.79 - - [11/Jul/2025:20:43:32 +0700] "POST /wp-cron.php?doing_wp_cron=1752241412.6565411090850830078125 HTTP/1.1" 200 0 "-" "WordPress/6.8.1; https://onesmart.com.vn"
52.167.144.191 - - [11/Jul/2025:20:29:31 +0700] "GET /news/2109687/ HTTP/2" 404 14127 "-" "Mozilla/5.0 AppleWebKit/537.36 (KHTML, like Gecko; compatible; bingbot/2.0; +http://www.bing.com/bingbot.htm) Chrome/116.0.1938.76 Safari/537.36"
52.167.144.137 - - [11/Jul/2025:20:29:44 +0700] "GET /news/0546728/ HTTP/2" 404 14094 "-" "Mozilla/5.0 AppleWebKit/537.36 (KHTML, like Gecko; compatible; bingbot/2.0; +http://www.bing.com/bingbot.htm) Chrome/116.0.1938.76 Safari/537.36"
52.167.144.191 - - [11/Jul/2025:20:30:21 +0700] "GET /news/3574802/ HTTP/2" 404 14142 "-" "Mozilla/5.0 AppleWebKit/537.36 (KHTML, like Gecko; compatible; bingbot/2.0; +http://www.bing.com/bingbot.htm) Chrome/116.0.1938.76 Safari/537.36"
52.167.144.142 - - [11/Jul/2025:20:31:54 +0700] "GET /order2025-03-22/chia-se-beat-remix-vn88.html HTTP/2" 301 0 "-" "Mozilla/5.0 AppleWebKit/537.36 (KHTML, like Gecko; compatible; bingbot/2.0; +http://www.bing.com/bingbot.htm) Chrome/116.0.1938.76 Safari/537.36"
103.57.221.79 - - [11/Jul/2025:20:36:51 +0700] "POST /wp-cron.php?doing_wp_cron=1752241011.5646550655364990234375 HTTP/1.1" 200 0 "-" "WordPress/6.8.1; https://onesmart.com.vn"
66.249.64.65 - - [11/Jul/2025:20:36:51 +0700] "GET /news20250320/ariana-slot.html HTTP/1.1" 404 10747 "-" "Mozilla/5.0 (Linux; Android 6.0.1; Nexus 5X Build/MMB29P) AppleWebKit/537.36 (KHTML, like Gecko) Chrome/137.0.7151.103 Mobile Safari/537.36 (compatible; Googlebot/2.1; +http://www.google.com/bot.html)"
40.77.167.159 - - [11/Jul/2025:20:38:23 +0700] "GET /game/t%E1%BA%A3i-game-%C4%91%C3%A1nh-b%C3%A0i-%C4%91%E1%BB%95i-ti%E1%BB%81n.html HTTP/2" 404 14176 "-" "Mozilla/5.0 AppleWebKit/537.36 (KHTML, like Gecko; compatible; bingbot/2.0; +http://www.bing.com/bingbot.htm) Chrome/116.0.1938.76 Safari/537.36"
103.57.221.79 - - [11/Jul/2025:20:39:45 +0700] "POST /wp-cron.php?doing_wp_cron=1752241185.1934099197387695312500 HTTP/1.1" 200 0 "-" "WordPress/6.8.1; https://onesmart.com.vn"
103.57.221.79 - - [11/Jul/2025:20:43:43 +0700] "POST /wp-cron.php?doing_wp_cron=1752241423.3692059516906738281250 HTTP/1.1" 200 0 "-" "WordPress/6.8.1; https://onesmart.com.vn"
103.57.221.79 - - [11/Jul/2025:20:46:33 +0700] "POST /wp-cron.php?doing_wp_cron=1752241593.9936480522155761718750 HTTP/1.1" 200 0 "-" "WordPress/6.8.1; https://onesmart.com.vn"
52.167.144.201 - - [11/Jul/2025:20:46:33 +0700] "GET /news/4572906/ HTTP/2" 301 0 "-" "Mozilla/5.0 AppleWebKit/537.36 (KHTML, like Gecko; compatible; bingbot/2.0; +http://www.bing.com/bingbot.htm) Chrome/116.0.1938.76 Safari/537.36"
40.77.167.38 - - [11/Jul/2025:20:47:05 +0700] "GET /news2025-03-14/tai-3king-app.html HTTP/2" 404 14125 "-" "Mozilla/5.0 AppleWebKit/537.36 (KHTML, like Gecko; compatible; bingbot/2.0; +http://www.bing.com/bingbot.htm) Chrome/116.0.1938.76 Safari/537.36"
103.57.221.79 - - [11/Jul/2025:20:47:33 +0700] "POST /wp-cron.php?doing_wp_cron=1752241653.6622490882873535156250 HTTP/1.1" 200 0 "-" "WordPress/6.8.1; https://onesmart.com.vn"
40.77.167.38 - - [11/Jul/2025:20:48:06 +0700] "GET /app/1329740/ HTTP/2" 404 14124 "-" "Mozilla/5.0 AppleWebKit/537.36 (KHTML, like Gecko; compatible; bingbot/2.0; +http://www.bing.com/bingbot.htm) Chrome/116.0.1938.76 Safari/537.36"
103.57.221.79 - - [11/Jul/2025:20:50:26 +0700] "POST /wp-cron.php?doing_wp_cron=1752241826.8079340457916259765625 HTTP/1.1" 200 0 "-" "WordPress/6.8.1; https://onesmart.com.vn"
103.57.221.79 - - [11/Jul/2025:20:51:53 +0700] "POST /wp-cron.php?doing_wp_cron=1752241913.6690130233764648437500 HTTP/1.1" 200 0 "-" "WordPress/6.8.1; https://onesmart.com.vn"
40.77.167.14 - - [11/Jul/2025:20:51:53 +0700] "GET /app/6382471/ HTTP/2" 404 14107 "-" "Mozilla/5.0 AppleWebKit/537.36 (KHTML, like Gecko; compatible; bingbot/2.0; +http://www.bing.com/bingbot.htm) Chrome/116.0.1938.76 Safari/537.36"
66.249.64.66 - - [11/Jul/2025:20:52:24 +0700] "GET /hot20250320/12bet-142-71.html HTTP/1.1" 404 10753 "-" "Mozilla/5.0 (Linux; Android 6.0.1; Nexus 5X Build/MMB29P) AppleWebKit/537.36 (KHTML, like Gecko) Chrome/137.0.7151.103 Mobile Safari/537.36 (compatible; Googlebot/2.1; +http://www.google.com/bot.html)"
47.128.111.1 - - [11/Jul/2025:20:43:32 +0700] "GET /Casino_KIeYF/ HTTP/2" 404 10733 "-" "Mozilla/5.0 (Linux; Android 5.0) AppleWebKit/537.36 (KHTML, like Gecko) Mobile Safari/537.36 (compatible; TikTokSpider; ttspider-feedback@tiktok.com)"
47.128.111.1 - - [11/Jul/2025:20:43:35 +0700] "POST /wp-content/plugins/litespeed-cache/guest.vary.php HTTP/2" 200 20 "https://onesmart.com.vn/Casino_KIeYF/" "Mozilla/5.0 (Linux; Android 5.0) AppleWebKit/537.36 (KHTML, like Gecko) Mobile Safari/537.36 (compatible; TikTokSpider; ttspider-feedback@tiktok.com)"
47.128.111.1 - - [11/Jul/2025:20:43:35 +0700] "GET /Casino_KIeYF/ HTTP/2" 404 18359 "https://onesmart.com.vn/Casino_KIeYF/" "Mozilla/5.0 (Linux; Android 5.0) AppleWebKit/537.36 (KHTML, like Gecko) Mobile Safari/537.36 (compatible; TikTokSpider; ttspider-feedback@tiktok.com)"
52.167.144.191 - - [11/Jul/2025:20:43:43 +0700] "GET /news/7485621/ HTTP/2" 301 0 "-" "Mozilla/5.0 AppleWebKit/537.36 (KHTML, like Gecko; compatible; bingbot/2.0; +http://www.bing.com/bingbot.htm) Chrome/116.0.1938.76 Safari/537.36"
47.128.122.102 - - [11/Jul/2025:20:47:33 +0700] "GET /VideoshEozv/ HTTP/2" 404 10740 "-" "Mozilla/5.0 (Linux; Android 5.0) AppleWebKit/537.36 (KHTML, like Gecko) Mobile Safari/537.36 (compatible; TikTokSpider; ttspider-feedback@tiktok.com)"
47.128.122.102 - - [11/Jul/2025:20:47:36 +0700] "POST /wp-content/plugins/litespeed-cache/guest.vary.php HTTP/2" 200 20 "https://onesmart.com.vn/VideoshEozv/" "Mozilla/5.0 (Linux; Android 5.0) AppleWebKit/537.36 (KHTML, like Gecko) Mobile Safari/537.36 (compatible; TikTokSpider; ttspider-feedback@tiktok.com)"
47.128.122.102 - - [11/Jul/2025:20:47:36 +0700] "GET /VideoshEozv/ HTTP/2" 404 18384 "https://onesmart.com.vn/VideoshEozv/" "Mozilla/5.0 (Linux; Android 5.0) AppleWebKit/537.36 (KHTML, like Gecko) Mobile Safari/537.36 (compatible; TikTokSpider; ttspider-feedback@tiktok.com)"
40.77.167.14 - - [11/Jul/2025:20:48:14 +0700] "GET /hot20250404/dang-nhap-m88-moi-nhat.html HTTP/2" 404 14170 "-" "Mozilla/5.0 AppleWebKit/537.36 (KHTML, like Gecko; compatible; bingbot/2.0; +http://www.bing.com/bingbot.htm) Chrome/116.0.1938.76 Safari/537.36"
66.249.64.65 - - [11/Jul/2025:20:50:26 +0700] "GET /hot20250320/nh%C3%A0-c%C3%A1i-fi88-9nhacaiuytin.html HTTP/1.1" 404 10755 "-" "Mozilla/5.0 (Linux; Android 6.0.1; Nexus 5X Build/MMB29P) AppleWebKit/537.36 (KHTML, like Gecko) Chrome/137.0.7151.103 Mobile Safari/537.36 (compatible; Googlebot/2.1; +http://www.google.com/bot.html)"
103.57.221.79 - - [11/Jul/2025:20:51:32 +0700] "POST /wp-cron.php?doing_wp_cron=1752241892.6955420970916748046875 HTTP/1.1" 200 0 "-" "WordPress/6.8.1; https://onesmart.com.vn"
66.249.64.65 - - [11/Jul/2025:20:52:58 +0700] "GET /news/kubet-%C4%91%C3%A2y.html HTTP/1.1" 404 10738 "-" "Mozilla/5.0 (Linux; Android 6.0.1; Nexus 5X Build/MMB29P) AppleWebKit/537.36 (KHTML, like Gecko) Chrome/137.0.7151.103 Mobile Safari/537.36 (compatible; Googlebot/2.1; +http://www.google.com/bot.html)"
103.57.221.79 - - [11/Jul/2025:20:53:46 +0700] "POST /wp-cron.php?doing_wp_cron=1752242026.0154418945312500000000 HTTP/1.1" 200 0 "-" "WordPress/6.8.1; https://onesmart.com.vn"
52.167.144.171 - - [11/Jul/2025:20:53:45 +0700] "GET /?post_type=product&s=2026 HTTP/2" 200 12221 "-" "Mozilla/5.0 AppleWebKit/537.36 (KHTML, like Gecko; compatible; bingbot/2.0; +http://www.bing.com/bingbot.htm) Chrome/116.0.1938.76 Safari/537.36"
52.167.144.201 - - [11/Jul/2025:20:54:55 +0700] "GET /chinh-sach-bao-hanh HTTP/2" 301 0 "-" "Mozilla/5.0 AppleWebKit/537.36 (KHTML, like Gecko; compatible; bingbot/2.0; +http://www.bing.com/bingbot.htm) Chrome/116.0.1938.76 Safari/537.36"
103.57.221.79 - - [11/Jul/2025:21:03:55 +0700] "POST /wp-cron.php?doing_wp_cron=1752242635.3780229091644287109375 HTTP/1.1" 200 0 "-" "WordPress/6.8.1; https://onesmart.com.vn"
52.167.144.225 - - [11/Jul/2025:21:03:55 +0700] "GET /app/9513724/ HTTP/2" 404 14140 "-" "Mozilla/5.0 AppleWebKit/537.36 (KHTML, like Gecko; compatible; bingbot/2.0; +http://www.bing.com/bingbot.htm) Chrome/116.0.1938.76 Safari/537.36"
52.167.144.215 - - [11/Jul/2025:20:53:28 +0700] "GET /hot20250401/%C4%90i%E1%BB%81u-kho%E1%BA%A3n-%C4%91i%E1%BB%81u-ki%E1%BB%87n-Jun888.html HTTP/2" 301 0 "-" "Mozilla/5.0 AppleWebKit/537.36 (KHTML, like Gecko; compatible; bingbot/2.0; +http://www.bing.com/bingbot.htm) Chrome/116.0.1938.76 Safari/537.36"
103.57.221.79 - - [11/Jul/2025:20:54:55 +0700] "POST /wp-cron.php?doing_wp_cron=1752242095.6571769714355468750000 HTTP/1.1" 200 0 "-" "WordPress/6.8.1; https://onesmart.com.vn"
103.57.221.79 - - [11/Jul/2025:20:57:26 +0700] "POST /wp-cron.php?doing_wp_cron=1752242246.0496239662170410156250 HTTP/1.1" 200 0 "-" "WordPress/6.8.1; https://onesmart.com.vn"
52.167.144.158 - - [11/Jul/2025:20:57:25 +0700] "GET /app/1932845/ HTTP/2" 404 14118 "-" "Mozilla/5.0 AppleWebKit/537.36 (KHTML, like Gecko; compatible; bingbot/2.0; +http://www.bing.com/bingbot.htm) Chrome/116.0.1938.76 Safari/537.36"
103.57.221.79 - - [11/Jul/2025:20:58:27 +0700] "POST /wp-cron.php?doing_wp_cron=1752242307.3504819869995117187500 HTTP/1.1" 200 0 "-" "WordPress/6.8.1; https://onesmart.com.vn"
40.77.167.79 - - [11/Jul/2025:20:58:27 +0700] "GET /game/3581470/ HTTP/2" 301 0 "-" "Mozilla/5.0 AppleWebKit/537.36 (KHTML, like Gecko; compatible; bingbot/2.0; +http://www.bing.com/bingbot.htm) Chrome/116.0.1938.76 Safari/537.36"
40.77.167.255 - - [11/Jul/2025:21:04:25 +0700] "GET /news/5246801/ HTTP/2" 301 0 "-" "Mozilla/5.0 AppleWebKit/537.36 (KHTML, like Gecko; compatible; bingbot/2.0; +http://www.bing.com/bingbot.htm) Chrome/116.0.1938.76 Safari/537.36"
40.77.167.69 - - [11/Jul/2025:21:05:58 +0700] "GET /news/0692543/ HTTP/2" 301 0 "-" "Mozilla/5.0 AppleWebKit/537.36 (KHTML, like Gecko; compatible; bingbot/2.0; +http://www.bing.com/bingbot.htm) Chrome/116.0.1938.76 Safari/537.36"
40.77.167.0 - - [11/Jul/2025:21:06:48 +0700] "GET /news/12bet-registration.html HTTP/2" 404 14134 "-" "Mozilla/5.0 AppleWebKit/537.36 (KHTML, like Gecko; compatible; bingbot/2.0; +http://www.bing.com/bingbot.htm) Chrome/116.0.1938.76 Safari/537.36"
103.57.221.79 - - [11/Jul/2025:21:07:45 +0700] "POST /wp-cron.php?doing_wp_cron=1752242865.9180130958557128906250 HTTP/1.1" 200 0 "-" "WordPress/6.8.1; https://onesmart.com.vn"
165.154.254.143 - - [11/Jul/2025:21:08:13 +0700] "GET / HTTP/1.1" 200 31261 "https://www.google.com" "Mozilla/5.0 (Fedora; Linux x86_64) AppleWebKit/537.36 (KHTML, like Gecko) Chrome/128.0.0.0 Safari/537.36"
52.167.144.160 - - [11/Jul/2025:21:09:27 +0700] "GET /app/5083619/ HTTP/2" 404 14110 "-" "Mozilla/5.0 AppleWebKit/537.36 (KHTML, like Gecko; compatible; bingbot/2.0; +http://www.bing.com/bingbot.htm) Chrome/116.0.1938.76 Safari/537.36"
66.249.71.96 - - [11/Jul/2025:21:09:49 +0700] "GET /game/k%C3%A8o-c%C3%A1-c%C6%B0%E1%BB%A3c-7m HTTP/1.1" 301 0 "-" "Mozilla/5.0 (Linux; Android 6.0.1; Nexus 5X Build/MMB29P) AppleWebKit/537.36 (KHTML, like Gecko) Chrome/137.0.7151.103 Mobile Safari/537.36 (compatible; Googlebot/2.1; +http://www.google.com/bot.html)"
40.77.167.64 - - [11/Jul/2025:21:12:24 +0700] "GET /app//news2025-04-02/judi-sv388-terbaik.html HTTP/2" 301 0 "-" "Mozilla/5.0 AppleWebKit/537.36 (KHTML, like Gecko; compatible; bingbot/2.0; +http://www.bing.com/bingbot.htm) Chrome/116.0.1938.76 Safari/537.36"
40.77.167.0 - - [11/Jul/2025:21:15:29 +0700] "GET /san-pham/bo-dieu-khien-cua-cuon-thong-minh-nat-c/ HTTP/2" 200 22245 "-" "Mozilla/5.0 AppleWebKit/537.36 (KHTML, like Gecko; compatible; bingbot/2.0; +http://www.bing.com/bingbot.htm) Chrome/116.0.1938.76 Safari/537.36"
40.77.167.27 - - [11/Jul/2025:21:15:52 +0700] "GET /news/9054271/ HTTP/2" 301 0 "-" "Mozilla/5.0 AppleWebKit/537.36 (KHTML, like Gecko; compatible; bingbot/2.0; +http://www.bing.com/bingbot.htm) Chrome/116.0.1938.76 Safari/537.36"
69.171.231.112 - - [11/Jul/2025:21:18:15 +0700] "GET /robots.txt HTTP/2" 301 0 "-" "facebookexternalhit/1.1 (+http://www.facebook.com/externalhit_uatext.php)"
69.171.231.112 - - [11/Jul/2025:21:18:16 +0700] "GET /robots.txt HTTP/2" 200 268 "-" "facebookexternalhit/1.1 (+http://www.facebook.com/externalhit_uatext.php)"
103.57.221.79 - - [11/Jul/2025:20:38:09 +0700] "POST /wp-cron.php?doing_wp_cron=1752241089.3509171009063720703125 HTTP/1.1" 200 0 "-" "WordPress/6.8.1; https://onesmart.com.vn"
66.249.71.99 - - [11/Jul/2025:20:38:09 +0700] "GET /news2025-03-21/kubet-com-vn-ku-casino HTTP/1.1" 404 10717 "-" "Mozilla/5.0 (Linux; Android 6.0.1; Nexus 5X Build/MMB29P) AppleWebKit/537.36 (KHTML, like Gecko) Chrome/137.0.7151.103 Mobile Safari/537.36 (compatible; Googlebot/2.1; +http://www.google.com/bot.html)"
40.77.167.26 - - [11/Jul/2025:20:38:12 +0700] "GET /hot/1976804/ HTTP/2" 404 14104 "-" "Mozilla/5.0 AppleWebKit/537.36 (KHTML, like Gecko; compatible; bingbot/2.0; +http://www.bing.com/bingbot.htm) Chrome/116.0.1938.76 Safari/537.36"
40.77.167.38 - - [11/Jul/2025:20:39:45 +0700] "GET /news/6210485/ HTTP/2" 404 14105 "-" "Mozilla/5.0 AppleWebKit/537.36 (KHTML, like Gecko; compatible; bingbot/2.0; +http://www.bing.com/bingbot.htm) Chrome/116.0.1938.76 Safari/537.36"
103.57.221.79 - - [11/Jul/2025:20:42:45 +0700] "POST /wp-cron.php?doing_wp_cron=1752241365.9760870933532714843750 HTTP/1.1" 200 0 "-" "WordPress/6.8.1; https://onesmart.com.vn"
103.57.221.79 - - [11/Jul/2025:20:47:05 +0700] "POST /wp-cron.php?doing_wp_cron=1752241625.9336709976196289062500 HTTP/1.1" 200 0 "-" "WordPress/6.8.1; https://onesmart.com.vn"
103.57.221.79 - - [11/Jul/2025:20:48:06 +0700] "POST /wp-cron.php?doing_wp_cron=1752241686.9066300392150878906250 HTTP/1.1" 200 0 "-" "WordPress/6.8.1; https://onesmart.com.vn"
40.77.167.14 - - [11/Jul/2025:20:51:32 +0700] "GET /app/7983510/ HTTP/2" 404 14137 "-" "Mozilla/5.0 AppleWebKit/537.36 (KHTML, like Gecko; compatible; bingbot/2.0; +http://www.bing.com/bingbot.htm) Chrome/116.0.1938.76 Safari/537.36"
103.57.221.79 - - [11/Jul/2025:20:52:58 +0700] "POST /wp-cron.php?doing_wp_cron=1752241978.2655689716339111328125 HTTP/1.1" 200 0 "-" "WordPress/6.8.1; https://onesmart.com.vn"
40.77.167.69 - - [11/Jul/2025:21:05:27 +0700] "GET /news/7941023/ HTTP/2" 301 0 "-" "Mozilla/5.0 AppleWebKit/537.36 (KHTML, like Gecko; compatible; bingbot/2.0; +http://www.bing.com/bingbot.htm) Chrome/116.0.1938.76 Safari/537.36"
103.57.221.79 - - [11/Jul/2025:21:06:48 +0700] "POST /wp-cron.php?doing_wp_cron=1752242808.8239240646362304687500 HTTP/1.1" 200 0 "-" "WordPress/6.8.1; https://onesmart.com.vn"
52.167.144.160 - - [11/Jul/2025:21:07:45 +0700] "GET /app/1657243/ HTTP/2" 404 14112 "-" "Mozilla/5.0 AppleWebKit/537.36 (KHTML, like Gecko; compatible; bingbot/2.0; +http://www.bing.com/bingbot.htm) Chrome/116.0.1938.76 Safari/537.36"
165.154.254.143 - - [11/Jul/2025:21:08:11 +0700] "GET / HTTP/1.1" 301 0 "https://www.google.com" "Mozilla/5.0 (Fedora; Linux x86_64) AppleWebKit/537.36 (KHTML, like Gecko) Chrome/128.0.0.0 Safari/537.36"
103.57.221.79 - - [11/Jul/2025:21:09:27 +0700] "POST /wp-cron.php?doing_wp_cron=1752242967.3550670146942138671875 HTTP/1.1" 200 0 "-" "WordPress/6.8.1; https://onesmart.com.vn"
103.57.221.79 - - [11/Jul/2025:21:12:24 +0700] "POST /wp-cron.php?doing_wp_cron=1752243144.7265100479125976562500 HTTP/1.1" 200 0 "-" "WordPress/6.8.1; https://onesmart.com.vn"
40.77.167.23 - - [11/Jul/2025:21:12:25 +0700] "GET /news2025-04-14/link-bk8-2025.html HTTP/2" 301 0 "-" "Mozilla/5.0 AppleWebKit/537.36 (KHTML, like Gecko; compatible; bingbot/2.0; +http://www.bing.com/bingbot.htm) Chrome/116.0.1938.76 Safari/537.36"
40.77.167.0 - - [11/Jul/2025:21:15:09 +0700] "GET /app/1275038/ HTTP/2" 404 14134 "-" "Mozilla/5.0 AppleWebKit/537.36 (KHTML, like Gecko; compatible; bingbot/2.0; +http://www.bing.com/bingbot.htm) Chrome/116.0.1938.76 Safari/537.36"
103.57.221.79 - - [11/Jul/2025:21:15:52 +0700] "POST /wp-cron.php?doing_wp_cron=1752243352.6290259361267089843750 HTTP/1.1" 200 0 "-" "WordPress/6.8.1; https://onesmart.com.vn"
103.57.221.79 - - [11/Jul/2025:21:16:51 +0700] "POST /wp-cron.php?doing_wp_cron=1752243411.0343389511108398437500 HTTP/1.1" 200 0 "-" "WordPress/6.8.1; https://onesmart.com.vn"
103.57.221.79 - - [11/Jul/2025:21:05:59 +0700] "POST /wp-cron.php?doing_wp_cron=1752242759.1549880504608154296875 HTTP/1.1" 200 0 "-" "WordPress/6.8.1; https://onesmart.com.vn"
103.57.221.79 - - [11/Jul/2025:21:09:49 +0700] "POST /wp-cron.php?doing_wp_cron=1752242989.4015960693359375000000 HTTP/1.1" 200 0 "-" "WordPress/6.8.1; https://onesmart.com.vn"
66.249.71.97 - - [11/Jul/2025:21:09:52 +0700] "GET /game/k%C3%A8o-c%C3%A1-c%C6%B0%E1%BB%A3c-7m HTTP/1.1" 404 10752 "-" "Mozilla/5.0 (Linux; Android 6.0.1; Nexus 5X Build/MMB29P) AppleWebKit/537.36 (KHTML, like Gecko) Chrome/137.0.7151.103 Mobile Safari/537.36 (compatible; Googlebot/2.1; +http://www.google.com/bot.html)"
103.57.221.79 - - [11/Jul/2025:21:13:06 +0700] "POST /wp-cron.php?doing_wp_cron=1752243186.8686890602111816406250 HTTP/1.1" 200 0 "-" "WordPress/6.8.1; https://onesmart.com.vn"
52.167.144.160 - - [11/Jul/2025:21:13:06 +0700] "GET /mobile2025-03-27/slot-strategy.html HTTP/2" 404 14175 "-" "Mozilla/5.0 AppleWebKit/537.36 (KHTML, like Gecko; compatible; bingbot/2.0; +http://www.bing.com/bingbot.htm) Chrome/116.0.1938.76 Safari/537.36"
40.77.167.0 - - [11/Jul/2025:21:13:29 +0700] "GET /news/8394561/ HTTP/2" 404 14130 "-" "Mozilla/5.0 AppleWebKit/537.36 (KHTML, like Gecko; compatible; bingbot/2.0; +http://www.bing.com/bingbot.htm) Chrome/116.0.1938.76 Safari/537.36"
103.57.221.79 - - [11/Jul/2025:21:15:09 +0700] "POST /wp-cron.php?doing_wp_cron=1752243309.5070269107818603515625 HTTP/1.1" 200 0 "-" "WordPress/6.8.1; https://onesmart.com.vn"
52.167.144.231 - - [11/Jul/2025:21:16:50 +0700] "GET /app//hot2025-04-09/12bet-3-2023.html HTTP/2" 301 0 "-" "Mozilla/5.0 AppleWebKit/537.36 (KHTML, like Gecko; compatible; bingbot/2.0; +http://www.bing.com/bingbot.htm) Chrome/116.0.1938.76 Safari/537.36"
103.57.221.79 - - [11/Jul/2025:21:17:51 +0700] "POST /wp-cron.php?doing_wp_cron=1752243471.2827079296112060546875 HTTP/1.1" 200 0 "-" "WordPress/6.8.1; https://onesmart.com.vn"
40.77.167.64 - - [11/Jul/2025:21:17:51 +0700] "GET /news/79king-4-download-android.html HTTP/2" 404 14183 "-" "Mozilla/5.0 AppleWebKit/537.36 (KHTML, like Gecko; compatible; bingbot/2.0; +http://www.bing.com/bingbot.htm) Chrome/116.0.1938.76 Safari/537.36"
103.57.221.79 - - [11/Jul/2025:21:18:58 +0700] "POST /wp-cron.php?doing_wp_cron=1752243538.3077170848846435546875 HTTP/1.1" 200 0 "-" "WordPress/6.8.1; https://onesmart.com.vn"
40.77.167.64 - - [11/Jul/2025:21:20:51 +0700] "GET /wp-content/uploads/2024/12/logo-abco.png HTTP/2" 200 4520 "-" "Mozilla/5.0 AppleWebKit/537.36 (KHTML, like Gecko; compatible; bingbot/2.0; +http://www.bing.com/bingbot.htm) Chrome/116.0.1938.76 Safari/537.36"
52.167.144.216 - - [11/Jul/2025:21:21:06 +0700] "GET /news/7631425/ HTTP/2" 301 0 "-" "Mozilla/5.0 AppleWebKit/537.36 (KHTML, like Gecko; compatible; bingbot/2.0; +http://www.bing.com/bingbot.htm) Chrome/116.0.1938.76 Safari/537.36"
52.167.144.219 - - [11/Jul/2025:21:21:21 +0700] "GET /news/0863951/ HTTP/2" 301 0 "-" "Mozilla/5.0 AppleWebKit/537.36 (KHTML, like Gecko; compatible; bingbot/2.0; +http://www.bing.com/bingbot.htm) Chrome/116.0.1938.76 Safari/537.36"
103.57.221.79 - - [11/Jul/2025:21:22:45 +0700] "POST /wp-cron.php?doing_wp_cron=1752243765.8425540924072265625000 HTTP/1.1" 200 0 "-" "WordPress/6.8.1; https://onesmart.com.vn"
103.57.221.79 - - [11/Jul/2025:21:24:23 +0700] "POST /wp-cron.php?doing_wp_cron=1752243863.3517770767211914062500 HTTP/1.1" 200 0 "-" "WordPress/6.8.1; https://onesmart.com.vn"
52.167.144.216 - - [11/Jul/2025:21:24:23 +0700] "GET /news/5107896/ HTTP/2" 404 14136 "-" "Mozilla/5.0 AppleWebKit/537.36 (KHTML, like Gecko; compatible; bingbot/2.0; +http://www.bing.com/bingbot.htm) Chrome/116.0.1938.76 Safari/537.36"
103.57.221.79 - - [11/Jul/2025:21:25:28 +0700] "POST /wp-cron.php?doing_wp_cron=1752243928.0740830898284912109375 HTTP/1.1" 200 0 "-" "WordPress/6.8.1; https://onesmart.com.vn"
52.167.144.219 - - [11/Jul/2025:21:35:30 +0700] "GET /news/6870231/ HTTP/2" 301 0 "-" "Mozilla/5.0 AppleWebKit/537.36 (KHTML, like Gecko; compatible; bingbot/2.0; +http://www.bing.com/bingbot.htm) Chrome/116.0.1938.76 Safari/537.36"
47.128.111.101 - - [11/Jul/2025:21:35:49 +0700] "GET /VideoKzqTzk/ HTTP/2" 404 10747 "-" "Mozilla/5.0 (Linux; Android 5.0) AppleWebKit/537.36 (KHTML, like Gecko) Mobile Safari/537.36 (compatible; TikTokSpider; ttspider-feedback@tiktok.com)"
47.128.111.101 - - [11/Jul/2025:21:35:50 +0700] "GET /wp-content/litespeed/css/932c380413f16c9047070a983ff06393.css?ver=95972 HTTP/2" 200 71468 "https://onesmart.com.vn/VideoKzqTzk/" "Mozilla/5.0 (Linux; Android 5.0) AppleWebKit/537.36 (KHTML, like Gecko) Mobile Safari/537.36 (compatible; TikTokSpider; ttspider-feedback@tiktok.com)"
47.128.111.101 - - [11/Jul/2025:21:35:50 +0700] "POST /wp-content/plugins/litespeed-cache/guest.vary.php HTTP/2" 200 20 "https://onesmart.com.vn/VideoKzqTzk/" "Mozilla/5.0 (Linux; Android 5.0) AppleWebKit/537.36 (KHTML, like Gecko) Mobile Safari/537.36 (compatible; TikTokSpider; ttspider-feedback@tiktok.com)"
47.128.111.101 - - [11/Jul/2025:21:35:51 +0700] "GET /wp-content/plugins/Simple-Contact/assets/images/widget_icon_zalo.svg HTTP/2" 206 500 "https://onesmart.com.vn/wp-content/litespeed/css/932c380413f16c9047070a983ff06393.css?ver=95972" "Mozilla/5.0 (Linux; Android 5.0) AppleWebKit/537.36 (KHTML, like Gecko) Mobile Safari/537.36 (compatible; TikTokSpider; ttspider-feedback@tiktok.com)"
47.128.111.101 - - [11/Jul/2025:21:35:51 +0700] "GET /wp-content/plugins/Simple-Contact/assets/images/widget_icon_click_to_call.svg HTTP/2" 206 500 "https://onesmart.com.vn/wp-content/litespeed/css/932c380413f16c9047070a983ff06393.css?ver=95972" "Mozilla/5.0 (Linux; Android 5.0) AppleWebKit/537.36 (KHTML, like Gecko) Mobile Safari/537.36 (compatible; TikTokSpider; ttspider-feedback@tiktok.com)"
47.128.111.101 - - [11/Jul/2025:21:35:51 +0700] "GET /wp-content/plugins/Simple-Contact/assets/images/widget_icon_messenger.svg HTTP/2" 206 500 "https://onesmart.com.vn/wp-content/litespeed/css/932c380413f16c9047070a983ff06393.css?ver=95972" "Mozilla/5.0 (Linux; Android 5.0) AppleWebKit/537.36 (KHTML, like Gecko) Mobile Safari/537.36 (compatible; TikTokSpider; ttspider-feedback@tiktok.com)"
47.128.111.101 - - [11/Jul/2025:21:35:51 +0700] "GET /VideoKzqTzk/ HTTP/2" 404 18344 "https://onesmart.com.vn/VideoKzqTzk/" "Mozilla/5.0 (Linux; Android 5.0) AppleWebKit/537.36 (KHTML, like Gecko) Mobile Safari/537.36 (compatible; TikTokSpider; ttspider-feedback@tiktok.com)"
47.128.111.101 - - [11/Jul/2025:21:35:53 +0700] "GET /wp-content/plugins/contact-form-7/includes/css/styles.css?ver=6.1 HTTP/2" 200 899 "https://onesmart.com.vn/VideoKzqTzk/" "Mozilla/5.0 (Linux; Android 5.0) AppleWebKit/537.36 (KHTML, like Gecko) Mobile Safari/537.36 (compatible; TikTokSpider; ttspider-feedback@tiktok.com)"
47.128.111.101 - - [11/Jul/2025:21:35:53 +0700] "GET /wp-content/plugins/Simple-Contact//assets/css/style.css?ver=6.8.1 HTTP/2" 200 16591 "https://onesmart.com.vn/VideoKzqTzk/" "Mozilla/5.0 (Linux; Android 5.0) AppleWebKit/537.36 (KHTML, like Gecko) Mobile Safari/537.36 (compatible; TikTokSpider; ttspider-feedback@tiktok.com)"
47.128.111.101 - - [11/Jul/2025:21:35:53 +0700] "GET /wp-content/plugins/related-posts-by-taxonomy/includes/assets/css/styles.css?ver=6.8.1 HTTP/2" 200 225 "https://onesmart.com.vn/VideoKzqTzk/" "Mozilla/5.0 (Linux; Android 5.0) AppleWebKit/537.36 (KHTML, like Gecko) Mobile Safari/537.36 (compatible; TikTokSpider; ttspider-feedback@tiktok.com)"
47.128.111.101 - - [11/Jul/2025:21:35:54 +0700] "GET /wp-content/plugins/woocommerce/assets/css/brands.css?ver=9.9.5 HTTP/2" 200 579 "https://onesmart.com.vn/VideoKzqTzk/" "Mozilla/5.0 (Linux; Android 5.0) AppleWebKit/537.36 (KHTML, like Gecko) Mobile Safari/537.36 (compatible; TikTokSpider; ttspider-feedback@tiktok.com)"
47.128.122.132 - - [11/Jul/2025:21:18:58 +0700] "GET /VideoWteSRh/ HTTP/2" 404 10721 "-" "Mozilla/5.0 (Linux; Android 5.0) AppleWebKit/537.36 (KHTML, like Gecko) Mobile Safari/537.36 (compatible; TikTokSpider; ttspider-feedback@tiktok.com)"
47.128.122.132 - - [11/Jul/2025:21:19:01 +0700] "POST /wp-content/plugins/litespeed-cache/guest.vary.php HTTP/2" 200 20 "https://onesmart.com.vn/VideoWteSRh/" "Mozilla/5.0 (Linux; Android 5.0) AppleWebKit/537.36 (KHTML, like Gecko) Mobile Safari/537.36 (compatible; TikTokSpider; ttspider-feedback@tiktok.com)"
47.128.122.132 - - [11/Jul/2025:21:19:01 +0700] "GET /VideoWteSRh/ HTTP/2" 404 18386 "https://onesmart.com.vn/VideoWteSRh/" "Mozilla/5.0 (Linux; Android 5.0) AppleWebKit/537.36 (KHTML, like Gecko) Mobile Safari/537.36 (compatible; TikTokSpider; ttspider-feedback@tiktok.com)"
103.57.221.79 - - [11/Jul/2025:21:21:07 +0700] "POST /wp-cron.php?doing_wp_cron=1752243667.0239200592041015625000 HTTP/1.1" 200 0 "-" "WordPress/6.8.1; https://onesmart.com.vn"
66.249.64.65 - - [11/Jul/2025:21:33:54 +0700] "GET /app20250321/code-b29.html HTTP/1.1" 404 10741 "-" "Mozilla/5.0 (Linux; Android 6.0.1; Nexus 5X Build/MMB29P) AppleWebKit/537.36 (KHTML, like Gecko) Chrome/137.0.7151.103 Mobile Safari/537.36 (compatible; Googlebot/2.1; +http://www.google.com/bot.html)"
52.167.144.17 - - [11/Jul/2025:21:25:27 +0700] "GET /news/1648375/ HTTP/2" 404 14130 "-" "Mozilla/5.0 AppleWebKit/537.36 (KHTML, like Gecko; compatible; bingbot/2.0; +http://www.bing.com/bingbot.htm) Chrome/116.0.1938.76 Safari/537.36"
52.167.144.219 - - [11/Jul/2025:21:27:10 +0700] "GET /news/7182965/ HTTP/2" 301 0 "-" "Mozilla/5.0 AppleWebKit/537.36 (KHTML, like Gecko; compatible; bingbot/2.0; +http://www.bing.com/bingbot.htm) Chrome/116.0.1938.76 Safari/537.36"
103.57.221.79 - - [11/Jul/2025:21:28:17 +0700] "POST /wp-cron.php?doing_wp_cron=1752244097.7279810905456542968750 HTTP/1.1" 200 0 "-" "WordPress/6.8.1; https://onesmart.com.vn"
103.57.221.79 - - [11/Jul/2025:21:29:26 +0700] "POST /wp-cron.php?doing_wp_cron=1752244166.6254849433898925781250 HTTP/1.1" 200 0 "-" "WordPress/6.8.1; https://onesmart.com.vn"
103.57.221.79 - - [11/Jul/2025:21:31:09 +0700] "POST /wp-cron.php?doing_wp_cron=1752244269.3546860218048095703125 HTTP/1.1" 200 0 "-" "WordPress/6.8.1; https://onesmart.com.vn"
103.57.221.79 - - [11/Jul/2025:21:31:45 +0700] "POST /wp-cron.php?doing_wp_cron=1752244305.7506771087646484375000 HTTP/1.1" 200 0 "-" "WordPress/6.8.1; https://onesmart.com.vn"
52.167.144.216 - - [11/Jul/2025:21:31:45 +0700] "GET /app/1350297/ HTTP/2" 404 14124 "-" "Mozilla/5.0 AppleWebKit/537.36 (KHTML, like Gecko; compatible; bingbot/2.0; +http://www.bing.com/bingbot.htm) Chrome/116.0.1938.76 Safari/537.36"
103.57.221.79 - - [11/Jul/2025:21:33:53 +0700] "POST /wp-cron.php?doing_wp_cron=1752244433.6421360969543457031250 HTTP/1.1" 200 0 "-" "WordPress/6.8.1; https://onesmart.com.vn"
52.167.144.202 - - [11/Jul/2025:21:33:53 +0700] "GET /app/app2025-04-09/today-1xbet-promo-code.html HTTP/2" 404 14169 "-" "Mozilla/5.0 AppleWebKit/537.36 (KHTML, like Gecko; compatible; bingbot/2.0; +http://www.bing.com/bingbot.htm) Chrome/116.0.1938.76 Safari/537.36"
52.167.144.202 - - [11/Jul/2025:21:34:12 +0700] "GET /hot2025-03-15/dang-nhap-m88-tren-di-dong.html HTTP/2" 404 14137 "-" "Mozilla/5.0 AppleWebKit/537.36 (KHTML, like Gecko; compatible; bingbot/2.0; +http://www.bing.com/bingbot.htm) Chrome/116.0.1938.76 Safari/537.36"
103.57.221.79 - - [11/Jul/2025:21:22:41 +0700] "POST /wp-cron.php?doing_wp_cron=1752243761.2442059516906738281250 HTTP/1.1" 200 0 "-" "WordPress/6.8.1; https://onesmart.com.vn"
52.167.144.219 - - [11/Jul/2025:21:22:41 +0700] "GET /game/soi-c%E1%BA%A7u-t%E1%BA%ADp-%C4%91o%C3%A0n-gi%E1%BA%A3i-m%C3%A3-s%E1%BB%91-h%E1%BB%8Dc.html HTTP/2" 301 0 "-" "Mozilla/5.0 AppleWebKit/537.36 (KHTML, like Gecko; compatible; bingbot/2.0; +http://www.bing.com/bingbot.htm) Chrome/116.0.1938.76 Safari/537.36"
52.167.144.228 - - [11/Jul/2025:21:22:45 +0700] "GET /app/8073496/ HTTP/2" 301 0 "-" "Mozilla/5.0 AppleWebKit/537.36 (KHTML, like Gecko; compatible; bingbot/2.0; +http://www.bing.com/bingbot.htm) Chrome/116.0.1938.76 Safari/537.36"
103.57.221.79 - - [11/Jul/2025:21:27:11 +0700] "POST /wp-cron.php?doing_wp_cron=1752244031.0054919719696044921875 HTTP/1.1" 200 0 "-" "WordPress/6.8.1; https://onesmart.com.vn"
52.167.144.206 - - [11/Jul/2025:21:28:17 +0700] "GET /app/1743625/ HTTP/2" 404 14115 "-" "Mozilla/5.0 AppleWebKit/537.36 (KHTML, like Gecko; compatible; bingbot/2.0; +http://www.bing.com/bingbot.htm) Chrome/116.0.1938.76 Safari/537.36"
66.249.64.66 - - [11/Jul/2025:21:29:26 +0700] "GET /mobile2025-03-21/game-i88.html HTTP/1.1" 404 10727 "-" "Mozilla/5.0 (Linux; Android 6.0.1; Nexus 5X Build/MMB29P) AppleWebKit/537.36 (KHTML, like Gecko) Chrome/137.0.7151.103 Mobile Safari/537.36 (compatible; Googlebot/2.1; +http://www.google.com/bot.html)"
52.167.144.206 - - [11/Jul/2025:21:31:09 +0700] "GET /news/1672405/ HTTP/2" 404 14112 "-" "Mozilla/5.0 AppleWebKit/537.36 (KHTML, like Gecko; compatible; bingbot/2.0; +http://www.bing.com/bingbot.htm) Chrome/116.0.1938.76 Safari/537.36"
40.77.167.150 - - [11/Jul/2025:21:32:23 +0700] "GET /news/1725894/ HTTP/2" 301 0 "-" "Mozilla/5.0 AppleWebKit/537.36 (KHTML, like Gecko; compatible; bingbot/2.0; +http://www.bing.com/bingbot.htm) Chrome/116.0.1938.76 Safari/537.36"
47.128.111.101 - - [11/Jul/2025:21:35:54 +0700] "GET /wp-content/plugins/wordpress-popular-posts/assets/css/wpp.css?ver=7.3.3 HTTP/2" 200 520 "https://onesmart.com.vn/VideoKzqTzk/" "Mozilla/5.0 (Linux; Android 5.0) AppleWebKit/537.36 (KHTML, like Gecko) Mobile Safari/537.36 (compatible; TikTokSpider; ttspider-feedback@tiktok.com)"
47.128.111.101 - - [11/Jul/2025:21:35:55 +0700] "GET /wp-content/themes/flatsome/assets/css/flatsome-shop.css?ver=3.17.7 HTTP/2" 200 5385 "https://onesmart.com.vn/VideoKzqTzk/" "Mozilla/5.0 (Linux; Android 5.0) AppleWebKit/537.36 (KHTML, like Gecko) Mobile Safari/537.36 (compatible; TikTokSpider; ttspider-feedback@tiktok.com)"
47.128.111.101 - - [11/Jul/2025:21:35:55 +0700] "GET /wp-content/themes/flatsome-child/style.css?ver=3.11.3 HTTP/2" 200 4237 "https://onesmart.com.vn/VideoKzqTzk/" "Mozilla/5.0 (Linux; Android 5.0) AppleWebKit/537.36 (KHTML, like Gecko) Mobile Safari/537.36 (compatible; TikTokSpider; ttspider-feedback@tiktok.com)"
47.128.111.101 - - [11/Jul/2025:21:35:55 +0700] "GET /wp-content/themes/flatsome/assets/css/flatsome.css?ver=3.17.7 HTTP/2" 200 28041 "https://onesmart.com.vn/VideoKzqTzk/" "Mozilla/5.0 (Linux; Android 5.0) AppleWebKit/537.36 (KHTML, like Gecko) Mobile Safari/537.36 (compatible; TikTokSpider; ttspider-feedback@tiktok.com)"
47.128.111.101 - - [11/Jul/2025:21:35:55 +0700] "GET /wp-content/plugins/woocommerce/assets/client/blocks/wc-blocks.css?ver=wc-9.9.5 HTTP/2" 200 2356 "https://onesmart.com.vn/VideoKzqTzk/" "Mozilla/5.0 (Linux; Android 5.0) AppleWebKit/537.36 (KHTML, like Gecko) Mobile Safari/537.36 (compatible; TikTokSpider; ttspider-feedback@tiktok.com)"
47.128.111.101 - - [11/Jul/2025:21:35:56 +0700] "GET /wp-content/plugins/Simple-Contact//assets/images/widget_icon_zalo.svg HTTP/2" 206 500 "https://onesmart.com.vn/wp-content/plugins/Simple-Contact//assets/css/style.css?ver=6.8.1" "Mozilla/5.0 (Linux; Android 5.0) AppleWebKit/537.36 (KHTML, like Gecko) Mobile Safari/537.36 (compatible; TikTokSpider; ttspider-feedback@tiktok.com)"
47.128.111.101 - - [11/Jul/2025:21:35:56 +0700] "GET /wp-content/plugins/Simple-Contact//assets/images/widget_icon_messenger.svg HTTP/2" 206 500 "https://onesmart.com.vn/wp-content/plugins/Simple-Contact//assets/css/style.css?ver=6.8.1" "Mozilla/5.0 (Linux; Android 5.0) AppleWebKit/537.36 (KHTML, like Gecko) Mobile Safari/537.36 (compatible; TikTokSpider; ttspider-feedback@tiktok.com)"
47.128.111.101 - - [11/Jul/2025:21:35:56 +0700] "GET /wp-content/plugins/Simple-Contact//assets/images/widget_icon_click_to_call.svg HTTP/2" 206 500 "https://onesmart.com.vn/wp-content/plugins/Simple-Contact//assets/css/style.css?ver=6.8.1" "Mozilla/5.0 (Linux; Android 5.0) AppleWebKit/537.36 (KHTML, like Gecko) Mobile Safari/537.36 (compatible; TikTokSpider; ttspider-feedback@tiktok.com)"
103.57.221.79 - - [11/Jul/2025:21:36:34 +0700] "POST /wp-cron.php?doing_wp_cron=1752244594.0549330711364746093750 HTTP/1.1" 200 0 "-" "WordPress/6.8.1; https://onesmart.com.vn"
40.77.167.255 - - [11/Jul/2025:21:38:29 +0700] "GET /news/awwwards-79king.html HTTP/2" 301 0 "-" "Mozilla/5.0 AppleWebKit/537.36 (KHTML, like Gecko; compatible; bingbot/2.0; +http://www.bing.com/bingbot.htm) Chrome/116.0.1938.76 Safari/537.36"
103.57.221.79 - - [11/Jul/2025:21:41:34 +0700] "POST /wp-cron.php?doing_wp_cron=1752244894.7711200714111328125000 HTTP/1.1" 200 0 "-" "WordPress/6.8.1; https://onesmart.com.vn"
52.167.144.199 - - [11/Jul/2025:21:41:34 +0700] "GET /C/five-88-com.do HTTP/2" 404 14137 "-" "Mozilla/5.0 AppleWebKit/537.36 (KHTML, like Gecko; compatible; bingbot/2.0; +http://www.bing.com/bingbot.htm) Chrome/116.0.1938.76 Safari/537.36"
103.57.221.79 - - [11/Jul/2025:21:46:27 +0700] "POST /wp-cron.php?doing_wp_cron=1752245187.8718969821929931640625 HTTP/1.1" 200 0 "-" "WordPress/6.8.1; https://onesmart.com.vn"
52.167.144.166 - - [11/Jul/2025:21:46:27 +0700] "GET /news/33win-link-moi.html HTTP/2" 404 14147 "-" "Mozilla/5.0 AppleWebKit/537.36 (KHTML, like Gecko; compatible; bingbot/2.0; +http://www.bing.com/bingbot.htm) Chrome/116.0.1938.76 Safari/537.36"
103.57.221.79 - - [11/Jul/2025:21:35:49 +0700] "POST /wp-cron.php?doing_wp_cron=1752244549.2323210239410400390625 HTTP/1.1" 200 0 "-" "WordPress/6.8.1; https://onesmart.com.vn"
66.249.64.64 - - [11/Jul/2025:21:36:02 +0700] "GET /ads.txt HTTP/1.1" 404 14107 "-" "Mozilla/5.0 (compatible; Googlebot/2.1; +http://www.google.com/bot.html)"
52.167.144.202 - - [11/Jul/2025:21:36:33 +0700] "GET /news/6792543/ HTTP/2" 404 14111 "-" "Mozilla/5.0 AppleWebKit/537.36 (KHTML, like Gecko; compatible; bingbot/2.0; +http://www.bing.com/bingbot.htm) Chrome/116.0.1938.76 Safari/537.36"
103.57.221.79 - - [11/Jul/2025:21:37:04 +0700] "POST /wp-cron.php?doing_wp_cron=1752244624.5986349582672119140625 HTTP/1.1" 200 0 "-" "WordPress/6.8.1; https://onesmart.com.vn"
52.167.144.199 - - [11/Jul/2025:21:41:14 +0700] "GET /app/1256497/ HTTP/2" 404 14068 "-" "Mozilla/5.0 AppleWebKit/537.36 (KHTML, like Gecko; compatible; bingbot/2.0; +http://www.bing.com/bingbot.htm) Chrome/116.0.1938.76 Safari/537.36"
40.77.167.70 - - [11/Jul/2025:21:45:10 +0700] "GET /app/4176802/ HTTP/2" 404 14118 "-" "Mozilla/5.0 AppleWebKit/537.36 (KHTML, like Gecko; compatible; bingbot/2.0; +http://www.bing.com/bingbot.htm) Chrome/116.0.1938.76 Safari/537.36"
103.57.221.79 - - [11/Jul/2025:21:47:19 +0700] "POST /wp-cron.php?doing_wp_cron=1752245239.2562670707702636718750 HTTP/1.1" 200 0 "-" "WordPress/6.8.1; https://onesmart.com.vn"
40.77.167.255 - - [11/Jul/2025:21:47:19 +0700] "GET /news/tai-iwin-mien-phi-ve-dien-thoai-samsung.html HTTP/2" 301 0 "-" "Mozilla/5.0 AppleWebKit/537.36 (KHTML, like Gecko; compatible; bingbot/2.0; +http://www.bing.com/bingbot.htm) Chrome/116.0.1938.76 Safari/537.36"
52.167.144.213 - - [11/Jul/2025:21:49:07 +0700] "GET /news/3407695/ HTTP/2" 404 14104 "-" "Mozilla/5.0 AppleWebKit/537.36 (KHTML, like Gecko; compatible; bingbot/2.0; +http://www.bing.com/bingbot.htm) Chrome/116.0.1938.76 Safari/537.36"
52.167.144.166 - - [11/Jul/2025:21:51:29 +0700] "GET /news/4638751/ HTTP/2" 404 14142 "-" "Mozilla/5.0 AppleWebKit/537.36 (KHTML, like Gecko; compatible; bingbot/2.0; +http://www.bing.com/bingbot.htm) Chrome/116.0.1938.76 Safari/537.36"
103.57.221.79 - - [11/Jul/2025:21:51:36 +0700] "POST /wp-cron.php?doing_wp_cron=1752245496.0797839164733886718750 HTTP/1.1" 200 0 "-" "WordPress/6.8.1; https://onesmart.com.vn"
66.249.71.98 - - [11/Jul/2025:21:51:35 +0700] "GET /game20250325/slot-machine-fowl-play-gold.html HTTP/1.1" 404 10745 "-" "Mozilla/5.0 (Linux; Android 6.0.1; Nexus 5X Build/MMB29P) AppleWebKit/537.36 (KHTML, like Gecko) Chrome/137.0.7151.103 Mobile Safari/537.36 (compatible; Googlebot/2.1; +http://www.google.com/bot.html)"
103.57.221.79 - - [11/Jul/2025:21:52:47 +0700] "POST /wp-cron.php?doing_wp_cron=1752245567.6397869586944580078125 HTTP/1.1" 200 0 "-" "WordPress/6.8.1; https://onesmart.com.vn"
40.77.167.35 - - [11/Jul/2025:21:55:11 +0700] "GET /news/3580412/ HTTP/2" 404 14128 "-" "Mozilla/5.0 AppleWebKit/537.36 (KHTML, like Gecko; compatible; bingbot/2.0; +http://www.bing.com/bingbot.htm) Chrome/116.0.1938.76 Safari/537.36"
40.77.167.159 - - [11/Jul/2025:21:55:29 +0700] "GET /news/5318902/ HTTP/2" 301 0 "-" "Mozilla/5.0 AppleWebKit/537.36 (KHTML, like Gecko; compatible; bingbot/2.0; +http://www.bing.com/bingbot.htm) Chrome/116.0.1938.76 Safari/537.36"
40.77.167.159 - - [11/Jul/2025:21:55:31 +0700] "GET /news/w88-vui-ve.html HTTP/2" 301 0 "-" "Mozilla/5.0 AppleWebKit/537.36 (KHTML, like Gecko; compatible; bingbot/2.0; +http://www.bing.com/bingbot.htm) Chrome/116.0.1938.76 Safari/537.36"
103.57.221.79 - - [11/Jul/2025:21:55:33 +0700] "POST /wp-cron.php?doing_wp_cron=1752245733.7624919414520263671875 HTTP/1.1" 200 0 "-" "WordPress/6.8.1; https://onesmart.com.vn"
40.77.167.159 - - [11/Jul/2025:21:56:09 +0700] "GET /app/9267450/ HTTP/2" 301 0 "-" "Mozilla/5.0 AppleWebKit/537.36 (KHTML, like Gecko; compatible; bingbot/2.0; +http://www.bing.com/bingbot.htm) Chrome/116.0.1938.76 Safari/537.36"
103.57.221.79 - - [11/Jul/2025:21:35:30 +0700] "POST /wp-cron.php?doing_wp_cron=1752244530.3229219913482666015625 HTTP/1.1" 200 0 "-" "WordPress/6.8.1; https://onesmart.com.vn"
52.167.144.202 - - [11/Jul/2025:21:37:04 +0700] "GET /news/3954168/ HTTP/2" 404 14117 "-" "Mozilla/5.0 AppleWebKit/537.36 (KHTML, like Gecko; compatible; bingbot/2.0; +http://www.bing.com/bingbot.htm) Chrome/116.0.1938.76 Safari/537.36"
103.57.221.79 - - [11/Jul/2025:21:38:30 +0700] "POST /wp-cron.php?doing_wp_cron=1752244710.0926570892333984375000 HTTP/1.1" 200 0 "-" "WordPress/6.8.1; https://onesmart.com.vn"
103.57.221.79 - - [11/Jul/2025:21:40:56 +0700] "POST /wp-cron.php?doing_wp_cron=1752244856.7706921100616455078125 HTTP/1.1" 200 0 "-" "WordPress/6.8.1; https://onesmart.com.vn"
52.167.144.136 - - [11/Jul/2025:21:40:56 +0700] "GET /news/5391672/ HTTP/2" 301 0 "-" "Mozilla/5.0 AppleWebKit/537.36 (KHTML, like Gecko; compatible; bingbot/2.0; +http://www.bing.com/bingbot.htm) Chrome/116.0.1938.76 Safari/537.36"
103.57.221.79 - - [11/Jul/2025:21:45:10 +0700] "POST /wp-cron.php?doing_wp_cron=1752245110.5116569995880126953125 HTTP/1.1" 200 0 "-" "WordPress/6.8.1; https://onesmart.com.vn"
52.167.144.182 - - [11/Jul/2025:21:47:26 +0700] "GET /news/sh-bet-dang-nhap-uy-tin HTTP/2" 301 0 "-" "Mozilla/5.0 AppleWebKit/537.36 (KHTML, like Gecko; compatible; bingbot/2.0; +http://www.bing.com/bingbot.htm) Chrome/116.0.1938.76 Safari/537.36"
103.57.221.79 - - [11/Jul/2025:21:49:07 +0700] "POST /wp-cron.php?doing_wp_cron=1752245347.9891080856323242187500 HTTP/1.1" 200 0 "-" "WordPress/6.8.1; https://onesmart.com.vn"
103.57.221.79 - - [11/Jul/2025:21:51:29 +0700] "POST /wp-cron.php?doing_wp_cron=1752245489.5062060356140136718750 HTTP/1.1" 200 0 "-" "WordPress/6.8.1; https://onesmart.com.vn"
52.167.144.166 - - [11/Jul/2025:21:52:47 +0700] "GET /game/1574203/ HTTP/2" 404 14115 "-" "Mozilla/5.0 AppleWebKit/537.36 (KHTML, like Gecko; compatible; bingbot/2.0; +http://www.bing.com/bingbot.htm) Chrome/116.0.1938.76 Safari/537.36"
40.77.167.159 - - [11/Jul/2025:21:52:48 +0700] "GET /app/6391078/ HTTP/2" 301 0 "-" "Mozilla/5.0 AppleWebKit/537.36 (KHTML, like Gecko; compatible; bingbot/2.0; +http://www.bing.com/bingbot.htm) Chrome/116.0.1938.76 Safari/537.36"
103.57.221.79 - - [11/Jul/2025:21:55:11 +0700] "POST /wp-cron.php?doing_wp_cron=1752245711.5749189853668212890625 HTTP/1.1" 200 0 "-" "WordPress/6.8.1; https://onesmart.com.vn"
52.167.144.210 - - [11/Jul/2025:21:55:33 +0700] "GET /news/6425391/ HTTP/2" 301 0 "-" "Mozilla/5.0 AppleWebKit/537.36 (KHTML, like Gecko; compatible; bingbot/2.0; +http://www.bing.com/bingbot.htm) Chrome/116.0.1938.76 Safari/537.36"
40.77.167.75 - - [11/Jul/2025:21:55:39 +0700] "GET /news/5091732/ HTTP/2" 404 14123 "-" "Mozilla/5.0 AppleWebKit/537.36 (KHTML, like Gecko; compatible; bingbot/2.0; +http://www.bing.com/bingbot.htm) Chrome/116.0.1938.76 Safari/537.36"
52.167.144.210 - - [11/Jul/2025:21:55:50 +0700] "GET /news/4296750/ HTTP/2" 301 0 "-" "Mozilla/5.0 AppleWebKit/537.36 (KHTML, like Gecko; compatible; bingbot/2.0; +http://www.bing.com/bingbot.htm) Chrome/116.0.1938.76 Safari/537.36"
52.167.144.213 - - [11/Jul/2025:21:56:09 +0700] "GET /game/0957132/ HTTP/2" 404 14107 "-" "Mozilla/5.0 AppleWebKit/537.36 (KHTML, like Gecko; compatible; bingbot/2.0; +http://www.bing.com/bingbot.htm) Chrome/116.0.1938.76 Safari/537.36"
103.57.221.79 - - [11/Jul/2025:21:57:28 +0700] "POST /wp-cron.php?doing_wp_cron=1752245848.5192909240722656250000 HTTP/1.1" 200 0 "-" "WordPress/6.8.1; https://onesmart.com.vn"
52.167.144.166 - - [11/Jul/2025:21:57:28 +0700] "GET /news/3650498/ HTTP/2" 301 0 "-" "Mozilla/5.0 AppleWebKit/537.36 (KHTML, like Gecko; compatible; bingbot/2.0; +http://www.bing.com/bingbot.htm) Chrome/116.0.1938.76 Safari/537.36"
52.167.144.166 - - [11/Jul/2025:21:57:58 +0700] "GET /game20250403/tai-game-chien-dich-huyen-thoai-bc.html HTTP/2" 301 0 "-" "Mozilla/5.0 AppleWebKit/537.36 (KHTML, like Gecko; compatible; bingbot/2.0; +http://www.bing.com/bingbot.htm) Chrome/116.0.1938.76 Safari/537.36"
103.57.221.79 - - [11/Jul/2025:21:48:16 +0700] "POST /wp-cron.php?doing_wp_cron=1752245296.0309059619903564453125 HTTP/1.1" 200 0 "-" "WordPress/6.8.1; https://onesmart.com.vn"
52.167.144.199 - - [11/Jul/2025:21:48:15 +0700] "GET /news/9670213/ HTTP/2" 404 14122 "-" "Mozilla/5.0 AppleWebKit/537.36 (KHTML, like Gecko; compatible; bingbot/2.0; +http://www.bing.com/bingbot.htm) Chrome/116.0.1938.76 Safari/537.36"
52.167.144.210 - - [11/Jul/2025:21:49:12 +0700] "GET /news/t%E1%BA%A3i-loto188-v%E1%BB%81-%C4%91i%E1%BB%87n-tho%E1%BA%A1i HTTP/2" 301 0 "-" "Mozilla/5.0 AppleWebKit/537.36 (KHTML, like Gecko; compatible; bingbot/2.0; +http://www.bing.com/bingbot.htm) Chrome/116.0.1938.76 Safari/537.36"
52.167.144.166 - - [11/Jul/2025:21:49:27 +0700] "GET /news/0324956/ HTTP/2" 404 14103 "-" "Mozilla/5.0 AppleWebKit/537.36 (KHTML, like Gecko; compatible; bingbot/2.0; +http://www.bing.com/bingbot.htm) Chrome/116.0.1938.76 Safari/537.36"
103.57.221.79 - - [11/Jul/2025:21:55:51 +0700] "POST /wp-cron.php?doing_wp_cron=1752245751.0641639232635498046875 HTTP/1.1" 200 0 "-" "WordPress/6.8.1; https://onesmart.com.vn"
103.57.221.79 - - [11/Jul/2025:21:57:59 +0700] "POST /wp-cron.php?doing_wp_cron=1752245879.0169689655303955078125 HTTP/1.1" 200 0 "-" "WordPress/6.8.1; https://onesmart.com.vn"
103.57.221.79 - - [11/Jul/2025:21:59:11 +0700] "POST /wp-cron.php?doing_wp_cron=1752245951.2558579444885253906250 HTTP/1.1" 200 0 "-" "WordPress/6.8.1; https://onesmart.com.vn"
103.57.221.79 - - [11/Jul/2025:22:03:21 +0700] "POST /wp-cron.php?doing_wp_cron=1752246201.0542790889739990234375 HTTP/1.1" 200 0 "-" "WordPress/6.8.1; https://onesmart.com.vn"
40.77.167.75 - - [11/Jul/2025:22:05:52 +0700] "GET /app/8375142/ HTTP/2" 404 14134 "-" "Mozilla/5.0 AppleWebKit/537.36 (KHTML, like Gecko; compatible; bingbot/2.0; +http://www.bing.com/bingbot.htm) Chrome/116.0.1938.76 Safari/537.36"
52.167.144.230 - - [11/Jul/2025:22:07:11 +0700] "GET /news2025-04-12/Gi%E1%BB%9Bi-thi%E1%BB%87u-H88.html HTTP/2" 301 0 "-" "Mozilla/5.0 AppleWebKit/537.36 (KHTML, like Gecko; compatible; bingbot/2.0; +http://www.bing.com/bingbot.htm) Chrome/116.0.1938.76 Safari/537.36"
40.77.167.25 - - [11/Jul/2025:22:08:51 +0700] "GET /app/0427916/ HTTP/2" 301 0 "-" "Mozilla/5.0 AppleWebKit/537.36 (KHTML, like Gecko; compatible; bingbot/2.0; +http://www.bing.com/bingbot.htm) Chrome/116.0.1938.76 Safari/537.36"
66.249.71.98 - - [11/Jul/2025:22:13:56 +0700] "GET /hot2025-03-21/shbet11-com.html HTTP/1.1" 404 10758 "-" "Mozilla/5.0 (Linux; Android 6.0.1; Nexus 5X Build/MMB29P) AppleWebKit/537.36 (KHTML, like Gecko) Chrome/137.0.7151.103 Mobile Safari/537.36 (compatible; Googlebot/2.1; +http://www.google.com/bot.html)"
103.57.221.79 - - [11/Jul/2025:22:16:32 +0700] "POST /wp-cron.php?doing_wp_cron=1752246992.5391089916229248046875 HTTP/1.1" 200 0 "-" "WordPress/6.8.1; https://onesmart.com.vn"
47.128.121.56 - - [11/Jul/2025:22:16:32 +0700] "GET /VideolRJbhV/ HTTP/2" 404 10741 "-" "Mozilla/5.0 (Linux; Android 5.0) AppleWebKit/537.36 (KHTML, like Gecko) Mobile Safari/537.36 (compatible; TikTokSpider; ttspider-feedback@tiktok.com)"
47.128.121.56 - - [11/Jul/2025:22:16:36 +0700] "GET /wp-content/plugins/Simple-Contact/assets/images/widget_icon_zalo.svg HTTP/2" 206 500 "https://onesmart.com.vn/wp-content/litespeed/css/932c380413f16c9047070a983ff06393.css?ver=95972" "Mozilla/5.0 (Linux; Android 5.0) AppleWebKit/537.36 (KHTML, like Gecko) Mobile Safari/537.36 (compatible; TikTokSpider; ttspider-feedback@tiktok.com)"
47.128.121.56 - - [11/Jul/2025:22:16:36 +0700] "GET /wp-content/plugins/Simple-Contact/assets/images/widget_icon_messenger.svg HTTP/2" 206 500 "https://onesmart.com.vn/wp-content/litespeed/css/932c380413f16c9047070a983ff06393.css?ver=95972" "Mozilla/5.0 (Linux; Android 5.0) AppleWebKit/537.36 (KHTML, like Gecko) Mobile Safari/537.36 (compatible; TikTokSpider; ttspider-feedback@tiktok.com)"
40.77.167.35 - - [11/Jul/2025:21:59:11 +0700] "GET /app/0236147/ HTTP/2" 404 14111 "-" "Mozilla/5.0 AppleWebKit/537.36 (KHTML, like Gecko; compatible; bingbot/2.0; +http://www.bing.com/bingbot.htm) Chrome/116.0.1938.76 Safari/537.36"
103.57.221.79 - - [11/Jul/2025:22:01:59 +0700] "POST /wp-cron.php?doing_wp_cron=1752246119.9404239654541015625000 HTTP/1.1" 200 0 "-" "WordPress/6.8.1; https://onesmart.com.vn"
52.167.144.166 - - [11/Jul/2025:22:01:59 +0700] "GET /news/3540678/ HTTP/2" 301 0 "-" "Mozilla/5.0 AppleWebKit/537.36 (KHTML, like Gecko; compatible; bingbot/2.0; +http://www.bing.com/bingbot.htm) Chrome/116.0.1938.76 Safari/537.36"
103.57.221.79 - - [11/Jul/2025:22:05:52 +0700] "POST /wp-cron.php?doing_wp_cron=1752246352.6748371124267578125000 HTTP/1.1" 200 0 "-" "WordPress/6.8.1; https://onesmart.com.vn"
103.57.221.79 - - [11/Jul/2025:22:07:11 +0700] "POST /wp-cron.php?doing_wp_cron=1752246431.8456470966339111328125 HTTP/1.1" 200 0 "-" "WordPress/6.8.1; https://onesmart.com.vn"
103.57.221.79 - - [11/Jul/2025:22:08:51 +0700] "POST /wp-cron.php?doing_wp_cron=1752246531.3559670448303222656250 HTTP/1.1" 200 0 "-" "WordPress/6.8.1; https://onesmart.com.vn"
47.128.121.15 - - [11/Jul/2025:22:24:58 +0700] "GET /Casino_kBdabYbG/ HTTP/2" 404 10735 "-" "Mozilla/5.0 (Linux; Android 5.0) AppleWebKit/537.36 (KHTML, like Gecko) Mobile Safari/537.36 (compatible; TikTokSpider; ttspider-feedback@tiktok.com)"
47.128.121.15 - - [11/Jul/2025:22:25:04 +0700] "POST /wp-content/plugins/litespeed-cache/guest.vary.php HTTP/2" 200 20 "https://onesmart.com.vn/Casino_kBdabYbG/" "Mozilla/5.0 (Linux; Android 5.0) AppleWebKit/537.36 (KHTML, like Gecko) Mobile Safari/537.36 (compatible; TikTokSpider; ttspider-feedback@tiktok.com)"
47.128.121.15 - - [11/Jul/2025:22:25:04 +0700] "GET /Casino_kBdabYbG/ HTTP/2" 404 18373 "https://onesmart.com.vn/Casino_kBdabYbG/" "Mozilla/5.0 (Linux; Android 5.0) AppleWebKit/537.36 (KHTML, like Gecko) Mobile Safari/537.36 (compatible; TikTokSpider; ttspider-feedback@tiktok.com)"
66.249.64.66 - - [11/Jul/2025:22:47:59 +0700] "GET /news20250321/khuy%E1%BA%BFn-m%C3%A3i-8kbet.html HTTP/1.1" 404 10762 "-" "Mozilla/5.0 (Linux; Android 6.0.1; Nexus 5X Build/MMB29P) AppleWebKit/537.36 (KHTML, like Gecko) Chrome/137.0.7151.103 Mobile Safari/537.36 (compatible; Googlebot/2.1; +http://www.google.com/bot.html)"
103.57.221.79 - - [11/Jul/2025:22:55:23 +0700] "POST /wp-cron.php?doing_wp_cron=1752249323.5223629474639892578125 HTTP/1.1" 200 0 "-" "WordPress/6.8.1; https://onesmart.com.vn"
165.154.254.143 - - [11/Jul/2025:22:55:23 +0700] "GET / HTTP/1.1" 200 31249 "https://www.google.com" "Mozilla/5.0 (Macintosh; Intel Mac OS X 10_15_7) AppleWebKit/605.1.15 (KHTML, like Gecko) Version/17.5 Safari/605.6.27"
66.249.71.102 - - [11/Jul/2025:22:59:15 +0700] "GET /hot/tham-kh%E1%BA%A3o-x%E1%BB%95-s%E1%BB%91-b%C3%ACnh-%C4%91%E1%BB%8Bnh-h%C3%B4m-nay HTTP/1.1" 301 0 "-" "Mozilla/5.0 (Linux; Android 6.0.1; Nexus 5X Build/MMB29P) AppleWebKit/537.36 (KHTML, like Gecko) Chrome/137.0.7151.103 Mobile Safari/537.36 (compatible; Googlebot/2.1; +http://www.google.com/bot.html)"
