52.167.144.177 - - [12/Jul/2025:04:32:54 +0700] "GET /news/5012369/ HTTP/2" 404 14123 "-" "Mozilla/5.0 AppleWebKit/537.36 (KHTML, like Gecko; compatible; bingbot/2.0; +http://www.bing.com/bingbot.htm) Chrome/116.0.1938.76 Safari/537.36"
103.57.221.79 - - [12/Jul/2025:04:34:22 +0700] "POST /wp-cron.php?doing_wp_cron=1752269662.4203569889068603515625 HTTP/1.1" 200 0 "-" "WordPress/6.8.1; https://onesmart.com.vn"
52.167.144.177 - - [12/Jul/2025:04:34:22 +0700] "GET /news/9437215/welcome-123b-com HTTP/2" 404 14149 "-" "Mozilla/5.0 AppleWebKit/537.36 (KHTML, like Gecko; compatible; bingbot/2.0; +http://www.bing.com/bingbot.htm) Chrome/116.0.1938.76 Safari/537.36"
66.249.71.99 - - [12/Jul/2025:04:35:18 +0700] "GET /app2025-03-27/shbet-logo.html HTTP/1.1" 404 10722 "-" "Mozilla/5.0 (Linux; Android 6.0.1; Nexus 5X Build/MMB29P) AppleWebKit/537.36 (KHTML, like Gecko) Chrome/137.0.7151.103 Mobile Safari/537.36 (compatible; Googlebot/2.1; +http://www.google.com/bot.html)"
40.77.167.70 - - [12/Jul/2025:04:36:14 +0700] "GET /news/bongdaso-bong-da-so-du-lieu.html HTTP/2" 301 0 "-" "Mozilla/5.0 AppleWebKit/537.36 (KHTML, like Gecko; compatible; bingbot/2.0; +http://www.bing.com/bingbot.htm) Chrome/116.0.1938.76 Safari/537.36"
66.249.73.96 - - [12/Jul/2025:04:38:22 +0700] "GET /hot/xsmb-r%E1%BB%93ng-b%E1%BA%A1ch-kim HTTP/1.1" 301 0 "-" "Mozilla/5.0 (Linux; Android 6.0.1; Nexus 5X Build/MMB29P) AppleWebKit/537.36 (KHTML, like Gecko) Chrome/137.0.7151.103 Mobile Safari/537.36 (compatible; Googlebot/2.1; +http://www.google.com/bot.html)"
103.57.221.79 - - [12/Jul/2025:04:23:21 +0700] "POST /wp-cron.php?doing_wp_cron=1752269001.2070341110229492187500 HTTP/1.1" 200 0 "-" "WordPress/6.8.1; https://onesmart.com.vn"
103.57.221.79 - - [12/Jul/2025:04:25:56 +0700] "POST /wp-cron.php?doing_wp_cron=1752269156.9402658939361572265625 HTTP/1.1" 200 0 "-" "WordPress/6.8.1; https://onesmart.com.vn"
103.57.221.79 - - [12/Jul/2025:04:26:53 +0700] "POST /wp-cron.php?doing_wp_cron=1752269213.3265728950500488281250 HTTP/1.1" 200 0 "-" "WordPress/6.8.1; https://onesmart.com.vn"
66.249.65.70 - - [12/Jul/2025:04:26:53 +0700] "GET /news/1-slot-ngh%C4%A9a-l%C3%A0-g%C3%AC.html HTTP/1.1" 404 10769 "-" "Mozilla/5.0 (Linux; Android 6.0.1; Nexus 5X Build/MMB29P) AppleWebKit/537.36 (KHTML, like Gecko) Chrome/137.0.7151.103 Mobile Safari/537.36 (compatible; Googlebot/2.1; +http://www.google.com/bot.html)"
66.249.65.72 - - [12/Jul/2025:04:27:07 +0700] "GET /hot/ty-le-keo-365 HTTP/1.1" 404 10725 "-" "Mozilla/5.0 (Linux; Android 6.0.1; Nexus 5X Build/MMB29P) AppleWebKit/537.36 (KHTML, like Gecko) Chrome/137.0.7151.103 Mobile Safari/537.36 (compatible; Googlebot/2.1; +http://www.google.com/bot.html)"
52.167.144.206 - - [12/Jul/2025:04:27:52 +0700] "GET /app/9460825/ HTTP/2" 404 14110 "-" "Mozilla/5.0 AppleWebKit/537.36 (KHTML, like Gecko; compatible; bingbot/2.0; +http://www.bing.com/bingbot.htm) Chrome/116.0.1938.76 Safari/537.36"
52.167.144.177 - - [12/Jul/2025:04:33:02 +0700] "GET /news/3870946/ HTTP/2" 301 0 "-" "Mozilla/5.0 AppleWebKit/537.36 (KHTML, like Gecko; compatible; bingbot/2.0; +http://www.bing.com/bingbot.htm) Chrome/116.0.1938.76 Safari/537.36"
52.167.144.206 - - [12/Jul/2025:04:33:23 +0700] "GET /news/4526390/ HTTP/2" 404 14150 "-" "Mozilla/5.0 AppleWebKit/537.36 (KHTML, like Gecko; compatible; bingbot/2.0; +http://www.bing.com/bingbot.htm) Chrome/116.0.1938.76 Safari/537.36"
103.57.221.79 - - [12/Jul/2025:04:36:14 +0700] "POST /wp-cron.php?doing_wp_cron=1752269774.8479990959167480468750 HTTP/1.1" 200 0 "-" "WordPress/6.8.1; https://onesmart.com.vn"
40.77.167.131 - - [12/Jul/2025:04:36:22 +0700] "GET /app//game20250410/shbet-okevip.html HTTP/2" 301 0 "-" "Mozilla/5.0 AppleWebKit/537.36 (KHTML, like Gecko; compatible; bingbot/2.0; +http://www.bing.com/bingbot.htm) Chrome/116.0.1938.76 Safari/537.36"
103.57.221.79 - - [12/Jul/2025:04:36:52 +0700] "POST /wp-cron.php?doing_wp_cron=1752269812.5895578861236572265625 HTTP/1.1" 200 0 "-" "WordPress/6.8.1; https://onesmart.com.vn"
52.167.144.177 - - [12/Jul/2025:04:36:52 +0700] "GET /order20250321/du-doan-xsct-wap.html HTTP/2" 301 0 "-" "Mozilla/5.0 AppleWebKit/537.36 (KHTML, like Gecko; compatible; bingbot/2.0; +http://www.bing.com/bingbot.htm) Chrome/116.0.1938.76 Safari/537.36"
103.57.221.79 - - [12/Jul/2025:04:39:03 +0700] "POST /wp-cron.php?doing_wp_cron=1752269943.9674088954925537109375 HTTP/1.1" 200 0 "-" "WordPress/6.8.1; https://onesmart.com.vn"
52.167.144.206 - - [12/Jul/2025:04:39:03 +0700] "GET /app/4521687/ HTTP/2" 404 14134 "-" "Mozilla/5.0 AppleWebKit/537.36 (KHTML, like Gecko; compatible; bingbot/2.0; +http://www.bing.com/bingbot.htm) Chrome/116.0.1938.76 Safari/537.36"
103.57.221.79 - - [12/Jul/2025:04:27:32 +0700] "POST /wp-cron.php?doing_wp_cron=1752269252.0846359729766845703125 HTTP/1.1" 200 0 "-" "WordPress/6.8.1; https://onesmart.com.vn"
103.57.221.79 - - [12/Jul/2025:04:27:52 +0700] "POST /wp-cron.php?doing_wp_cron=1752269272.2139658927917480468750 HTTP/1.1" 200 0 "-" "WordPress/6.8.1; https://onesmart.com.vn"
103.57.221.79 - - [12/Jul/2025:04:28:58 +0700] "POST /wp-cron.php?doing_wp_cron=1752269338.2481820583343505859375 HTTP/1.1" 200 0 "-" "WordPress/6.8.1; https://onesmart.com.vn"
40.77.167.32 - - [12/Jul/2025:04:33:06 +0700] "GET /news/6127098/ HTTP/2" 301 0 "-" "Mozilla/5.0 AppleWebKit/537.36 (KHTML, like Gecko; compatible; bingbot/2.0; +http://www.bing.com/bingbot.htm) Chrome/116.0.1938.76 Safari/537.36"
103.57.221.79 - - [12/Jul/2025:04:35:18 +0700] "POST /wp-cron.php?doing_wp_cron=1752269718.2079000473022460937500 HTTP/1.1" 200 0 "-" "WordPress/6.8.1; https://onesmart.com.vn"
103.57.221.79 - - [12/Jul/2025:04:38:22 +0700] "POST /wp-cron.php?doing_wp_cron=1752269902.8919429779052734375000 HTTP/1.1" 200 0 "-" "WordPress/6.8.1; https://onesmart.com.vn"
66.249.65.70 - - [12/Jul/2025:04:38:23 +0700] "GET /hot/xsmb-r%E1%BB%93ng-b%E1%BA%A1ch-kim HTTP/1.1" 404 10753 "-" "Mozilla/5.0 (Linux; Android 6.0.1; Nexus 5X Build/MMB29P) AppleWebKit/537.36 (KHTML, like Gecko) Chrome/137.0.7151.103 Mobile Safari/537.36 (compatible; Googlebot/2.1; +http://www.google.com/bot.html)"
103.57.221.79 - - [12/Jul/2025:04:45:34 +0700] "POST /wp-cron.php?doing_wp_cron=1752270334.8701319694519042968750 HTTP/1.1" 200 0 "-" "WordPress/6.8.1; https://onesmart.com.vn"
52.167.144.24 - - [12/Jul/2025:04:39:28 +0700] "GET /news/1234706/ HTTP/2" 301 0 "-" "Mozilla/5.0 AppleWebKit/537.36 (KHTML, like Gecko; compatible; bingbot/2.0; +http://www.bing.com/bingbot.htm) Chrome/116.0.1938.76 Safari/537.36"
103.57.221.79 - - [12/Jul/2025:04:39:53 +0700] "POST /wp-cron.php?doing_wp_cron=1752269993.6551690101623535156250 HTTP/1.1" 200 0 "-" "WordPress/6.8.1; https://onesmart.com.vn"
52.167.144.206 - - [12/Jul/2025:04:39:53 +0700] "GET /news/9601327/ HTTP/2" 404 14121 "-" "Mozilla/5.0 AppleWebKit/537.36 (KHTML, like Gecko; compatible; bingbot/2.0; +http://www.bing.com/bingbot.htm) Chrome/116.0.1938.76 Safari/537.36"
52.167.144.214 - - [12/Jul/2025:04:45:34 +0700] "GET /hot//mobile20250410/Gi%E1%BB%9Bi-thi%E1%BB%87u-Betfair.html HTTP/2" 301 0 "-" "Mozilla/5.0 AppleWebKit/537.36 (KHTML, like Gecko; compatible; bingbot/2.0; +http://www.bing.com/bingbot.htm) Chrome/116.0.1938.76 Safari/537.36"
52.167.144.214 - - [12/Jul/2025:04:46:26 +0700] "GET /news/mbbg-vn.html HTTP/2" 404 14139 "-" "Mozilla/5.0 AppleWebKit/537.36 (KHTML, like Gecko; compatible; bingbot/2.0; +http://www.bing.com/bingbot.htm) Chrome/116.0.1938.76 Safari/537.36"
103.57.221.79 - - [12/Jul/2025:04:41:23 +0700] "POST /wp-cron.php?doing_wp_cron=1752270083.7458069324493408203125 HTTP/1.1" 200 0 "-" "WordPress/6.8.1; https://onesmart.com.vn"
52.167.144.158 - - [12/Jul/2025:04:41:23 +0700] "GET /news/8417650/ HTTP/2" 301 0 "-" "Mozilla/5.0 AppleWebKit/537.36 (KHTML, like Gecko; compatible; bingbot/2.0; +http://www.bing.com/bingbot.htm) Chrome/116.0.1938.76 Safari/537.36"
103.57.221.79 - - [12/Jul/2025:04:46:26 +0700] "POST /wp-cron.php?doing_wp_cron=1752270386.5084710121154785156250 HTTP/1.1" 200 0 "-" "WordPress/6.8.1; https://onesmart.com.vn"
103.57.221.79 - - [12/Jul/2025:04:48:39 +0700] "POST /wp-cron.php?doing_wp_cron=1752270519.2637729644775390625000 HTTP/1.1" 200 0 "-" "WordPress/6.8.1; https://onesmart.com.vn"
52.167.144.233 - - [12/Jul/2025:04:48:39 +0700] "GET /news/4752368/ HTTP/2" 404 14119 "-" "Mozilla/5.0 AppleWebKit/537.36 (KHTML, like Gecko; compatible; bingbot/2.0; +http://www.bing.com/bingbot.htm) Chrome/116.0.1938.76 Safari/537.36"
52.167.144.214 - - [12/Jul/2025:04:52:24 +0700] "GET /app/9028463/ HTTP/2" 404 14108 "-" "Mozilla/5.0 AppleWebKit/537.36 (KHTML, like Gecko; compatible; bingbot/2.0; +http://www.bing.com/bingbot.htm) Chrome/116.0.1938.76 Safari/537.36"
47.128.111.105 - - [12/Jul/2025:04:53:12 +0700] "GET /Casino_mvvNCEG/ HTTP/2" 404 10758 "-" "Mozilla/5.0 (Linux; Android 5.0) AppleWebKit/537.36 (KHTML, like Gecko) Mobile Safari/537.36 (compatible; TikTokSpider; ttspider-feedback@tiktok.com)"
47.128.111.105 - - [12/Jul/2025:04:53:13 +0700] "GET /wp-content/litespeed/css/932c380413f16c9047070a983ff06393.css?ver=95972 HTTP/2" 200 71468 "https://onesmart.com.vn/Casino_mvvNCEG/" "Mozilla/5.0 (Linux; Android 5.0) AppleWebKit/537.36 (KHTML, like Gecko) Mobile Safari/537.36 (compatible; TikTokSpider; ttspider-feedback@tiktok.com)"
47.128.111.105 - - [12/Jul/2025:04:53:15 +0700] "POST /wp-content/plugins/litespeed-cache/guest.vary.php HTTP/2" 200 20 "https://onesmart.com.vn/Casino_mvvNCEG/" "Mozilla/5.0 (Linux; Android 5.0) AppleWebKit/537.36 (KHTML, like Gecko) Mobile Safari/537.36 (compatible; TikTokSpider; ttspider-feedback@tiktok.com)"
40.77.167.75 - - [12/Jul/2025:04:53:15 +0700] "GET /news/6704325/ HTTP/2" 301 0 "-" "Mozilla/5.0 AppleWebKit/537.36 (KHTML, like Gecko; compatible; bingbot/2.0; +http://www.bing.com/bingbot.htm) Chrome/116.0.1938.76 Safari/537.36"
47.128.111.105 - - [12/Jul/2025:04:53:16 +0700] "GET /Casino_mvvNCEG/ HTTP/2" 404 18377 "https://onesmart.com.vn/Casino_mvvNCEG/" "Mozilla/5.0 (Linux; Android 5.0) AppleWebKit/537.36 (KHTML, like Gecko) Mobile Safari/537.36 (compatible; TikTokSpider; ttspider-feedback@tiktok.com)"
47.128.111.105 - - [12/Jul/2025:04:53:17 +0700] "GET /wp-content/plugins/Simple-Contact//assets/css/style.css?ver=6.8.1 HTTP/2" 200 16591 "https://onesmart.com.vn/Casino_mvvNCEG/" "Mozilla/5.0 (Linux; Android 5.0) AppleWebKit/537.36 (KHTML, like Gecko) Mobile Safari/537.36 (compatible; TikTokSpider; ttspider-feedback@tiktok.com)"
47.128.111.105 - - [12/Jul/2025:04:53:18 +0700] "GET /wp-content/plugins/related-posts-by-taxonomy/includes/assets/css/styles.css?ver=6.8.1 HTTP/2" 200 225 "https://onesmart.com.vn/Casino_mvvNCEG/" "Mozilla/5.0 (Linux; Android 5.0) AppleWebKit/537.36 (KHTML, like Gecko) Mobile Safari/537.36 (compatible; TikTokSpider; ttspider-feedback@tiktok.com)"
47.128.111.105 - - [12/Jul/2025:04:53:18 +0700] "GET /wp-content/plugins/contact-form-7/includes/css/styles.css?ver=6.1 HTTP/2" 200 899 "https://onesmart.com.vn/Casino_mvvNCEG/" "Mozilla/5.0 (Linux; Android 5.0) AppleWebKit/537.36 (KHTML, like Gecko) Mobile Safari/537.36 (compatible; TikTokSpider; ttspider-feedback@tiktok.com)"
103.57.221.79 - - [12/Jul/2025:04:52:25 +0700] "POST /wp-cron.php?doing_wp_cron=1752270745.0456469058990478515625 HTTP/1.1" 200 0 "-" "WordPress/6.8.1; https://onesmart.com.vn"
47.128.111.105 - - [12/Jul/2025:04:53:19 +0700] "GET /wp-content/plugins/wordpress-popular-posts/assets/css/wpp.css?ver=7.3.3 HTTP/2" 200 520 "https://onesmart.com.vn/Casino_mvvNCEG/" "Mozilla/5.0 (Linux; Android 5.0) AppleWebKit/537.36 (KHTML, like Gecko) Mobile Safari/537.36 (compatible; TikTokSpider; ttspider-feedback@tiktok.com)"
47.128.111.105 - - [12/Jul/2025:04:53:19 +0700] "GET /wp-content/plugins/woocommerce/assets/css/brands.css?ver=9.9.5 HTTP/2" 200 579 "https://onesmart.com.vn/Casino_mvvNCEG/" "Mozilla/5.0 (Linux; Android 5.0) AppleWebKit/537.36 (KHTML, like Gecko) Mobile Safari/537.36 (compatible; TikTokSpider; ttspider-feedback@tiktok.com)"
47.128.111.105 - - [12/Jul/2025:04:53:20 +0700] "GET /wp-content/themes/flatsome/assets/css/flatsome-shop.css?ver=3.17.7 HTTP/2" 200 5385 "https://onesmart.com.vn/Casino_mvvNCEG/" "Mozilla/5.0 (Linux; Android 5.0) AppleWebKit/537.36 (KHTML, like Gecko) Mobile Safari/537.36 (compatible; TikTokSpider; ttspider-feedback@tiktok.com)"
47.128.111.105 - - [12/Jul/2025:04:53:20 +0700] "GET /wp-content/themes/flatsome/assets/css/flatsome.css?ver=3.17.7 HTTP/2" 200 28041 "https://onesmart.com.vn/Casino_mvvNCEG/" "Mozilla/5.0 (Linux; Android 5.0) AppleWebKit/537.36 (KHTML, like Gecko) Mobile Safari/537.36 (compatible; TikTokSpider; ttspider-feedback@tiktok.com)"
47.128.111.105 - - [12/Jul/2025:04:53:20 +0700] "GET /wp-content/themes/flatsome-child/style.css?ver=3.11.3 HTTP/2" 200 4237 "https://onesmart.com.vn/Casino_mvvNCEG/" "Mozilla/5.0 (Linux; Android 5.0) AppleWebKit/537.36 (KHTML, like Gecko) Mobile Safari/537.36 (compatible; TikTokSpider; ttspider-feedback@tiktok.com)"
47.128.111.105 - - [12/Jul/2025:04:53:21 +0700] "GET /wp-content/plugins/woocommerce/assets/client/blocks/wc-blocks.css?ver=wc-9.9.5 HTTP/2" 200 2356 "https://onesmart.com.vn/Casino_mvvNCEG/" "Mozilla/5.0 (Linux; Android 5.0) AppleWebKit/537.36 (KHTML, like Gecko) Mobile Safari/537.36 (compatible; TikTokSpider; ttspider-feedback@tiktok.com)"
103.57.221.79 - - [12/Jul/2025:04:53:48 +0700] "POST /wp-cron.php?doing_wp_cron=1752270828.1475019454956054687500 HTTP/1.1" 200 0 "-" "WordPress/6.8.1; https://onesmart.com.vn"
52.167.144.233 - - [12/Jul/2025:04:53:47 +0700] "GET /news/3975610/ HTTP/2" 404 14128 "-" "Mozilla/5.0 AppleWebKit/537.36 (KHTML, like Gecko; compatible; bingbot/2.0; +http://www.bing.com/bingbot.htm) Chrome/116.0.1938.76 Safari/537.36"
52.167.144.191 - - [12/Jul/2025:04:54:15 +0700] "GET /news/2701653/ HTTP/2" 404 14128 "-" "Mozilla/5.0 AppleWebKit/537.36 (KHTML, like Gecko; compatible; bingbot/2.0; +http://www.bing.com/bingbot.htm) Chrome/116.0.1938.76 Safari/537.36"
40.77.167.53 - - [12/Jul/2025:04:54:28 +0700] "GET /game/choi-len-chi-dau.html HTTP/2" 301 0 "-" "Mozilla/5.0 AppleWebKit/537.36 (KHTML, like Gecko; compatible; bingbot/2.0; +http://www.bing.com/bingbot.htm) Chrome/116.0.1938.76 Safari/537.36"
103.57.221.79 - - [12/Jul/2025:04:53:12 +0700] "POST /wp-cron.php?doing_wp_cron=1752270792.3762989044189453125000 HTTP/1.1" 200 0 "-" "WordPress/6.8.1; https://onesmart.com.vn"
40.77.167.55 - - [12/Jul/2025:04:56:26 +0700] "GET /news/soi-cau-247-net-dac-biet-dep-khung-ngay-chuan.html HTTP/2" 301 0 "-" "Mozilla/5.0 AppleWebKit/537.36 (KHTML, like Gecko; compatible; bingbot/2.0; +http://www.bing.com/bingbot.htm) Chrome/116.0.1938.76 Safari/537.36"
103.57.221.79 - - [12/Jul/2025:04:58:58 +0700] "POST /wp-cron.php?doing_wp_cron=1752271138.1608650684356689453125 HTTP/1.1" 200 0 "-" "WordPress/6.8.1; https://onesmart.com.vn"
40.77.167.25 - - [12/Jul/2025:04:59:09 +0700] "GET /game/link-iptv-k-2024.html HTTP/2" 301 0 "-" "Mozilla/5.0 AppleWebKit/537.36 (KHTML, like Gecko; compatible; bingbot/2.0; +http://www.bing.com/bingbot.htm) Chrome/116.0.1938.76 Safari/537.36"
40.77.167.25 - - [12/Jul/2025:04:59:09 +0700] "GET /news/3870596/ HTTP/2" 301 0 "-" "Mozilla/5.0 AppleWebKit/537.36 (KHTML, like Gecko; compatible; bingbot/2.0; +http://www.bing.com/bingbot.htm) Chrome/116.0.1938.76 Safari/537.36"
52.167.144.191 - - [12/Jul/2025:04:59:18 +0700] "GET /app/bach-thu-lo-khung-3-ngay HTTP/2" 404 14125 "-" "Mozilla/5.0 AppleWebKit/537.36 (KHTML, like Gecko; compatible; bingbot/2.0; +http://www.bing.com/bingbot.htm) Chrome/116.0.1938.76 Safari/537.36"
40.77.167.36 - - [12/Jul/2025:04:58:57 +0700] "GET /news/4017935/ HTTP/2" 404 14105 "-" "Mozilla/5.0 AppleWebKit/537.36 (KHTML, like Gecko; compatible; bingbot/2.0; +http://www.bing.com/bingbot.htm) Chrome/116.0.1938.76 Safari/537.36"
40.77.167.75 - - [12/Jul/2025:04:59:26 +0700] "GET /news/6409375/ HTTP/2" 301 0 "-" "Mozilla/5.0 AppleWebKit/537.36 (KHTML, like Gecko; compatible; bingbot/2.0; +http://www.bing.com/bingbot.htm) Chrome/116.0.1938.76 Safari/537.36"
103.57.221.79 - - [12/Jul/2025:04:56:26 +0700] "POST /wp-cron.php?doing_wp_cron=1752270986.7575430870056152343750 HTTP/1.1" 200 0 "-" "WordPress/6.8.1; https://onesmart.com.vn"
103.57.221.79 - - [12/Jul/2025:05:04:01 +0700] "POST /wp-cron.php?doing_wp_cron=1752271441.7255361080169677734375 HTTP/1.1" 200 0 "-" "WordPress/6.8.1; https://onesmart.com.vn"
40.77.167.255 - - [12/Jul/2025:05:04:01 +0700] "GET /app/6423857/ HTTP/2" 404 14109 "-" "Mozilla/5.0 AppleWebKit/537.36 (KHTML, like Gecko; compatible; bingbot/2.0; +http://www.bing.com/bingbot.htm) Chrome/116.0.1938.76 Safari/537.36"
52.167.144.191 - - [12/Jul/2025:05:01:38 +0700] "GET /news/5147862/ HTTP/2" 404 14121 "-" "Mozilla/5.0 AppleWebKit/537.36 (KHTML, like Gecko; compatible; bingbot/2.0; +http://www.bing.com/bingbot.htm) Chrome/116.0.1938.76 Safari/537.36"
103.57.221.79 - - [12/Jul/2025:05:01:38 +0700] "POST /wp-cron.php?doing_wp_cron=1752271298.5541169643402099609375 HTTP/1.1" 200 0 "-" "WordPress/6.8.1; https://onesmart.com.vn"
66.249.71.97 - - [12/Jul/2025:05:07:05 +0700] "GET /dieu-khien-cua-cuon-chong-trom/ HTTP/1.1" 200 17199 "-" "Mozilla/5.0 (Linux; Android 6.0.1; Nexus 5X Build/MMB29P) AppleWebKit/537.36 (KHTML, like Gecko) Chrome/137.0.7151.103 Mobile Safari/537.36 (compatible; Googlebot/2.1; +http://www.google.com/bot.html)"
103.57.221.79 - - [12/Jul/2025:05:07:05 +0700] "POST /wp-cron.php?doing_wp_cron=1752271625.5455169677734375000000 HTTP/1.1" 200 0 "-" "WordPress/6.8.1; https://onesmart.com.vn"
66.249.65.71 - - [12/Jul/2025:05:07:14 +0700] "GET / HTTP/1.1" 200 25382 "-" "Mozilla/5.0 (compatible; Googlebot/2.1; +http://www.google.com/bot.html)"
103.57.221.79 - - [12/Jul/2025:05:03:00 +0700] "POST /wp-cron.php?doing_wp_cron=1752271380.8352999687194824218750 HTTP/1.1" 200 0 "-" "WordPress/6.8.1; https://onesmart.com.vn"
40.77.167.25 - - [12/Jul/2025:05:03:00 +0700] "GET /news/7934501/ HTTP/2" 301 0 "-" "Mozilla/5.0 AppleWebKit/537.36 (KHTML, like Gecko; compatible; bingbot/2.0; +http://www.bing.com/bingbot.htm) Chrome/116.0.1938.76 Safari/537.36"
66.249.71.97 - - [12/Jul/2025:05:07:45 +0700] "GET /wp-content/themes/flatsome/assets/js/woocommerce.js?ver=1a392523165907adee6a HTTP/1.1" 200 6674 "https://onesmart.com.vn/dieu-khien-cua-cuon-chong-trom/" "Mozilla/5.0 (Linux; Android 6.0.1; Nexus 5X Build/MMB29P) AppleWebKit/537.36 (KHTML, like Gecko) Chrome/137.0.7151.119 Mobile Safari/537.36 (compatible; Googlebot/2.1; +http://www.google.com/bot.html)"
66.249.65.70 - - [12/Jul/2025:05:07:45 +0700] "GET /wp-content/themes/flatsome/assets/js/chunk.tooltips.js?ver=3.17.7 HTTP/1.1" 200 9748 "https://onesmart.com.vn/dieu-khien-cua-cuon-chong-trom/" "Mozilla/5.0 (Linux; Android 6.0.1; Nexus 5X Build/MMB29P) AppleWebKit/537.36 (KHTML, like Gecko) Chrome/137.0.7151.119 Mobile Safari/537.36 (compatible; Googlebot/2.1; +http://www.google.com/bot.html)"
66.249.71.97 - - [12/Jul/2025:05:07:46 +0700] "GET /wp-content/plugins/Simple-Contact/assets/images/widget_icon_click_to_call.svg HTTP/1.1" 200 878 "https://onesmart.com.vn/wp-content/litespeed/css/9223c946d7a120189d7ed4a3adce50da.css?ver=95972" "Mozilla/5.0 (Linux; Android 6.0.1; Nexus 5X Build/MMB29P) AppleWebKit/537.36 (KHTML, like Gecko) Chrome/137.0.7151.119 Mobile Safari/537.36 (compatible; Googlebot/2.1; +http://www.google.com/bot.html)"
103.57.221.79 - - [12/Jul/2025:05:06:00 +0700] "POST /wp-cron.php?doing_wp_cron=1752271560.4813110828399658203125 HTTP/1.1" 200 0 "-" "WordPress/6.8.1; https://onesmart.com.vn"
66.249.73.96 - - [12/Jul/2025:05:06:00 +0700] "GET /mobile/soi-c%E1%BA%A7u-b%E1%BA%A1ch-th%E1%BB%A7-th%E1%BB%ABa-thi%C3%AAn-hu%E1%BA%BF HTTP/1.1" 301 0 "-" "Mozilla/5.0 (Linux; Android 6.0.1; Nexus 5X Build/MMB29P) AppleWebKit/537.36 (KHTML, like Gecko) Chrome/137.0.7151.103 Mobile Safari/537.36 (compatible; Googlebot/2.1; +http://www.google.com/bot.html)"
66.249.71.97 - - [12/Jul/2025:05:06:01 +0700] "GET /mobile/soi-c%E1%BA%A7u-b%E1%BA%A1ch-th%E1%BB%A7-th%E1%BB%ABa-thi%C3%AAn-hu%E1%BA%BF HTTP/1.1" 404 10768 "-" "Mozilla/5.0 (Linux; Android 6.0.1; Nexus 5X Build/MMB29P) AppleWebKit/537.36 (KHTML, like Gecko) Chrome/137.0.7151.103 Mobile Safari/537.36 (compatible; Googlebot/2.1; +http://www.google.com/bot.html)"
103.57.221.79 - - [12/Jul/2025:05:10:01 +0700] "POST /wp-cron.php?doing_wp_cron=1752271801.4404940605163574218750 HTTP/1.1" 200 0 "-" "WordPress/6.8.1; https://onesmart.com.vn"
52.167.144.160 - - [12/Jul/2025:05:07:20 +0700] "GET /news/2567130/ HTTP/2" 301 0 "-" "Mozilla/5.0 AppleWebKit/537.36 (KHTML, like Gecko; compatible; bingbot/2.0; +http://www.bing.com/bingbot.htm) Chrome/116.0.1938.76 Safari/537.36"
52.167.144.213 - - [12/Jul/2025:05:10:01 +0700] "GET /news/3580479/ HTTP/2" 301 0 "-" "Mozilla/5.0 AppleWebKit/537.36 (KHTML, like Gecko; compatible; bingbot/2.0; +http://www.bing.com/bingbot.htm) Chrome/116.0.1938.76 Safari/537.36"
66.249.71.97 - - [12/Jul/2025:05:07:45 +0700] "GET /wp-content/themes/flatsome/assets/js/flatsome.js?ver=43f05e0ca79aa585a6aa HTTP/1.1" 200 15832 "https://onesmart.com.vn/dieu-khien-cua-cuon-chong-trom/" "Mozilla/5.0 (Linux; Android 6.0.1; Nexus 5X Build/MMB29P) AppleWebKit/537.36 (KHTML, like Gecko) Chrome/137.0.7151.119 Mobile Safari/537.36 (compatible; Googlebot/2.1; +http://www.google.com/bot.html)"
66.249.65.70 - - [12/Jul/2025:05:07:45 +0700] "GET /wp-content/litespeed/css/9223c946d7a120189d7ed4a3adce50da.css?ver=95972 HTTP/1.1" 200 75341 "https://onesmart.com.vn/dieu-khien-cua-cuon-chong-trom/" "Mozilla/5.0 (Linux; Android 6.0.1; Nexus 5X Build/MMB29P) AppleWebKit/537.36 (KHTML, like Gecko) Chrome/137.0.7151.119 Mobile Safari/537.36 (compatible; Googlebot/2.1; +http://www.google.com/bot.html)"
66.249.71.97 - - [12/Jul/2025:05:07:46 +0700] "POST /wp-content/plugins/litespeed-cache/guest.vary.php HTTP/1.1" 200 6 "https://onesmart.com.vn/dieu-khien-cua-cuon-chong-trom/" "Mozilla/5.0 (Linux; Android 6.0.1; Nexus 5X Build/MMB29P) AppleWebKit/537.36 (KHTML, like Gecko) Chrome/137.0.7151.119 Mobile Safari/537.36 (compatible; Googlebot/2.1; +http://www.google.com/bot.html)"
66.249.65.70 - - [12/Jul/2025:05:07:46 +0700] "GET /wp-content/plugins/Simple-Contact/assets/images/widget_icon_messenger.svg HTTP/1.1" 200 441 "https://onesmart.com.vn/wp-content/litespeed/css/9223c946d7a120189d7ed4a3adce50da.css?ver=95972" "Mozilla/5.0 (Linux; Android 6.0.1; Nexus 5X Build/MMB29P) AppleWebKit/537.36 (KHTML, like Gecko) Chrome/137.0.7151.119 Mobile Safari/537.36 (compatible; Googlebot/2.1; +http://www.google.com/bot.html)"
66.249.65.70 - - [12/Jul/2025:05:07:46 +0700] "GET /wp-includes/js/jquery/jquery.min.js?ver=3.7.1 HTTP/1.1" 200 29744 "https://onesmart.com.vn/dieu-khien-cua-cuon-chong-trom/" "Mozilla/5.0 (Linux; Android 6.0.1; Nexus 5X Build/MMB29P) AppleWebKit/537.36 (KHTML, like Gecko) Chrome/137.0.7151.119 Mobile Safari/537.36 (compatible; Googlebot/2.1; +http://www.google.com/bot.html)"
103.57.221.79 - - [12/Jul/2025:05:07:47 +0700] "POST /wp-cron.php?doing_wp_cron=1752271667.0540199279785156250000 HTTP/1.1" 200 0 "-" "WordPress/6.8.1; https://onesmart.com.vn"
66.249.65.70 - - [12/Jul/2025:05:08:00 +0700] "POST /?wc-ajax=get_refreshed_fragments HTTP/1.1" 200 329 "https://onesmart.com.vn/dieu-khien-cua-cuon-chong-trom/" "Mozilla/5.0 (Linux; Android 6.0.1; Nexus 5X Build/MMB29P) AppleWebKit/537.36 (KHTML, like Gecko) Chrome/137.0.7151.119 Mobile Safari/537.36 (compatible; Googlebot/2.1; +http://www.google.com/bot.html)"
66.249.65.70 - - [12/Jul/2025:05:07:45 +0700] "GET /wp-content/themes/flatsome/assets/js/chunk.slider.js?ver=3.17.7 HTTP/1.1" 200 12985 "https://onesmart.com.vn/dieu-khien-cua-cuon-chong-trom/" "Mozilla/5.0 (Linux; Android 6.0.1; Nexus 5X Build/MMB29P) AppleWebKit/537.36 (KHTML, like Gecko) Chrome/137.0.7151.119 Mobile Safari/537.36 (compatible; Googlebot/2.1; +http://www.google.com/bot.html)"
66.249.65.70 - - [12/Jul/2025:05:07:45 +0700] "GET /wp-content/themes/flatsome/assets/js/chunk.popups.js?ver=3.17.7 HTTP/1.1" 200 6941 "https://onesmart.com.vn/dieu-khien-cua-cuon-chong-trom/" "Mozilla/5.0 (Linux; Android 6.0.1; Nexus 5X Build/MMB29P) AppleWebKit/537.36 (KHTML, like Gecko) Chrome/137.0.7151.119 Mobile Safari/537.36 (compatible; Googlebot/2.1; +http://www.google.com/bot.html)"
66.249.65.70 - - [12/Jul/2025:05:07:46 +0700] "GET /wp-content/plugins/Simple-Contact/assets/images/widget_icon_zalo.svg HTTP/1.1" 200 2681 "https://onesmart.com.vn/wp-content/litespeed/css/9223c946d7a120189d7ed4a3adce50da.css?ver=95972" "Mozilla/5.0 (Linux; Android 6.0.1; Nexus 5X Build/MMB29P) AppleWebKit/537.36 (KHTML, like Gecko) Chrome/137.0.7151.119 Mobile Safari/537.36 (compatible; Googlebot/2.1; +http://www.google.com/bot.html)"
66.249.65.70 - - [12/Jul/2025:05:07:46 +0700] "GET /wp-content/plugins/wordpress-popular-posts/assets/js/wpp.min.js?ver=7.3.3 HTTP/1.1" 200 1321 "https://onesmart.com.vn/dieu-khien-cua-cuon-chong-trom/" "Mozilla/5.0 (Linux; Android 6.0.1; Nexus 5X Build/MMB29P) AppleWebKit/537.36 (KHTML, like Gecko) Chrome/137.0.7151.119 Mobile Safari/537.36 (compatible; Googlebot/2.1; +http://www.google.com/bot.html)"
66.249.65.70 - - [12/Jul/2025:05:07:46 +0700] "POST /wp-json/wordpress-popular-posts/v2/views/1672 HTTP/1.1" 201 58 "https://onesmart.com.vn/dieu-khien-cua-cuon-chong-trom/" "Mozilla/5.0 (Linux; Android 6.0.1; Nexus 5X Build/MMB29P) AppleWebKit/537.36 (KHTML, like Gecko) Chrome/137.0.7151.119 Mobile Safari/537.36 (compatible; Googlebot/2.1; +http://www.google.com/bot.html)"
66.249.71.97 - - [12/Jul/2025:05:07:59 +0700] "GET /wp-content/litespeed/js/2343e4e728f211ea61f4a915cfe4b0af.js?ver=95972 HTTP/1.1" 200 55403 "https://onesmart.com.vn/dieu-khien-cua-cuon-chong-trom/" "Mozilla/5.0 (Linux; Android 6.0.1; Nexus 5X Build/MMB29P) AppleWebKit/537.36 (KHTML, like Gecko) Chrome/137.0.7151.119 Mobile Safari/537.36 (compatible; Googlebot/2.1; +http://www.google.com/bot.html)"
103.57.221.79 - - [12/Jul/2025:05:12:01 +0700] "POST /wp-cron.php?doing_wp_cron=1752271921.2902970314025878906250 HTTP/1.1" 200 0 "-" "WordPress/6.8.1; https://onesmart.com.vn"
52.167.144.182 - - [12/Jul/2025:05:12:01 +0700] "GET /game/fb88-v%C3%A0o-viet-nam-khi-n%C3%A0o.html HTTP/2" 404 14155 "-" "Mozilla/5.0 AppleWebKit/537.36 (KHTML, like Gecko; compatible; bingbot/2.0; +http://www.bing.com/bingbot.htm) Chrome/116.0.1938.76 Safari/537.36"
66.249.65.72 - - [12/Jul/2025:05:10:26 +0700] "GET /hot/tr%E1%BB%B1c-ti%E1%BA%BFp-b%C3%B3ng%C2%A0%C4%91%C3%A1-g%C3%A0%C2%A0v%C3%A0ng-tv.html HTTP/1.1" 404 10779 "-" "Mozilla/5.0 (Linux; Android 6.0.1; Nexus 5X Build/MMB29P) AppleWebKit/537.36 (KHTML, like Gecko) Chrome/137.0.7151.103 Mobile Safari/537.36 (compatible; Googlebot/2.1; +http://www.google.com/bot.html)"
103.57.221.79 - - [12/Jul/2025:05:12:41 +0700] "POST /wp-cron.php?doing_wp_cron=1752271961.5840299129486083984375 HTTP/1.1" 200 0 "-" "WordPress/6.8.1; https://onesmart.com.vn"
52.167.144.147 - - [12/Jul/2025:05:12:41 +0700] "GET /app/8350794/ HTTP/2" 404 14139 "-" "Mozilla/5.0 AppleWebKit/537.36 (KHTML, like Gecko; compatible; bingbot/2.0; +http://www.bing.com/bingbot.htm) Chrome/116.0.1938.76 Safari/537.36"
103.57.221.79 - - [12/Jul/2025:05:16:02 +0700] "POST /wp-cron.php?doing_wp_cron=1752272162.0356099605560302734375 HTTP/1.1" 200 0 "-" "WordPress/6.8.1; https://onesmart.com.vn"
40.77.167.150 - - [12/Jul/2025:05:16:01 +0700] "GET /app/6573419/ HTTP/2" 404 14126 "-" "Mozilla/5.0 AppleWebKit/537.36 (KHTML, like Gecko; compatible; bingbot/2.0; +http://www.bing.com/bingbot.htm) Chrome/116.0.1938.76 Safari/537.36"
103.57.221.79 - - [12/Jul/2025:05:13:21 +0700] "POST /wp-cron.php?doing_wp_cron=1752272001.1276810169219970703125 HTTP/1.1" 200 0 "-" "WordPress/6.8.1; https://onesmart.com.vn"
52.167.144.147 - - [12/Jul/2025:05:13:20 +0700] "GET /hot/7962503/ HTTP/2" 404 14117 "-" "Mozilla/5.0 AppleWebKit/537.36 (KHTML, like Gecko; compatible; bingbot/2.0; +http://www.bing.com/bingbot.htm) Chrome/116.0.1938.76 Safari/537.36"
103.57.221.79 - - [12/Jul/2025:05:17:22 +0700] "POST /wp-cron.php?doing_wp_cron=1752272242.3035058975219726562500 HTTP/1.1" 200 0 "-" "WordPress/6.8.1; https://onesmart.com.vn"
40.77.167.150 - - [12/Jul/2025:05:17:22 +0700] "GET /app/1486025/ HTTP/2" 404 14143 "-" "Mozilla/5.0 AppleWebKit/537.36 (KHTML, like Gecko; compatible; bingbot/2.0; +http://www.bing.com/bingbot.htm) Chrome/116.0.1938.76 Safari/537.36"
103.57.221.79 - - [12/Jul/2025:05:14:00 +0700] "POST /wp-cron.php?doing_wp_cron=1752272040.0902369022369384765625 HTTP/1.1" 200 0 "-" "WordPress/6.8.1; https://onesmart.com.vn"
52.167.144.170 - - [12/Jul/2025:05:13:59 +0700] "GET /news/8037624/ HTTP/2" 301 0 "-" "Mozilla/5.0 AppleWebKit/537.36 (KHTML, like Gecko; compatible; bingbot/2.0; +http://www.bing.com/bingbot.htm) Chrome/116.0.1938.76 Safari/537.36"
52.167.144.222 - - [12/Jul/2025:05:14:09 +0700] "GET /news20250317/789bet-app-login.html HTTP/2" 404 14111 "-" "Mozilla/5.0 AppleWebKit/537.36 (KHTML, like Gecko; compatible; bingbot/2.0; +http://www.bing.com/bingbot.htm) Chrome/116.0.1938.76 Safari/537.36"
52.167.144.182 - - [12/Jul/2025:05:14:20 +0700] "GET /app/6238901/ HTTP/2" 404 14110 "-" "Mozilla/5.0 AppleWebKit/537.36 (KHTML, like Gecko; compatible; bingbot/2.0; +http://www.bing.com/bingbot.htm) Chrome/116.0.1938.76 Safari/537.36"
66.249.65.71 - - [12/Jul/2025:05:20:18 +0700] "GET /news/d%E1%BB%B1-%C4%91o%C3%A1n-mn-a-tr%C3%BAng-r%E1%BB%93i.html HTTP/1.1" 404 10780 "-" "Mozilla/5.0 (Linux; Android 6.0.1; Nexus 5X Build/MMB29P) AppleWebKit/537.36 (KHTML, like Gecko) Chrome/137.0.7151.103 Mobile Safari/537.36 (compatible; Googlebot/2.1; +http://www.google.com/bot.html)"
103.57.221.79 - - [12/Jul/2025:05:20:18 +0700] "POST /wp-cron.php?doing_wp_cron=1752272418.4367630481719970703125 HTTP/1.1" 200 0 "-" "WordPress/6.8.1; https://onesmart.com.vn"
40.77.167.35 - - [12/Jul/2025:05:22:12 +0700] "GET /news/link-m88-nhanh-nhat.html HTTP/2" 404 14140 "-" "Mozilla/5.0 AppleWebKit/537.36 (KHTML, like Gecko; compatible; bingbot/2.0; +http://www.bing.com/bingbot.htm) Chrome/116.0.1938.76 Safari/537.36"
103.57.221.79 - - [12/Jul/2025:05:22:12 +0700] "POST /wp-cron.php?doing_wp_cron=1752272532.4494900703430175781250 HTTP/1.1" 200 0 "-" "WordPress/6.8.1; https://onesmart.com.vn"
103.57.221.79 - - [12/Jul/2025:05:25:23 +0700] "POST /wp-cron.php?doing_wp_cron=1752272723.4923288822174072265625 HTTP/1.1" 200 0 "-" "WordPress/6.8.1; https://onesmart.com.vn"
52.167.144.156 - - [12/Jul/2025:05:22:22 +0700] "GET /news/h%E1%BB%97-tr%E1%BB%A3-tr%E1%BB%B1c-tuy%E1%BA%BFn-m88.html HTTP/2" 301 0 "-" "Mozilla/5.0 AppleWebKit/537.36 (KHTML, like Gecko; compatible; bingbot/2.0; +http://www.bing.com/bingbot.htm) Chrome/116.0.1938.76 Safari/537.36"
103.57.221.79 - - [12/Jul/2025:05:26:04 +0700] "POST /wp-cron.php?doing_wp_cron=1752272764.2938868999481201171875 HTTP/1.1" 200 0 "-" "WordPress/6.8.1; https://onesmart.com.vn"
47.128.32.0 - - [12/Jul/2025:05:26:25 +0700] "GET /Video_EcYeqh/ HTTP/2" 404 10721 "-" "Mozilla/5.0 (Linux; Android 5.0) AppleWebKit/537.36 (KHTML, like Gecko) Mobile Safari/537.36 (compatible; TikTokSpider; ttspider-feedback@tiktok.com)"
47.128.32.0 - - [12/Jul/2025:05:26:28 +0700] "POST /wp-content/plugins/litespeed-cache/guest.vary.php HTTP/2" 200 20 "https://onesmart.com.vn/Video_EcYeqh/" "Mozilla/5.0 (Linux; Android 5.0) AppleWebKit/537.36 (KHTML, like Gecko) Mobile Safari/537.36 (compatible; TikTokSpider; ttspider-feedback@tiktok.com)"
47.128.32.0 - - [12/Jul/2025:05:26:29 +0700] "GET /Video_EcYeqh/ HTTP/2" 404 18346 "https://onesmart.com.vn/Video_EcYeqh/" "Mozilla/5.0 (Linux; Android 5.0) AppleWebKit/537.36 (KHTML, like Gecko) Mobile Safari/537.36 (compatible; TikTokSpider; ttspider-feedback@tiktok.com)"
66.249.65.72 - - [12/Jul/2025:05:27:06 +0700] "GET /hot2025-03-19/link-fun88-bk.html HTTP/1.1" 404 10766 "-" "Mozilla/5.0 (Linux; Android 6.0.1; Nexus 5X Build/MMB29P) AppleWebKit/537.36 (KHTML, like Gecko) Chrome/137.0.7151.103 Mobile Safari/537.36 (compatible; Googlebot/2.1; +http://www.google.com/bot.html)"
66.249.65.71 - - [12/Jul/2025:05:27:06 +0700] "GET /news2025-03-20/B%E1%BA%AFn-c%C3%A1-Jun888.html HTTP/1.1" 404 10745 "-" "Mozilla/5.0 (Linux; Android 6.0.1; Nexus 5X Build/MMB29P) AppleWebKit/537.36 (KHTML, like Gecko) Chrome/137.0.7151.103 Mobile Safari/537.36 (compatible; Googlebot/2.1; +http://www.google.com/bot.html)"
66.249.65.70 - - [12/Jul/2025:05:27:06 +0700] "GET /game20250321/388bet-th%E1%BB%83-thao.html HTTP/1.1" 404 10760 "-" "Mozilla/5.0 (Linux; Android 6.0.1; Nexus 5X Build/MMB29P) AppleWebKit/537.36 (KHTML, like Gecko) Chrome/137.0.7151.103 Mobile Safari/537.36 (compatible; Googlebot/2.1; +http://www.google.com/bot.html)"
66.249.65.71 - - [12/Jul/2025:05:27:09 +0700] "GET /app20250321/789bet-789b2.html HTTP/1.1" 404 10747 "-" "Mozilla/5.0 (Linux; Android 6.0.1; Nexus 5X Build/MMB29P) AppleWebKit/537.36 (KHTML, like Gecko) Chrome/137.0.7151.103 Mobile Safari/537.36 (compatible; Googlebot/2.1; +http://www.google.com/bot.html)"
66.249.65.70 - - [12/Jul/2025:05:27:12 +0700] "GET /news2025-03-21/8kbet-zzz.html HTTP/1.1" 404 10721 "-" "Mozilla/5.0 (Linux; Android 6.0.1; Nexus 5X Build/MMB29P) AppleWebKit/537.36 (KHTML, like Gecko) Chrome/137.0.7151.103 Mobile Safari/537.36 (compatible; Googlebot/2.1; +http://www.google.com/bot.html)"
66.249.65.70 - - [12/Jul/2025:05:27:13 +0700] "GET /news2025-03-15/3king-222.html HTTP/1.1" 404 10745 "-" "Mozilla/5.0 (Linux; Android 6.0.1; Nexus 5X Build/MMB29P) AppleWebKit/537.36 (KHTML, like Gecko) Chrome/137.0.7151.103 Mobile Safari/537.36 (compatible; Googlebot/2.1; +http://www.google.com/bot.html)"
66.249.65.70 - - [12/Jul/2025:05:27:16 +0700] "GET /mobile20250321/vao-188bet-88betvipz.net.html HTTP/1.1" 404 10740 "-" "Mozilla/5.0 (Linux; Android 6.0.1; Nexus 5X Build/MMB29P) AppleWebKit/537.36 (KHTML, like Gecko) Chrome/137.0.7151.103 Mobile Safari/537.36 (compatible; Googlebot/2.1; +http://www.google.com/bot.html)"
66.249.65.70 - - [12/Jul/2025:05:27:19 +0700] "GET /news20250321/nha-cai-888.html HTTP/1.1" 404 10767 "-" "Mozilla/5.0 (Linux; Android 6.0.1; Nexus 5X Build/MMB29P) AppleWebKit/537.36 (KHTML, like Gecko) Chrome/137.0.7151.103 Mobile Safari/537.36 (compatible; Googlebot/2.1; +http://www.google.com/bot.html)"
66.249.65.70 - - [12/Jul/2025:05:27:20 +0700] "GET /mobile2025-03-21/descargar-22bet.html HTTP/1.1" 404 10715 "-" "Mozilla/5.0 (Linux; Android 6.0.1; Nexus 5X Build/MMB29P) AppleWebKit/537.36 (KHTML, like Gecko) Chrome/137.0.7151.103 Mobile Safari/537.36 (compatible; Googlebot/2.1; +http://www.google.com/bot.html)"
40.77.167.156 - - [12/Jul/2025:05:27:24 +0700] "GET /news/3751498/ HTTP/2" 404 21779 "-" "Mozilla/5.0 AppleWebKit/537.36 (KHTML, like Gecko; compatible; bingbot/2.0; +http://www.bing.com/bingbot.htm) Chrome/116.0.1938.76 Safari/537.36"
40.77.167.45 - - [12/Jul/2025:05:27:33 +0700] "GET /news/9620841/ HTTP/2" 301 0 "-" "Mozilla/5.0 AppleWebKit/537.36 (KHTML, like Gecko; compatible; bingbot/2.0; +http://www.bing.com/bingbot.htm) Chrome/116.0.1938.76 Safari/537.36"
66.249.65.70 - - [12/Jul/2025:05:27:27 +0700] "GET /app20250321/tai-w88-ve-dien-thoai.html HTTP/1.1" 404 10745 "-" "Mozilla/5.0 (Linux; Android 6.0.1; Nexus 5X Build/MMB29P) AppleWebKit/537.36 (KHTML, like Gecko) Chrome/137.0.7151.103 Mobile Safari/537.36 (compatible; Googlebot/2.1; +http://www.google.com/bot.html)"
66.249.65.70 - - [12/Jul/2025:05:27:27 +0700] "GET /order20250321/%C4%91%C3%A1-g%C3%A0-thomo-ng%C3%A0y-31-th%C3%A1ng-7.html HTTP/1.1" 404 10774 "-" "Mozilla/5.0 (Linux; Android 6.0.1; Nexus 5X Build/MMB29P) AppleWebKit/537.36 (KHTML, like Gecko) Chrome/137.0.7151.103 Mobile Safari/537.36 (compatible; Googlebot/2.1; +http://www.google.com/bot.html)"
103.57.221.79 - - [12/Jul/2025:05:27:33 +0700] "POST /wp-cron.php?doing_wp_cron=1752272853.5319979190826416015625 HTTP/1.1" 200 0 "-" "WordPress/6.8.1; https://onesmart.com.vn"
52.167.144.156 - - [12/Jul/2025:05:25:23 +0700] "GET /news/lucky8333 HTTP/2" 301 0 "-" "Mozilla/5.0 AppleWebKit/537.36 (KHTML, like Gecko; compatible; bingbot/2.0; +http://www.bing.com/bingbot.htm) Chrome/116.0.1938.76 Safari/537.36"
40.77.167.159 - - [12/Jul/2025:05:26:04 +0700] "GET /hot20250414/slotting-machine-mechanism.html HTTP/2" 301 0 "-" "Mozilla/5.0 AppleWebKit/537.36 (KHTML, like Gecko; compatible; bingbot/2.0; +http://www.bing.com/bingbot.htm) Chrome/116.0.1938.76 Safari/537.36"
103.57.221.79 - - [12/Jul/2025:05:27:06 +0700] "POST /wp-cron.php?doing_wp_cron=1752272826.2595789432525634765625 HTTP/1.1" 200 0 "-" "WordPress/6.8.1; https://onesmart.com.vn"
66.249.71.99 - - [12/Jul/2025:05:27:08 +0700] "GET /hot2025-03-21/callgirl-best.html HTTP/1.1" 404 10723 "-" "Mozilla/5.0 (Linux; Android 6.0.1; Nexus 5X Build/MMB29P) AppleWebKit/537.36 (KHTML, like Gecko) Chrome/137.0.7151.103 Mobile Safari/537.36 (compatible; Googlebot/2.1; +http://www.google.com/bot.html)"
66.249.65.70 - - [12/Jul/2025:05:27:23 +0700] "GET /game20250322/link-vao-12bet-linkbong88moinhat.html HTTP/1.1" 404 10748 "-" "Mozilla/5.0 (Linux; Android 6.0.1; Nexus 5X Build/MMB29P) AppleWebKit/537.36 (KHTML, like Gecko) Chrome/137.0.7151.103 Mobile Safari/537.36 (compatible; Googlebot/2.1; +http://www.google.com/bot.html)"
66.249.65.70 - - [12/Jul/2025:05:27:23 +0700] "GET /game20250322/iwin-chot-lo-mn.html HTTP/1.1" 404 10770 "-" "Mozilla/5.0 (Linux; Android 6.0.1; Nexus 5X Build/MMB29P) AppleWebKit/537.36 (KHTML, like Gecko) Chrome/137.0.7151.103 Mobile Safari/537.36 (compatible; Googlebot/2.1; +http://www.google.com/bot.html)"
66.249.65.70 - - [12/Jul/2025:05:27:24 +0700] "GET /hot20250321/li%C3%AAn-h%E1%BB%87-fb88.html HTTP/1.1" 404 10752 "-" "Mozilla/5.0 (Linux; Android 6.0.1; Nexus 5X Build/MMB29P) AppleWebKit/537.36 (KHTML, like Gecko) Chrome/137.0.7151.103 Mobile Safari/537.36 (compatible; Googlebot/2.1; +http://www.google.com/bot.html)"
66.249.65.70 - - [12/Jul/2025:05:27:26 +0700] "GET /news2025-03-20/m88-88bet.html HTTP/1.1" 404 10761 "-" "Mozilla/5.0 (Linux; Android 6.0.1; Nexus 5X Build/MMB29P) AppleWebKit/537.36 (KHTML, like Gecko) Chrome/137.0.7151.103 Mobile Safari/537.36 (compatible; Googlebot/2.1; +http://www.google.com/bot.html)"
66.249.71.97 - - [12/Jul/2025:05:27:08 +0700] "GET /game2025-03-22/tai-88vin-ios HTTP/1.1" 404 10736 "-" "Mozilla/5.0 (Linux; Android 6.0.1; Nexus 5X Build/MMB29P) AppleWebKit/537.36 (KHTML, like Gecko) Chrome/137.0.7151.103 Mobile Safari/537.36 (compatible; Googlebot/2.1; +http://www.google.com/bot.html)"
66.249.71.98 - - [12/Jul/2025:05:27:08 +0700] "GET /news20250322/d%E1%BB%B1-%C4%91o%C3%A1n-x%E1%BB%95-s%E1%BB%91-mi%E1%BB%81n-b%E1%BA%AFc-h%C3%B4m-nay-666.html HTTP/1.1" 404 10793 "-" "Mozilla/5.0 (Linux; Android 6.0.1; Nexus 5X Build/MMB29P) AppleWebKit/537.36 (KHTML, like Gecko) Chrome/137.0.7151.103 Mobile Safari/537.36 (compatible; Googlebot/2.1; +http://www.google.com/bot.html)"
66.249.71.97 - - [12/Jul/2025:05:27:23 +0700] "GET /game20250322/game-danh-bai-m88.html HTTP/1.1" 404 17925 "-" "Mozilla/5.0 (Linux; Android 6.0.1; Nexus 5X Build/MMB29P) AppleWebKit/537.36 (KHTML, like Gecko) Chrome/137.0.7151.103 Mobile Safari/537.36 (compatible; Googlebot/2.1; +http://www.google.com/bot.html)"
103.57.221.79 - - [12/Jul/2025:05:30:24 +0700] "POST /wp-cron.php?doing_wp_cron=1752273024.2676689624786376953125 HTTP/1.1" 200 0 "-" "WordPress/6.8.1; https://onesmart.com.vn"
40.77.167.159 - - [12/Jul/2025:05:30:22 +0700] "GET /game/4812657/ HTTP/2" 301 0 "-" "Mozilla/5.0 AppleWebKit/537.36 (KHTML, like Gecko; compatible; bingbot/2.0; +http://www.bing.com/bingbot.htm) Chrome/116.0.1938.76 Safari/537.36"
103.57.221.79 - - [12/Jul/2025:05:31:54 +0700] "POST /wp-cron.php?doing_wp_cron=1752273114.6291010379791259765625 HTTP/1.1" 200 0 "-" "WordPress/6.8.1; https://onesmart.com.vn"
47.128.121.91 - - [12/Jul/2025:05:32:08 +0700] "GET /CasinoTikvS/ HTTP/2" 404 10735 "-" "Mozilla/5.0 (Linux; Android 5.0) AppleWebKit/537.36 (KHTML, like Gecko) Mobile Safari/537.36 (compatible; TikTokSpider; ttspider-feedback@tiktok.com)"
47.128.121.91 - - [12/Jul/2025:05:32:12 +0700] "POST /wp-content/plugins/litespeed-cache/guest.vary.php HTTP/2" 200 20 "https://onesmart.com.vn/CasinoTikvS/" "Mozilla/5.0 (Linux; Android 5.0) AppleWebKit/537.36 (KHTML, like Gecko) Mobile Safari/537.36 (compatible; TikTokSpider; ttspider-feedback@tiktok.com)"
47.128.121.91 - - [12/Jul/2025:05:32:12 +0700] "GET /CasinoTikvS/ HTTP/2" 404 18377 "https://onesmart.com.vn/CasinoTikvS/" "Mozilla/5.0 (Linux; Android 5.0) AppleWebKit/537.36 (KHTML, like Gecko) Mobile Safari/537.36 (compatible; TikTokSpider; ttspider-feedback@tiktok.com)"
40.77.167.116 - - [12/Jul/2025:05:31:54 +0700] "GET /app/2713850/ HTTP/2" 404 14143 "-" "Mozilla/5.0 AppleWebKit/537.36 (KHTML, like Gecko; compatible; bingbot/2.0; +http://www.bing.com/bingbot.htm) Chrome/116.0.1938.76 Safari/537.36"
17.241.219.65 - - [12/Jul/2025:05:32:00 +0700] "GET /robots.txt HTTP/1.1" 200 160 "-" "Mozilla/5.0 (Macintosh; Intel Mac OS X 10_15_7) AppleWebKit/605.1.15 (KHTML, like Gecko) Version/17.4 Safari/605.1.15 (Applebot/0.1; +http://www.apple.com/go/applebot)"
17.241.219.65 - - [12/Jul/2025:05:32:00 +0700] "GET /door/63/2/Hop-dieu-khien-cua-cuon-bang-dien-thoai-NAT-B-Platium HTTP/1.1" 404 15995 "-" "Mozilla/5.0 (Macintosh; Intel Mac OS X 10_15_7) AppleWebKit/605.1.15 (KHTML, like Gecko) Version/17.4 Safari/605.1.15 (Applebot/0.1; +http://www.apple.com/go/applebot)"
40.77.167.53 - - [12/Jul/2025:05:35:53 +0700] "GET /news/1839204/ HTTP/2" 301 0 "-" "Mozilla/5.0 AppleWebKit/537.36 (KHTML, like Gecko; compatible; bingbot/2.0; +http://www.bing.com/bingbot.htm) Chrome/116.0.1938.76 Safari/537.36"
103.57.221.79 - - [12/Jul/2025:05:35:53 +0700] "POST /wp-cron.php?doing_wp_cron=1752273353.1966679096221923828125 HTTP/1.1" 200 0 "-" "WordPress/6.8.1; https://onesmart.com.vn"
52.167.144.183 - - [12/Jul/2025:05:39:24 +0700] "GET /app/9208547/ HTTP/2" 404 14110 "-" "Mozilla/5.0 AppleWebKit/537.36 (KHTML, like Gecko; compatible; bingbot/2.0; +http://www.bing.com/bingbot.htm) Chrome/116.0.1938.76 Safari/537.36"
103.57.221.79 - - [12/Jul/2025:05:39:24 +0700] "POST /wp-cron.php?doing_wp_cron=1752273564.2420070171356201171875 HTTP/1.1" 200 0 "-" "WordPress/6.8.1; https://onesmart.com.vn"
40.77.167.116 - - [12/Jul/2025:05:37:44 +0700] "GET /news/4963721/99vin-ogr HTTP/2" 404 14122 "-" "Mozilla/5.0 AppleWebKit/537.36 (KHTML, like Gecko; compatible; bingbot/2.0; +http://www.bing.com/bingbot.htm) Chrome/116.0.1938.76 Safari/537.36"
52.167.144.183 - - [12/Jul/2025:05:38:13 +0700] "GET /app/7395612/ HTTP/2" 404 14121 "-" "Mozilla/5.0 AppleWebKit/537.36 (KHTML, like Gecko; compatible; bingbot/2.0; +http://www.bing.com/bingbot.htm) Chrome/116.0.1938.76 Safari/537.36"
17.246.23.96 - - [12/Jul/2025:05:36:47 +0700] "GET /wp-content/litespeed/css/932c380413f16c9047070a983ff06393.css?ver=95972 HTTP/1.1" 200 74477 "https://onesmart.com.vn/door/63/2/Hop-dieu-khien-cua-cuon-bang-dien-thoai-NAT-B-Platium" "Mozilla/5.0 (Macintosh; Intel Mac OS X 10_15_7) AppleWebKit/605.1.15 (KHTML, like Gecko) Version/17.4 Safari/605.1.15 (Applebot/0.1; +http://www.apple.com/go/applebot)"
103.57.221.79 - - [12/Jul/2025:05:37:44 +0700] "POST /wp-cron.php?doing_wp_cron=1752273464.8075668811798095703125 HTTP/1.1" 200 0 "-" "WordPress/6.8.1; https://onesmart.com.vn"
52.167.144.136 - - [12/Jul/2025:05:37:56 +0700] "GET /order20250407/22bet-how-to-withdraw-money.html HTTP/2" 404 14153 "-" "Mozilla/5.0 AppleWebKit/537.36 (KHTML, like Gecko; compatible; bingbot/2.0; +http://www.bing.com/bingbot.htm) Chrome/116.0.1938.76 Safari/537.36"
52.167.144.136 - - [12/Jul/2025:05:38:05 +0700] "GET /news/2301468/ HTTP/2" 404 14132 "-" "Mozilla/5.0 AppleWebKit/537.36 (KHTML, like Gecko; compatible; bingbot/2.0; +http://www.bing.com/bingbot.htm) Chrome/116.0.1938.76 Safari/537.36"
17.246.19.253 - - [12/Jul/2025:05:36:49 +0700] "POST /wp-content/plugins/litespeed-cache/guest.vary.php HTTP/1.1" 200 22 "https://onesmart.com.vn/door/63/2/Hop-dieu-khien-cua-cuon-bang-dien-thoai-NAT-B-Platium" "Mozilla/5.0 (Macintosh; Intel Mac OS X 10_15_7) AppleWebKit/605.1.15 (KHTML, like Gecko) Version/17.4 Safari/605.1.15 (Applebot/0.1; +http://www.apple.com/go/applebot)"
40.77.167.2 - - [12/Jul/2025:05:43:05 +0700] "GET /news2025-03-19/domain-names-search.html HTTP/2" 301 0 "-" "Mozilla/5.0 AppleWebKit/537.36 (KHTML, like Gecko; compatible; bingbot/2.0; +http://www.bing.com/bingbot.htm) Chrome/116.0.1938.76 Safari/537.36"
103.57.221.79 - - [12/Jul/2025:05:42:45 +0700] "POST /wp-cron.php?doing_wp_cron=1752273765.4610769748687744140625 HTTP/1.1" 200 0 "-" "WordPress/6.8.1; https://onesmart.com.vn"
52.167.144.214 - - [12/Jul/2025:05:42:45 +0700] "GET /news/7308612/ HTTP/2" 404 14132 "-" "Mozilla/5.0 AppleWebKit/537.36 (KHTML, like Gecko; compatible; bingbot/2.0; +http://www.bing.com/bingbot.htm) Chrome/116.0.1938.76 Safari/537.36"
103.57.221.79 - - [12/Jul/2025:05:47:07 +0700] "POST /wp-cron.php?doing_wp_cron=1752274027.9537060260772705078125 HTTP/1.1" 200 0 "-" "WordPress/6.8.1; https://onesmart.com.vn"
52.167.144.20 - - [12/Jul/2025:05:48:06 +0700] "GET /app20250322/sun-win-pro-plus.html HTTP/2" 404 14164 "-" "Mozilla/5.0 AppleWebKit/537.36 (KHTML, like Gecko; compatible; bingbot/2.0; +http://www.bing.com/bingbot.htm) Chrome/116.0.1938.76 Safari/537.36"
103.57.221.79 - - [12/Jul/2025:05:48:06 +0700] "POST /wp-cron.php?doing_wp_cron=1752274086.1980268955230712890625 HTTP/1.1" 200 0 "-" "WordPress/6.8.1; https://onesmart.com.vn"
52.167.144.136 - - [12/Jul/2025:05:47:07 +0700] "GET /game/3571240/ HTTP/2" 404 14121 "-" "Mozilla/5.0 AppleWebKit/537.36 (KHTML, like Gecko; compatible; bingbot/2.0; +http://www.bing.com/bingbot.htm) Chrome/116.0.1938.76 Safari/537.36"