D7net
Home
Console
Upload
information
Create File
Create Folder
About
Tools
:
/
home
/
fhblmjlrhosting
/
access-logs
/
Filename :
onesmart.com.vn.gsqqgwvb.000web.xyz-ssl_log
back
Copy
103.57.221.79 - - [11/Jul/2025:19:15:28 +0700] "POST /wp-cron.php?doing_wp_cron=1752236128.8839209079742431640625 HTTP/1.1" 200 0 "-" "WordPress/6.8.1; https://onesmart.com.vn"
103.57.221.79 - - [11/Jul/2025:19:16:06 +0700] "POST /wp-cron.php?doing_wp_cron=1752236166.5161778926849365234375 HTTP/1.1" 200 0 "-" "WordPress/6.8.1; https://onesmart.com.vn"
103.57.221.79 - - [11/Jul/2025:19:16:49 +0700] "POST /wp-cron.php?doing_wp_cron=1752236209.2176380157470703125000 HTTP/1.1" 200 0 "-" "WordPress/6.8.1; https://onesmart.com.vn"
40.77.167.241 - - [11/Jul/2025:19:16:59 +0700] "GET /game/%C4%90%C4%83ng-nh%E1%BA%ADp-sumclub.html HTTP/2" 404 14190 "-" "Mozilla/5.0 AppleWebKit/537.36 (KHTML, like Gecko; compatible; bingbot/2.0; +http://www.bing.com/bingbot.htm) Chrome/116.0.1938.76 Safari/537.36"
47.128.110.98 - - [11/Jul/2025:19:17:31 +0700] "GET /Casino_LFRXAiO/ HTTP/2" 404 10761 "-" "Mozilla/5.0 (Linux; Android 5.0) AppleWebKit/537.36 (KHTML, like Gecko) Mobile Safari/537.36 (compatible; TikTokSpider; ttspider-feedback@tiktok.com)"
47.128.110.98 - - [11/Jul/2025:19:17:33 +0700] "GET /wp-content/litespeed/css/932c380413f16c9047070a983ff06393.css?ver=95972 HTTP/2" 200 71468 "https://onesmart.com.vn/Casino_LFRXAiO/" "Mozilla/5.0 (Linux; Android 5.0) AppleWebKit/537.36 (KHTML, like Gecko) Mobile Safari/537.36 (compatible; TikTokSpider; ttspider-feedback@tiktok.com)"
47.128.110.98 - - [11/Jul/2025:19:17:34 +0700] "POST /wp-content/plugins/litespeed-cache/guest.vary.php HTTP/2" 200 20 "https://onesmart.com.vn/Casino_LFRXAiO/" "Mozilla/5.0 (Linux; Android 5.0) AppleWebKit/537.36 (KHTML, like Gecko) Mobile Safari/537.36 (compatible; TikTokSpider; ttspider-feedback@tiktok.com)"
47.128.110.98 - - [11/Jul/2025:19:17:34 +0700] "GET /Casino_LFRXAiO/ HTTP/2" 404 18391 "https://onesmart.com.vn/Casino_LFRXAiO/" "Mozilla/5.0 (Linux; Android 5.0) AppleWebKit/537.36 (KHTML, like Gecko) Mobile Safari/537.36 (compatible; TikTokSpider; ttspider-feedback@tiktok.com)"
47.128.110.98 - - [11/Jul/2025:19:17:35 +0700] "GET /wp-content/plugins/Simple-Contact//assets/css/style.css?ver=6.8.1 HTTP/2" 200 16591 "https://onesmart.com.vn/Casino_LFRXAiO/" "Mozilla/5.0 (Linux; Android 5.0) AppleWebKit/537.36 (KHTML, like Gecko) Mobile Safari/537.36 (compatible; TikTokSpider; ttspider-feedback@tiktok.com)"
47.128.110.98 - - [11/Jul/2025:19:17:36 +0700] "GET /wp-content/plugins/related-posts-by-taxonomy/includes/assets/css/styles.css?ver=6.8.1 HTTP/2" 200 225 "https://onesmart.com.vn/Casino_LFRXAiO/" "Mozilla/5.0 (Linux; Android 5.0) AppleWebKit/537.36 (KHTML, like Gecko) Mobile Safari/537.36 (compatible; TikTokSpider; ttspider-feedback@tiktok.com)"
47.128.110.98 - - [11/Jul/2025:19:17:36 +0700] "GET /wp-content/plugins/contact-form-7/includes/css/styles.css?ver=6.1 HTTP/2" 200 899 "https://onesmart.com.vn/Casino_LFRXAiO/" "Mozilla/5.0 (Linux; Android 5.0) AppleWebKit/537.36 (KHTML, like Gecko) Mobile Safari/537.36 (compatible; TikTokSpider; ttspider-feedback@tiktok.com)"
47.128.110.98 - - [11/Jul/2025:19:17:37 +0700] "GET /wp-content/plugins/woocommerce/assets/css/brands.css?ver=9.9.5 HTTP/2" 200 579 "https://onesmart.com.vn/Casino_LFRXAiO/" "Mozilla/5.0 (Linux; Android 5.0) AppleWebKit/537.36 (KHTML, like Gecko) Mobile Safari/537.36 (compatible; TikTokSpider; ttspider-feedback@tiktok.com)"
47.128.110.98 - - [11/Jul/2025:19:17:37 +0700] "GET /wp-content/plugins/wordpress-popular-posts/assets/css/wpp.css?ver=7.3.3 HTTP/2" 200 520 "https://onesmart.com.vn/Casino_LFRXAiO/" "Mozilla/5.0 (Linux; Android 5.0) AppleWebKit/537.36 (KHTML, like Gecko) Mobile Safari/537.36 (compatible; TikTokSpider; ttspider-feedback@tiktok.com)"
47.128.110.98 - - [11/Jul/2025:19:17:37 +0700] "GET /wp-content/themes/flatsome/assets/css/flatsome-shop.css?ver=3.17.7 HTTP/2" 200 5385 "https://onesmart.com.vn/Casino_LFRXAiO/" "Mozilla/5.0 (Linux; Android 5.0) AppleWebKit/537.36 (KHTML, like Gecko) Mobile Safari/537.36 (compatible; TikTokSpider; ttspider-feedback@tiktok.com)"
52.167.144.197 - - [11/Jul/2025:19:15:28 +0700] "GET /app/du-doan-xsvt-hom-nay.html HTTP/2" 301 0 "-" "Mozilla/5.0 AppleWebKit/537.36 (KHTML, like Gecko; compatible; bingbot/2.0; +http://www.bing.com/bingbot.htm) Chrome/116.0.1938.76 Safari/537.36"
103.57.221.79 - - [11/Jul/2025:19:17:34 +0700] "POST /wp-cron.php?doing_wp_cron=1752236254.5274770259857177734375 HTTP/1.1" 200 0 "-" "WordPress/6.8.1; https://onesmart.com.vn"
52.167.144.181 - - [11/Jul/2025:19:17:38 +0700] "GET /news/banco-baccarat HTTP/2" 301 0 "-" "Mozilla/5.0 AppleWebKit/537.36 (KHTML, like Gecko; compatible; bingbot/2.0; +http://www.bing.com/bingbot.htm) Chrome/116.0.1938.76 Safari/537.36"
52.167.144.16 - - [11/Jul/2025:19:20:24 +0700] "GET /door/64/Huong-Dan-Su-Dung HTTP/2" 404 14146 "-" "Mozilla/5.0 AppleWebKit/537.36 (KHTML, like Gecko; compatible; bingbot/2.0; +http://www.bing.com/bingbot.htm) Chrome/116.0.1938.76 Safari/537.36"
47.128.122.130 - - [11/Jul/2025:19:21:32 +0700] "GET /Casino_arLKWuTi/ HTTP/2" 404 10723 "-" "Mozilla/5.0 (Linux; Android 5.0) AppleWebKit/537.36 (KHTML, like Gecko) Mobile Safari/537.36 (compatible; TikTokSpider; ttspider-feedback@tiktok.com)"
47.128.122.130 - - [11/Jul/2025:19:21:35 +0700] "POST /wp-content/plugins/litespeed-cache/guest.vary.php HTTP/2" 200 20 "https://onesmart.com.vn/Casino_arLKWuTi/" "Mozilla/5.0 (Linux; Android 5.0) AppleWebKit/537.36 (KHTML, like Gecko) Mobile Safari/537.36 (compatible; TikTokSpider; ttspider-feedback@tiktok.com)"
47.128.122.130 - - [11/Jul/2025:19:21:35 +0700] "GET /Casino_arLKWuTi/ HTTP/2" 404 18327 "https://onesmart.com.vn/Casino_arLKWuTi/" "Mozilla/5.0 (Linux; Android 5.0) AppleWebKit/537.36 (KHTML, like Gecko) Mobile Safari/537.36 (compatible; TikTokSpider; ttspider-feedback@tiktok.com)"
103.57.221.79 - - [11/Jul/2025:19:22:39 +0700] "POST /wp-cron.php?doing_wp_cron=1752236559.4813129901885986328125 HTTP/1.1" 200 0 "-" "WordPress/6.8.1; https://onesmart.com.vn"
40.77.167.54 - - [11/Jul/2025:19:22:41 +0700] "GET /app/cashgo HTTP/2" 301 0 "-" "Mozilla/5.0 AppleWebKit/537.36 (KHTML, like Gecko; compatible; bingbot/2.0; +http://www.bing.com/bingbot.htm) Chrome/116.0.1938.76 Safari/537.36"
103.57.221.79 - - [11/Jul/2025:19:25:17 +0700] "POST /wp-cron.php?doing_wp_cron=1752236717.2763900756835937500000 HTTP/1.1" 200 0 "-" "WordPress/6.8.1; https://onesmart.com.vn"
52.167.144.142 - - [11/Jul/2025:19:26:39 +0700] "GET /app/8640153/ HTTP/2" 404 14139 "-" "Mozilla/5.0 AppleWebKit/537.36 (KHTML, like Gecko; compatible; bingbot/2.0; +http://www.bing.com/bingbot.htm) Chrome/116.0.1938.76 Safari/537.36"
40.77.167.33 - - [11/Jul/2025:19:27:20 +0700] "GET /hot2025-03-25/mibet-energy.html HTTP/2" 301 0 "-" "Mozilla/5.0 AppleWebKit/537.36 (KHTML, like Gecko; compatible; bingbot/2.0; +http://www.bing.com/bingbot.htm) Chrome/116.0.1938.76 Safari/537.36"
103.57.221.79 - - [11/Jul/2025:19:28:54 +0700] "POST /wp-cron.php?doing_wp_cron=1752236934.2884559631347656250000 HTTP/1.1" 200 0 "-" "WordPress/6.8.1; https://onesmart.com.vn"
52.167.144.16 - - [11/Jul/2025:19:30:32 +0700] "GET /news/2687510/ HTTP/2" 301 0 "-" "Mozilla/5.0 AppleWebKit/537.36 (KHTML, like Gecko; compatible; bingbot/2.0; +http://www.bing.com/bingbot.htm) Chrome/116.0.1938.76 Safari/537.36"
103.57.221.79 - - [11/Jul/2025:19:34:13 +0700] "POST /wp-cron.php?doing_wp_cron=1752237253.2602229118347167968750 HTTP/1.1" 200 0 "-" "WordPress/6.8.1; https://onesmart.com.vn"
52.167.144.16 - - [11/Jul/2025:19:34:13 +0700] "GET /news/8654017/ HTTP/2" 301 0 "-" "Mozilla/5.0 AppleWebKit/537.36 (KHTML, like Gecko; compatible; bingbot/2.0; +http://www.bing.com/bingbot.htm) Chrome/116.0.1938.76 Safari/537.36"
47.128.121.78 - - [11/Jul/2025:19:34:17 +0700] "GET /CasinouhtdTBbe/ HTTP/2" 404 10709 "-" "Mozilla/5.0 (Linux; Android 5.0) AppleWebKit/537.36 (KHTML, like Gecko) Mobile Safari/537.36 (compatible; TikTokSpider; ttspider-feedback@tiktok.com)"
47.128.110.98 - - [11/Jul/2025:19:17:37 +0700] "GET /wp-content/themes/flatsome-child/style.css?ver=3.11.3 HTTP/2" 200 4237 "https://onesmart.com.vn/Casino_LFRXAiO/" "Mozilla/5.0 (Linux; Android 5.0) AppleWebKit/537.36 (KHTML, like Gecko) Mobile Safari/537.36 (compatible; TikTokSpider; ttspider-feedback@tiktok.com)"
47.128.110.98 - - [11/Jul/2025:19:17:37 +0700] "GET /wp-content/themes/flatsome/assets/css/flatsome.css?ver=3.17.7 HTTP/2" 200 28041 "https://onesmart.com.vn/Casino_LFRXAiO/" "Mozilla/5.0 (Linux; Android 5.0) AppleWebKit/537.36 (KHTML, like Gecko) Mobile Safari/537.36 (compatible; TikTokSpider; ttspider-feedback@tiktok.com)"
47.128.110.98 - - [11/Jul/2025:19:17:37 +0700] "GET /wp-content/plugins/woocommerce/assets/client/blocks/wc-blocks.css?ver=wc-9.9.5 HTTP/2" 200 2356 "https://onesmart.com.vn/Casino_LFRXAiO/" "Mozilla/5.0 (Linux; Android 5.0) AppleWebKit/537.36 (KHTML, like Gecko) Mobile Safari/537.36 (compatible; TikTokSpider; ttspider-feedback@tiktok.com)"
103.57.221.79 - - [11/Jul/2025:19:20:24 +0700] "POST /wp-cron.php?doing_wp_cron=1752236424.5278298854827880859375 HTTP/1.1" 200 0 "-" "WordPress/6.8.1; https://onesmart.com.vn"
103.57.221.79 - - [11/Jul/2025:19:20:56 +0700] "POST /wp-cron.php?doing_wp_cron=1752236456.1828620433807373046875 HTTP/1.1" 200 0 "-" "WordPress/6.8.1; https://onesmart.com.vn"
52.167.144.16 - - [11/Jul/2025:19:20:56 +0700] "GET /news/3726851/ HTTP/2" 404 14113 "-" "Mozilla/5.0 AppleWebKit/537.36 (KHTML, like Gecko; compatible; bingbot/2.0; +http://www.bing.com/bingbot.htm) Chrome/116.0.1938.76 Safari/537.36"
52.167.144.199 - - [11/Jul/2025:19:22:39 +0700] "GET /news/fb88-full-com.html HTTP/2" 404 14125 "-" "Mozilla/5.0 AppleWebKit/537.36 (KHTML, like Gecko; compatible; bingbot/2.0; +http://www.bing.com/bingbot.htm) Chrome/116.0.1938.76 Safari/537.36"
40.77.167.54 - - [11/Jul/2025:19:25:17 +0700] "GET /news/8746019/ HTTP/2" 301 0 "-" "Mozilla/5.0 AppleWebKit/537.36 (KHTML, like Gecko; compatible; bingbot/2.0; +http://www.bing.com/bingbot.htm) Chrome/116.0.1938.76 Safari/537.36"
40.77.167.54 - - [11/Jul/2025:19:25:18 +0700] "GET /news/0645321/ HTTP/2" 301 0 "-" "Mozilla/5.0 AppleWebKit/537.36 (KHTML, like Gecko; compatible; bingbot/2.0; +http://www.bing.com/bingbot.htm) Chrome/116.0.1938.76 Safari/537.36"
103.57.221.79 - - [11/Jul/2025:19:26:39 +0700] "POST /wp-cron.php?doing_wp_cron=1752236799.2860960960388183593750 HTTP/1.1" 200 0 "-" "WordPress/6.8.1; https://onesmart.com.vn"
40.77.167.33 - - [11/Jul/2025:19:28:54 +0700] "GET /news/lucky88-lua-dao HTTP/2" 301 0 "-" "Mozilla/5.0 AppleWebKit/537.36 (KHTML, like Gecko; compatible; bingbot/2.0; +http://www.bing.com/bingbot.htm) Chrome/116.0.1938.76 Safari/537.36"
103.57.221.79 - - [11/Jul/2025:19:30:32 +0700] "POST /wp-cron.php?doing_wp_cron=1752237032.7111051082611083984375 HTTP/1.1" 200 0 "-" "WordPress/6.8.1; https://onesmart.com.vn"
40.77.167.33 - - [11/Jul/2025:19:30:54 +0700] "GET /news/7543916/ HTTP/2" 301 0 "-" "Mozilla/5.0 AppleWebKit/537.36 (KHTML, like Gecko; compatible; bingbot/2.0; +http://www.bing.com/bingbot.htm) Chrome/116.0.1938.76 Safari/537.36"
52.167.144.16 - - [11/Jul/2025:19:31:31 +0700] "GET /news/7806534/ HTTP/2" 301 0 "-" "Mozilla/5.0 AppleWebKit/537.36 (KHTML, like Gecko; compatible; bingbot/2.0; +http://www.bing.com/bingbot.htm) Chrome/116.0.1938.76 Safari/537.36"
103.57.221.79 - - [11/Jul/2025:19:33:21 +0700] "POST /wp-cron.php?doing_wp_cron=1752237201.5059568881988525390625 HTTP/1.1" 200 0 "-" "WordPress/6.8.1; https://onesmart.com.vn"
103.179.191.57 - - [11/Jul/2025:19:34:28 +0700] "GET /chinh-sach-su-dung HTTP/1.1" 404 15945 "-" "Mozilla/5.0 (X11; Linux x86_64) AppleWebKit/537.36 (KHTML, like Gecko) Chrome/103.0.5060.53 Safari/537.36"
103.57.221.79 - - [11/Jul/2025:19:34:38 +0700] "POST /wp-cron.php?doing_wp_cron=1752237278.6529080867767333984375 HTTP/1.1" 200 0 "-" "WordPress/6.8.1; https://onesmart.com.vn"
103.179.191.57 - - [11/Jul/2025:19:34:38 +0700] "GET /cua_hang/ HTTP/1.1" 200 22210 "-" "Mozilla/5.0 (X11; Linux x86_64) AppleWebKit/537.36 (KHTML, like Gecko) Chrome/103.0.5060.53 Safari/537.36"
52.167.144.142 - - [11/Jul/2025:19:34:43 +0700] "GET /news/7350294/ HTTP/2" 404 14158 "-" "Mozilla/5.0 AppleWebKit/537.36 (KHTML, like Gecko; compatible; bingbot/2.0; +http://www.bing.com/bingbot.htm) Chrome/116.0.1938.76 Safari/537.36"
103.57.221.79 - - [11/Jul/2025:19:34:48 +0700] "POST /wp-cron.php?doing_wp_cron=1752237288.7251420021057128906250 HTTP/1.1" 200 0 "-" "WordPress/6.8.1; https://onesmart.com.vn"
103.179.191.57 - - [11/Jul/2025:19:34:48 +0700] "GET /gioi-thieu/ HTTP/1.1" 200 21148 "-" "Mozilla/5.0 (X11; Linux x86_64) AppleWebKit/537.36 (KHTML, like Gecko) Chrome/103.0.5060.53 Safari/537.36"
52.167.144.16 - - [11/Jul/2025:19:37:20 +0700] "GET /news/0683295/ HTTP/2" 301 0 "-" "Mozilla/5.0 AppleWebKit/537.36 (KHTML, like Gecko; compatible; bingbot/2.0; +http://www.bing.com/bingbot.htm) Chrome/116.0.1938.76 Safari/537.36"
47.128.121.76 - - [11/Jul/2025:19:38:22 +0700] "GET /CasinoajiougC/ HTTP/2" 404 10719 "-" "Mozilla/5.0 (Linux; Android 5.0) AppleWebKit/537.36 (KHTML, like Gecko) Mobile Safari/537.36 (compatible; TikTokSpider; ttspider-feedback@tiktok.com)"
66.249.71.98 - - [11/Jul/2025:19:16:06 +0700] "GET /app-ads.txt HTTP/1.1" 404 14096 "-" "Google-adstxt"
40.77.167.241 - - [11/Jul/2025:19:16:49 +0700] "GET /door/67/28/Tim-hieu-ve-cac-san-pham-panel-dieu-khien-dong-cat-thiet-bi-dien-tu-xa-pho-bien-hien-nay HTTP/2" 404 14212 "-" "Mozilla/5.0 AppleWebKit/537.36 (KHTML, like Gecko; compatible; bingbot/2.0; +http://www.bing.com/bingbot.htm) Chrome/116.0.1938.76 Safari/537.36"
52.167.144.16 - - [11/Jul/2025:19:21:25 +0700] "GET /news/online-sport-betting.html HTTP/2" 404 14145 "-" "Mozilla/5.0 AppleWebKit/537.36 (KHTML, like Gecko; compatible; bingbot/2.0; +http://www.bing.com/bingbot.htm) Chrome/116.0.1938.76 Safari/537.36"
103.57.221.79 - - [11/Jul/2025:19:21:32 +0700] "POST /wp-cron.php?doing_wp_cron=1752236492.6359839439392089843750 HTTP/1.1" 200 0 "-" "WordPress/6.8.1; https://onesmart.com.vn"
103.57.221.79 - - [11/Jul/2025:19:25:39 +0700] "POST /wp-cron.php?doing_wp_cron=1752236739.5750169754028320312500 HTTP/1.1" 200 0 "-" "WordPress/6.8.1; https://onesmart.com.vn"
40.77.167.241 - - [11/Jul/2025:19:25:39 +0700] "GET /news/7314295/ HTTP/2" 404 14131 "-" "Mozilla/5.0 AppleWebKit/537.36 (KHTML, like Gecko; compatible; bingbot/2.0; +http://www.bing.com/bingbot.htm) Chrome/116.0.1938.76 Safari/537.36"
103.57.221.79 - - [11/Jul/2025:19:27:20 +0700] "POST /wp-cron.php?doing_wp_cron=1752236840.7032001018524169921875 HTTP/1.1" 200 0 "-" "WordPress/6.8.1; https://onesmart.com.vn"
103.57.221.79 - - [11/Jul/2025:19:30:54 +0700] "POST /wp-cron.php?doing_wp_cron=1752237054.3560750484466552734375 HTTP/1.1" 200 0 "-" "WordPress/6.8.1; https://onesmart.com.vn"
103.57.221.79 - - [11/Jul/2025:19:31:32 +0700] "POST /wp-cron.php?doing_wp_cron=1752237092.0129818916320800781250 HTTP/1.1" 200 0 "-" "WordPress/6.8.1; https://onesmart.com.vn"
52.167.144.142 - - [11/Jul/2025:19:31:31 +0700] "GET /game/6210394/ HTTP/2" 404 14114 "-" "Mozilla/5.0 AppleWebKit/537.36 (KHTML, like Gecko; compatible; bingbot/2.0; +http://www.bing.com/bingbot.htm) Chrome/116.0.1938.76 Safari/537.36"
52.167.144.16 - - [11/Jul/2025:19:33:21 +0700] "GET /mobile20250414/daga-tv.html HTTP/2" 301 0 "-" "Mozilla/5.0 AppleWebKit/537.36 (KHTML, like Gecko; compatible; bingbot/2.0; +http://www.bing.com/bingbot.htm) Chrome/116.0.1938.76 Safari/537.36"
103.57.221.79 - - [11/Jul/2025:19:34:43 +0700] "POST /wp-cron.php?doing_wp_cron=1752237283.5499849319458007812500 HTTP/1.1" 200 0 "-" "WordPress/6.8.1; https://onesmart.com.vn"
103.179.191.57 - - [11/Jul/2025:19:35:08 +0700] "GET /lien-he/ HTTP/1.1" 200 18276 "-" "Mozilla/5.0 (X11; Linux x86_64) AppleWebKit/537.36 (KHTML, like Gecko) Chrome/103.0.5060.53 Safari/537.36"
103.57.221.79 - - [11/Jul/2025:19:35:48 +0700] "POST /wp-cron.php?doing_wp_cron=1752237347.9968779087066650390625 HTTP/1.1" 200 0 "-" "WordPress/6.8.1; https://onesmart.com.vn"
52.167.144.19 - - [11/Jul/2025:19:35:47 +0700] "GET /app/3576084/ HTTP/2" 301 0 "-" "Mozilla/5.0 AppleWebKit/537.36 (KHTML, like Gecko; compatible; bingbot/2.0; +http://www.bing.com/bingbot.htm) Chrome/116.0.1938.76 Safari/537.36"
47.128.121.78 - - [11/Jul/2025:19:34:19 +0700] "POST /wp-content/plugins/litespeed-cache/guest.vary.php HTTP/2" 200 20 "https://onesmart.com.vn/CasinouhtdTBbe/" "Mozilla/5.0 (Linux; Android 5.0) AppleWebKit/537.36 (KHTML, like Gecko) Mobile Safari/537.36 (compatible; TikTokSpider; ttspider-feedback@tiktok.com)"
47.128.121.78 - - [11/Jul/2025:19:34:20 +0700] "GET /CasinouhtdTBbe/ HTTP/2" 404 18359 "https://onesmart.com.vn/CasinouhtdTBbe/" "Mozilla/5.0 (Linux; Android 5.0) AppleWebKit/537.36 (KHTML, like Gecko) Mobile Safari/537.36 (compatible; TikTokSpider; ttspider-feedback@tiktok.com)"
103.179.191.57 - - [11/Jul/2025:19:34:58 +0700] "GET /quy-trinh-va-quyen-loi-bao-hanh/ HTTP/1.1" 200 17498 "-" "Mozilla/5.0 (X11; Linux x86_64) AppleWebKit/537.36 (KHTML, like Gecko) Chrome/103.0.5060.53 Safari/537.36"
103.179.191.57 - - [11/Jul/2025:19:35:18 +0700] "GET /category/tin-tuc/ HTTP/1.1" 200 18423 "-" "Mozilla/5.0 (X11; Linux x86_64) AppleWebKit/537.36 (KHTML, like Gecko) Chrome/103.0.5060.53 Safari/537.36"
47.128.121.76 - - [11/Jul/2025:19:38:25 +0700] "POST /wp-content/plugins/litespeed-cache/guest.vary.php HTTP/2" 200 20 "https://onesmart.com.vn/CasinoajiougC/" "Mozilla/5.0 (Linux; Android 5.0) AppleWebKit/537.36 (KHTML, like Gecko) Mobile Safari/537.36 (compatible; TikTokSpider; ttspider-feedback@tiktok.com)"
47.128.121.76 - - [11/Jul/2025:19:38:25 +0700] "GET /CasinoajiougC/ HTTP/2" 404 18348 "https://onesmart.com.vn/CasinoajiougC/" "Mozilla/5.0 (Linux; Android 5.0) AppleWebKit/537.36 (KHTML, like Gecko) Mobile Safari/537.36 (compatible; TikTokSpider; ttspider-feedback@tiktok.com)"
40.77.167.70 - - [11/Jul/2025:19:41:16 +0700] "GET /app2025-04-05/quay-thu-xs-mien-nam.html HTTP/2" 404 14163 "-" "Mozilla/5.0 AppleWebKit/537.36 (KHTML, like Gecko; compatible; bingbot/2.0; +http://www.bing.com/bingbot.htm) Chrome/116.0.1938.76 Safari/537.36"
40.77.167.70 - - [11/Jul/2025:19:38:58 +0700] "GET /app/bk8-l%C3%A0-th%C3%A9p-g%C3%AC HTTP/2" 301 0 "-" "Mozilla/5.0 AppleWebKit/537.36 (KHTML, like Gecko; compatible; bingbot/2.0; +http://www.bing.com/bingbot.htm) Chrome/116.0.1938.76 Safari/537.36"
47.128.111.118 - - [11/Jul/2025:19:43:05 +0700] "GET /VideodqIaIwwM/ HTTP/2" 404 10752 "-" "Mozilla/5.0 (Linux; Android 5.0) AppleWebKit/537.36 (KHTML, like Gecko) Mobile Safari/537.36 (compatible; TikTokSpider; ttspider-feedback@tiktok.com)"
47.128.111.118 - - [11/Jul/2025:19:43:07 +0700] "POST /wp-content/plugins/litespeed-cache/guest.vary.php HTTP/2" 200 20 "https://onesmart.com.vn/VideodqIaIwwM/" "Mozilla/5.0 (Linux; Android 5.0) AppleWebKit/537.36 (KHTML, like Gecko) Mobile Safari/537.36 (compatible; TikTokSpider; ttspider-feedback@tiktok.com)"
47.128.111.118 - - [11/Jul/2025:19:43:08 +0700] "GET /VideodqIaIwwM/ HTTP/2" 404 18372 "https://onesmart.com.vn/VideodqIaIwwM/" "Mozilla/5.0 (Linux; Android 5.0) AppleWebKit/537.36 (KHTML, like Gecko) Mobile Safari/537.36 (compatible; TikTokSpider; ttspider-feedback@tiktok.com)"
40.77.167.70 - - [11/Jul/2025:19:44:16 +0700] "GET /app/1798524/ HTTP/2" 404 14131 "-" "Mozilla/5.0 AppleWebKit/537.36 (KHTML, like Gecko; compatible; bingbot/2.0; +http://www.bing.com/bingbot.htm) Chrome/116.0.1938.76 Safari/537.36"
52.167.144.232 - - [11/Jul/2025:19:44:37 +0700] "GET /mobile20250414/dice-bitsler.html HTTP/2" 301 0 "-" "Mozilla/5.0 AppleWebKit/537.36 (KHTML, like Gecko; compatible; bingbot/2.0; +http://www.bing.com/bingbot.htm) Chrome/116.0.1938.76 Safari/537.36"
18.168.137.129 - - [11/Jul/2025:19:47:32 +0700] "GET /wp-login.php HTTP/2" 200 3121 "http://onesmart.com.vn/wp-login.php" "Mozilla/5.0 (Windows NT 10.0; Win64; x64; rv:137.0) Gecko/20100101 Firefox/137.0"
18.168.137.129 - - [11/Jul/2025:19:47:36 +0700] "POST /wp-login.php HTTP/2" 200 3307 "https://onesmart.com.vn/wp-login.php?redirect_to=https%3A%2F%2Fonesmart.com.vn%2Fwp-admin%2F" "Mozilla/5.0 (Windows NT 10.0; Win64; x64; rv:137.0) Gecko/20100101 Firefox/137.0"
52.167.144.170 - - [11/Jul/2025:19:48:09 +0700] "GET /mobile20250405/m88-dang-nhap.html HTTP/2" 404 14149 "-" "Mozilla/5.0 AppleWebKit/537.36 (KHTML, like Gecko; compatible; bingbot/2.0; +http://www.bing.com/bingbot.htm) Chrome/116.0.1938.76 Safari/537.36"
52.167.144.170 - - [11/Jul/2025:19:51:16 +0700] "GET /bat-tat-tinh-nang-an-toan-bao-chay-bao-trom/ HTTP/2" 200 17375 "-" "Mozilla/5.0 AppleWebKit/537.36 (KHTML, like Gecko; compatible; bingbot/2.0; +http://www.bing.com/bingbot.htm) Chrome/116.0.1938.76 Safari/537.36"
103.57.221.79 - - [11/Jul/2025:19:53:40 +0700] "POST /wp-cron.php?doing_wp_cron=1752238420.4669239521026611328125 HTTP/1.1" 200 0 "-" "WordPress/6.8.1; https://onesmart.com.vn"
40.77.167.41 - - [11/Jul/2025:19:55:06 +0700] "GET /news/5271469/ HTTP/2" 301 0 "-" "Mozilla/5.0 AppleWebKit/537.36 (KHTML, like Gecko; compatible; bingbot/2.0; +http://www.bing.com/bingbot.htm) Chrome/116.0.1938.76 Safari/537.36"
47.128.122.108 - - [11/Jul/2025:19:55:11 +0700] "GET /CasinogGUlYCDv/ HTTP/2" 404 10718 "-" "Mozilla/5.0 (Linux; Android 5.0) AppleWebKit/537.36 (KHTML, like Gecko) Mobile Safari/537.36 (compatible; TikTokSpider; ttspider-feedback@tiktok.com)"
47.128.122.108 - - [11/Jul/2025:19:55:13 +0700] "POST /wp-content/plugins/litespeed-cache/guest.vary.php HTTP/2" 200 20 "https://onesmart.com.vn/CasinogGUlYCDv/" "Mozilla/5.0 (Linux; Android 5.0) AppleWebKit/537.36 (KHTML, like Gecko) Mobile Safari/537.36 (compatible; TikTokSpider; ttspider-feedback@tiktok.com)"
47.128.122.108 - - [11/Jul/2025:19:55:13 +0700] "GET /CasinogGUlYCDv/ HTTP/2" 404 18350 "https://onesmart.com.vn/CasinogGUlYCDv/" "Mozilla/5.0 (Linux; Android 5.0) AppleWebKit/537.36 (KHTML, like Gecko) Mobile Safari/537.36 (compatible; TikTokSpider; ttspider-feedback@tiktok.com)"
40.77.167.41 - - [11/Jul/2025:19:57:21 +0700] "GET /news/3781604/ HTTP/2" 301 0 "-" "Mozilla/5.0 AppleWebKit/537.36 (KHTML, like Gecko; compatible; bingbot/2.0; +http://www.bing.com/bingbot.htm) Chrome/116.0.1938.76 Safari/537.36"
66.249.64.65 - - [11/Jul/2025:19:57:24 +0700] "POST /wp-content/plugins/litespeed-cache/guest.vary.php HTTP/1.1" 200 6 "https://onesmart.com.vn/" "Mozilla/5.0 (Linux; Android 6.0.1; Nexus 5X Build/MMB29P) AppleWebKit/537.36 (KHTML, like Gecko) Chrome/137.0.7151.119 Mobile Safari/537.36 (compatible; Googlebot/2.1; +http://www.google.com/bot.html)"
66.249.64.65 - - [11/Jul/2025:19:57:25 +0700] "POST /?wc-ajax=get_refreshed_fragments HTTP/1.1" 200 329 "https://onesmart.com.vn/" "Mozilla/5.0 (Linux; Android 6.0.1; Nexus 5X Build/MMB29P) AppleWebKit/537.36 (KHTML, like Gecko) Chrome/137.0.7151.119 Mobile Safari/537.36 (compatible; Googlebot/2.1; +http://www.google.com/bot.html)"
40.77.167.67 - - [11/Jul/2025:19:57:56 +0700] "GET /app/5298036/ HTTP/2" 404 14144 "-" "Mozilla/5.0 AppleWebKit/537.36 (KHTML, like Gecko; compatible; bingbot/2.0; +http://www.bing.com/bingbot.htm) Chrome/116.0.1938.76 Safari/537.36"
66.249.89.130 - - [11/Jul/2025:19:58:22 +0700] "GET /chinh-sach-su-dung HTTP/1.1" 404 14144 "-" "PlayStore-Google"
66.249.89.130 - - [11/Jul/2025:19:58:24 +0700] "GET /chinh-sach-su-dung HTTP/1.1" 404 14123 "-" "PlayStore-Google"
66.249.89.130 - - [11/Jul/2025:19:58:25 +0700] "GET /wp-content/litespeed/css/932c380413f16c9047070a983ff06393.css?ver=95972 HTTP/1.1" 200 71468 "https://onesmart.com.vn/chinh-sach-su-dung" "PlayStore-Google"
66.249.89.128 - - [11/Jul/2025:19:58:25 +0700] "GET /wp-content/themes/flatsome/assets/js/flatsome.js?ver=43f05e0ca79aa585a6aa HTTP/1.1" 200 15832 "https://onesmart.com.vn/chinh-sach-su-dung" "PlayStore-Google"
103.57.221.79 - - [11/Jul/2025:19:47:32 +0700] "POST /wp-cron.php?doing_wp_cron=1752238052.3018639087677001953125 HTTP/1.1" 200 0 "-" "WordPress/6.8.1; https://onesmart.com.vn"
18.168.137.129 - - [11/Jul/2025:19:47:33 +0700] "GET /wp-json/wp/v2/users HTTP/2" 200 619 "http://onesmart.com.vn/wp-login.php" "Mozilla/5.0 (Windows NT 10.0; Win64; x64; rv:137.0) Gecko/20100101 Firefox/137.0"
40.77.167.15 - - [11/Jul/2025:19:53:40 +0700] "GET /app/5069341/ HTTP/2" 404 21365 "-" "Mozilla/5.0 AppleWebKit/537.36 (KHTML, like Gecko; compatible; bingbot/2.0; +http://www.bing.com/bingbot.htm) Chrome/116.0.1938.76 Safari/537.36"
40.77.167.23 - - [11/Jul/2025:19:55:22 +0700] "GET /app/8561432/ HTTP/2" 404 14143 "-" "Mozilla/5.0 AppleWebKit/537.36 (KHTML, like Gecko; compatible; bingbot/2.0; +http://www.bing.com/bingbot.htm) Chrome/116.0.1938.76 Safari/537.36"
103.57.221.79 - - [11/Jul/2025:19:57:21 +0700] "POST /wp-cron.php?doing_wp_cron=1752238641.3304550647735595703125 HTTP/1.1" 200 0 "-" "WordPress/6.8.1; https://onesmart.com.vn"
66.249.64.64 - - [11/Jul/2025:19:57:21 +0700] "GET / HTTP/1.1" 200 21597 "-" "Mozilla/5.0 (Linux; Android 6.0.1; Nexus 5X Build/MMB29P) AppleWebKit/537.36 (KHTML, like Gecko) Chrome/137.0.7151.103 Mobile Safari/537.36 (compatible; Googlebot/2.1; +http://www.google.com/bot.html)"
66.249.71.97 - - [11/Jul/2025:19:57:24 +0700] "GET /wp-content/themes/flatsome/assets/js/woocommerce.js?ver=1a392523165907adee6a HTTP/1.1" 200 6674 "https://onesmart.com.vn/" "Mozilla/5.0 (Linux; Android 6.0.1; Nexus 5X Build/MMB29P) AppleWebKit/537.36 (KHTML, like Gecko) Chrome/137.0.7151.119 Mobile Safari/537.36 (compatible; Googlebot/2.1; +http://www.google.com/bot.html)"
103.57.221.79 - - [11/Jul/2025:19:57:56 +0700] "POST /wp-cron.php?doing_wp_cron=1752238676.4264249801635742187500 HTTP/1.1" 200 0 "-" "WordPress/6.8.1; https://onesmart.com.vn"
66.249.89.129 - - [11/Jul/2025:19:58:25 +0700] "GET /wp-content/themes/flatsome/assets/js/chunk.tooltips.js?ver=3.17.7 HTTP/1.1" 200 9748 "https://onesmart.com.vn/chinh-sach-su-dung" "PlayStore-Google"
66.249.89.129 - - [11/Jul/2025:19:58:26 +0700] "GET /wp-content/fonts/roboto/KFOMCnqEu92Fr1ME7kSn66aGLdTylUAMQXC89YmC2DPNWub2bVmUiAz0klQm_20.woff HTTP/1.1" 200 19668 "https://onesmart.com.vn/wp-content/litespeed/css/932c380413f16c9047070a983ff06393.css?ver=95972" "PlayStore-Google"
66.249.89.129 - - [11/Jul/2025:19:58:28 +0700] "GET /wp-content/fonts/roboto/KFOMCnqEu92Fr1ME7kSn66aGLdTylUAMQXC89YmC2DPNWub2bVmbiAz0klQm_20O0g.woff HTTP/1.1" 200 5480 "https://onesmart.com.vn/wp-content/litespeed/css/932c380413f16c9047070a983ff06393.css?ver=95972" "PlayStore-Google"
103.57.221.79 - - [11/Jul/2025:19:59:19 +0700] "POST /wp-cron.php?doing_wp_cron=1752238759.3717761039733886718750 HTTP/1.1" 200 0 "-" "WordPress/6.8.1; https://onesmart.com.vn"
40.77.167.67 - - [11/Jul/2025:19:59:19 +0700] "GET /app/8173025/ HTTP/2" 404 14114 "-" "Mozilla/5.0 AppleWebKit/537.36 (KHTML, like Gecko; compatible; bingbot/2.0; +http://www.bing.com/bingbot.htm) Chrome/116.0.1938.76 Safari/537.36"
40.77.167.44 - - [11/Jul/2025:20:00:36 +0700] "GET /news/8357206/ HTTP/2" 301 0 "-" "Mozilla/5.0 AppleWebKit/537.36 (KHTML, like Gecko; compatible; bingbot/2.0; +http://www.bing.com/bingbot.htm) Chrome/116.0.1938.76 Safari/537.36"
103.57.221.79 - - [11/Jul/2025:20:01:20 +0700] "POST /wp-cron.php?doing_wp_cron=1752238880.1504070758819580078125 HTTP/1.1" 200 0 "-" "WordPress/6.8.1; https://onesmart.com.vn"
52.167.144.18 - - [11/Jul/2025:20:04:16 +0700] "GET /news/fb88-hello-com HTTP/2" 404 14145 "-" "Mozilla/5.0 AppleWebKit/537.36 (KHTML, like Gecko; compatible; bingbot/2.0; +http://www.bing.com/bingbot.htm) Chrome/116.0.1938.76 Safari/537.36"
103.57.221.79 - - [11/Jul/2025:20:04:52 +0700] "POST /wp-cron.php?doing_wp_cron=1752239092.6018209457397460937500 HTTP/1.1" 200 0 "-" "WordPress/6.8.1; https://onesmart.com.vn"
47.128.96.140 - - [11/Jul/2025:19:47:09 +0700] "GET /Casino_otzYcob/ HTTP/2" 404 10740 "-" "Mozilla/5.0 (Linux; Android 5.0) AppleWebKit/537.36 (KHTML, like Gecko) Mobile Safari/537.36 (compatible; TikTokSpider; ttspider-feedback@tiktok.com)"
47.128.96.140 - - [11/Jul/2025:19:47:12 +0700] "POST /wp-content/plugins/litespeed-cache/guest.vary.php HTTP/2" 200 20 "https://onesmart.com.vn/Casino_otzYcob/" "Mozilla/5.0 (Linux; Android 5.0) AppleWebKit/537.36 (KHTML, like Gecko) Mobile Safari/537.36 (compatible; TikTokSpider; ttspider-feedback@tiktok.com)"
47.128.96.140 - - [11/Jul/2025:19:47:12 +0700] "GET /Casino_otzYcob/ HTTP/2" 404 18379 "https://onesmart.com.vn/Casino_otzYcob/" "Mozilla/5.0 (Linux; Android 5.0) AppleWebKit/537.36 (KHTML, like Gecko) Mobile Safari/537.36 (compatible; TikTokSpider; ttspider-feedback@tiktok.com)"
18.168.137.129 - - [11/Jul/2025:19:47:35 +0700] "POST /wp-login.php HTTP/2" 200 3321 "https://onesmart.com.vn/wp-login.php?redirect_to=https%3A%2F%2Fonesmart.com.vn%2Fwp-admin%2F" "Mozilla/5.0 (Windows NT 10.0; Win64; x64; rv:137.0) Gecko/20100101 Firefox/137.0"
47.128.96.138 - - [11/Jul/2025:19:51:10 +0700] "GET /VideofoGGWjm/ HTTP/2" 404 10740 "-" "Mozilla/5.0 (Linux; Android 5.0) AppleWebKit/537.36 (KHTML, like Gecko) Mobile Safari/537.36 (compatible; TikTokSpider; ttspider-feedback@tiktok.com)"
47.128.96.138 - - [11/Jul/2025:19:51:12 +0700] "POST /wp-content/plugins/litespeed-cache/guest.vary.php HTTP/2" 200 20 "https://onesmart.com.vn/VideofoGGWjm/" "Mozilla/5.0 (Linux; Android 5.0) AppleWebKit/537.36 (KHTML, like Gecko) Mobile Safari/537.36 (compatible; TikTokSpider; ttspider-feedback@tiktok.com)"
47.128.96.138 - - [11/Jul/2025:19:51:12 +0700] "GET /VideofoGGWjm/ HTTP/2" 404 18352 "https://onesmart.com.vn/VideofoGGWjm/" "Mozilla/5.0 (Linux; Android 5.0) AppleWebKit/537.36 (KHTML, like Gecko) Mobile Safari/537.36 (compatible; TikTokSpider; ttspider-feedback@tiktok.com)"
52.167.144.170 - - [11/Jul/2025:19:52:18 +0700] "GET /news/5426390/ HTTP/2" 404 14124 "-" "Mozilla/5.0 AppleWebKit/537.36 (KHTML, like Gecko; compatible; bingbot/2.0; +http://www.bing.com/bingbot.htm) Chrome/116.0.1938.76 Safari/537.36"
103.57.221.79 - - [11/Jul/2025:19:55:07 +0700] "POST /wp-cron.php?doing_wp_cron=1752238507.1176159381866455078125 HTTP/1.1" 200 0 "-" "WordPress/6.8.1; https://onesmart.com.vn"
66.249.89.128 - - [11/Jul/2025:19:58:26 +0700] "GET /wp-content/themes/flatsome/assets/js/chunk.popups.js?ver=3.17.7 HTTP/1.1" 200 6941 "https://onesmart.com.vn/chinh-sach-su-dung" "PlayStore-Google"
66.249.89.128 - - [11/Jul/2025:19:58:26 +0700] "POST /wp-content/plugins/litespeed-cache/guest.vary.php HTTP/1.1" 200 6 "https://onesmart.com.vn/chinh-sach-su-dung" "PlayStore-Google"
66.249.89.128 - - [11/Jul/2025:19:58:26 +0700] "GET /wp-content/plugins/Simple-Contact/assets/images/Zalo_On.svg HTTP/1.1" 200 1339 "https://onesmart.com.vn/wp-content/litespeed/css/932c380413f16c9047070a983ff06393.css?ver=95972" "PlayStore-Google"
66.249.89.128 - - [11/Jul/2025:19:58:27 +0700] "GET /wp-content/plugins/Simple-Contact/assets/images/Call_On.svg HTTP/1.1" 200 864 "https://onesmart.com.vn/wp-content/litespeed/css/932c380413f16c9047070a983ff06393.css?ver=95972" "PlayStore-Google"
103.57.221.79 - - [11/Jul/2025:20:00:16 +0700] "POST /wp-cron.php?doing_wp_cron=1752238816.6898610591888427734375 HTTP/1.1" 200 0 "-" "WordPress/6.8.1; https://onesmart.com.vn"
52.167.144.216 - - [11/Jul/2025:20:01:19 +0700] "GET /app/7805316/ HTTP/2" 301 0 "-" "Mozilla/5.0 AppleWebKit/537.36 (KHTML, like Gecko; compatible; bingbot/2.0; +http://www.bing.com/bingbot.htm) Chrome/116.0.1938.76 Safari/537.36"
103.57.221.79 - - [11/Jul/2025:20:04:17 +0700] "POST /wp-cron.php?doing_wp_cron=1752239057.1817181110382080078125 HTTP/1.1" 200 0 "-" "WordPress/6.8.1; https://onesmart.com.vn"
103.57.221.79 - - [11/Jul/2025:20:07:38 +0700] "POST /wp-cron.php?doing_wp_cron=1752239258.0177109241485595703125 HTTP/1.1" 200 0 "-" "WordPress/6.8.1; https://onesmart.com.vn"
40.77.167.9 - - [11/Jul/2025:20:07:40 +0700] "GET /hot/2654180/ HTTP/2" 301 0 "-" "Mozilla/5.0 AppleWebKit/537.36 (KHTML, like Gecko; compatible; bingbot/2.0; +http://www.bing.com/bingbot.htm) Chrome/116.0.1938.76 Safari/537.36"
40.77.167.7 - - [11/Jul/2025:20:08:57 +0700] "GET /news/game-sun-win HTTP/2" 301 0 "-" "Mozilla/5.0 AppleWebKit/537.36 (KHTML, like Gecko; compatible; bingbot/2.0; +http://www.bing.com/bingbot.htm) Chrome/116.0.1938.76 Safari/537.36"
103.57.221.79 - - [11/Jul/2025:20:13:20 +0700] "POST /wp-cron.php?doing_wp_cron=1752239600.9183809757232666015625 HTTP/1.1" 200 0 "-" "WordPress/6.8.1; https://onesmart.com.vn"
103.57.221.79 - - [11/Jul/2025:20:13:49 +0700] "POST /wp-cron.php?doing_wp_cron=1752239629.2359340190887451171875 HTTP/1.1" 200 0 "-" "WordPress/6.8.1; https://onesmart.com.vn"
103.57.221.79 - - [11/Jul/2025:20:15:40 +0700] "POST /wp-cron.php?doing_wp_cron=1752239740.6610910892486572265625 HTTP/1.1" 200 0 "-" "WordPress/6.8.1; https://onesmart.com.vn"
47.128.96.171 - - [11/Jul/2025:20:19:02 +0700] "GET /CasinojuSOv/ HTTP/2" 404 10735 "-" "Mozilla/5.0 (Linux; Android 5.0) AppleWebKit/537.36 (KHTML, like Gecko) Mobile Safari/537.36 (compatible; TikTokSpider; ttspider-feedback@tiktok.com)"
47.128.96.171 - - [11/Jul/2025:20:19:03 +0700] "GET /wp-content/litespeed/css/932c380413f16c9047070a983ff06393.css?ver=95972 HTTP/2" 200 71468 "https://onesmart.com.vn/CasinojuSOv/" "Mozilla/5.0 (Linux; Android 5.0) AppleWebKit/537.36 (KHTML, like Gecko) Mobile Safari/537.36 (compatible; TikTokSpider; ttspider-feedback@tiktok.com)"
47.128.96.171 - - [11/Jul/2025:20:19:05 +0700] "POST /wp-content/plugins/litespeed-cache/guest.vary.php HTTP/2" 200 20 "https://onesmart.com.vn/CasinojuSOv/" "Mozilla/5.0 (Linux; Android 5.0) AppleWebKit/537.36 (KHTML, like Gecko) Mobile Safari/537.36 (compatible; TikTokSpider; ttspider-feedback@tiktok.com)"
47.128.96.171 - - [11/Jul/2025:20:19:05 +0700] "GET /CasinojuSOv/ HTTP/2" 404 18365 "https://onesmart.com.vn/CasinojuSOv/" "Mozilla/5.0 (Linux; Android 5.0) AppleWebKit/537.36 (KHTML, like Gecko) Mobile Safari/537.36 (compatible; TikTokSpider; ttspider-feedback@tiktok.com)"
47.128.96.171 - - [11/Jul/2025:20:19:06 +0700] "GET /wp-content/plugins/contact-form-7/includes/css/styles.css?ver=6.1 HTTP/2" 200 899 "https://onesmart.com.vn/CasinojuSOv/" "Mozilla/5.0 (Linux; Android 5.0) AppleWebKit/537.36 (KHTML, like Gecko) Mobile Safari/537.36 (compatible; TikTokSpider; ttspider-feedback@tiktok.com)"
47.128.96.171 - - [11/Jul/2025:20:19:06 +0700] "GET /wp-content/plugins/Simple-Contact//assets/css/style.css?ver=6.8.1 HTTP/2" 200 16591 "https://onesmart.com.vn/CasinojuSOv/" "Mozilla/5.0 (Linux; Android 5.0) AppleWebKit/537.36 (KHTML, like Gecko) Mobile Safari/537.36 (compatible; TikTokSpider; ttspider-feedback@tiktok.com)"
47.128.96.171 - - [11/Jul/2025:20:19:06 +0700] "GET /wp-content/plugins/related-posts-by-taxonomy/includes/assets/css/styles.css?ver=6.8.1 HTTP/2" 200 225 "https://onesmart.com.vn/CasinojuSOv/" "Mozilla/5.0 (Linux; Android 5.0) AppleWebKit/537.36 (KHTML, like Gecko) Mobile Safari/537.36 (compatible; TikTokSpider; ttspider-feedback@tiktok.com)"
47.128.96.171 - - [11/Jul/2025:20:19:07 +0700] "GET /wp-content/plugins/woocommerce/assets/css/brands.css?ver=9.9.5 HTTP/2" 200 579 "https://onesmart.com.vn/CasinojuSOv/" "Mozilla/5.0 (Linux; Android 5.0) AppleWebKit/537.36 (KHTML, like Gecko) Mobile Safari/537.36 (compatible; TikTokSpider; ttspider-feedback@tiktok.com)"
47.128.96.171 - - [11/Jul/2025:20:19:07 +0700] "GET /wp-content/plugins/wordpress-popular-posts/assets/css/wpp.css?ver=7.3.3 HTTP/2" 200 520 "https://onesmart.com.vn/CasinojuSOv/" "Mozilla/5.0 (Linux; Android 5.0) AppleWebKit/537.36 (KHTML, like Gecko) Mobile Safari/537.36 (compatible; TikTokSpider; ttspider-feedback@tiktok.com)"
66.249.89.130 - - [11/Jul/2025:19:58:25 +0700] "GET /wp-content/themes/flatsome/assets/js/woocommerce.js?ver=1a392523165907adee6a HTTP/1.1" 200 6674 "https://onesmart.com.vn/chinh-sach-su-dung" "PlayStore-Google"
66.249.89.128 - - [11/Jul/2025:19:58:25 +0700] "GET /wp-content/themes/flatsome/assets/js/chunk.slider.js?ver=3.17.7 HTTP/1.1" 200 12985 "https://onesmart.com.vn/chinh-sach-su-dung" "PlayStore-Google"
66.249.89.128 - - [11/Jul/2025:19:58:26 +0700] "GET /wp-content/plugins/Simple-Contact/assets/images/Messenger_On.svg HTTP/1.1" 200 446 "https://onesmart.com.vn/wp-content/litespeed/css/932c380413f16c9047070a983ff06393.css?ver=95972" "PlayStore-Google"
66.249.89.128 - - [11/Jul/2025:19:58:26 +0700] "GET /wp-content/themes/flatsome/assets/css/icons/fl-icons.woff2?v=3.17.7 HTTP/1.1" 200 7068 "https://onesmart.com.vn/wp-content/litespeed/css/932c380413f16c9047070a983ff06393.css?ver=95972" "PlayStore-Google"
66.249.89.128 - - [11/Jul/2025:19:58:27 +0700] "GET /wp-content/fonts/roboto-condensed/ieVo2ZhZI2eCN5jzbjEETS9weq8-_d6T_POl0fRJeyVVpcBO5XpjLdSL57k.woff HTTP/1.1" 200 19728 "https://onesmart.com.vn/wp-content/litespeed/css/932c380413f16c9047070a983ff06393.css?ver=95972" "PlayStore-Google"
66.249.89.128 - - [11/Jul/2025:19:58:27 +0700] "GET /wp-content/uploads/2019/05/arrow.png HTTP/1.1" 404 14154 "https://onesmart.com.vn/wp-content/litespeed/css/932c380413f16c9047070a983ff06393.css?ver=95972" "PlayStore-Google"
66.249.89.128 - - [11/Jul/2025:19:58:28 +0700] "GET /wp-content/fonts/roboto/KFOMCnqEu92Fr1ME7kSn66aGLdTylUAMQXC89YmC2DPNWub2bVmaiAz0klQm_20O0g.woff HTTP/1.1" 200 12524 "https://onesmart.com.vn/wp-content/litespeed/css/932c380413f16c9047070a983ff06393.css?ver=95972" "PlayStore-Google"
66.249.89.128 - - [11/Jul/2025:19:58:28 +0700] "GET /wp-content/fonts/roboto-condensed/ieVo2ZhZI2eCN5jzbjEETS9weq8-_d6T_POl0fRJeyVVpcBB5XpjLdSL57k24Q.woff HTTP/1.1" 200 5604 "https://onesmart.com.vn/wp-content/litespeed/css/932c380413f16c9047070a983ff06393.css?ver=95972" "PlayStore-Google"
40.77.167.44 - - [11/Jul/2025:20:00:16 +0700] "GET /news/0635128/ HTTP/2" 301 0 "-" "Mozilla/5.0 AppleWebKit/537.36 (KHTML, like Gecko; compatible; bingbot/2.0; +http://www.bing.com/bingbot.htm) Chrome/116.0.1938.76 Safari/537.36"
103.57.221.79 - - [11/Jul/2025:20:00:36 +0700] "POST /wp-cron.php?doing_wp_cron=1752238836.9872999191284179687500 HTTP/1.1" 200 0 "-" "WordPress/6.8.1; https://onesmart.com.vn"
103.57.221.79 - - [11/Jul/2025:20:03:27 +0700] "POST /wp-cron.php?doing_wp_cron=1752239007.1695969104766845703125 HTTP/1.1" 200 0 "-" "WordPress/6.8.1; https://onesmart.com.vn"
40.77.167.7 - - [11/Jul/2025:20:03:27 +0700] "GET /news/bk8-yoko.html HTTP/2" 301 0 "-" "Mozilla/5.0 AppleWebKit/537.36 (KHTML, like Gecko; compatible; bingbot/2.0; +http://www.bing.com/bingbot.htm) Chrome/116.0.1938.76 Safari/537.36"
103.57.221.79 - - [11/Jul/2025:20:08:57 +0700] "POST /wp-cron.php?doing_wp_cron=1752239337.7052071094512939453125 HTTP/1.1" 200 0 "-" "WordPress/6.8.1; https://onesmart.com.vn"
52.167.144.220 - - [11/Jul/2025:20:13:48 +0700] "GET /news/4571268/ HTTP/2" 301 0 "-" "Mozilla/5.0 AppleWebKit/537.36 (KHTML, like Gecko; compatible; bingbot/2.0; +http://www.bing.com/bingbot.htm) Chrome/116.0.1938.76 Safari/537.36"
103.57.221.79 - - [11/Jul/2025:20:15:48 +0700] "POST /wp-cron.php?doing_wp_cron=1752239748.9742109775543212890625 HTTP/1.1" 200 0 "-" "WordPress/6.8.1; https://onesmart.com.vn"
103.57.221.79 - - [11/Jul/2025:20:19:02 +0700] "POST /wp-cron.php?doing_wp_cron=1752239942.8307309150695800781250 HTTP/1.1" 200 0 "-" "WordPress/6.8.1; https://onesmart.com.vn"
103.57.221.79 - - [11/Jul/2025:20:22:30 +0700] "POST /wp-cron.php?doing_wp_cron=1752240150.3700489997863769531250 HTTP/1.1" 200 0 "-" "WordPress/6.8.1; https://onesmart.com.vn"
103.57.221.79 - - [11/Jul/2025:20:23:01 +0700] "POST /wp-cron.php?doing_wp_cron=1752240181.5636689662933349609375 HTTP/1.1" 200 0 "-" "WordPress/6.8.1; https://onesmart.com.vn"
66.249.71.99 - - [11/Jul/2025:20:04:52 +0700] "GET /hot20250321/c%C3%B4ng-ty-kubet.html HTTP/1.1" 404 10754 "-" "Mozilla/5.0 (Linux; Android 6.0.1; Nexus 5X Build/MMB29P) AppleWebKit/537.36 (KHTML, like Gecko) Chrome/137.0.7151.103 Mobile Safari/537.36 (compatible; Googlebot/2.1; +http://www.google.com/bot.html)"
103.57.221.79 - - [11/Jul/2025:20:07:22 +0700] "POST /wp-cron.php?doing_wp_cron=1752239242.6316630840301513671875 HTTP/1.1" 200 0 "-" "WordPress/6.8.1; https://onesmart.com.vn"
52.167.144.186 - - [11/Jul/2025:20:07:22 +0700] "GET /news/0753861/ HTTP/2" 404 14128 "-" "Mozilla/5.0 AppleWebKit/537.36 (KHTML, like Gecko; compatible; bingbot/2.0; +http://www.bing.com/bingbot.htm) Chrome/116.0.1938.76 Safari/537.36"
52.167.144.18 - - [11/Jul/2025:20:07:37 +0700] "GET /order2025-03-27/bk8-outfitters.html HTTP/2" 404 14182 "-" "Mozilla/5.0 AppleWebKit/537.36 (KHTML, like Gecko; compatible; bingbot/2.0; +http://www.bing.com/bingbot.htm) Chrome/116.0.1938.76 Safari/537.36"
40.77.167.67 - - [11/Jul/2025:20:09:20 +0700] "GET /app/T%E1%BA%A3i-App-Fb888 HTTP/2" 404 14144 "-" "Mozilla/5.0 AppleWebKit/537.36 (KHTML, like Gecko; compatible; bingbot/2.0; +http://www.bing.com/bingbot.htm) Chrome/116.0.1938.76 Safari/537.36"
52.167.144.186 - - [11/Jul/2025:20:13:20 +0700] "GET /news/8345079/ HTTP/2" 404 14137 "-" "Mozilla/5.0 AppleWebKit/537.36 (KHTML, like Gecko; compatible; bingbot/2.0; +http://www.bing.com/bingbot.htm) Chrome/116.0.1938.76 Safari/537.36"
40.77.167.58 - - [11/Jul/2025:20:14:29 +0700] "GET /app/5324706/ HTTP/2" 404 14116 "-" "Mozilla/5.0 AppleWebKit/537.36 (KHTML, like Gecko; compatible; bingbot/2.0; +http://www.bing.com/bingbot.htm) Chrome/116.0.1938.76 Safari/537.36"
52.167.144.186 - - [11/Jul/2025:20:15:40 +0700] "GET /news/4726501/ HTTP/2" 404 14128 "-" "Mozilla/5.0 AppleWebKit/537.36 (KHTML, like Gecko; compatible; bingbot/2.0; +http://www.bing.com/bingbot.htm) Chrome/116.0.1938.76 Safari/537.36"
52.167.144.186 - - [11/Jul/2025:20:15:48 +0700] "GET /chinh-sach-ban-hang/ HTTP/2" 200 16233 "-" "Mozilla/5.0 AppleWebKit/537.36 (KHTML, like Gecko; compatible; bingbot/2.0; +http://www.bing.com/bingbot.htm) Chrome/116.0.1938.76 Safari/537.36"
66.249.64.65 - - [11/Jul/2025:20:23:01 +0700] "GET /news20250321/m88-159.223.47.31.html HTTP/1.1" 404 10732 "-" "Mozilla/5.0 (Linux; Android 6.0.1; Nexus 5X Build/MMB29P) AppleWebKit/537.36 (KHTML, like Gecko) Chrome/137.0.7151.103 Mobile Safari/537.36 (compatible; Googlebot/2.1; +http://www.google.com/bot.html)"
52.167.144.59 - - [11/Jul/2025:20:23:31 +0700] "GET /robots.txt HTTP/2" 301 0 "-" "Mozilla/5.0 AppleWebKit/537.36 (KHTML, like Gecko; compatible; bingbot/2.0; +http://www.bing.com/bingbot.htm) Chrome/116.0.1938.76 Safari/537.36"
52.167.144.181 - - [11/Jul/2025:20:23:41 +0700] "GET /news/6180379/ HTTP/2" 301 0 "-" "Mozilla/5.0 AppleWebKit/537.36 (KHTML, like Gecko; compatible; bingbot/2.0; +http://www.bing.com/bingbot.htm) Chrome/116.0.1938.76 Safari/537.36"
103.57.221.79 - - [11/Jul/2025:20:24:21 +0700] "POST /wp-cron.php?doing_wp_cron=1752240261.6076610088348388671875 HTTP/1.1" 200 0 "-" "WordPress/6.8.1; https://onesmart.com.vn"
52.167.144.181 - - [11/Jul/2025:20:25:31 +0700] "GET /game2025-04-01/d%E1%BB%B1-%C4%91o%C3%A1n-1-c%E1%BA%B7p-s%E1%BB%91-duy-nh%E1%BA%A5t-mb.html HTTP/2" 301 0 "-" "Mozilla/5.0 AppleWebKit/537.36 (KHTML, like Gecko; compatible; bingbot/2.0; +http://www.bing.com/bingbot.htm) Chrome/116.0.1938.76 Safari/537.36"
103.57.221.79 - - [11/Jul/2025:20:26:03 +0700] "POST /wp-cron.php?doing_wp_cron=1752240363.2796459197998046875000 HTTP/1.1" 200 0 "-" "WordPress/6.8.1; https://onesmart.com.vn"
52.167.144.231 - - [11/Jul/2025:20:26:22 +0700] "GET /news/7194206/ HTTP/2" 301 0 "-" "Mozilla/5.0 AppleWebKit/537.36 (KHTML, like Gecko; compatible; bingbot/2.0; +http://www.bing.com/bingbot.htm) Chrome/116.0.1938.76 Safari/537.36"
103.57.221.79 - - [11/Jul/2025:20:29:31 +0700] "POST /wp-cron.php?doing_wp_cron=1752240571.2479319572448730468750 HTTP/1.1" 200 0 "-" "WordPress/6.8.1; https://onesmart.com.vn"
47.128.96.171 - - [11/Jul/2025:20:19:07 +0700] "GET /wp-content/themes/flatsome/assets/css/flatsome-shop.css?ver=3.17.7 HTTP/2" 200 5385 "https://onesmart.com.vn/CasinojuSOv/" "Mozilla/5.0 (Linux; Android 5.0) AppleWebKit/537.36 (KHTML, like Gecko) Mobile Safari/537.36 (compatible; TikTokSpider; ttspider-feedback@tiktok.com)"
47.128.96.171 - - [11/Jul/2025:20:19:07 +0700] "GET /wp-content/themes/flatsome/assets/css/flatsome.css?ver=3.17.7 HTTP/2" 200 28041 "https://onesmart.com.vn/CasinojuSOv/" "Mozilla/5.0 (Linux; Android 5.0) AppleWebKit/537.36 (KHTML, like Gecko) Mobile Safari/537.36 (compatible; TikTokSpider; ttspider-feedback@tiktok.com)"
47.128.96.171 - - [11/Jul/2025:20:19:07 +0700] "GET /wp-content/themes/flatsome-child/style.css?ver=3.11.3 HTTP/2" 200 4237 "https://onesmart.com.vn/CasinojuSOv/" "Mozilla/5.0 (Linux; Android 5.0) AppleWebKit/537.36 (KHTML, like Gecko) Mobile Safari/537.36 (compatible; TikTokSpider; ttspider-feedback@tiktok.com)"
47.128.96.171 - - [11/Jul/2025:20:19:08 +0700] "GET /wp-content/plugins/woocommerce/assets/client/blocks/wc-blocks.css?ver=wc-9.9.5 HTTP/2" 200 2356 "https://onesmart.com.vn/CasinojuSOv/" "Mozilla/5.0 (Linux; Android 5.0) AppleWebKit/537.36 (KHTML, like Gecko) Mobile Safari/537.36 (compatible; TikTokSpider; ttspider-feedback@tiktok.com)"
103.57.221.79 - - [11/Jul/2025:20:21:00 +0700] "POST /wp-cron.php?doing_wp_cron=1752240060.2120800018310546875000 HTTP/1.1" 200 0 "-" "WordPress/6.8.1; https://onesmart.com.vn"
40.77.167.35 - - [11/Jul/2025:20:21:00 +0700] "GET /hot/1752308/ HTTP/2" 404 14115 "-" "Mozilla/5.0 AppleWebKit/537.36 (KHTML, like Gecko; compatible; bingbot/2.0; +http://www.bing.com/bingbot.htm) Chrome/116.0.1938.76 Safari/537.36"
40.77.167.35 - - [11/Jul/2025:20:22:30 +0700] "GET /door/64/5/Cai-Dat-Them-Moi-Thiet-Bi-Dieu-Khien-Cua-Cuon-Bang-Dien-Thoai HTTP/2" 404 14186 "-" "Mozilla/5.0 AppleWebKit/537.36 (KHTML, like Gecko; compatible; bingbot/2.0; +http://www.bing.com/bingbot.htm) Chrome/116.0.1938.76 Safari/537.36"
66.249.71.97 - - [11/Jul/2025:20:23:12 +0700] "GET /news20250321/1xbet-c%C3%B3-uy-t%C3%ADn-k.html HTTP/1.1" 404 10767 "-" "Mozilla/5.0 (Linux; Android 6.0.1; Nexus 5X Build/MMB29P) AppleWebKit/537.36 (KHTML, like Gecko) Chrome/137.0.7151.103 Mobile Safari/537.36 (compatible; Googlebot/2.1; +http://www.google.com/bot.html)"
103.57.221.79 - - [11/Jul/2025:20:23:32 +0700] "POST /wp-cron.php?doing_wp_cron=1752240212.0343780517578125000000 HTTP/1.1" 200 0 "-" "WordPress/6.8.1; https://onesmart.com.vn"
40.77.167.52 - - [11/Jul/2025:20:26:03 +0700] "GET /app/6935281/ HTTP/2" 404 14120 "-" "Mozilla/5.0 AppleWebKit/537.36 (KHTML, like Gecko; compatible; bingbot/2.0; +http://www.bing.com/bingbot.htm) Chrome/116.0.1938.76 Safari/537.36"
52.167.144.181 - - [11/Jul/2025:20:30:31 +0700] "GET /news/7056294/ HTTP/2" 301 0 "-" "Mozilla/5.0 AppleWebKit/537.36 (KHTML, like Gecko; compatible; bingbot/2.0; +http://www.bing.com/bingbot.htm) Chrome/116.0.1938.76 Safari/537.36"
103.57.221.79 - - [11/Jul/2025:20:31:54 +0700] "POST /wp-cron.php?doing_wp_cron=1752240714.9368689060211181640625 HTTP/1.1" 200 0 "-" "WordPress/6.8.1; https://onesmart.com.vn"
47.128.16.184 - - [11/Jul/2025:20:34:42 +0700] "GET /Casino_pebJab/ HTTP/2" 404 10759 "-" "Mozilla/5.0 (Linux; Android 5.0) AppleWebKit/537.36 (KHTML, like Gecko) Mobile Safari/537.36 (compatible; TikTokSpider; ttspider-feedback@tiktok.com)"
47.128.16.184 - - [11/Jul/2025:20:34:45 +0700] "POST /wp-content/plugins/litespeed-cache/guest.vary.php HTTP/2" 200 20 "https://onesmart.com.vn/Casino_pebJab/" "Mozilla/5.0 (Linux; Android 5.0) AppleWebKit/537.36 (KHTML, like Gecko) Mobile Safari/537.36 (compatible; TikTokSpider; ttspider-feedback@tiktok.com)"
47.128.16.184 - - [11/Jul/2025:20:34:45 +0700] "GET /Casino_pebJab/ HTTP/2" 404 18398 "https://onesmart.com.vn/Casino_pebJab/" "Mozilla/5.0 (Linux; Android 5.0) AppleWebKit/537.36 (KHTML, like Gecko) Mobile Safari/537.36 (compatible; TikTokSpider; ttspider-feedback@tiktok.com)"
47.128.121.81 - - [11/Jul/2025:20:23:03 +0700] "GET /VideoFTpIx/ HTTP/2" 404 10722 "-" "Mozilla/5.0 (Linux; Android 5.0) AppleWebKit/537.36 (KHTML, like Gecko) Mobile Safari/537.36 (compatible; TikTokSpider; ttspider-feedback@tiktok.com)"
47.128.121.81 - - [11/Jul/2025:20:23:05 +0700] "POST /wp-content/plugins/litespeed-cache/guest.vary.php HTTP/2" 200 20 "https://onesmart.com.vn/VideoFTpIx/" "Mozilla/5.0 (Linux; Android 5.0) AppleWebKit/537.36 (KHTML, like Gecko) Mobile Safari/537.36 (compatible; TikTokSpider; ttspider-feedback@tiktok.com)"
47.128.121.81 - - [11/Jul/2025:20:23:05 +0700] "GET /VideoFTpIx/ HTTP/2" 404 18378 "https://onesmart.com.vn/VideoFTpIx/" "Mozilla/5.0 (Linux; Android 5.0) AppleWebKit/537.36 (KHTML, like Gecko) Mobile Safari/537.36 (compatible; TikTokSpider; ttspider-feedback@tiktok.com)"
52.167.144.59 - - [11/Jul/2025:20:23:33 +0700] "GET /robots.txt HTTP/2" 200 144 "-" "Mozilla/5.0 AppleWebKit/537.36 (KHTML, like Gecko; compatible; bingbot/2.0; +http://www.bing.com/bingbot.htm) Chrome/116.0.1938.76 Safari/537.36"
52.167.144.181 - - [11/Jul/2025:20:24:21 +0700] "GET /game/lo-choi-nhieu.html HTTP/2" 301 0 "-" "Mozilla/5.0 AppleWebKit/537.36 (KHTML, like Gecko; compatible; bingbot/2.0; +http://www.bing.com/bingbot.htm) Chrome/116.0.1938.76 Safari/537.36"
103.57.221.79 - - [11/Jul/2025:20:25:31 +0700] "POST /wp-cron.php?doing_wp_cron=1752240331.7118968963623046875000 HTTP/1.1" 200 0 "-" "WordPress/6.8.1; https://onesmart.com.vn"
103.57.221.79 - - [11/Jul/2025:20:29:44 +0700] "POST /wp-cron.php?doing_wp_cron=1752240584.8124170303344726562500 HTTP/1.1" 200 0 "-" "WordPress/6.8.1; https://onesmart.com.vn"
103.57.221.79 - - [11/Jul/2025:20:34:42 +0700] "POST /wp-cron.php?doing_wp_cron=1752240882.6412639617919921875000 HTTP/1.1" 200 0 "-" "WordPress/6.8.1; https://onesmart.com.vn"
66.249.64.64 - - [11/Jul/2025:20:35:02 +0700] "GET /news20250321/c%C3%A1-c%C6%B0%E1%BB%A3c-%C4%91%C3%A1-g%C3%A0-online.html HTTP/1.1" 404 10795 "-" "Mozilla/5.0 (Linux; Android 6.0.1; Nexus 5X Build/MMB29P) AppleWebKit/537.36 (KHTML, like Gecko) Chrome/137.0.7151.103 Mobile Safari/537.36 (compatible; Googlebot/2.1; +http://www.google.com/bot.html)"
66.249.89.128 - - [11/Jul/2025:20:36:56 +0700] "GET /chinh-sach-su-dung HTTP/1.1" 404 14151 "-" "PlayStore-Google"
52.167.144.137 - - [11/Jul/2025:20:37:23 +0700] "GET /news/0598624/ HTTP/2" 404 14123 "-" "Mozilla/5.0 AppleWebKit/537.36 (KHTML, like Gecko; compatible; bingbot/2.0; +http://www.bing.com/bingbot.htm) Chrome/116.0.1938.76 Safari/537.36"
