66.249.64.64 - - [11/Jul/2025:23:08:42 +0700] "GET /mobile20250320/den-trang-tri-kimsa.html HTTP/1.1" 404 10745 "-" "Mozilla/5.0 (Linux; Android 6.0.1; Nexus 5X Build/MMB29P) AppleWebKit/537.36 (KHTML, like Gecko) Chrome/137.0.7151.103 Mobile Safari/537.36 (compatible; Googlebot/2.1; +http://www.google.com/bot.html)"
103.57.221.79 - - [11/Jul/2025:23:11:02 +0700] "POST /wp-cron.php?doing_wp_cron=1752250262.6879940032958984375000 HTTP/1.1" 200 0 "-" "WordPress/6.8.1; https://onesmart.com.vn"
66.249.64.65 - - [11/Jul/2025:23:11:02 +0700] "GET /hot2025-03-22/kubet-mobile.html HTTP/1.1" 404 10745 "-" "Mozilla/5.0 (Linux; Android 6.0.1; Nexus 5X Build/MMB29P) AppleWebKit/537.36 (KHTML, like Gecko) Chrome/137.0.7151.103 Mobile Safari/537.36 (compatible; Googlebot/2.1; +http://www.google.com/bot.html)"
35.231.177.223 - - [11/Jul/2025:23:11:32 +0700] "GET /.git/config HTTP/1.1" 403 1242 "-" "-"
40.77.167.35 - - [11/Jul/2025:22:03:20 +0700] "GET /news/3975241/ HTTP/2" 301 0 "-" "Mozilla/5.0 AppleWebKit/537.36 (KHTML, like Gecko; compatible; bingbot/2.0; +http://www.bing.com/bingbot.htm) Chrome/116.0.1938.76 Safari/537.36"
103.57.221.79 - - [11/Jul/2025:22:04:11 +0700] "POST /wp-cron.php?doing_wp_cron=1752246251.9118280410766601562500 HTTP/1.1" 200 0 "-" "WordPress/6.8.1; https://onesmart.com.vn"
40.77.167.35 - - [11/Jul/2025:22:04:11 +0700] "GET /news/link-nbet HTTP/2" 301 0 "-" "Mozilla/5.0 AppleWebKit/537.36 (KHTML, like Gecko; compatible; bingbot/2.0; +http://www.bing.com/bingbot.htm) Chrome/116.0.1938.76 Safari/537.36"
103.57.221.79 - - [11/Jul/2025:22:13:56 +0700] "POST /wp-cron.php?doing_wp_cron=1752246836.7712860107421875000000 HTTP/1.1" 200 0 "-" "WordPress/6.8.1; https://onesmart.com.vn"
103.57.221.79 - - [11/Jul/2025:22:16:32 +0700] "POST /wp-admin/admin-ajax.php?action=wp_1_wc_privacy_cleanup&nonce=1f2fd9cc4b HTTP/1.1" 200 0 "-" "WordPress/6.8.1; https://onesmart.com.vn"
47.128.122.129 - - [11/Jul/2025:22:20:56 +0700] "GET /Casino_jtDBs/ HTTP/2" 404 10701 "-" "Mozilla/5.0 (Linux; Android 5.0) AppleWebKit/537.36 (KHTML, like Gecko) Mobile Safari/537.36 (compatible; TikTokSpider; ttspider-feedback@tiktok.com)"
47.128.122.129 - - [11/Jul/2025:22:21:00 +0700] "GET /wp-content/plugins/Simple-Contact/assets/images/widget_icon_click_to_call.svg HTTP/2" 206 500 "https://onesmart.com.vn/wp-content/litespeed/css/932c380413f16c9047070a983ff06393.css?ver=95972" "Mozilla/5.0 (Linux; Android 5.0) AppleWebKit/537.36 (KHTML, like Gecko) Mobile Safari/537.36 (compatible; TikTokSpider; ttspider-feedback@tiktok.com)"
47.128.122.129 - - [11/Jul/2025:22:21:00 +0700] "POST /wp-content/plugins/litespeed-cache/guest.vary.php HTTP/2" 200 20 "https://onesmart.com.vn/Casino_jtDBs/" "Mozilla/5.0 (Linux; Android 5.0) AppleWebKit/537.36 (KHTML, like Gecko) Mobile Safari/537.36 (compatible; TikTokSpider; ttspider-feedback@tiktok.com)"
47.128.122.129 - - [11/Jul/2025:22:21:00 +0700] "GET /Casino_jtDBs/ HTTP/2" 404 18381 "https://onesmart.com.vn/Casino_jtDBs/" "Mozilla/5.0 (Linux; Android 5.0) AppleWebKit/537.36 (KHTML, like Gecko) Mobile Safari/537.36 (compatible; TikTokSpider; ttspider-feedback@tiktok.com)"
52.167.144.201 - - [11/Jul/2025:22:21:12 +0700] "GET /app/4580392/ HTTP/2" 404 14105 "-" "Mozilla/5.0 AppleWebKit/537.36 (KHTML, like Gecko; compatible; bingbot/2.0; +http://www.bing.com/bingbot.htm) Chrome/116.0.1938.76 Safari/537.36"
103.57.221.79 - - [11/Jul/2025:22:24:58 +0700] "POST /wp-cron.php?doing_wp_cron=1752247498.9106059074401855468750 HTTP/1.1" 200 0 "-" "WordPress/6.8.1; https://onesmart.com.vn"
66.249.64.64 - - [11/Jul/2025:22:36:20 +0700] "GET /app2025-03-15/rainbow-riches-slot HTTP/1.1" 404 10742 "-" "Mozilla/5.0 (Linux; Android 6.0.1; Nexus 5X Build/MMB29P) AppleWebKit/537.36 (KHTML, like Gecko) Chrome/137.0.7151.103 Mobile Safari/537.36 (compatible; Googlebot/2.1; +http://www.google.com/bot.html)"
103.57.221.79 - - [11/Jul/2025:22:59:16 +0700] "POST /wp-cron.php?doing_wp_cron=1752249555.6712689399719238281250 HTTP/1.1" 200 0 "-" "WordPress/6.8.1; https://onesmart.com.vn"
66.249.64.65 - - [11/Jul/2025:22:59:18 +0700] "GET /hot/tham-kh%E1%BA%A3o-x%E1%BB%95-s%E1%BB%91-b%C3%ACnh-%C4%91%E1%BB%8Bnh-h%C3%B4m-nay HTTP/1.1" 404 10788 "-" "Mozilla/5.0 (Linux; Android 6.0.1; Nexus 5X Build/MMB29P) AppleWebKit/537.36 (KHTML, like Gecko) Chrome/137.0.7151.103 Mobile Safari/537.36 (compatible; Googlebot/2.1; +http://www.google.com/bot.html)"
103.57.221.79 - - [11/Jul/2025:23:08:43 +0700] "POST /wp-cron.php?doing_wp_cron=1752250123.0541119575500488281250 HTTP/1.1" 200 0 "-" "WordPress/6.8.1; https://onesmart.com.vn"
66.249.64.66 - - [11/Jul/2025:23:19:29 +0700] "GET /order20250320/iwin-club-web.html HTTP/1.1" 404 10735 "-" "Mozilla/5.0 (Linux; Android 6.0.1; Nexus 5X Build/MMB29P) AppleWebKit/537.36 (KHTML, like Gecko) Chrome/137.0.7151.103 Mobile Safari/537.36 (compatible; Googlebot/2.1; +http://www.google.com/bot.html)"
103.57.221.79 - - [11/Jul/2025:23:12:06 +0700] "POST /wp-cron.php?doing_wp_cron=1752250326.3250019550323486328125 HTTP/1.1" 200 0 "-" "WordPress/6.8.1; https://onesmart.com.vn"
66.249.71.97 - - [11/Jul/2025:23:12:06 +0700] "GET /news20250321/m88-kh%C3%B4ng-b%E1%BB%8B-ch%E1%BA%B7n.html HTTP/1.1" 404 10734 "-" "Mozilla/5.0 (Linux; Android 6.0.1; Nexus 5X Build/MMB29P) AppleWebKit/537.36 (KHTML, like Gecko) Chrome/137.0.7151.103 Mobile Safari/537.36 (compatible; Googlebot/2.1; +http://www.google.com/bot.html)"
103.57.221.79 - - [11/Jul/2025:23:13:48 +0700] "POST /wp-cron.php?doing_wp_cron=1752250428.7170770168304443359375 HTTP/1.1" 200 0 "-" "WordPress/6.8.1; https://onesmart.com.vn"
66.249.64.66 - - [11/Jul/2025:23:13:48 +0700] "GET /news20250324/c%C3%A1ch-xo%C3%A1-t%C3%A0i-kho%E1%BA%A3n-fb88-v%C4%A9nh-vi%E1%BB%85n.html HTTP/1.1" 404 10808 "-" "Mozilla/5.0 (Linux; Android 6.0.1; Nexus 5X Build/MMB29P) AppleWebKit/537.36 (KHTML, like Gecko) Chrome/137.0.7151.103 Mobile Safari/537.36 (compatible; Googlebot/2.1; +http://www.google.com/bot.html)"
66.249.64.64 - - [11/Jul/2025:23:16:19 +0700] "GET /app2025-03-24/D%E1%BB%B1-%C4%90o%C3%A1n-x%E1%BB%95-s%E1%BB%91-ph%C3%BA-y%C3%AAn-th%E1%BB%A9-Ba.html HTTP/1.1" 404 10783 "-" "Mozilla/5.0 (Linux; Android 6.0.1; Nexus 5X Build/MMB29P) AppleWebKit/537.36 (KHTML, like Gecko) Chrome/137.0.7151.103 Mobile Safari/537.36 (compatible; Googlebot/2.1; +http://www.google.com/bot.html)"
103.57.221.79 - - [11/Jul/2025:23:19:30 +0700] "POST /wp-cron.php?doing_wp_cron=1752250769.9982340335845947265625 HTTP/1.1" 200 0 "-" "WordPress/6.8.1; https://onesmart.com.vn"
103.57.221.79 - - [11/Jul/2025:23:20:19 +0700] "POST /wp-cron.php?doing_wp_cron=1752250819.2621219158172607421875 HTTP/1.1" 200 0 "-" "WordPress/6.8.1; https://onesmart.com.vn"
66.249.71.98 - - [11/Jul/2025:23:20:23 +0700] "GET /app/6412398/ HTTP/1.1" 404 10737 "-" "Mozilla/5.0 (Linux; Android 6.0.1; Nexus 5X Build/MMB29P) AppleWebKit/537.36 (KHTML, like Gecko) Chrome/137.0.7151.103 Mobile Safari/537.36 (compatible; Googlebot/2.1; +http://www.google.com/bot.html)"
66.249.64.64 - - [11/Jul/2025:23:20:42 +0700] "GET /order20250314/kk-win88.html HTTP/1.1" 404 10732 "-" "Mozilla/5.0 (Linux; Android 6.0.1; Nexus 5X Build/MMB29P) AppleWebKit/537.36 (KHTML, like Gecko) Chrome/137.0.7151.103 Mobile Safari/537.36 (compatible; Googlebot/2.1; +http://www.google.com/bot.html)"
103.57.221.79 - - [11/Jul/2025:23:21:38 +0700] "POST /wp-cron.php?doing_wp_cron=1752250898.0168199539184570312500 HTTP/1.1" 200 0 "-" "WordPress/6.8.1; https://onesmart.com.vn"
40.77.167.32 - - [11/Jul/2025:23:44:28 +0700] "GET /sitemap_index.xml HTTP/2" 200 339 "-" "Mozilla/5.0 AppleWebKit/537.36 (KHTML, like Gecko; compatible; bingbot/2.0; +http://www.bing.com/bingbot.htm) Chrome/116.0.1938.76 Safari/537.36"
103.57.221.79 - - [11/Jul/2025:23:45:31 +0700] "POST /wp-cron.php?doing_wp_cron=1752252331.4392910003662109375000 HTTP/1.1" 200 0 "-" "WordPress/6.8.1; https://onesmart.com.vn"
66.249.71.97 - - [11/Jul/2025:23:45:31 +0700] "GET /order2025-03-25/t%E1%BA%A3i-iwin-club-68.html HTTP/1.1" 404 10770 "-" "Mozilla/5.0 (Linux; Android 6.0.1; Nexus 5X Build/MMB29P) AppleWebKit/537.36 (KHTML, like Gecko) Chrome/137.0.7151.103 Mobile Safari/537.36 (compatible; Googlebot/2.1; +http://www.google.com/bot.html)"
103.57.221.79 - - [11/Jul/2025:23:54:02 +0700] "POST /wp-cron.php?doing_wp_cron=1752252842.1562879085540771484375 HTTP/1.1" 200 0 "-" "WordPress/6.8.1; https://onesmart.com.vn"
103.131.71.32 - - [12/Jul/2025:00:05:24 +0700] "GET /wp-content/uploads/2024/12/Nat-tai-vietbuil-hoatdong.jpg HTTP/1.1" 200 181636 "-" "Mozilla/5.0 (compatible; coccocbot-image/1.0; +http://help.coccoc.com/searchengine)"
66.249.65.70 - - [12/Jul/2025:00:12:09 +0700] "GET /hot20250325/12bet-link-v%C3%A0o-c%C3%A1-c%C6%B0%E1%BB%A3c.html HTTP/1.1" 404 10749 "-" "Mozilla/5.0 (Linux; Android 6.0.1; Nexus 5X Build/MMB29P) AppleWebKit/537.36 (KHTML, like Gecko) Chrome/137.0.7151.103 Mobile Safari/537.36 (compatible; Googlebot/2.1; +http://www.google.com/bot.html)"
66.249.64.66 - - [11/Jul/2025:23:20:19 +0700] "GET /app/%C4%91%C3%A1-g%C3%A0-b%C3%AAn-casino.html HTTP/1.1" 404 10735 "-" "Mozilla/5.0 (Linux; Android 6.0.1; Nexus 5X Build/MMB29P) AppleWebKit/537.36 (KHTML, like Gecko) Chrome/137.0.7151.103 Mobile Safari/537.36 (compatible; Googlebot/2.1; +http://www.google.com/bot.html)"
103.57.221.79 - - [11/Jul/2025:23:20:42 +0700] "POST /wp-cron.php?doing_wp_cron=1752250842.3754439353942871093750 HTTP/1.1" 200 0 "-" "WordPress/6.8.1; https://onesmart.com.vn"
103.57.221.79 - - [11/Jul/2025:23:38:21 +0700] "POST /wp-cron.php?doing_wp_cron=1752251901.2020940780639648437500 HTTP/1.1" 200 0 "-" "WordPress/6.8.1; https://onesmart.com.vn"
66.249.65.70 - - [11/Jul/2025:23:38:20 +0700] "GET /app2025-03-25/188bet-139.162.9.119.html HTTP/1.1" 404 10735 "-" "Mozilla/5.0 (Linux; Android 6.0.1; Nexus 5X Build/MMB29P) AppleWebKit/537.36 (KHTML, like Gecko) Chrome/137.0.7151.103 Mobile Safari/537.36 (compatible; Googlebot/2.1; +http://www.google.com/bot.html)"
103.57.221.79 - - [11/Jul/2025:23:42:29 +0700] "POST /wp-cron.php?doing_wp_cron=1752252149.2550361156463623046875 HTTP/1.1" 200 0 "-" "WordPress/6.8.1; https://onesmart.com.vn"
40.77.167.54 - - [11/Jul/2025:23:42:29 +0700] "GET /cua_hang/ HTTP/2" 200 18968 "-" "Mozilla/5.0 AppleWebKit/537.36 (KHTML, like Gecko; compatible; bingbot/2.0; +http://www.bing.com/bingbot.htm) Chrome/116.0.1938.76 Safari/537.36"
68.178.246.77 - - [11/Jul/2025:23:43:55 +0700] "POST /xmlrpc.php HTTP/1.1" 406 779 "-" "Mozilla/5.0 (X11; Ubuntu; Linux x86_64; rv:85.0) Gecko/20100101 Firefox/91.0"
66.249.65.71 - - [11/Jul/2025:23:54:16 +0700] "GET /mobile2025-03-22/best88.html HTTP/1.1" 404 10727 "-" "Mozilla/5.0 (Linux; Android 6.0.1; Nexus 5X Build/MMB29P) AppleWebKit/537.36 (KHTML, like Gecko) Chrome/137.0.7151.103 Mobile Safari/537.36 (compatible; Googlebot/2.1; +http://www.google.com/bot.html)"
66.249.71.99 - - [12/Jul/2025:00:07:27 +0700] "GET /news2025-03-21/bj88-logo.html HTTP/1.1" 404 10750 "-" "Mozilla/5.0 (Linux; Android 6.0.1; Nexus 5X Build/MMB29P) AppleWebKit/537.36 (KHTML, like Gecko) Chrome/137.0.7151.103 Mobile Safari/537.36 (compatible; Googlebot/2.1; +http://www.google.com/bot.html)"
103.57.221.79 - - [12/Jul/2025:00:14:47 +0700] "POST /wp-cron.php?doing_wp_cron=1752254087.7271010875701904296875 HTTP/1.1" 200 0 "-" "WordPress/6.8.1; https://onesmart.com.vn"
66.249.65.70 - - [12/Jul/2025:00:16:04 +0700] "GET /news20250325/five88-mobile.html HTTP/1.1" 404 10707 "-" "Mozilla/5.0 (Linux; Android 6.0.1; Nexus 5X Build/MMB29P) AppleWebKit/537.36 (KHTML, like Gecko) Chrome/137.0.7151.103 Mobile Safari/537.36 (compatible; Googlebot/2.1; +http://www.google.com/bot.html)"
47.128.110.95 - - [12/Jul/2025:00:25:49 +0700] "GET /Casino_QtwDYNRn/ HTTP/2" 404 10750 "-" "Mozilla/5.0 (Linux; Android 5.0) AppleWebKit/537.36 (KHTML, like Gecko) Mobile Safari/537.36 (compatible; TikTokSpider; ttspider-feedback@tiktok.com)"
47.128.110.95 - - [12/Jul/2025:00:25:51 +0700] "GET /wp-content/litespeed/css/932c380413f16c9047070a983ff06393.css?ver=95972 HTTP/2" 200 71468 "https://onesmart.com.vn/Casino_QtwDYNRn/" "Mozilla/5.0 (Linux; Android 5.0) AppleWebKit/537.36 (KHTML, like Gecko) Mobile Safari/537.36 (compatible; TikTokSpider; ttspider-feedback@tiktok.com)"
47.128.110.95 - - [12/Jul/2025:00:25:52 +0700] "POST /wp-content/plugins/litespeed-cache/guest.vary.php HTTP/2" 200 20 "https://onesmart.com.vn/Casino_QtwDYNRn/" "Mozilla/5.0 (Linux; Android 5.0) AppleWebKit/537.36 (KHTML, like Gecko) Mobile Safari/537.36 (compatible; TikTokSpider; ttspider-feedback@tiktok.com)"
47.128.110.95 - - [12/Jul/2025:00:25:53 +0700] "GET /Casino_QtwDYNRn/ HTTP/2" 404 18393 "https://onesmart.com.vn/Casino_QtwDYNRn/" "Mozilla/5.0 (Linux; Android 5.0) AppleWebKit/537.36 (KHTML, like Gecko) Mobile Safari/537.36 (compatible; TikTokSpider; ttspider-feedback@tiktok.com)"
47.128.121.56 - - [11/Jul/2025:22:16:37 +0700] "POST /wp-content/plugins/litespeed-cache/guest.vary.php HTTP/2" 200 20 "https://onesmart.com.vn/VideolRJbhV/" "Mozilla/5.0 (Linux; Android 5.0) AppleWebKit/537.36 (KHTML, like Gecko) Mobile Safari/537.36 (compatible; TikTokSpider; ttspider-feedback@tiktok.com)"
47.128.121.56 - - [11/Jul/2025:22:16:37 +0700] "GET /wp-content/plugins/Simple-Contact/assets/images/widget_icon_click_to_call.svg HTTP/2" 206 500 "https://onesmart.com.vn/wp-content/litespeed/css/932c380413f16c9047070a983ff06393.css?ver=95972" "Mozilla/5.0 (Linux; Android 5.0) AppleWebKit/537.36 (KHTML, like Gecko) Mobile Safari/537.36 (compatible; TikTokSpider; ttspider-feedback@tiktok.com)"
103.57.221.79 - - [11/Jul/2025:22:16:37 +0700] "POST /wp-cron.php?doing_wp_cron=1752246997.3013780117034912109375 HTTP/1.1" 200 0 "-" "WordPress/6.8.1; https://onesmart.com.vn"
47.128.121.56 - - [11/Jul/2025:22:16:37 +0700] "GET /VideolRJbhV/ HTTP/2" 404 18372 "https://onesmart.com.vn/VideolRJbhV/" "Mozilla/5.0 (Linux; Android 5.0) AppleWebKit/537.36 (KHTML, like Gecko) Mobile Safari/537.36 (compatible; TikTokSpider; ttspider-feedback@tiktok.com)"
103.57.221.79 - - [11/Jul/2025:22:20:56 +0700] "POST /wp-cron.php?doing_wp_cron=1752247256.5101320743560791015625 HTTP/1.1" 200 0 "-" "WordPress/6.8.1; https://onesmart.com.vn"
103.57.221.79 - - [11/Jul/2025:22:48:00 +0700] "POST /wp-cron.php?doing_wp_cron=1752248880.0192968845367431640625 HTTP/1.1" 200 0 "-" "WordPress/6.8.1; https://onesmart.com.vn"
103.57.221.79 - - [11/Jul/2025:23:16:19 +0700] "POST /wp-cron.php?doing_wp_cron=1752250579.2312870025634765625000 HTTP/1.1" 200 0 "-" "WordPress/6.8.1; https://onesmart.com.vn"
66.249.64.64 - - [11/Jul/2025:23:21:37 +0700] "GET /app/22bet-kenya-registration.html HTTP/1.1" 404 10739 "-" "Mozilla/5.0 (Linux; Android 6.0.1; Nexus 5X Build/MMB29P) AppleWebKit/537.36 (KHTML, like Gecko) Chrome/137.0.7151.103 Mobile Safari/537.36 (compatible; Googlebot/2.1; +http://www.google.com/bot.html)"
103.57.221.79 - - [11/Jul/2025:23:44:28 +0700] "POST /wp-cron.php?doing_wp_cron=1752252268.4056489467620849609375 HTTP/1.1" 200 0 "-" "WordPress/6.8.1; https://onesmart.com.vn"
66.249.71.99 - - [11/Jul/2025:23:54:01 +0700] "GET /app20250321/code-b29.html HTTP/1.1" 404 10725 "-" "Mozilla/5.0 (Linux; Android 6.0.1; Nexus 5X Build/MMB29P) AppleWebKit/537.36 (KHTML, like Gecko) Chrome/137.0.7151.103 Mobile Safari/537.36 (compatible; Googlebot/2.1; +http://www.google.com/bot.html)"
103.57.221.79 - - [11/Jul/2025:23:57:01 +0700] "POST /wp-cron.php?doing_wp_cron=1752253021.3911340236663818359375 HTTP/1.1" 200 0 "-" "WordPress/6.8.1; https://onesmart.com.vn"
66.249.65.71 - - [11/Jul/2025:23:57:01 +0700] "GET /order/b%C3%B3ng-%C4%91%C3%A1-88-t%E1%BB%B7-l%E1%BB%87-c%C3%A1-c%C6%B0%E1%BB%A3c.html HTTP/1.1" 404 10781 "-" "Mozilla/5.0 (Linux; Android 6.0.1; Nexus 5X Build/MMB29P) AppleWebKit/537.36 (KHTML, like Gecko) Chrome/137.0.7151.103 Mobile Safari/537.36 (compatible; Googlebot/2.1; +http://www.google.com/bot.html)"
103.57.221.79 - - [12/Jul/2025:00:07:28 +0700] "POST /wp-cron.php?doing_wp_cron=1752253648.1669540405273437500000 HTTP/1.1" 200 0 "-" "WordPress/6.8.1; https://onesmart.com.vn"
103.57.221.79 - - [12/Jul/2025:00:12:09 +0700] "POST /wp-cron.php?doing_wp_cron=1752253929.6855270862579345703125 HTTP/1.1" 200 0 "-" "WordPress/6.8.1; https://onesmart.com.vn"
66.249.65.70 - - [12/Jul/2025:00:14:47 +0700] "GET /order2025-03-25/sv388.da-ga.html HTTP/1.1" 404 10743 "-" "Mozilla/5.0 (Linux; Android 6.0.1; Nexus 5X Build/MMB29P) AppleWebKit/537.36 (KHTML, like Gecko) Chrome/137.0.7151.103 Mobile Safari/537.36 (compatible; Googlebot/2.1; +http://www.google.com/bot.html)"
47.128.16.153 - - [12/Jul/2025:00:29:49 +0700] "GET /VideoandKro/ HTTP/2" 404 10744 "-" "Mozilla/5.0 (Linux; Android 5.0) AppleWebKit/537.36 (KHTML, like Gecko) Mobile Safari/537.36 (compatible; TikTokSpider; ttspider-feedback@tiktok.com)"
103.57.221.79 - - [12/Jul/2025:00:14:36 +0700] "POST /wp-cron.php?doing_wp_cron=1752254076.4837169647216796875000 HTTP/1.1" 200 0 "-" "WordPress/6.8.1; https://onesmart.com.vn"
66.249.71.97 - - [12/Jul/2025:00:14:36 +0700] "GET /order/nh%C3%A0-c%C3%A1i-n%E1%BB%95-h%C5%A9-uy-t%C3%ADn.html HTTP/1.1" 404 10760 "-" "Mozilla/5.0 (Linux; Android 6.0.1; Nexus 5X Build/MMB29P) AppleWebKit/537.36 (KHTML, like Gecko) Chrome/137.0.7151.103 Mobile Safari/537.36 (compatible; Googlebot/2.1; +http://www.google.com/bot.html)"
103.57.221.79 - - [12/Jul/2025:00:16:05 +0700] "POST /wp-cron.php?doing_wp_cron=1752254165.0321331024169921875000 HTTP/1.1" 200 0 "-" "WordPress/6.8.1; https://onesmart.com.vn"
103.57.221.79 - - [12/Jul/2025:00:25:49 +0700] "POST /wp-cron.php?doing_wp_cron=1752254749.7212569713592529296875 HTTP/1.1" 200 0 "-" "WordPress/6.8.1; https://onesmart.com.vn"
103.57.221.79 - - [12/Jul/2025:00:29:12 +0700] "POST /wp-cron.php?doing_wp_cron=1752254952.9598889350891113281250 HTTP/1.1" 200 0 "-" "WordPress/6.8.1; https://onesmart.com.vn"
66.249.65.72 - - [12/Jul/2025:00:29:12 +0700] "GET /news20250324/bay247.shop.html HTTP/1.1" 404 10735 "-" "Mozilla/5.0 (Linux; Android 6.0.1; Nexus 5X Build/MMB29P) AppleWebKit/537.36 (KHTML, like Gecko) Chrome/137.0.7151.103 Mobile Safari/537.36 (compatible; Googlebot/2.1; +http://www.google.com/bot.html)"
103.57.221.79 - - [12/Jul/2025:00:35:41 +0700] "POST /wp-cron.php?doing_wp_cron=1752255341.0195600986480712890625 HTTP/1.1" 200 0 "-" "WordPress/6.8.1; https://onesmart.com.vn"
104.168.141.37 - - [12/Jul/2025:00:35:40 +0700] "GET / HTTP/1.1" 200 25323 "-" "Mozilla/5.0 (Windows NT 10.0; WOW64) AppleWebKit/537.36 (KHTML, like Gecko) Chrome/114.0.0.0 YaBrowser/22.7.0 Yowser/2.5 Safari/537.36"
47.128.110.95 - - [12/Jul/2025:00:25:54 +0700] "GET /wp-content/plugins/Simple-Contact//assets/css/style.css?ver=6.8.1 HTTP/2" 200 16591 "https://onesmart.com.vn/Casino_QtwDYNRn/" "Mozilla/5.0 (Linux; Android 5.0) AppleWebKit/537.36 (KHTML, like Gecko) Mobile Safari/537.36 (compatible; TikTokSpider; ttspider-feedback@tiktok.com)"
47.128.110.95 - - [12/Jul/2025:00:25:55 +0700] "GET /wp-content/plugins/related-posts-by-taxonomy/includes/assets/css/styles.css?ver=6.8.1 HTTP/2" 200 225 "https://onesmart.com.vn/Casino_QtwDYNRn/" "Mozilla/5.0 (Linux; Android 5.0) AppleWebKit/537.36 (KHTML, like Gecko) Mobile Safari/537.36 (compatible; TikTokSpider; ttspider-feedback@tiktok.com)"
47.128.110.95 - - [12/Jul/2025:00:25:55 +0700] "GET /wp-content/plugins/contact-form-7/includes/css/styles.css?ver=6.1 HTTP/2" 200 899 "https://onesmart.com.vn/Casino_QtwDYNRn/" "Mozilla/5.0 (Linux; Android 5.0) AppleWebKit/537.36 (KHTML, like Gecko) Mobile Safari/537.36 (compatible; TikTokSpider; ttspider-feedback@tiktok.com)"
47.128.110.95 - - [12/Jul/2025:00:25:56 +0700] "GET /wp-content/plugins/woocommerce/assets/css/brands.css?ver=9.9.5 HTTP/2" 200 579 "https://onesmart.com.vn/Casino_QtwDYNRn/" "Mozilla/5.0 (Linux; Android 5.0) AppleWebKit/537.36 (KHTML, like Gecko) Mobile Safari/537.36 (compatible; TikTokSpider; ttspider-feedback@tiktok.com)"
47.128.110.95 - - [12/Jul/2025:00:25:56 +0700] "GET /wp-content/plugins/wordpress-popular-posts/assets/css/wpp.css?ver=7.3.3 HTTP/2" 200 520 "https://onesmart.com.vn/Casino_QtwDYNRn/" "Mozilla/5.0 (Linux; Android 5.0) AppleWebKit/537.36 (KHTML, like Gecko) Mobile Safari/537.36 (compatible; TikTokSpider; ttspider-feedback@tiktok.com)"
47.128.110.95 - - [12/Jul/2025:00:25:57 +0700] "GET /wp-content/themes/flatsome/assets/css/flatsome-shop.css?ver=3.17.7 HTTP/2" 200 5385 "https://onesmart.com.vn/Casino_QtwDYNRn/" "Mozilla/5.0 (Linux; Android 5.0) AppleWebKit/537.36 (KHTML, like Gecko) Mobile Safari/537.36 (compatible; TikTokSpider; ttspider-feedback@tiktok.com)"
47.128.110.95 - - [12/Jul/2025:00:25:57 +0700] "GET /wp-content/themes/flatsome-child/style.css?ver=3.11.3 HTTP/2" 200 4237 "https://onesmart.com.vn/Casino_QtwDYNRn/" "Mozilla/5.0 (Linux; Android 5.0) AppleWebKit/537.36 (KHTML, like Gecko) Mobile Safari/537.36 (compatible; TikTokSpider; ttspider-feedback@tiktok.com)"
47.128.110.95 - - [12/Jul/2025:00:25:57 +0700] "GET /wp-content/themes/flatsome/assets/css/flatsome.css?ver=3.17.7 HTTP/2" 200 28041 "https://onesmart.com.vn/Casino_QtwDYNRn/" "Mozilla/5.0 (Linux; Android 5.0) AppleWebKit/537.36 (KHTML, like Gecko) Mobile Safari/537.36 (compatible; TikTokSpider; ttspider-feedback@tiktok.com)"
47.128.110.95 - - [12/Jul/2025:00:25:58 +0700] "GET /wp-content/plugins/woocommerce/assets/client/blocks/wc-blocks.css?ver=wc-9.9.5 HTTP/2" 200 2356 "https://onesmart.com.vn/Casino_QtwDYNRn/" "Mozilla/5.0 (Linux; Android 5.0) AppleWebKit/537.36 (KHTML, like Gecko) Mobile Safari/537.36 (compatible; TikTokSpider; ttspider-feedback@tiktok.com)"
103.57.221.79 - - [12/Jul/2025:00:29:49 +0700] "POST /wp-cron.php?doing_wp_cron=1752254989.9680709838867187500000 HTTP/1.1" 200 0 "-" "WordPress/6.8.1; https://onesmart.com.vn"
104.168.141.37 - - [12/Jul/2025:00:35:49 +0700] "POST / HTTP/1.1" 200 29340 "https://onesmart.com.vn/" "Mozilla/5.0 (Windows NT 10.0; WOW64) AppleWebKit/537.36 (KHTML, like Gecko) Chrome/114.0.0.0 YaBrowser/22.7.0 Yowser/2.5 Safari/537.36"
47.128.16.153 - - [12/Jul/2025:00:29:53 +0700] "POST /wp-content/plugins/litespeed-cache/guest.vary.php HTTP/2" 200 20 "https://onesmart.com.vn/VideoandKro/" "Mozilla/5.0 (Linux; Android 5.0) AppleWebKit/537.36 (KHTML, like Gecko) Mobile Safari/537.36 (compatible; TikTokSpider; ttspider-feedback@tiktok.com)"
47.128.16.153 - - [12/Jul/2025:00:29:53 +0700] "GET /VideoandKro/ HTTP/2" 404 18388 "https://onesmart.com.vn/VideoandKro/" "Mozilla/5.0 (Linux; Android 5.0) AppleWebKit/537.36 (KHTML, like Gecko) Mobile Safari/537.36 (compatible; TikTokSpider; ttspider-feedback@tiktok.com)"
103.57.221.79 - - [12/Jul/2025:00:33:49 +0700] "POST /wp-cron.php?doing_wp_cron=1752255229.8272669315338134765625 HTTP/1.1" 200 0 "-" "WordPress/6.8.1; https://onesmart.com.vn"
47.128.111.119 - - [12/Jul/2025:00:33:49 +0700] "GET /robots.txt HTTP/2" 200 160 "-" "Go-http-client/2.0"
103.57.221.79 - - [12/Jul/2025:00:35:49 +0700] "POST /wp-cron.php?doing_wp_cron=1752255349.4453248977661132812500 HTTP/1.1" 200 0 "-" "WordPress/6.8.1; https://onesmart.com.vn"
103.57.221.79 - - [12/Jul/2025:00:49:30 +0700] "POST /wp-cron.php?doing_wp_cron=1752256170.8627750873565673828125 HTTP/1.1" 200 0 "-" "WordPress/6.8.1; https://onesmart.com.vn"
103.57.221.79 - - [12/Jul/2025:00:52:03 +0700] "POST /wp-cron.php?doing_wp_cron=1752256323.5334711074829101562500 HTTP/1.1" 200 0 "-" "WordPress/6.8.1; https://onesmart.com.vn"
103.57.221.79 - - [12/Jul/2025:00:55:16 +0700] "POST /wp-cron.php?doing_wp_cron=1752256516.3949220180511474609375 HTTP/1.1" 200 0 "-" "WordPress/6.8.1; https://onesmart.com.vn"
66.249.73.96 - - [12/Jul/2025:00:55:16 +0700] "GET /app/cao-th%E1%BB%A7-ch%E1%BB%91t-s%E1%BB%91-mi%E1%BB%81n-b%E1%BA%AFc-h%C3%B4m-nay HTTP/1.1" 301 0 "-" "Mozilla/5.0 (Linux; Android 6.0.1; Nexus 5X Build/MMB29P) AppleWebKit/537.36 (KHTML, like Gecko) Chrome/137.0.7151.103 Mobile Safari/537.36 (compatible; Googlebot/2.1; +http://www.google.com/bot.html)"
103.57.221.79 - - [12/Jul/2025:00:57:21 +0700] "POST /wp-cron.php?doing_wp_cron=1752256641.5493760108947753906250 HTTP/1.1" 200 0 "-" "WordPress/6.8.1; https://onesmart.com.vn"
103.57.221.79 - - [12/Jul/2025:01:29:48 +0700] "POST /wp-cron.php?doing_wp_cron=1752258588.8535830974578857421875 HTTP/1.1" 200 0 "-" "WordPress/6.8.1; https://onesmart.com.vn"
47.128.122.108 - - [12/Jul/2025:01:29:48 +0700] "GET /Casino_EEKJhi/ HTTP/2" 404 10721 "-" "Mozilla/5.0 (Linux; Android 5.0) AppleWebKit/537.36 (KHTML, like Gecko) Mobile Safari/537.36 (compatible; TikTokSpider; ttspider-feedback@tiktok.com)"
47.128.122.108 - - [12/Jul/2025:01:29:50 +0700] "GET /wp-content/litespeed/css/932c380413f16c9047070a983ff06393.css?ver=95972 HTTP/2" 200 71468 "https://onesmart.com.vn/Casino_EEKJhi/" "Mozilla/5.0 (Linux; Android 5.0) AppleWebKit/537.36 (KHTML, like Gecko) Mobile Safari/537.36 (compatible; TikTokSpider; ttspider-feedback@tiktok.com)"
47.128.122.108 - - [12/Jul/2025:01:29:51 +0700] "POST /wp-content/plugins/litespeed-cache/guest.vary.php HTTP/2" 200 20 "https://onesmart.com.vn/Casino_EEKJhi/" "Mozilla/5.0 (Linux; Android 5.0) AppleWebKit/537.36 (KHTML, like Gecko) Mobile Safari/537.36 (compatible; TikTokSpider; ttspider-feedback@tiktok.com)"
47.128.122.108 - - [12/Jul/2025:01:29:52 +0700] "GET /Casino_EEKJhi/ HTTP/2" 404 18352 "https://onesmart.com.vn/Casino_EEKJhi/" "Mozilla/5.0 (Linux; Android 5.0) AppleWebKit/537.36 (KHTML, like Gecko) Mobile Safari/537.36 (compatible; TikTokSpider; ttspider-feedback@tiktok.com)"
47.128.122.108 - - [12/Jul/2025:01:29:54 +0700] "GET /wp-content/plugins/contact-form-7/includes/css/styles.css?ver=6.1 HTTP/2" 200 899 "https://onesmart.com.vn/Casino_EEKJhi/" "Mozilla/5.0 (Linux; Android 5.0) AppleWebKit/537.36 (KHTML, like Gecko) Mobile Safari/537.36 (compatible; TikTokSpider; ttspider-feedback@tiktok.com)"
47.128.122.108 - - [12/Jul/2025:01:29:54 +0700] "GET /wp-content/plugins/Simple-Contact//assets/css/style.css?ver=6.8.1 HTTP/2" 200 16591 "https://onesmart.com.vn/Casino_EEKJhi/" "Mozilla/5.0 (Linux; Android 5.0) AppleWebKit/537.36 (KHTML, like Gecko) Mobile Safari/537.36 (compatible; TikTokSpider; ttspider-feedback@tiktok.com)"
47.128.122.108 - - [12/Jul/2025:01:29:55 +0700] "GET /wp-content/plugins/wordpress-popular-posts/assets/css/wpp.css?ver=7.3.3 HTTP/2" 200 520 "https://onesmart.com.vn/Casino_EEKJhi/" "Mozilla/5.0 (Linux; Android 5.0) AppleWebKit/537.36 (KHTML, like Gecko) Mobile Safari/537.36 (compatible; TikTokSpider; ttspider-feedback@tiktok.com)"
47.128.122.108 - - [12/Jul/2025:01:29:55 +0700] "GET /wp-content/plugins/related-posts-by-taxonomy/includes/assets/css/styles.css?ver=6.8.1 HTTP/2" 200 225 "https://onesmart.com.vn/Casino_EEKJhi/" "Mozilla/5.0 (Linux; Android 5.0) AppleWebKit/537.36 (KHTML, like Gecko) Mobile Safari/537.36 (compatible; TikTokSpider; ttspider-feedback@tiktok.com)"
47.128.122.108 - - [12/Jul/2025:01:29:56 +0700] "GET /wp-content/themes/flatsome/assets/css/flatsome.css?ver=3.17.7 HTTP/2" 200 28041 "https://onesmart.com.vn/Casino_EEKJhi/" "Mozilla/5.0 (Linux; Android 5.0) AppleWebKit/537.36 (KHTML, like Gecko) Mobile Safari/537.36 (compatible; TikTokSpider; ttspider-feedback@tiktok.com)"
103.57.221.79 - - [12/Jul/2025:00:54:40 +0700] "POST /wp-cron.php?doing_wp_cron=1752256480.9570870399475097656250 HTTP/1.1" 200 0 "-" "WordPress/6.8.1; https://onesmart.com.vn"
66.249.65.72 - - [12/Jul/2025:00:54:40 +0700] "GET /order/game-b%E1%BA%AFn-c%C3%A1-%C4%91%E1%BB%95i-th%C6%B0%E1%BB%9Fng-th%E1%BA%BB-c%C3%A0o.html HTTP/1.1" 404 10804 "-" "Mozilla/5.0 (Linux; Android 6.0.1; Nexus 5X Build/MMB29P) AppleWebKit/537.36 (KHTML, like Gecko) Chrome/137.0.7151.103 Mobile Safari/537.36 (compatible; Googlebot/2.1; +http://www.google.com/bot.html)"
66.249.71.97 - - [12/Jul/2025:00:57:21 +0700] "GET /hot2025-03-20/casino-games:-777-slots-games HTTP/1.1" 404 10767 "-" "Mozilla/5.0 (Linux; Android 6.0.1; Nexus 5X Build/MMB29P) AppleWebKit/537.36 (KHTML, like Gecko) Chrome/137.0.7151.103 Mobile Safari/537.36 (compatible; Googlebot/2.1; +http://www.google.com/bot.html)"
103.57.221.79 - - [12/Jul/2025:01:31:36 +0700] "POST /wp-cron.php?doing_wp_cron=1752258696.1804831027984619140625 HTTP/1.1" 200 0 "-" "WordPress/6.8.1; https://onesmart.com.vn"
66.249.65.72 - - [12/Jul/2025:01:31:36 +0700] "GET /game2025-03-21/hao-123vn.html HTTP/1.1" 404 10740 "-" "Mozilla/5.0 (Linux; Android 6.0.1; Nexus 5X Build/MMB29P) AppleWebKit/537.36 (KHTML, like Gecko) Chrome/137.0.7151.119 Mobile Safari/537.36 (compatible; Googlebot/2.1; +http://www.google.com/bot.html)"
103.57.221.79 - - [12/Jul/2025:01:33:41 +0700] "POST /wp-cron.php?doing_wp_cron=1752258821.2439150810241699218750 HTTP/1.1" 200 0 "-" "WordPress/6.8.1; https://onesmart.com.vn"
66.249.90.102 - - [12/Jul/2025:01:33:40 +0700] "GET /chinh-sach-su-dung HTTP/1.1" 404 14119 "-" "PlayStore-Google"
103.57.221.79 - - [12/Jul/2025:01:33:43 +0700] "POST /wp-cron.php?doing_wp_cron=1752258823.7599360942840576171875 HTTP/1.1" 200 0 "-" "WordPress/6.8.1; https://onesmart.com.vn"
66.249.90.102 - - [12/Jul/2025:01:33:44 +0700] "GET /wp-content/themes/flatsome/assets/js/flatsome.js?ver=43f05e0ca79aa585a6aa HTTP/1.1" 200 15832 "https://onesmart.com.vn/chinh-sach-su-dung" "PlayStore-Google"
66.249.90.103 - - [12/Jul/2025:01:33:44 +0700] "GET /wp-content/themes/flatsome/assets/js/chunk.slider.js?ver=3.17.7 HTTP/1.1" 200 12985 "https://onesmart.com.vn/chinh-sach-su-dung" "PlayStore-Google"
66.249.90.103 - - [12/Jul/2025:01:33:45 +0700] "GET /wp-content/themes/flatsome/assets/js/chunk.popups.js?ver=3.17.7 HTTP/1.1" 200 6941 "https://onesmart.com.vn/chinh-sach-su-dung" "PlayStore-Google"
66.249.90.103 - - [12/Jul/2025:01:33:45 +0700] "GET /wp-content/themes/flatsome/assets/js/chunk.tooltips.js?ver=3.17.7 HTTP/1.1" 200 9748 "https://onesmart.com.vn/chinh-sach-su-dung" "PlayStore-Google"
66.249.90.103 - - [12/Jul/2025:01:33:45 +0700] "GET /wp-content/themes/flatsome/assets/js/woocommerce.js?ver=1a392523165907adee6a HTTP/1.1" 200 6674 "https://onesmart.com.vn/chinh-sach-su-dung" "PlayStore-Google"
66.249.90.103 - - [12/Jul/2025:01:33:45 +0700] "GET /wp-content/plugins/Simple-Contact/assets/images/Call_On.svg HTTP/1.1" 200 864 "https://onesmart.com.vn/wp-content/litespeed/css/932c380413f16c9047070a983ff06393.css?ver=95972" "PlayStore-Google"
66.249.90.103 - - [12/Jul/2025:01:33:45 +0700] "GET /wp-content/plugins/Simple-Contact/assets/images/Messenger_On.svg HTTP/1.1" 200 446 "https://onesmart.com.vn/wp-content/litespeed/css/932c380413f16c9047070a983ff06393.css?ver=95972" "PlayStore-Google"
66.249.90.103 - - [12/Jul/2025:01:33:45 +0700] "GET /wp-content/themes/flatsome/assets/css/icons/fl-icons.woff2?v=3.17.7 HTTP/1.1" 200 7068 "https://onesmart.com.vn/wp-content/litespeed/css/932c380413f16c9047070a983ff06393.css?ver=95972" "PlayStore-Google"
66.249.90.103 - - [12/Jul/2025:01:33:45 +0700] "GET /wp-content/fonts/roboto/KFOMCnqEu92Fr1ME7kSn66aGLdTylUAMQXC89YmC2DPNWub2bVmUiAz0klQm_20.woff HTTP/1.1" 200 19668 "https://onesmart.com.vn/wp-content/litespeed/css/932c380413f16c9047070a983ff06393.css?ver=95972" "PlayStore-Google"
66.249.90.103 - - [12/Jul/2025:01:33:45 +0700] "POST /wp-content/plugins/litespeed-cache/guest.vary.php HTTP/1.1" 200 6 "https://onesmart.com.vn/chinh-sach-su-dung" "PlayStore-Google"
66.249.65.70 - - [12/Jul/2025:00:49:30 +0700] "GET /news20250324/big777-t%C3%A0i-x%E1%BB%89u-%C4%91%E1%BB%95i-th%C6%B0%E1%BB%9Fng.html HTTP/1.1" 404 10786 "-" "Mozilla/5.0 (Linux; Android 6.0.1; Nexus 5X Build/MMB29P) AppleWebKit/537.36 (KHTML, like Gecko) Chrome/137.0.7151.103 Mobile Safari/537.36 (compatible; Googlebot/2.1; +http://www.google.com/bot.html)"
66.249.71.97 - - [12/Jul/2025:00:52:03 +0700] "GET /game20250315/%C4%90%C4%83ng-nh%E1%BA%ADp-BetVIP.html HTTP/1.1" 404 10766 "-" "Mozilla/5.0 (Linux; Android 6.0.1; Nexus 5X Build/MMB29P) AppleWebKit/537.36 (KHTML, like Gecko) Chrome/137.0.7151.103 Mobile Safari/537.36 (compatible; Googlebot/2.1; +http://www.google.com/bot.html)"
103.243.172.242 - - [12/Jul/2025:00:54:06 +0700] "POST /xmlrpc.php HTTP/1.1" 406 779 "-" "Mozilla/5.0 (X11; Ubuntu; Linux x86_64; rv:85.0) Gecko/20100101 Firefox/91.0"
66.249.71.99 - - [12/Jul/2025:00:55:16 +0700] "GET /app/cao-th%E1%BB%A7-ch%E1%BB%91t-s%E1%BB%91-mi%E1%BB%81n-b%E1%BA%AFc-h%C3%B4m-nay HTTP/1.1" 404 10747 "-" "Mozilla/5.0 (Linux; Android 6.0.1; Nexus 5X Build/MMB29P) AppleWebKit/537.36 (KHTML, like Gecko) Chrome/137.0.7151.103 Mobile Safari/537.36 (compatible; Googlebot/2.1; +http://www.google.com/bot.html)"
66.249.65.71 - - [12/Jul/2025:00:57:30 +0700] "GET /news/t%E1%BA%A1o-d%C3%A0n-3d-kubet.html HTTP/1.1" 404 10763 "-" "Mozilla/5.0 (Linux; Android 6.0.1; Nexus 5X Build/MMB29P) AppleWebKit/537.36 (KHTML, like Gecko) Chrome/137.0.7151.103 Mobile Safari/537.36 (compatible; Googlebot/2.1; +http://www.google.com/bot.html)"
66.249.90.102 - - [12/Jul/2025:01:33:45 +0700] "GET /wp-content/plugins/Simple-Contact/assets/images/Zalo_On.svg HTTP/1.1" 200 1339 "https://onesmart.com.vn/wp-content/litespeed/css/932c380413f16c9047070a983ff06393.css?ver=95972" "PlayStore-Google"
66.249.90.102 - - [12/Jul/2025:01:33:45 +0700] "GET /wp-content/fonts/roboto-condensed/ieVo2ZhZI2eCN5jzbjEETS9weq8-_d6T_POl0fRJeyVVpcBO5XpjLdSL57k.woff HTTP/1.1" 200 19728 "https://onesmart.com.vn/wp-content/litespeed/css/932c380413f16c9047070a983ff06393.css?ver=95972" "PlayStore-Google"
66.249.90.102 - - [12/Jul/2025:01:33:47 +0700] "GET /wp-content/fonts/roboto-condensed/ieVo2ZhZI2eCN5jzbjEETS9weq8-_d6T_POl0fRJeyVVpcBB5XpjLdSL57k24Q.woff HTTP/1.1" 200 5604 "https://onesmart.com.vn/wp-content/litespeed/css/932c380413f16c9047070a983ff06393.css?ver=95972" "PlayStore-Google"
103.57.221.79 - - [12/Jul/2025:01:39:48 +0700] "POST /wp-cron.php?doing_wp_cron=1752259188.8339829444885253906250 HTTP/1.1" 200 0 "-" "WordPress/6.8.1; https://onesmart.com.vn"
66.249.65.70 - - [12/Jul/2025:01:39:48 +0700] "GET /news20250323/iwin-biz.html HTTP/1.1" 404 10730 "-" "Mozilla/5.0 (Linux; Android 6.0.1; Nexus 5X Build/MMB29P) AppleWebKit/537.36 (KHTML, like Gecko) Chrome/137.0.7151.103 Mobile Safari/537.36 (compatible; Googlebot/2.1; +http://www.google.com/bot.html)"
103.57.221.79 - - [12/Jul/2025:02:15:44 +0700] "POST /wp-cron.php?doing_wp_cron=1752261344.1608319282531738281250 HTTP/1.1" 200 0 "-" "WordPress/6.8.1; https://onesmart.com.vn"
52.167.144.162 - - [12/Jul/2025:02:15:43 +0700] "GET /app/link-vao-bong88-khong-bi-chan HTTP/2" 404 14136 "-" "Mozilla/5.0 AppleWebKit/537.36 (KHTML, like Gecko; compatible; bingbot/2.0; +http://www.bing.com/bingbot.htm) Chrome/116.0.1938.76 Safari/537.36"
52.167.144.162 - - [12/Jul/2025:02:15:46 +0700] "GET /news/search-for-domain.html HTTP/2" 404 14148 "-" "Mozilla/5.0 AppleWebKit/537.36 (KHTML, like Gecko; compatible; bingbot/2.0; +http://www.bing.com/bingbot.htm) Chrome/116.0.1938.76 Safari/537.36"
103.57.221.79 - - [12/Jul/2025:02:19:48 +0700] "POST /wp-cron.php?doing_wp_cron=1752261588.4011089801788330078125 HTTP/1.1" 200 0 "-" "WordPress/6.8.1; https://onesmart.com.vn"
103.57.221.79 - - [12/Jul/2025:02:21:13 +0700] "POST /wp-cron.php?doing_wp_cron=1752261673.3235290050506591796875 HTTP/1.1" 200 0 "-" "WordPress/6.8.1; https://onesmart.com.vn"
47.128.122.108 - - [12/Jul/2025:01:29:56 +0700] "GET /wp-content/plugins/woocommerce/assets/css/brands.css?ver=9.9.5 HTTP/2" 200 579 "https://onesmart.com.vn/Casino_EEKJhi/" "Mozilla/5.0 (Linux; Android 5.0) AppleWebKit/537.36 (KHTML, like Gecko) Mobile Safari/537.36 (compatible; TikTokSpider; ttspider-feedback@tiktok.com)"
47.128.122.108 - - [12/Jul/2025:01:29:56 +0700] "GET /wp-content/themes/flatsome/assets/css/flatsome-shop.css?ver=3.17.7 HTTP/2" 200 5385 "https://onesmart.com.vn/Casino_EEKJhi/" "Mozilla/5.0 (Linux; Android 5.0) AppleWebKit/537.36 (KHTML, like Gecko) Mobile Safari/537.36 (compatible; TikTokSpider; ttspider-feedback@tiktok.com)"
47.128.122.108 - - [12/Jul/2025:01:29:56 +0700] "GET /wp-content/themes/flatsome-child/style.css?ver=3.11.3 HTTP/2" 200 4237 "https://onesmart.com.vn/Casino_EEKJhi/" "Mozilla/5.0 (Linux; Android 5.0) AppleWebKit/537.36 (KHTML, like Gecko) Mobile Safari/537.36 (compatible; TikTokSpider; ttspider-feedback@tiktok.com)"
47.128.122.108 - - [12/Jul/2025:01:29:57 +0700] "GET /wp-content/plugins/woocommerce/assets/client/blocks/wc-blocks.css?ver=wc-9.9.5 HTTP/2" 200 2356 "https://onesmart.com.vn/Casino_EEKJhi/" "Mozilla/5.0 (Linux; Android 5.0) AppleWebKit/537.36 (KHTML, like Gecko) Mobile Safari/537.36 (compatible; TikTokSpider; ttspider-feedback@tiktok.com)"
66.249.90.103 - - [12/Jul/2025:01:33:43 +0700] "GET /chinh-sach-su-dung HTTP/1.1" 404 14119 "-" "PlayStore-Google"
66.249.90.103 - - [12/Jul/2025:01:33:44 +0700] "GET /wp-content/litespeed/css/932c380413f16c9047070a983ff06393.css?ver=95972 HTTP/1.1" 200 71468 "https://onesmart.com.vn/chinh-sach-su-dung" "PlayStore-Google"
103.57.221.79 - - [12/Jul/2025:01:33:45 +0700] "POST /wp-cron.php?doing_wp_cron=1752258825.1388978958129882812500 HTTP/1.1" 200 0 "-" "WordPress/6.8.1; https://onesmart.com.vn"
66.249.65.70 - - [12/Jul/2025:01:35:07 +0700] "GET /game20250325/welcome-ee88.html HTTP/1.1" 404 10743 "-" "Mozilla/5.0 (Linux; Android 6.0.1; Nexus 5X Build/MMB29P) AppleWebKit/537.36 (KHTML, like Gecko) Chrome/137.0.7151.103 Mobile Safari/537.36 (compatible; Googlebot/2.1; +http://www.google.com/bot.html)"
103.57.221.79 - - [12/Jul/2025:01:48:33 +0700] "POST /wp-cron.php?doing_wp_cron=1752259713.6523549556732177734375 HTTP/1.1" 200 0 "-" "WordPress/6.8.1; https://onesmart.com.vn"
103.57.221.79 - - [12/Jul/2025:01:53:34 +0700] "POST /wp-cron.php?doing_wp_cron=1752260014.0271470546722412109375 HTTP/1.1" 200 0 "-" "WordPress/6.8.1; https://onesmart.com.vn"
47.128.121.93 - - [12/Jul/2025:01:53:33 +0700] "GET /VideoKBXGaO/ HTTP/2" 404 10746 "-" "Mozilla/5.0 (Linux; Android 5.0) AppleWebKit/537.36 (KHTML, like Gecko) Mobile Safari/537.36 (compatible; TikTokSpider; ttspider-feedback@tiktok.com)"
47.128.121.93 - - [12/Jul/2025:01:53:37 +0700] "POST /wp-content/plugins/litespeed-cache/guest.vary.php HTTP/2" 200 20 "https://onesmart.com.vn/VideoKBXGaO/" "Mozilla/5.0 (Linux; Android 5.0) AppleWebKit/537.36 (KHTML, like Gecko) Mobile Safari/537.36 (compatible; TikTokSpider; ttspider-feedback@tiktok.com)"
47.128.121.93 - - [12/Jul/2025:01:53:37 +0700] "GET /VideoKBXGaO/ HTTP/2" 404 18349 "https://onesmart.com.vn/VideoKBXGaO/" "Mozilla/5.0 (Linux; Android 5.0) AppleWebKit/537.36 (KHTML, like Gecko) Mobile Safari/537.36 (compatible; TikTokSpider; ttspider-feedback@tiktok.com)"
103.57.221.79 - - [12/Jul/2025:02:07:57 +0700] "POST /wp-cron.php?doing_wp_cron=1752260877.0554280281066894531250 HTTP/1.1" 200 0 "-" "WordPress/6.8.1; https://onesmart.com.vn"
103.57.221.79 - - [12/Jul/2025:02:24:16 +0700] "POST /wp-cron.php?doing_wp_cron=1752261856.4932570457458496093750 HTTP/1.1" 200 0 "-" "WordPress/6.8.1; https://onesmart.com.vn"
40.77.167.54 - - [12/Jul/2025:02:25:07 +0700] "GET /news/9527016/ HTTP/2" 404 14140 "-" "Mozilla/5.0 AppleWebKit/537.36 (KHTML, like Gecko; compatible; bingbot/2.0; +http://www.bing.com/bingbot.htm) Chrome/116.0.1938.76 Safari/537.36"
103.57.221.79 - - [12/Jul/2025:02:25:52 +0700] "POST /wp-cron.php?doing_wp_cron=1752261952.7872810363769531250000 HTTP/1.1" 200 0 "-" "WordPress/6.8.1; https://onesmart.com.vn"
66.249.90.102 - - [12/Jul/2025:01:33:44 +0700] "GET /wp-content/uploads/2019/05/arrow.png HTTP/1.1" 404 14159 "https://onesmart.com.vn/wp-content/litespeed/css/932c380413f16c9047070a983ff06393.css?ver=95972" "PlayStore-Google"
66.249.90.103 - - [12/Jul/2025:01:33:46 +0700] "GET /wp-content/fonts/roboto/KFOMCnqEu92Fr1ME7kSn66aGLdTylUAMQXC89YmC2DPNWub2bVmbiAz0klQm_20O0g.woff HTTP/1.1" 200 5480 "https://onesmart.com.vn/wp-content/litespeed/css/932c380413f16c9047070a983ff06393.css?ver=95972" "PlayStore-Google"
66.249.90.103 - - [12/Jul/2025:01:33:46 +0700] "GET /wp-content/fonts/roboto/KFOMCnqEu92Fr1ME7kSn66aGLdTylUAMQXC89YmC2DPNWub2bVmaiAz0klQm_20O0g.woff HTTP/1.1" 200 12524 "https://onesmart.com.vn/wp-content/litespeed/css/932c380413f16c9047070a983ff06393.css?ver=95972" "PlayStore-Google"
47.128.96.130 - - [12/Jul/2025:01:48:33 +0700] "GET /CasinodMPXYs/ HTTP/2" 404 10720 "-" "Mozilla/5.0 (Linux; Android 5.0) AppleWebKit/537.36 (KHTML, like Gecko) Mobile Safari/537.36 (compatible; TikTokSpider; ttspider-feedback@tiktok.com)"
47.128.96.130 - - [12/Jul/2025:01:48:37 +0700] "POST /wp-content/plugins/litespeed-cache/guest.vary.php HTTP/2" 200 20 "https://onesmart.com.vn/CasinodMPXYs/" "Mozilla/5.0 (Linux; Android 5.0) AppleWebKit/537.36 (KHTML, like Gecko) Mobile Safari/537.36 (compatible; TikTokSpider; ttspider-feedback@tiktok.com)"
47.128.96.130 - - [12/Jul/2025:01:48:37 +0700] "GET /CasinodMPXYs/ HTTP/2" 404 18372 "https://onesmart.com.vn/CasinodMPXYs/" "Mozilla/5.0 (Linux; Android 5.0) AppleWebKit/537.36 (KHTML, like Gecko) Mobile Safari/537.36 (compatible; TikTokSpider; ttspider-feedback@tiktok.com)"
103.57.221.79 - - [12/Jul/2025:02:06:42 +0700] "POST /wp-cron.php?doing_wp_cron=1752260802.1776649951934814453125 HTTP/1.1" 200 0 "-" "WordPress/6.8.1; https://onesmart.com.vn"
34.86.23.41 - - [12/Jul/2025:02:06:42 +0700] "GET / HTTP/1.1" 200 178741 "-" "Mozilla/5.0 (Windows NT 10.0; Win64; x64) AppleWebKit/537.36 (KHTML, like Gecko) Chrome/78.0.3904.108 Safari/537.36"
66.249.65.70 - - [12/Jul/2025:02:07:56 +0700] "GET /game2025-03-27/links-vao-dafabet.html HTTP/1.1" 404 10777 "-" "Mozilla/5.0 (Linux; Android 6.0.1; Nexus 5X Build/MMB29P) AppleWebKit/537.36 (KHTML, like Gecko) Chrome/137.0.7151.103 Mobile Safari/537.36 (compatible; Googlebot/2.1; +http://www.google.com/bot.html)"
66.249.71.99 - - [12/Jul/2025:02:19:48 +0700] "GET /news20250314/qh88-app-ski.html HTTP/1.1" 404 10717 "-" "Mozilla/5.0 (Linux; Android 6.0.1; Nexus 5X Build/MMB29P) AppleWebKit/537.36 (KHTML, like Gecko) Chrome/137.0.7151.103 Mobile Safari/537.36 (compatible; Googlebot/2.1; +http://www.google.com/bot.html)"
52.167.144.59 - - [12/Jul/2025:02:21:14 +0700] "GET /robots.txt HTTP/2" 200 144 "-" "Mozilla/5.0 AppleWebKit/537.36 (KHTML, like Gecko; compatible; bingbot/2.0; +http://www.bing.com/bingbot.htm) Chrome/116.0.1938.76 Safari/537.36"
103.57.221.79 - - [12/Jul/2025:02:25:07 +0700] "POST /wp-cron.php?doing_wp_cron=1752261907.8310859203338623046875 HTTP/1.1" 200 0 "-" "WordPress/6.8.1; https://onesmart.com.vn"
47.128.121.91 - - [12/Jul/2025:02:31:42 +0700] "GET /Casino_SxFgy/ HTTP/2" 404 10706 "-" "Mozilla/5.0 (Linux; Android 5.0) AppleWebKit/537.36 (KHTML, like Gecko) Mobile Safari/537.36 (compatible; TikTokSpider; ttspider-feedback@tiktok.com)"
47.128.121.91 - - [12/Jul/2025:02:31:43 +0700] "GET /wp-content/litespeed/css/932c380413f16c9047070a983ff06393.css?ver=95972 HTTP/2" 200 71468 "https://onesmart.com.vn/Casino_SxFgy/" "Mozilla/5.0 (Linux; Android 5.0) AppleWebKit/537.36 (KHTML, like Gecko) Mobile Safari/537.36 (compatible; TikTokSpider; ttspider-feedback@tiktok.com)"
47.128.121.91 - - [12/Jul/2025:02:31:46 +0700] "POST /wp-content/plugins/litespeed-cache/guest.vary.php HTTP/2" 200 20 "https://onesmart.com.vn/Casino_SxFgy/" "Mozilla/5.0 (Linux; Android 5.0) AppleWebKit/537.36 (KHTML, like Gecko) Mobile Safari/537.36 (compatible; TikTokSpider; ttspider-feedback@tiktok.com)"
103.57.221.79 - - [12/Jul/2025:02:28:09 +0700] "POST /wp-cron.php?doing_wp_cron=1752262089.7924261093139648437500 HTTP/1.1" 200 0 "-" "WordPress/6.8.1; https://onesmart.com.vn"
40.77.167.3 - - [12/Jul/2025:02:28:09 +0700] "GET /news/9785216/ HTTP/2" 404 14135 "-" "Mozilla/5.0 AppleWebKit/537.36 (KHTML, like Gecko; compatible; bingbot/2.0; +http://www.bing.com/bingbot.htm) Chrome/116.0.1938.76 Safari/537.36"
103.57.221.79 - - [12/Jul/2025:02:29:18 +0700] "POST /wp-cron.php?doing_wp_cron=1752262158.9526309967041015625000 HTTP/1.1" 200 0 "-" "WordPress/6.8.1; https://onesmart.com.vn"
103.57.221.79 - - [12/Jul/2025:02:29:37 +0700] "POST /wp-cron.php?doing_wp_cron=1752262177.2640619277954101562500 HTTP/1.1" 200 0 "-" "WordPress/6.8.1; https://onesmart.com.vn"
40.77.167.28 - - [12/Jul/2025:02:29:37 +0700] "GET /news/8697521/ HTTP/2" 301 0 "-" "Mozilla/5.0 AppleWebKit/537.36 (KHTML, like Gecko; compatible; bingbot/2.0; +http://www.bing.com/bingbot.htm) Chrome/116.0.1938.76 Safari/537.36"
40.77.167.28 - - [12/Jul/2025:02:29:38 +0700] "GET /game/ph%C6%B0%C6%A1ng-ph%C3%A1p-t%C3%ADnh-l%C3%B4-chu%E1%BA%A9n-%C4%91%C3%A1nh-h%C3%A0ng-ng%C3%A0y.html HTTP/2" 301 0 "-" "Mozilla/5.0 AppleWebKit/537.36 (KHTML, like Gecko; compatible; bingbot/2.0; +http://www.bing.com/bingbot.htm) Chrome/116.0.1938.76 Safari/537.36"
40.77.167.28 - - [12/Jul/2025:02:29:38 +0700] "GET /news/3184752/ HTTP/2" 301 0 "-" "Mozilla/5.0 AppleWebKit/537.36 (KHTML, like Gecko; compatible; bingbot/2.0; +http://www.bing.com/bingbot.htm) Chrome/116.0.1938.76 Safari/537.36"
40.77.167.28 - - [12/Jul/2025:02:29:39 +0700] "GET /hot2025-04-04/fb88-page HTTP/2" 301 0 "-" "Mozilla/5.0 AppleWebKit/537.36 (KHTML, like Gecko; compatible; bingbot/2.0; +http://www.bing.com/bingbot.htm) Chrome/116.0.1938.76 Safari/537.36"
40.77.167.28 - - [12/Jul/2025:02:29:40 +0700] "GET /news/7m-bong-da.html HTTP/2" 301 0 "-" "Mozilla/5.0 AppleWebKit/537.36 (KHTML, like Gecko; compatible; bingbot/2.0; +http://www.bing.com/bingbot.htm) Chrome/116.0.1938.76 Safari/537.36"
104.210.140.132 - - [12/Jul/2025:02:30:21 +0700] "GET /robots.txt HTTP/2" 301 0 "-" "Mozilla/5.0 (Macintosh; Intel Mac OS X 10_15_7) AppleWebKit/537.36 (KHTML, like Gecko) Chrome/131.0.0.0 Safari/537.36; compatible; OAI-SearchBot/1.0; +https://openai.com/searchbot"
104.210.140.142 - - [12/Jul/2025:02:30:23 +0700] "GET /robots.txt HTTP/2" 200 144 "-" "Mozilla/5.0 (Macintosh; Intel Mac OS X 10_15_7) AppleWebKit/537.36 (KHTML, like Gecko) Chrome/131.0.0.0 Safari/537.36; compatible; OAI-SearchBot/1.0; +https://openai.com/searchbot"
40.77.167.54 - - [12/Jul/2025:02:32:04 +0700] "GET /wp-content/litespeed/css/c328b41b3f77f223bcba25b4d51ffd58.css?ver=1cedb HTTP/2" 404 14184 "-" "Mozilla/5.0 AppleWebKit/537.36 (KHTML, like Gecko; compatible; bingbot/2.0; +http://www.bing.com/bingbot.htm) Chrome/116.0.1938.76 Safari/537.36"
40.77.167.28 - - [12/Jul/2025:02:34:01 +0700] "GET /news/Link-truy-c%E1%BA%ADp-AFBET.html HTTP/2" 301 0 "-" "Mozilla/5.0 AppleWebKit/537.36 (KHTML, like Gecko; compatible; bingbot/2.0; +http://www.bing.com/bingbot.htm) Chrome/116.0.1938.76 Safari/537.36"
40.77.167.28 - - [12/Jul/2025:02:34:32 +0700] "GET /news/9415670/ HTTP/2" 301 0 "-" "Mozilla/5.0 AppleWebKit/537.36 (KHTML, like Gecko; compatible; bingbot/2.0; +http://www.bing.com/bingbot.htm) Chrome/116.0.1938.76 Safari/537.36"
66.249.65.70 - - [12/Jul/2025:02:35:31 +0700] "GET /game20250321/t%E1%BA%A3i-win88-club.html HTTP/1.1" 404 10738 "-" "Mozilla/5.0 (Linux; Android 6.0.1; Nexus 5X Build/MMB29P) AppleWebKit/537.36 (KHTML, like Gecko) Chrome/137.0.7151.103 Mobile Safari/537.36 (compatible; Googlebot/2.1; +http://www.google.com/bot.html)"
103.57.221.79 - - [12/Jul/2025:02:36:23 +0700] "POST /wp-cron.php?doing_wp_cron=1752262583.7359819412231445312500 HTTP/1.1" 200 0 "-" "WordPress/6.8.1; https://onesmart.com.vn"
52.167.144.146 - - [12/Jul/2025:02:37:31 +0700] "GET /news/7263491/ HTTP/2" 301 0 "-" "Mozilla/5.0 AppleWebKit/537.36 (KHTML, like Gecko; compatible; bingbot/2.0; +http://www.bing.com/bingbot.htm) Chrome/116.0.1938.76 Safari/537.36"
47.128.121.91 - - [12/Jul/2025:02:31:46 +0700] "GET /Casino_SxFgy/ HTTP/2" 404 18395 "https://onesmart.com.vn/Casino_SxFgy/" "Mozilla/5.0 (Linux; Android 5.0) AppleWebKit/537.36 (KHTML, like Gecko) Mobile Safari/537.36 (compatible; TikTokSpider; ttspider-feedback@tiktok.com)"
47.128.121.91 - - [12/Jul/2025:02:31:47 +0700] "GET /wp-content/plugins/Simple-Contact//assets/css/style.css?ver=6.8.1 HTTP/2" 200 16591 "https://onesmart.com.vn/Casino_SxFgy/" "Mozilla/5.0 (Linux; Android 5.0) AppleWebKit/537.36 (KHTML, like Gecko) Mobile Safari/537.36 (compatible; TikTokSpider; ttspider-feedback@tiktok.com)"
47.128.121.91 - - [12/Jul/2025:02:31:48 +0700] "GET /wp-content/plugins/contact-form-7/includes/css/styles.css?ver=6.1 HTTP/2" 200 899 "https://onesmart.com.vn/Casino_SxFgy/" "Mozilla/5.0 (Linux; Android 5.0) AppleWebKit/537.36 (KHTML, like Gecko) Mobile Safari/537.36 (compatible; TikTokSpider; ttspider-feedback@tiktok.com)"
47.128.121.91 - - [12/Jul/2025:02:31:49 +0700] "GET /wp-content/plugins/wordpress-popular-posts/assets/css/wpp.css?ver=7.3.3 HTTP/2" 200 520 "https://onesmart.com.vn/Casino_SxFgy/" "Mozilla/5.0 (Linux; Android 5.0) AppleWebKit/537.36 (KHTML, like Gecko) Mobile Safari/537.36 (compatible; TikTokSpider; ttspider-feedback@tiktok.com)"
47.128.121.91 - - [12/Jul/2025:02:31:49 +0700] "GET /wp-content/plugins/related-posts-by-taxonomy/includes/assets/css/styles.css?ver=6.8.1 HTTP/2" 200 225 "https://onesmart.com.vn/Casino_SxFgy/" "Mozilla/5.0 (Linux; Android 5.0) AppleWebKit/537.36 (KHTML, like Gecko) Mobile Safari/537.36 (compatible; TikTokSpider; ttspider-feedback@tiktok.com)"
47.128.121.91 - - [12/Jul/2025:02:31:50 +0700] "GET /wp-content/themes/flatsome/assets/css/flatsome.css?ver=3.17.7 HTTP/2" 200 28041 "https://onesmart.com.vn/Casino_SxFgy/" "Mozilla/5.0 (Linux; Android 5.0) AppleWebKit/537.36 (KHTML, like Gecko) Mobile Safari/537.36 (compatible; TikTokSpider; ttspider-feedback@tiktok.com)"
47.128.121.91 - - [12/Jul/2025:02:31:50 +0700] "GET /wp-content/plugins/woocommerce/assets/css/brands.css?ver=9.9.5 HTTP/2" 200 579 "https://onesmart.com.vn/Casino_SxFgy/" "Mozilla/5.0 (Linux; Android 5.0) AppleWebKit/537.36 (KHTML, like Gecko) Mobile Safari/537.36 (compatible; TikTokSpider; ttspider-feedback@tiktok.com)"
47.128.121.91 - - [12/Jul/2025:02:31:50 +0700] "GET /wp-content/themes/flatsome/assets/css/flatsome-shop.css?ver=3.17.7 HTTP/2" 200 5385 "https://onesmart.com.vn/Casino_SxFgy/" "Mozilla/5.0 (Linux; Android 5.0) AppleWebKit/537.36 (KHTML, like Gecko) Mobile Safari/537.36 (compatible; TikTokSpider; ttspider-feedback@tiktok.com)"
47.128.121.91 - - [12/Jul/2025:02:31:50 +0700] "GET /wp-content/themes/flatsome-child/style.css?ver=3.11.3 HTTP/2" 200 4237 "https://onesmart.com.vn/Casino_SxFgy/" "Mozilla/5.0 (Linux; Android 5.0) AppleWebKit/537.36 (KHTML, like Gecko) Mobile Safari/537.36 (compatible; TikTokSpider; ttspider-feedback@tiktok.com)"
