47.128.121.91 - - [12/Jul/2025:02:31:51 +0700] "GET /wp-content/plugins/woocommerce/assets/client/blocks/wc-blocks.css?ver=wc-9.9.5 HTTP/2" 200 2356 "https://onesmart.com.vn/Casino_SxFgy/" "Mozilla/5.0 (Linux; Android 5.0) AppleWebKit/537.36 (KHTML, like Gecko) Mobile Safari/537.36 (compatible; TikTokSpider; ttspider-feedback@tiktok.com)"
103.57.221.79 - - [12/Jul/2025:02:34:01 +0700] "POST /wp-cron.php?doing_wp_cron=1752262441.3174319267272949218750 HTTP/1.1" 200 0 "-" "WordPress/6.8.1; https://onesmart.com.vn"
103.57.221.79 - - [12/Jul/2025:02:38:20 +0700] "POST /wp-cron.php?doing_wp_cron=1752262700.7035160064697265625000 HTTP/1.1" 200 0 "-" "WordPress/6.8.1; https://onesmart.com.vn"
103.57.221.79 - - [12/Jul/2025:02:39:34 +0700] "POST /wp-cron.php?doing_wp_cron=1752262774.7775440216064453125000 HTTP/1.1" 200 0 "-" "WordPress/6.8.1; https://onesmart.com.vn"
103.57.221.79 - - [12/Jul/2025:02:39:45 +0700] "POST /wp-cron.php?doing_wp_cron=1752262785.3648440837860107421875 HTTP/1.1" 200 0 "-" "WordPress/6.8.1; https://onesmart.com.vn"
52.167.144.59 - - [12/Jul/2025:02:21:13 +0700] "GET /robots.txt HTTP/2" 301 0 "-" "Mozilla/5.0 AppleWebKit/537.36 (KHTML, like Gecko; compatible; bingbot/2.0; +http://www.bing.com/bingbot.htm) Chrome/116.0.1938.76 Safari/537.36"
40.77.167.52 - - [12/Jul/2025:02:21:28 +0700] "GET /news/7968124/ HTTP/2" 301 0 "-" "Mozilla/5.0 AppleWebKit/537.36 (KHTML, like Gecko; compatible; bingbot/2.0; +http://www.bing.com/bingbot.htm) Chrome/116.0.1938.76 Safari/537.36"
40.77.167.54 - - [12/Jul/2025:02:24:16 +0700] "GET /news/6985241/ HTTP/2" 404 14142 "-" "Mozilla/5.0 AppleWebKit/537.36 (KHTML, like Gecko; compatible; bingbot/2.0; +http://www.bing.com/bingbot.htm) Chrome/116.0.1938.76 Safari/537.36"
52.167.144.136 - - [12/Jul/2025:02:25:52 +0700] "GET /news/9075218/ HTTP/2" 404 14130 "-" "Mozilla/5.0 AppleWebKit/537.36 (KHTML, like Gecko; compatible; bingbot/2.0; +http://www.bing.com/bingbot.htm) Chrome/116.0.1938.76 Safari/537.36"
52.167.144.136 - - [12/Jul/2025:02:29:18 +0700] "GET /news/8697521/ HTTP/2" 404 14109 "-" "Mozilla/5.0 AppleWebKit/537.36 (KHTML, like Gecko; compatible; bingbot/2.0; +http://www.bing.com/bingbot.htm) Chrome/116.0.1938.76 Safari/537.36"
103.57.221.79 - - [12/Jul/2025:02:30:18 +0700] "POST /wp-cron.php?doing_wp_cron=1752262218.6766641139984130859375 HTTP/1.1" 200 0 "-" "WordPress/6.8.1; https://onesmart.com.vn"
40.77.167.3 - - [12/Jul/2025:02:30:18 +0700] "GET /news//mobile2025-03-18/Mi%E1%BB%85n-tr%E1%BB%AB-tr%C3%A1ch-nhi%E1%BB%87m-F88BET.html HTTP/2" 301 0 "-" "Mozilla/5.0 AppleWebKit/537.36 (KHTML, like Gecko; compatible; bingbot/2.0; +http://www.bing.com/bingbot.htm) Chrome/116.0.1938.76 Safari/537.36"
103.57.221.79 - - [12/Jul/2025:02:31:42 +0700] "POST /wp-cron.php?doing_wp_cron=1752262302.5486719608306884765625 HTTP/1.1" 200 0 "-" "WordPress/6.8.1; https://onesmart.com.vn"
103.57.221.79 - - [12/Jul/2025:02:31:46 +0700] "POST /wp-cron.php?doing_wp_cron=1752262306.4115700721740722656250 HTTP/1.1" 200 0 "-" "WordPress/6.8.1; https://onesmart.com.vn"
66.249.65.70 - - [12/Jul/2025:02:34:15 +0700] "GET /mobile/aplicaci%C3%B3n-m%C3%B3vil-de-1xbet.html HTTP/1.1" 404 10760 "-" "Mozilla/5.0 (Linux; Android 6.0.1; Nexus 5X Build/MMB29P) AppleWebKit/537.36 (KHTML, like Gecko) Chrome/137.0.7151.103 Mobile Safari/537.36 (compatible; Googlebot/2.1; +http://www.google.com/bot.html)"
103.57.221.79 - - [12/Jul/2025:02:34:32 +0700] "POST /wp-cron.php?doing_wp_cron=1752262472.9231390953063964843750 HTTP/1.1" 200 0 "-" "WordPress/6.8.1; https://onesmart.com.vn"
103.57.221.79 - - [12/Jul/2025:02:35:32 +0700] "POST /wp-cron.php?doing_wp_cron=1752262532.0380690097808837890625 HTTP/1.1" 200 0 "-" "WordPress/6.8.1; https://onesmart.com.vn"
66.249.65.71 - - [12/Jul/2025:02:36:23 +0700] "GET /mobile2025-03-20/mibet-mibett.com.html HTTP/1.1" 404 10724 "-" "Mozilla/5.0 (Linux; Android 6.0.1; Nexus 5X Build/MMB29P) AppleWebKit/537.36 (KHTML, like Gecko) Chrome/137.0.7151.103 Mobile Safari/537.36 (compatible; Googlebot/2.1; +http://www.google.com/bot.html)"
103.57.221.79 - - [12/Jul/2025:02:37:11 +0700] "POST /wp-cron.php?doing_wp_cron=1752262631.2772879600524902343750 HTTP/1.1" 200 0 "-" "WordPress/6.8.1; https://onesmart.com.vn"
40.77.167.70 - - [12/Jul/2025:02:37:11 +0700] "GET /app/5760913/ HTTP/2" 404 14091 "-" "Mozilla/5.0 AppleWebKit/537.36 (KHTML, like Gecko; compatible; bingbot/2.0; +http://www.bing.com/bingbot.htm) Chrome/116.0.1938.76 Safari/537.36"
40.77.167.0 - - [12/Jul/2025:02:40:01 +0700] "GET /news/6852039/ HTTP/2" 404 14129 "-" "Mozilla/5.0 AppleWebKit/537.36 (KHTML, like Gecko; compatible; bingbot/2.0; +http://www.bing.com/bingbot.htm) Chrome/116.0.1938.76 Safari/537.36"
40.77.167.0 - - [12/Jul/2025:02:42:53 +0700] "GET /app/7698045/ HTTP/2" 404 14112 "-" "Mozilla/5.0 AppleWebKit/537.36 (KHTML, like Gecko; compatible; bingbot/2.0; +http://www.bing.com/bingbot.htm) Chrome/116.0.1938.76 Safari/537.36"
66.249.71.97 - - [12/Jul/2025:02:38:20 +0700] "GET /order20250321/7m-cn-ch%C3%A2u-%C3%A1.html HTTP/1.1" 404 10756 "-" "Mozilla/5.0 (Linux; Android 6.0.1; Nexus 5X Build/MMB29P) AppleWebKit/537.36 (KHTML, like Gecko) Chrome/137.0.7151.103 Mobile Safari/537.36 (compatible; Googlebot/2.1; +http://www.google.com/bot.html)"
66.249.65.71 - - [12/Jul/2025:02:39:34 +0700] "GET /news2025-03-25/avhd.club.html HTTP/1.1" 404 10729 "-" "Mozilla/5.0 (Linux; Android 6.0.1; Nexus 5X Build/MMB29P) AppleWebKit/537.36 (KHTML, like Gecko) Chrome/137.0.7151.103 Mobile Safari/537.36 (compatible; Googlebot/2.1; +http://www.google.com/bot.html)"
103.57.221.79 - - [12/Jul/2025:02:39:44 +0700] "POST /wp-cron.php?doing_wp_cron=1752262784.5105888843536376953125 HTTP/1.1" 200 0 "-" "WordPress/6.8.1; https://onesmart.com.vn"
103.57.221.79 - - [12/Jul/2025:02:42:11 +0700] "POST /wp-cron.php?doing_wp_cron=1752262931.4757070541381835937500 HTTP/1.1" 200 0 "-" "WordPress/6.8.1; https://onesmart.com.vn"
103.57.221.79 - - [12/Jul/2025:02:42:53 +0700] "POST /wp-cron.php?doing_wp_cron=1752262973.3013710975646972656250 HTTP/1.1" 200 0 "-" "WordPress/6.8.1; https://onesmart.com.vn"
52.167.144.189 - - [12/Jul/2025:02:48:33 +0700] "GET /news/6043159/ HTTP/2" 301 0 "-" "Mozilla/5.0 AppleWebKit/537.36 (KHTML, like Gecko; compatible; bingbot/2.0; +http://www.bing.com/bingbot.htm) Chrome/116.0.1938.76 Safari/537.36"
103.57.221.79 - - [12/Jul/2025:02:51:48 +0700] "POST /wp-cron.php?doing_wp_cron=1752263508.6640150547027587890625 HTTP/1.1" 200 0 "-" "WordPress/6.8.1; https://onesmart.com.vn"
52.167.144.230 - - [12/Jul/2025:02:51:48 +0700] "GET /news/8267504/ HTTP/2" 404 14127 "-" "Mozilla/5.0 AppleWebKit/537.36 (KHTML, like Gecko; compatible; bingbot/2.0; +http://www.bing.com/bingbot.htm) Chrome/116.0.1938.76 Safari/537.36"
52.167.144.231 - - [12/Jul/2025:02:52:54 +0700] "GET /game/6201538/ HTTP/2" 404 14132 "-" "Mozilla/5.0 AppleWebKit/537.36 (KHTML, like Gecko; compatible; bingbot/2.0; +http://www.bing.com/bingbot.htm) Chrome/116.0.1938.76 Safari/537.36"
103.57.221.79 - - [12/Jul/2025:02:53:34 +0700] "POST /wp-cron.php?doing_wp_cron=1752263614.3615660667419433593750 HTTP/1.1" 200 0 "-" "WordPress/6.8.1; https://onesmart.com.vn"
103.57.221.79 - - [12/Jul/2025:02:55:04 +0700] "POST /wp-cron.php?doing_wp_cron=1752263704.5770750045776367187500 HTTP/1.1" 200 0 "-" "WordPress/6.8.1; https://onesmart.com.vn"
103.57.221.79 - - [12/Jul/2025:02:55:38 +0700] "POST /wp-cron.php?doing_wp_cron=1752263738.5755960941314697265625 HTTP/1.1" 200 0 "-" "WordPress/6.8.1; https://onesmart.com.vn"
57.141.2.20 - - [12/Jul/2025:02:55:38 +0700] "GET /dieu-khien-cua-cuon-chong-trom/ HTTP/2" 200 84868 "-" "meta-externalagent/1.1 (+https://developers.facebook.com/docs/sharing/webmasters/crawler)"
103.57.221.79 - - [12/Jul/2025:02:56:59 +0700] "POST /wp-cron.php?doing_wp_cron=1752263819.0579841136932373046875 HTTP/1.1" 200 0 "-" "WordPress/6.8.1; https://onesmart.com.vn"
52.167.144.59 - - [12/Jul/2025:02:57:00 +0700] "GET /robots.txt HTTP/2" 200 144 "-" "Mozilla/5.0 AppleWebKit/537.36 (KHTML, like Gecko; compatible; bingbot/2.0; +http://www.bing.com/bingbot.htm) Chrome/116.0.1938.76 Safari/537.36"
40.77.167.79 - - [12/Jul/2025:02:58:44 +0700] "GET /app/c%C3%A1ch-t%E1%BA%A1o-b%C3%A0n-tr%C3%AAn-iwin.html HTTP/2" 404 14155 "-" "Mozilla/5.0 AppleWebKit/537.36 (KHTML, like Gecko; compatible; bingbot/2.0; +http://www.bing.com/bingbot.htm) Chrome/116.0.1938.76 Safari/537.36"
103.57.221.79 - - [12/Jul/2025:03:00:03 +0700] "POST /wp-cron.php?doing_wp_cron=1752264003.4276568889617919921875 HTTP/1.1" 200 0 "-" "WordPress/6.8.1; https://onesmart.com.vn"
103.57.221.79 - - [12/Jul/2025:03:02:19 +0700] "POST /wp-cron.php?doing_wp_cron=1752264139.2984430789947509765625 HTTP/1.1" 200 0 "-" "WordPress/6.8.1; https://onesmart.com.vn"
103.57.221.79 - - [12/Jul/2025:03:02:44 +0700] "POST /wp-cron.php?doing_wp_cron=1752264164.6147809028625488281250 HTTP/1.1" 200 0 "-" "WordPress/6.8.1; https://onesmart.com.vn"
40.77.167.26 - - [12/Jul/2025:02:49:34 +0700] "GET /news/7203986/ HTTP/2" 404 14112 "-" "Mozilla/5.0 AppleWebKit/537.36 (KHTML, like Gecko; compatible; bingbot/2.0; +http://www.bing.com/bingbot.htm) Chrome/116.0.1938.76 Safari/537.36"
52.167.144.189 - - [12/Jul/2025:02:53:34 +0700] "GET /news/6823749/ HTTP/2" 301 0 "-" "Mozilla/5.0 AppleWebKit/537.36 (KHTML, like Gecko; compatible; bingbot/2.0; +http://www.bing.com/bingbot.htm) Chrome/116.0.1938.76 Safari/537.36"
52.167.144.18 - - [12/Jul/2025:02:55:04 +0700] "GET /news/5406192/ HTTP/2" 404 14148 "-" "Mozilla/5.0 AppleWebKit/537.36 (KHTML, like Gecko; compatible; bingbot/2.0; +http://www.bing.com/bingbot.htm) Chrome/116.0.1938.76 Safari/537.36"
52.167.144.59 - - [12/Jul/2025:02:56:58 +0700] "GET /robots.txt HTTP/2" 301 0 "-" "Mozilla/5.0 AppleWebKit/537.36 (KHTML, like Gecko; compatible; bingbot/2.0; +http://www.bing.com/bingbot.htm) Chrome/116.0.1938.76 Safari/537.36"
40.77.167.235 - - [12/Jul/2025:02:57:10 +0700] "GET /news/1230896/ HTTP/2" 301 0 "-" "Mozilla/5.0 AppleWebKit/537.36 (KHTML, like Gecko; compatible; bingbot/2.0; +http://www.bing.com/bingbot.htm) Chrome/116.0.1938.76 Safari/537.36"
103.57.221.79 - - [12/Jul/2025:02:58:44 +0700] "POST /wp-cron.php?doing_wp_cron=1752263924.8697481155395507812500 HTTP/1.1" 200 0 "-" "WordPress/6.8.1; https://onesmart.com.vn"
52.167.144.231 - - [12/Jul/2025:03:00:03 +0700] "GET /news/8697521/ HTTP/2" 404 14131 "-" "Mozilla/5.0 AppleWebKit/537.36 (KHTML, like Gecko; compatible; bingbot/2.0; +http://www.bing.com/bingbot.htm) Chrome/116.0.1938.76 Safari/537.36"
40.77.167.235 - - [12/Jul/2025:03:02:19 +0700] "GET /news/mb66-l%E1%BB%99-clip HTTP/2" 301 0 "-" "Mozilla/5.0 AppleWebKit/537.36 (KHTML, like Gecko; compatible; bingbot/2.0; +http://www.bing.com/bingbot.htm) Chrome/116.0.1938.76 Safari/537.36"
103.57.221.79 - - [12/Jul/2025:03:03:57 +0700] "POST /wp-cron.php?doing_wp_cron=1752264237.1513381004333496093750 HTTP/1.1" 200 0 "-" "WordPress/6.8.1; https://onesmart.com.vn"
40.77.167.25 - - [12/Jul/2025:03:03:56 +0700] "GET /news/iwin-game-15-club.html HTTP/2" 404 14126 "-" "Mozilla/5.0 AppleWebKit/537.36 (KHTML, like Gecko; compatible; bingbot/2.0; +http://www.bing.com/bingbot.htm) Chrome/116.0.1938.76 Safari/537.36"
52.167.144.169 - - [12/Jul/2025:03:04:06 +0700] "GET /news/gi8-com.html HTTP/2" 301 0 "-" "Mozilla/5.0 AppleWebKit/537.36 (KHTML, like Gecko; compatible; bingbot/2.0; +http://www.bing.com/bingbot.htm) Chrome/116.0.1938.76 Safari/537.36"
52.167.144.169 - - [12/Jul/2025:03:04:08 +0700] "GET /app/sanvip.club HTTP/2" 301 0 "-" "Mozilla/5.0 AppleWebKit/537.36 (KHTML, like Gecko; compatible; bingbot/2.0; +http://www.bing.com/bingbot.htm) Chrome/116.0.1938.76 Safari/537.36"
66.249.90.102 - - [12/Jul/2025:03:04:24 +0700] "GET /chinh-sach-su-dung HTTP/1.1" 404 14140 "-" "PlayStore-Google"
66.249.90.102 - - [12/Jul/2025:03:04:25 +0700] "GET /chinh-sach-su-dung HTTP/1.1" 404 14127 "-" "PlayStore-Google"
66.249.90.102 - - [12/Jul/2025:03:04:26 +0700] "GET /wp-content/themes/flatsome/assets/js/flatsome.js?ver=43f05e0ca79aa585a6aa HTTP/1.1" 200 15832 "https://onesmart.com.vn/chinh-sach-su-dung" "PlayStore-Google"
66.249.90.102 - - [12/Jul/2025:03:04:26 +0700] "GET /wp-content/themes/flatsome/assets/js/chunk.tooltips.js?ver=3.17.7 HTTP/1.1" 200 9748 "https://onesmart.com.vn/chinh-sach-su-dung" "PlayStore-Google"
66.249.90.103 - - [12/Jul/2025:03:04:26 +0700] "GET /wp-content/themes/flatsome/assets/js/chunk.slider.js?ver=3.17.7 HTTP/1.1" 200 12985 "https://onesmart.com.vn/chinh-sach-su-dung" "PlayStore-Google"
66.249.90.103 - - [12/Jul/2025:03:04:26 +0700] "GET /wp-content/litespeed/css/932c380413f16c9047070a983ff06393.css?ver=95972 HTTP/1.1" 200 71468 "https://onesmart.com.vn/chinh-sach-su-dung" "PlayStore-Google"
66.249.90.102 - - [12/Jul/2025:03:04:26 +0700] "GET /wp-content/themes/flatsome/assets/js/woocommerce.js?ver=1a392523165907adee6a HTTP/1.1" 200 6674 "https://onesmart.com.vn/chinh-sach-su-dung" "PlayStore-Google"
40.77.167.79 - - [12/Jul/2025:03:02:44 +0700] "GET /news/0369157/ HTTP/2" 404 14128 "-" "Mozilla/5.0 AppleWebKit/537.36 (KHTML, like Gecko; compatible; bingbot/2.0; +http://www.bing.com/bingbot.htm) Chrome/116.0.1938.76 Safari/537.36"
40.77.167.70 - - [12/Jul/2025:02:40:05 +0700] "GET /app/7345806/ HTTP/2" 404 14113 "-" "Mozilla/5.0 AppleWebKit/537.36 (KHTML, like Gecko; compatible; bingbot/2.0; +http://www.bing.com/bingbot.htm) Chrome/116.0.1938.76 Safari/537.36"
40.77.167.70 - - [12/Jul/2025:02:40:06 +0700] "GET /app/0235197/ HTTP/2" 404 14133 "-" "Mozilla/5.0 AppleWebKit/537.36 (KHTML, like Gecko; compatible; bingbot/2.0; +http://www.bing.com/bingbot.htm) Chrome/116.0.1938.76 Safari/537.36"
103.57.221.79 - - [12/Jul/2025:02:41:31 +0700] "POST /wp-cron.php?doing_wp_cron=1752262891.9455549716949462890625 HTTP/1.1" 200 0 "-" "WordPress/6.8.1; https://onesmart.com.vn"
52.167.144.146 - - [12/Jul/2025:02:41:31 +0700] "GET /news/3892074/ HTTP/2" 301 0 "-" "Mozilla/5.0 AppleWebKit/537.36 (KHTML, like Gecko; compatible; bingbot/2.0; +http://www.bing.com/bingbot.htm) Chrome/116.0.1938.76 Safari/537.36"
40.77.167.0 - - [12/Jul/2025:02:42:11 +0700] "GET /app/4781509/ HTTP/2" 404 14113 "-" "Mozilla/5.0 AppleWebKit/537.36 (KHTML, like Gecko; compatible; bingbot/2.0; +http://www.bing.com/bingbot.htm) Chrome/116.0.1938.76 Safari/537.36"
103.57.221.79 - - [12/Jul/2025:02:48:34 +0700] "POST /wp-cron.php?doing_wp_cron=1752263314.0956490039825439453125 HTTP/1.1" 200 0 "-" "WordPress/6.8.1; https://onesmart.com.vn"
103.57.221.79 - - [12/Jul/2025:02:49:34 +0700] "POST /wp-cron.php?doing_wp_cron=1752263374.7394139766693115234375 HTTP/1.1" 200 0 "-" "WordPress/6.8.1; https://onesmart.com.vn"
103.57.221.79 - - [12/Jul/2025:02:52:54 +0700] "POST /wp-cron.php?doing_wp_cron=1752263574.9096300601959228515625 HTTP/1.1" 200 0 "-" "WordPress/6.8.1; https://onesmart.com.vn"
52.167.144.59 - - [12/Jul/2025:02:58:46 +0700] "GET /robots.txt HTTP/2" 200 144 "-" "Mozilla/5.0 AppleWebKit/537.36 (KHTML, like Gecko; compatible; bingbot/2.0; +http://www.bing.com/bingbot.htm) Chrome/116.0.1938.76 Safari/537.36"
103.57.221.79 - - [12/Jul/2025:03:01:04 +0700] "POST /wp-cron.php?doing_wp_cron=1752264064.8113069534301757812500 HTTP/1.1" 200 0 "-" "WordPress/6.8.1; https://onesmart.com.vn"
40.77.167.132 - - [12/Jul/2025:03:01:04 +0700] "GET /app/jav-bar-club HTTP/2" 301 0 "-" "Mozilla/5.0 AppleWebKit/537.36 (KHTML, like Gecko; compatible; bingbot/2.0; +http://www.bing.com/bingbot.htm) Chrome/116.0.1938.76 Safari/537.36"
103.57.221.79 - - [12/Jul/2025:03:01:38 +0700] "POST /wp-cron.php?doing_wp_cron=1752264098.5767090320587158203125 HTTP/1.1" 200 0 "-" "WordPress/6.8.1; https://onesmart.com.vn"
40.77.167.235 - - [12/Jul/2025:03:01:38 +0700] "GET /news/2475836/ HTTP/2" 301 0 "-" "Mozilla/5.0 AppleWebKit/537.36 (KHTML, like Gecko; compatible; bingbot/2.0; +http://www.bing.com/bingbot.htm) Chrome/116.0.1938.76 Safari/537.36"
66.249.90.102 - - [12/Jul/2025:03:04:26 +0700] "GET /wp-content/themes/flatsome/assets/js/chunk.popups.js?ver=3.17.7 HTTP/1.1" 200 6941 "https://onesmart.com.vn/chinh-sach-su-dung" "PlayStore-Google"
40.77.167.45 - - [12/Jul/2025:03:05:08 +0700] "GET /news/5826309/ HTTP/2" 404 14116 "-" "Mozilla/5.0 AppleWebKit/537.36 (KHTML, like Gecko; compatible; bingbot/2.0; +http://www.bing.com/bingbot.htm) Chrome/116.0.1938.76 Safari/537.36"
66.249.90.103 - - [12/Jul/2025:03:04:27 +0700] "POST /wp-content/plugins/litespeed-cache/guest.vary.php HTTP/1.1" 200 6 "https://onesmart.com.vn/chinh-sach-su-dung" "PlayStore-Google"
66.249.90.103 - - [12/Jul/2025:03:04:27 +0700] "GET /wp-content/uploads/2019/05/arrow.png HTTP/1.1" 404 14147 "https://onesmart.com.vn/wp-content/litespeed/css/932c380413f16c9047070a983ff06393.css?ver=95972" "PlayStore-Google"
103.57.221.79 - - [12/Jul/2025:03:05:09 +0700] "POST /wp-cron.php?doing_wp_cron=1752264309.1385250091552734375000 HTTP/1.1" 200 0 "-" "WordPress/6.8.1; https://onesmart.com.vn"
103.57.221.79 - - [12/Jul/2025:03:06:32 +0700] "POST /wp-cron.php?doing_wp_cron=1752264392.8361990451812744140625 HTTP/1.1" 200 0 "-" "WordPress/6.8.1; https://onesmart.com.vn"
103.57.221.79 - - [12/Jul/2025:03:09:27 +0700] "POST /wp-cron.php?doing_wp_cron=1752264567.0969259738922119140625 HTTP/1.1" 200 0 "-" "WordPress/6.8.1; https://onesmart.com.vn"
40.77.167.50 - - [12/Jul/2025:03:10:49 +0700] "GET /news/9468327/ HTTP/2" 301 0 "-" "Mozilla/5.0 AppleWebKit/537.36 (KHTML, like Gecko; compatible; bingbot/2.0; +http://www.bing.com/bingbot.htm) Chrome/116.0.1938.76 Safari/537.36"
103.57.221.79 - - [12/Jul/2025:03:14:19 +0700] "POST /wp-cron.php?doing_wp_cron=1752264859.2360119819641113281250 HTTP/1.1" 200 0 "-" "WordPress/6.8.1; https://onesmart.com.vn"
66.249.71.97 - - [12/Jul/2025:03:06:32 +0700] "GET /game20250320/b%E1%BA%AFn-c%C3%A1-online-mi%E1%BB%85n-ph%C3%AD.html HTTP/1.1" 404 10781 "-" "Mozilla/5.0 (Linux; Android 6.0.1; Nexus 5X Build/MMB29P) AppleWebKit/537.36 (KHTML, like Gecko) Chrome/137.0.7151.103 Mobile Safari/537.36 (compatible; Googlebot/2.1; +http://www.google.com/bot.html)"
52.167.144.169 - - [12/Jul/2025:03:08:38 +0700] "GET /news/99vin-vina.html HTTP/2" 301 0 "-" "Mozilla/5.0 AppleWebKit/537.36 (KHTML, like Gecko; compatible; bingbot/2.0; +http://www.bing.com/bingbot.htm) Chrome/116.0.1938.76 Safari/537.36"
40.77.167.25 - - [12/Jul/2025:03:09:26 +0700] "GET /news/9712538/ HTTP/2" 404 14118 "-" "Mozilla/5.0 AppleWebKit/537.36 (KHTML, like Gecko; compatible; bingbot/2.0; +http://www.bing.com/bingbot.htm) Chrome/116.0.1938.76 Safari/537.36"
103.57.221.79 - - [12/Jul/2025:03:10:49 +0700] "POST /wp-cron.php?doing_wp_cron=1752264649.3891980648040771484375 HTTP/1.1" 200 0 "-" "WordPress/6.8.1; https://onesmart.com.vn"
52.167.144.189 - - [12/Jul/2025:03:15:00 +0700] "GET /news/huong-dan-ca-cuoc-bong-da-188bet.html HTTP/2" 404 14165 "-" "Mozilla/5.0 AppleWebKit/537.36 (KHTML, like Gecko; compatible; bingbot/2.0; +http://www.bing.com/bingbot.htm) Chrome/116.0.1938.76 Safari/537.36"
40.77.167.50 - - [12/Jul/2025:03:15:12 +0700] "GET /news/8473591/ HTTP/2" 301 0 "-" "Mozilla/5.0 AppleWebKit/537.36 (KHTML, like Gecko; compatible; bingbot/2.0; +http://www.bing.com/bingbot.htm) Chrome/116.0.1938.76 Safari/537.36"
40.77.167.132 - - [12/Jul/2025:03:06:35 +0700] "GET /news/3862971/ HTTP/2" 301 0 "-" "Mozilla/5.0 AppleWebKit/537.36 (KHTML, like Gecko; compatible; bingbot/2.0; +http://www.bing.com/bingbot.htm) Chrome/116.0.1938.76 Safari/537.36"
103.57.221.79 - - [12/Jul/2025:03:08:38 +0700] "POST /wp-cron.php?doing_wp_cron=1752264518.3902869224548339843750 HTTP/1.1" 200 0 "-" "WordPress/6.8.1; https://onesmart.com.vn"
40.77.167.3 - - [12/Jul/2025:03:11:08 +0700] "GET /app/2439158/ HTTP/2" 404 14120 "-" "Mozilla/5.0 AppleWebKit/537.36 (KHTML, like Gecko; compatible; bingbot/2.0; +http://www.bing.com/bingbot.htm) Chrome/116.0.1938.76 Safari/537.36"
40.77.167.50 - - [12/Jul/2025:03:14:19 +0700] "GET /news/win-win-9319.html HTTP/2" 301 0 "-" "Mozilla/5.0 AppleWebKit/537.36 (KHTML, like Gecko; compatible; bingbot/2.0; +http://www.bing.com/bingbot.htm) Chrome/116.0.1938.76 Safari/537.36"
52.167.144.189 - - [12/Jul/2025:03:14:20 +0700] "GET /news/dafabet-dang-njap.html HTTP/2" 404 14122 "-" "Mozilla/5.0 AppleWebKit/537.36 (KHTML, like Gecko; compatible; bingbot/2.0; +http://www.bing.com/bingbot.htm) Chrome/116.0.1938.76 Safari/537.36"
103.57.221.79 - - [12/Jul/2025:03:15:00 +0700] "POST /wp-cron.php?doing_wp_cron=1752264900.8947710990905761718750 HTTP/1.1" 200 0 "-" "WordPress/6.8.1; https://onesmart.com.vn"
52.167.144.189 - - [12/Jul/2025:03:16:21 +0700] "GET /app/8069134/ HTTP/2" 404 14084 "-" "Mozilla/5.0 AppleWebKit/537.36 (KHTML, like Gecko; compatible; bingbot/2.0; +http://www.bing.com/bingbot.htm) Chrome/116.0.1938.76 Safari/537.36"
52.167.144.164 - - [12/Jul/2025:03:16:59 +0700] "GET /news/0596821/ HTTP/2" 404 14113 "-" "Mozilla/5.0 AppleWebKit/537.36 (KHTML, like Gecko; compatible; bingbot/2.0; +http://www.bing.com/bingbot.htm) Chrome/116.0.1938.76 Safari/537.36"
40.77.167.156 - - [12/Jul/2025:03:19:28 +0700] "GET /news/4159608/ HTTP/2" 404 14121 "-" "Mozilla/5.0 AppleWebKit/537.36 (KHTML, like Gecko; compatible; bingbot/2.0; +http://www.bing.com/bingbot.htm) Chrome/116.0.1938.76 Safari/537.36"
40.77.167.54 - - [12/Jul/2025:03:20:30 +0700] "GET /news/2561394/ HTTP/2" 301 0 "-" "Mozilla/5.0 AppleWebKit/537.36 (KHTML, like Gecko; compatible; bingbot/2.0; +http://www.bing.com/bingbot.htm) Chrome/116.0.1938.76 Safari/537.36"
40.77.167.156 - - [12/Jul/2025:03:22:39 +0700] "GET /news/8907426/ HTTP/2" 301 0 "-" "Mozilla/5.0 AppleWebKit/537.36 (KHTML, like Gecko; compatible; bingbot/2.0; +http://www.bing.com/bingbot.htm) Chrome/116.0.1938.76 Safari/537.36"
103.57.221.79 - - [12/Jul/2025:03:25:01 +0700] "POST /wp-cron.php?doing_wp_cron=1752265501.2069709300994873046875 HTTP/1.1" 200 0 "-" "WordPress/6.8.1; https://onesmart.com.vn"
103.57.221.79 - - [12/Jul/2025:03:16:21 +0700] "POST /wp-cron.php?doing_wp_cron=1752264981.4195969104766845703125 HTTP/1.1" 200 0 "-" "WordPress/6.8.1; https://onesmart.com.vn"
52.167.144.164 - - [12/Jul/2025:03:17:49 +0700] "GET /news/9463705/ HTTP/2" 404 14120 "-" "Mozilla/5.0 AppleWebKit/537.36 (KHTML, like Gecko; compatible; bingbot/2.0; +http://www.bing.com/bingbot.htm) Chrome/116.0.1938.76 Safari/537.36"
103.57.221.79 - - [12/Jul/2025:03:20:30 +0700] "POST /wp-cron.php?doing_wp_cron=1752265230.9307379722595214843750 HTTP/1.1" 200 0 "-" "WordPress/6.8.1; https://onesmart.com.vn"
103.57.221.79 - - [12/Jul/2025:03:22:40 +0700] "POST /wp-cron.php?doing_wp_cron=1752265360.0014839172363281250000 HTTP/1.1" 200 0 "-" "WordPress/6.8.1; https://onesmart.com.vn"
40.77.167.54 - - [12/Jul/2025:03:22:43 +0700] "GET /news/8375240/ HTTP/2" 301 0 "-" "Mozilla/5.0 AppleWebKit/537.36 (KHTML, like Gecko; compatible; bingbot/2.0; +http://www.bing.com/bingbot.htm) Chrome/116.0.1938.76 Safari/537.36"
40.77.167.54 - - [12/Jul/2025:03:25:01 +0700] "GET /news/123win-cloud HTTP/2" 301 0 "-" "Mozilla/5.0 AppleWebKit/537.36 (KHTML, like Gecko; compatible; bingbot/2.0; +http://www.bing.com/bingbot.htm) Chrome/116.0.1938.76 Safari/537.36"
103.57.221.79 - - [12/Jul/2025:03:26:46 +0700] "POST /wp-cron.php?doing_wp_cron=1752265606.5570819377899169921875 HTTP/1.1" 200 0 "-" "WordPress/6.8.1; https://onesmart.com.vn"
103.57.221.79 - - [12/Jul/2025:03:28:51 +0700] "POST /wp-cron.php?doing_wp_cron=1752265731.9736230373382568359375 HTTP/1.1" 200 0 "-" "WordPress/6.8.1; https://onesmart.com.vn"
40.77.167.14 - - [12/Jul/2025:03:28:51 +0700] "GET /news/7463095/ HTTP/2" 404 14121 "-" "Mozilla/5.0 AppleWebKit/537.36 (KHTML, like Gecko; compatible; bingbot/2.0; +http://www.bing.com/bingbot.htm) Chrome/116.0.1938.76 Safari/537.36"
103.57.221.79 - - [12/Jul/2025:03:17:00 +0700] "POST /wp-cron.php?doing_wp_cron=1752265020.0084619522094726562500 HTTP/1.1" 200 0 "-" "WordPress/6.8.1; https://onesmart.com.vn"
103.57.221.79 - - [12/Jul/2025:03:17:49 +0700] "POST /wp-cron.php?doing_wp_cron=1752265069.8320860862731933593750 HTTP/1.1" 200 0 "-" "WordPress/6.8.1; https://onesmart.com.vn"
52.167.144.189 - - [12/Jul/2025:03:18:29 +0700] "GET /app/7085921/ HTTP/2" 404 14125 "-" "Mozilla/5.0 AppleWebKit/537.36 (KHTML, like Gecko; compatible; bingbot/2.0; +http://www.bing.com/bingbot.htm) Chrome/116.0.1938.76 Safari/537.36"
103.57.221.79 - - [12/Jul/2025:03:19:29 +0700] "POST /wp-cron.php?doing_wp_cron=1752265169.0641229152679443359375 HTTP/1.1" 200 0 "-" "WordPress/6.8.1; https://onesmart.com.vn"
40.77.167.156 - - [12/Jul/2025:03:22:39 +0700] "GET /app/5036741/ HTTP/2" 404 14127 "-" "Mozilla/5.0 AppleWebKit/537.36 (KHTML, like Gecko; compatible; bingbot/2.0; +http://www.bing.com/bingbot.htm) Chrome/116.0.1938.76 Safari/537.36"
103.57.221.79 - - [12/Jul/2025:03:22:44 +0700] "POST /wp-cron.php?doing_wp_cron=1752265364.1063280105590820312500 HTTP/1.1" 200 0 "-" "WordPress/6.8.1; https://onesmart.com.vn"
40.77.167.70 - - [12/Jul/2025:03:26:46 +0700] "GET /news/8610254/ HTTP/2" 301 0 "-" "Mozilla/5.0 AppleWebKit/537.36 (KHTML, like Gecko; compatible; bingbot/2.0; +http://www.bing.com/bingbot.htm) Chrome/116.0.1938.76 Safari/537.36"
103.57.221.79 - - [12/Jul/2025:03:30:40 +0700] "POST /wp-cron.php?doing_wp_cron=1752265840.3628389835357666015625 HTTP/1.1" 200 0 "-" "WordPress/6.8.1; https://onesmart.com.vn"
52.167.144.25 - - [12/Jul/2025:03:30:40 +0700] "GET /order2025-04-07/samsung-tablet-sim-card-slot.html HTTP/2" 404 14186 "-" "Mozilla/5.0 AppleWebKit/537.36 (KHTML, like Gecko; compatible; bingbot/2.0; +http://www.bing.com/bingbot.htm) Chrome/116.0.1938.76 Safari/537.36"
103.57.221.79 - - [12/Jul/2025:03:34:30 +0700] "POST /wp-cron.php?doing_wp_cron=1752266070.9552741050720214843750 HTTP/1.1" 200 0 "-" "WordPress/6.8.1; https://onesmart.com.vn"
103.57.221.79 - - [12/Jul/2025:03:34:35 +0700] "POST /wp-cron.php?doing_wp_cron=1752266075.2580780982971191406250 HTTP/1.1" 200 0 "-" "WordPress/6.8.1; https://onesmart.com.vn"
66.249.65.71 - - [12/Jul/2025:03:34:35 +0700] "GET /news20250321/fun88-zone-l%E1%BA%A5y-m%E1%BA%ADt-kh%E1%BA%A9u.html HTTP/1.1" 404 10774 "-" "Mozilla/5.0 (Linux; Android 6.0.1; Nexus 5X Build/MMB29P) AppleWebKit/537.36 (KHTML, like Gecko) Chrome/137.0.7151.103 Mobile Safari/537.36 (compatible; Googlebot/2.1; +http://www.google.com/bot.html)"
103.57.221.79 - - [12/Jul/2025:03:38:42 +0700] "POST /wp-cron.php?doing_wp_cron=1752266322.9205880165100097656250 HTTP/1.1" 200 0 "-" "WordPress/6.8.1; https://onesmart.com.vn"
52.167.144.161 - - [12/Jul/2025:03:38:42 +0700] "GET /news/1039476/ HTTP/2" 301 0 "-" "Mozilla/5.0 AppleWebKit/537.36 (KHTML, like Gecko; compatible; bingbot/2.0; +http://www.bing.com/bingbot.htm) Chrome/116.0.1938.76 Safari/537.36"
47.128.121.125 - - [12/Jul/2025:03:39:22 +0700] "GET /Casino_DkkTne/ HTTP/2" 404 10730 "-" "Mozilla/5.0 (Linux; Android 5.0) AppleWebKit/537.36 (KHTML, like Gecko) Mobile Safari/537.36 (compatible; TikTokSpider; ttspider-feedback@tiktok.com)"
47.128.121.125 - - [12/Jul/2025:03:39:24 +0700] "GET /wp-content/litespeed/css/932c380413f16c9047070a983ff06393.css?ver=95972 HTTP/2" 200 71468 "https://onesmart.com.vn/Casino_DkkTne/" "Mozilla/5.0 (Linux; Android 5.0) AppleWebKit/537.36 (KHTML, like Gecko) Mobile Safari/537.36 (compatible; TikTokSpider; ttspider-feedback@tiktok.com)"
47.128.121.125 - - [12/Jul/2025:03:39:26 +0700] "POST /wp-content/plugins/litespeed-cache/guest.vary.php HTTP/2" 200 20 "https://onesmart.com.vn/Casino_DkkTne/" "Mozilla/5.0 (Linux; Android 5.0) AppleWebKit/537.36 (KHTML, like Gecko) Mobile Safari/537.36 (compatible; TikTokSpider; ttspider-feedback@tiktok.com)"
47.128.121.125 - - [12/Jul/2025:03:39:26 +0700] "GET /Casino_DkkTne/ HTTP/2" 404 18374 "https://onesmart.com.vn/Casino_DkkTne/" "Mozilla/5.0 (Linux; Android 5.0) AppleWebKit/537.36 (KHTML, like Gecko) Mobile Safari/537.36 (compatible; TikTokSpider; ttspider-feedback@tiktok.com)"
47.128.121.125 - - [12/Jul/2025:03:39:28 +0700] "GET /wp-content/plugins/contact-form-7/includes/css/styles.css?ver=6.1 HTTP/2" 200 899 "https://onesmart.com.vn/Casino_DkkTne/" "Mozilla/5.0 (Linux; Android 5.0) AppleWebKit/537.36 (KHTML, like Gecko) Mobile Safari/537.36 (compatible; TikTokSpider; ttspider-feedback@tiktok.com)"
47.128.121.125 - - [12/Jul/2025:03:39:28 +0700] "GET /wp-content/plugins/Simple-Contact//assets/css/style.css?ver=6.8.1 HTTP/2" 200 16591 "https://onesmart.com.vn/Casino_DkkTne/" "Mozilla/5.0 (Linux; Android 5.0) AppleWebKit/537.36 (KHTML, like Gecko) Mobile Safari/537.36 (compatible; TikTokSpider; ttspider-feedback@tiktok.com)"
47.128.121.125 - - [12/Jul/2025:03:39:29 +0700] "GET /wp-content/plugins/wordpress-popular-posts/assets/css/wpp.css?ver=7.3.3 HTTP/2" 200 520 "https://onesmart.com.vn/Casino_DkkTne/" "Mozilla/5.0 (Linux; Android 5.0) AppleWebKit/537.36 (KHTML, like Gecko) Mobile Safari/537.36 (compatible; TikTokSpider; ttspider-feedback@tiktok.com)"
47.128.121.125 - - [12/Jul/2025:03:39:29 +0700] "GET /wp-content/plugins/related-posts-by-taxonomy/includes/assets/css/styles.css?ver=6.8.1 HTTP/2" 200 225 "https://onesmart.com.vn/Casino_DkkTne/" "Mozilla/5.0 (Linux; Android 5.0) AppleWebKit/537.36 (KHTML, like Gecko) Mobile Safari/537.36 (compatible; TikTokSpider; ttspider-feedback@tiktok.com)"
47.128.121.125 - - [12/Jul/2025:03:39:29 +0700] "GET /wp-content/plugins/woocommerce/assets/css/brands.css?ver=9.9.5 HTTP/2" 200 579 "https://onesmart.com.vn/Casino_DkkTne/" "Mozilla/5.0 (Linux; Android 5.0) AppleWebKit/537.36 (KHTML, like Gecko) Mobile Safari/537.36 (compatible; TikTokSpider; ttspider-feedback@tiktok.com)"
52.167.144.24 - - [12/Jul/2025:03:34:30 +0700] "GET /san-pham/bo-dieu-khien-cua-cuon-thong-minh-nat-d-platinum/ HTTP/2" 200 21531 "-" "Mozilla/5.0 AppleWebKit/537.36 (KHTML, like Gecko; compatible; bingbot/2.0; +http://www.bing.com/bingbot.htm) Chrome/116.0.1938.76 Safari/537.36"
103.57.221.79 - - [12/Jul/2025:03:39:14 +0700] "POST /wp-cron.php?doing_wp_cron=1752266354.5678439140319824218750 HTTP/1.1" 200 0 "-" "WordPress/6.8.1; https://onesmart.com.vn"
103.57.221.79 - - [12/Jul/2025:03:40:33 +0700] "POST /wp-cron.php?doing_wp_cron=1752266433.4478950500488281250000 HTTP/1.1" 200 0 "-" "WordPress/6.8.1; https://onesmart.com.vn"
66.249.71.98 - - [12/Jul/2025:03:43:29 +0700] "GET /order2025-03-21/soi-cau-kubet-3.html HTTP/1.1" 404 10745 "-" "Mozilla/5.0 (Linux; Android 6.0.1; Nexus 5X Build/MMB29P) AppleWebKit/537.36 (KHTML, like Gecko) Chrome/137.0.7151.103 Mobile Safari/537.36 (compatible; Googlebot/2.1; +http://www.google.com/bot.html)"
40.77.167.14 - - [12/Jul/2025:03:44:42 +0700] "GET /news/iwin-club-data.html HTTP/2" 404 14145 "-" "Mozilla/5.0 AppleWebKit/537.36 (KHTML, like Gecko; compatible; bingbot/2.0; +http://www.bing.com/bingbot.htm) Chrome/116.0.1938.76 Safari/537.36"
103.57.221.79 - - [12/Jul/2025:03:45:53 +0700] "POST /wp-cron.php?doing_wp_cron=1752266753.5880429744720458984375 HTTP/1.1" 200 0 "-" "WordPress/6.8.1; https://onesmart.com.vn"
103.57.221.79 - - [12/Jul/2025:03:35:11 +0700] "POST /wp-cron.php?doing_wp_cron=1752266111.4848079681396484375000 HTTP/1.1" 200 0 "-" "WordPress/6.8.1; https://onesmart.com.vn"
66.249.71.97 - - [12/Jul/2025:03:35:11 +0700] "GET /app2025-03-21/vn-shbet HTTP/1.1" 404 10714 "-" "Mozilla/5.0 (Linux; Android 6.0.1; Nexus 5X Build/MMB29P) AppleWebKit/537.36 (KHTML, like Gecko) Chrome/137.0.7151.103 Mobile Safari/537.36 (compatible; Googlebot/2.1; +http://www.google.com/bot.html)"
40.77.167.7 - - [12/Jul/2025:03:39:14 +0700] "GET /app20250331/Esports-vinclub.html HTTP/2" 404 14165 "-" "Mozilla/5.0 AppleWebKit/537.36 (KHTML, like Gecko; compatible; bingbot/2.0; +http://www.bing.com/bingbot.htm) Chrome/116.0.1938.76 Safari/537.36"
52.167.144.25 - - [12/Jul/2025:03:40:33 +0700] "GET /app/2437058/ HTTP/2" 404 14134 "-" "Mozilla/5.0 AppleWebKit/537.36 (KHTML, like Gecko; compatible; bingbot/2.0; +http://www.bing.com/bingbot.htm) Chrome/116.0.1938.76 Safari/537.36"
103.57.221.79 - - [12/Jul/2025:03:41:34 +0700] "POST /wp-cron.php?doing_wp_cron=1752266494.0473721027374267578125 HTTP/1.1" 200 0 "-" "WordPress/6.8.1; https://onesmart.com.vn"
40.77.167.7 - - [12/Jul/2025:03:41:33 +0700] "GET /news/8745013/ HTTP/2" 404 14121 "-" "Mozilla/5.0 AppleWebKit/537.36 (KHTML, like Gecko; compatible; bingbot/2.0; +http://www.bing.com/bingbot.htm) Chrome/116.0.1938.76 Safari/537.36"
52.167.144.161 - - [12/Jul/2025:03:41:42 +0700] "GET /app/5062749/ HTTP/2" 301 0 "-" "Mozilla/5.0 AppleWebKit/537.36 (KHTML, like Gecko; compatible; bingbot/2.0; +http://www.bing.com/bingbot.htm) Chrome/116.0.1938.76 Safari/537.36"
103.57.221.79 - - [12/Jul/2025:03:43:23 +0700] "POST /wp-cron.php?doing_wp_cron=1752266603.9330339431762695312500 HTTP/1.1" 200 0 "-" "WordPress/6.8.1; https://onesmart.com.vn"
103.57.221.79 - - [12/Jul/2025:03:43:47 +0700] "POST /wp-cron.php?doing_wp_cron=1752266627.1780090332031250000000 HTTP/1.1" 200 0 "-" "WordPress/6.8.1; https://onesmart.com.vn"
103.57.221.79 - - [12/Jul/2025:03:44:42 +0700] "POST /wp-cron.php?doing_wp_cron=1752266682.3583889007568359375000 HTTP/1.1" 200 0 "-" "WordPress/6.8.1; https://onesmart.com.vn"
103.57.221.79 - - [12/Jul/2025:03:45:35 +0700] "POST /wp-cron.php?doing_wp_cron=1752266735.2137460708618164062500 HTTP/1.1" 200 0 "-" "WordPress/6.8.1; https://onesmart.com.vn"
47.128.121.125 - - [12/Jul/2025:03:39:30 +0700] "GET /wp-content/themes/flatsome/assets/css/flatsome.css?ver=3.17.7 HTTP/2" 200 28041 "https://onesmart.com.vn/Casino_DkkTne/" "Mozilla/5.0 (Linux; Android 5.0) AppleWebKit/537.36 (KHTML, like Gecko) Mobile Safari/537.36 (compatible; TikTokSpider; ttspider-feedback@tiktok.com)"
47.128.121.125 - - [12/Jul/2025:03:39:30 +0700] "GET /wp-content/themes/flatsome/assets/css/flatsome-shop.css?ver=3.17.7 HTTP/2" 200 5385 "https://onesmart.com.vn/Casino_DkkTne/" "Mozilla/5.0 (Linux; Android 5.0) AppleWebKit/537.36 (KHTML, like Gecko) Mobile Safari/537.36 (compatible; TikTokSpider; ttspider-feedback@tiktok.com)"
47.128.121.125 - - [12/Jul/2025:03:39:30 +0700] "GET /wp-content/themes/flatsome-child/style.css?ver=3.11.3 HTTP/2" 200 4237 "https://onesmart.com.vn/Casino_DkkTne/" "Mozilla/5.0 (Linux; Android 5.0) AppleWebKit/537.36 (KHTML, like Gecko) Mobile Safari/537.36 (compatible; TikTokSpider; ttspider-feedback@tiktok.com)"
47.128.121.125 - - [12/Jul/2025:03:39:31 +0700] "GET /wp-content/plugins/woocommerce/assets/client/blocks/wc-blocks.css?ver=wc-9.9.5 HTTP/2" 200 2356 "https://onesmart.com.vn/Casino_DkkTne/" "Mozilla/5.0 (Linux; Android 5.0) AppleWebKit/537.36 (KHTML, like Gecko) Mobile Safari/537.36 (compatible; TikTokSpider; ttspider-feedback@tiktok.com)"
103.57.221.79 - - [12/Jul/2025:03:41:42 +0700] "POST /wp-cron.php?doing_wp_cron=1752266502.5683069229125976562500 HTTP/1.1" 200 0 "-" "WordPress/6.8.1; https://onesmart.com.vn"
47.128.122.126 - - [12/Jul/2025:03:43:23 +0700] "GET /Video_neJWo/ HTTP/2" 404 10724 "-" "Mozilla/5.0 (Linux; Android 5.0) AppleWebKit/537.36 (KHTML, like Gecko) Mobile Safari/537.36 (compatible; TikTokSpider; ttspider-feedback@tiktok.com)"
47.128.122.126 - - [12/Jul/2025:03:43:26 +0700] "POST /wp-content/plugins/litespeed-cache/guest.vary.php HTTP/2" 200 20 "https://onesmart.com.vn/Video_neJWo/" "Mozilla/5.0 (Linux; Android 5.0) AppleWebKit/537.36 (KHTML, like Gecko) Mobile Safari/537.36 (compatible; TikTokSpider; ttspider-feedback@tiktok.com)"
47.128.122.126 - - [12/Jul/2025:03:43:27 +0700] "GET /Video_neJWo/ HTTP/2" 404 18375 "https://onesmart.com.vn/Video_neJWo/" "Mozilla/5.0 (Linux; Android 5.0) AppleWebKit/537.36 (KHTML, like Gecko) Mobile Safari/537.36 (compatible; TikTokSpider; ttspider-feedback@tiktok.com)"
173.252.83.5 - - [12/Jul/2025:03:43:47 +0700] "GET /robots.txt HTTP/2" 200 268 "-" "facebookexternalhit/1.1 (+http://www.facebook.com/externalhit_uatext.php)"
103.57.221.79 - - [12/Jul/2025:03:45:23 +0700] "POST /wp-cron.php?doing_wp_cron=1752266723.9541330337524414062500 HTTP/1.1" 200 0 "-" "WordPress/6.8.1; https://onesmart.com.vn"
52.167.144.219 - - [12/Jul/2025:03:45:23 +0700] "GET /news/b%E1%BA%A7u-cua-t%C3%B4m-c%C3%A1-online HTTP/2" 301 0 "-" "Mozilla/5.0 AppleWebKit/537.36 (KHTML, like Gecko; compatible; bingbot/2.0; +http://www.bing.com/bingbot.htm) Chrome/116.0.1938.76 Safari/537.36"
40.77.167.64 - - [12/Jul/2025:03:45:35 +0700] "GET /app/c%C3%A1ch-x%C3%B3a-tk-kubet.html HTTP/2" 301 0 "-" "Mozilla/5.0 AppleWebKit/537.36 (KHTML, like Gecko; compatible; bingbot/2.0; +http://www.bing.com/bingbot.htm) Chrome/116.0.1938.76 Safari/537.36"
52.167.144.219 - - [12/Jul/2025:03:45:53 +0700] "GET /news/5260349/ HTTP/2" 301 0 "-" "Mozilla/5.0 AppleWebKit/537.36 (KHTML, like Gecko; compatible; bingbot/2.0; +http://www.bing.com/bingbot.htm) Chrome/116.0.1938.76 Safari/537.36"
103.57.221.79 - - [12/Jul/2025:03:50:55 +0700] "POST /wp-cron.php?doing_wp_cron=1752267055.0988090038299560546875 HTTP/1.1" 200 0 "-" "WordPress/6.8.1; https://onesmart.com.vn"
52.167.144.181 - - [12/Jul/2025:03:50:54 +0700] "GET /app/4618953/ HTTP/2" 404 14134 "-" "Mozilla/5.0 AppleWebKit/537.36 (KHTML, like Gecko; compatible; bingbot/2.0; +http://www.bing.com/bingbot.htm) Chrome/116.0.1938.76 Safari/537.36"
52.167.144.210 - - [12/Jul/2025:03:53:26 +0700] "GET /news/2584073/ HTTP/2" 404 14145 "-" "Mozilla/5.0 AppleWebKit/537.36 (KHTML, like Gecko; compatible; bingbot/2.0; +http://www.bing.com/bingbot.htm) Chrome/116.0.1938.76 Safari/537.36"
103.57.221.79 - - [12/Jul/2025:03:55:43 +0700] "POST /wp-cron.php?doing_wp_cron=1752267343.4893999099731445312500 HTTP/1.1" 200 0 "-" "WordPress/6.8.1; https://onesmart.com.vn"
103.57.221.79 - - [12/Jul/2025:03:56:02 +0700] "POST /wp-cron.php?doing_wp_cron=1752267362.7677381038665771484375 HTTP/1.1" 200 0 "-" "WordPress/6.8.1; https://onesmart.com.vn"
47.128.121.128 - - [12/Jul/2025:03:56:02 +0700] "GET /Video_rHYqiv/ HTTP/2" 404 10735 "-" "Mozilla/5.0 (Linux; Android 5.0) AppleWebKit/537.36 (KHTML, like Gecko) Mobile Safari/537.36 (compatible; TikTokSpider; ttspider-feedback@tiktok.com)"
47.128.121.128 - - [12/Jul/2025:03:56:06 +0700] "POST /wp-content/plugins/litespeed-cache/guest.vary.php HTTP/2" 200 20 "https://onesmart.com.vn/Video_rHYqiv/" "Mozilla/5.0 (Linux; Android 5.0) AppleWebKit/537.36 (KHTML, like Gecko) Mobile Safari/537.36 (compatible; TikTokSpider; ttspider-feedback@tiktok.com)"
47.128.121.128 - - [12/Jul/2025:03:56:06 +0700] "GET /Video_rHYqiv/ HTTP/2" 404 18337 "https://onesmart.com.vn/Video_rHYqiv/" "Mozilla/5.0 (Linux; Android 5.0) AppleWebKit/537.36 (KHTML, like Gecko) Mobile Safari/537.36 (compatible; TikTokSpider; ttspider-feedback@tiktok.com)"
52.167.144.19 - - [12/Jul/2025:03:56:23 +0700] "GET /news/3140972/ HTTP/2" 301 0 "-" "Mozilla/5.0 AppleWebKit/537.36 (KHTML, like Gecko; compatible; bingbot/2.0; +http://www.bing.com/bingbot.htm) Chrome/116.0.1938.76 Safari/537.36"
103.57.221.79 - - [12/Jul/2025:03:56:37 +0700] "POST /wp-cron.php?doing_wp_cron=1752267397.0439600944519042968750 HTTP/1.1" 200 0 "-" "WordPress/6.8.1; https://onesmart.com.vn"
66.249.90.104 - - [12/Jul/2025:03:56:39 +0700] "GET /chinh-sach-su-dung HTTP/1.1" 404 14112 "-" "PlayStore-Google"
66.249.90.104 - - [12/Jul/2025:03:56:42 +0700] "GET /chinh-sach-su-dung HTTP/1.1" 404 14144 "-" "PlayStore-Google"
66.249.90.102 - - [12/Jul/2025:03:56:43 +0700] "POST /wp-content/plugins/litespeed-cache/guest.vary.php HTTP/1.1" 200 6 "https://onesmart.com.vn/chinh-sach-su-dung" "PlayStore-Google"
66.249.90.104 - - [12/Jul/2025:03:56:43 +0700] "GET /wp-content/uploads/2019/05/arrow.png HTTP/1.1" 404 14167 "https://onesmart.com.vn/wp-content/litespeed/css/932c380413f16c9047070a983ff06393.css?ver=95972" "PlayStore-Google"
66.249.90.102 - - [12/Jul/2025:03:56:47 +0700] "GET /wp-content/plugins/wordpress-popular-posts/assets/js/wpp.min.js?ver=7.3.3 HTTP/1.1" 200 1321 "https://onesmart.com.vn/chinh-sach-su-dung" "PlayStore-Google"
66.249.90.102 - - [12/Jul/2025:03:56:49 +0700] "GET /wp-content/litespeed/js/aaa63b6789be2d980938e239d3cb07cd.js?ver=95972 HTTP/1.1" 200 49067 "https://onesmart.com.vn/chinh-sach-su-dung" "PlayStore-Google"
66.249.90.102 - - [12/Jul/2025:03:56:50 +0700] "GET /wp-content/uploads/2024/12/Logo-NAT-1--e1734061345443.png HTTP/1.1" 200 25791 "https://onesmart.com.vn/chinh-sach-su-dung" "PlayStore-Google"
52.167.144.19 - - [12/Jul/2025:03:59:03 +0700] "GET /news/9862513/ HTTP/2" 301 0 "-" "Mozilla/5.0 AppleWebKit/537.36 (KHTML, like Gecko; compatible; bingbot/2.0; +http://www.bing.com/bingbot.htm) Chrome/116.0.1938.76 Safari/537.36"
66.249.73.96 - - [12/Jul/2025:04:01:36 +0700] "GET /app/t%E1%BB%B7-l%E1%BB%87-b%C3%B3ng-%C4%91%C3%A1-k%C3%A8o-nh%C3%A0-c%C3%A1i-88 HTTP/1.1" 301 0 "-" "Mozilla/5.0 (Linux; Android 6.0.1; Nexus 5X Build/MMB29P) AppleWebKit/537.36 (KHTML, like Gecko) Chrome/137.0.7151.103 Mobile Safari/537.36 (compatible; Googlebot/2.1; +http://www.google.com/bot.html)"
103.57.221.79 - - [12/Jul/2025:03:49:33 +0700] "POST /wp-cron.php?doing_wp_cron=1752266973.8594560623168945312500 HTTP/1.1" 200 0 "-" "WordPress/6.8.1; https://onesmart.com.vn"
40.77.167.14 - - [12/Jul/2025:03:50:02 +0700] "GET /news/7m-cn-tennis.html HTTP/2" 404 14122 "-" "Mozilla/5.0 AppleWebKit/537.36 (KHTML, like Gecko; compatible; bingbot/2.0; +http://www.bing.com/bingbot.htm) Chrome/116.0.1938.76 Safari/537.36"
103.57.221.79 - - [12/Jul/2025:03:53:26 +0700] "POST /wp-cron.php?doing_wp_cron=1752267206.7234098911285400390625 HTTP/1.1" 200 0 "-" "WordPress/6.8.1; https://onesmart.com.vn"
103.57.221.79 - - [12/Jul/2025:03:53:35 +0700] "POST /wp-cron.php?doing_wp_cron=1752267215.5983700752258300781250 HTTP/1.1" 200 0 "-" "WordPress/6.8.1; https://onesmart.com.vn"
52.167.144.19 - - [12/Jul/2025:03:53:35 +0700] "GET /app/1053278/ HTTP/2" 301 0 "-" "Mozilla/5.0 AppleWebKit/537.36 (KHTML, like Gecko; compatible; bingbot/2.0; +http://www.bing.com/bingbot.htm) Chrome/116.0.1938.76 Safari/537.36"
40.77.167.55 - - [12/Jul/2025:03:53:35 +0700] "GET /news/0894127/ HTTP/2" 404 14105 "-" "Mozilla/5.0 AppleWebKit/537.36 (KHTML, like Gecko; compatible; bingbot/2.0; +http://www.bing.com/bingbot.htm) Chrome/116.0.1938.76 Safari/537.36"
103.57.221.79 - - [12/Jul/2025:03:56:42 +0700] "POST /wp-cron.php?doing_wp_cron=1752267402.2112729549407958984375 HTTP/1.1" 200 0 "-" "WordPress/6.8.1; https://onesmart.com.vn"
40.77.167.26 - - [12/Jul/2025:03:56:55 +0700] "GET /news/8437652/ HTTP/2" 301 0 "-" "Mozilla/5.0 AppleWebKit/537.36 (KHTML, like Gecko; compatible; bingbot/2.0; +http://www.bing.com/bingbot.htm) Chrome/116.0.1938.76 Safari/537.36"
103.57.221.79 - - [12/Jul/2025:03:59:03 +0700] "POST /wp-cron.php?doing_wp_cron=1752267543.4826610088348388671875 HTTP/1.1" 200 0 "-" "WordPress/6.8.1; https://onesmart.com.vn"
103.57.221.79 - - [12/Jul/2025:04:01:36 +0700] "POST /wp-cron.php?doing_wp_cron=1752267696.2687749862670898437500 HTTP/1.1" 200 0 "-" "WordPress/6.8.1; https://onesmart.com.vn"
103.57.221.79 - - [12/Jul/2025:04:01:53 +0700] "POST /wp-cron.php?doing_wp_cron=1752267713.0670089721679687500000 HTTP/1.1" 200 0 "-" "WordPress/6.8.1; https://onesmart.com.vn"
66.249.73.97 - - [12/Jul/2025:04:01:52 +0700] "GET /news/c%E1%BA%B7p-l%C3%B4-%C4%91%E1%BA%B9p-nh%E1%BA%A5t-h%C3%B4m-nay HTTP/1.1" 301 0 "-" "Mozilla/5.0 (Linux; Android 6.0.1; Nexus 5X Build/MMB29P) AppleWebKit/537.36 (KHTML, like Gecko) Chrome/137.0.7151.103 Mobile Safari/537.36 (compatible; Googlebot/2.1; +http://www.google.com/bot.html)"
66.249.65.72 - - [12/Jul/2025:04:02:17 +0700] "GET /game2025-03-22/w88-gold.html HTTP/1.1" 404 10738 "-" "Mozilla/5.0 (Linux; Android 6.0.1; Nexus 5X Build/MMB29P) AppleWebKit/537.36 (KHTML, like Gecko) Chrome/137.0.7151.103 Mobile Safari/537.36 (compatible; Googlebot/2.1; +http://www.google.com/bot.html)"
66.249.71.99 - - [12/Jul/2025:04:02:19 +0700] "GET /news2025-03-15/loa-aw-w88.html HTTP/1.1" 404 10749 "-" "Mozilla/5.0 (Linux; Android 6.0.1; Nexus 5X Build/MMB29P) AppleWebKit/537.36 (KHTML, like Gecko) Chrome/137.0.7151.103 Mobile Safari/537.36 (compatible; Googlebot/2.1; +http://www.google.com/bot.html)"
66.249.65.70 - - [12/Jul/2025:04:02:28 +0700] "GET /game20250321/tr%E1%BB%B1c-ti%E1%BA%BFp-%C4%91%C3%A1-g%C3%A0-net88.html HTTP/1.1" 404 10775 "-" "Mozilla/5.0 (Linux; Android 6.0.1; Nexus 5X Build/MMB29P) AppleWebKit/537.36 (KHTML, like Gecko) Chrome/137.0.7151.103 Mobile Safari/537.36 (compatible; Googlebot/2.1; +http://www.google.com/bot.html)"
66.249.65.70 - - [12/Jul/2025:04:02:29 +0700] "GET /app2025-03-20/trang-ca-cupc-the-thao-bet88.html HTTP/1.1" 404 10763 "-" "Mozilla/5.0 (Linux; Android 6.0.1; Nexus 5X Build/MMB29P) AppleWebKit/537.36 (KHTML, like Gecko) Chrome/137.0.7151.103 Mobile Safari/537.36 (compatible; Googlebot/2.1; +http://www.google.com/bot.html)"
52.167.144.181 - - [12/Jul/2025:03:49:33 +0700] "GET /app/5679821/ HTTP/2" 404 14095 "-" "Mozilla/5.0 AppleWebKit/537.36 (KHTML, like Gecko; compatible; bingbot/2.0; +http://www.bing.com/bingbot.htm) Chrome/116.0.1938.76 Safari/537.36"
103.57.221.79 - - [12/Jul/2025:03:50:02 +0700] "POST /wp-cron.php?doing_wp_cron=1752267002.2343409061431884765625 HTTP/1.1" 200 0 "-" "WordPress/6.8.1; https://onesmart.com.vn"
103.57.221.79 - - [12/Jul/2025:03:51:56 +0700] "POST /wp-cron.php?doing_wp_cron=1752267116.2968049049377441406250 HTTP/1.1" 200 0 "-" "WordPress/6.8.1; https://onesmart.com.vn"
52.167.144.210 - - [12/Jul/2025:03:51:56 +0700] "GET /game/9804375/ HTTP/2" 404 14127 "-" "Mozilla/5.0 AppleWebKit/537.36 (KHTML, like Gecko; compatible; bingbot/2.0; +http://www.bing.com/bingbot.htm) Chrome/116.0.1938.76 Safari/537.36"
40.77.167.116 - - [12/Jul/2025:03:55:43 +0700] "GET /news/9384510/ HTTP/2" 404 14122 "-" "Mozilla/5.0 AppleWebKit/537.36 (KHTML, like Gecko; compatible; bingbot/2.0; +http://www.bing.com/bingbot.htm) Chrome/116.0.1938.76 Safari/537.36"
52.167.144.210 - - [12/Jul/2025:03:56:36 +0700] "GET /app/4970658/ HTTP/2" 404 14135 "-" "Mozilla/5.0 AppleWebKit/537.36 (KHTML, like Gecko; compatible; bingbot/2.0; +http://www.bing.com/bingbot.htm) Chrome/116.0.1938.76 Safari/537.36"
66.249.90.103 - - [12/Jul/2025:03:56:48 +0700] "GET /wp-includes/js/jquery/jquery.min.js?ver=3.7.1 HTTP/1.1" 200 29744 "https://onesmart.com.vn/chinh-sach-su-dung" "PlayStore-Google"
103.57.221.79 - - [12/Jul/2025:03:56:49 +0700] "POST /wp-cron.php?doing_wp_cron=1752267409.9478240013122558593750 HTTP/1.1" 200 0 "-" "WordPress/6.8.1; https://onesmart.com.vn"
66.249.90.103 - - [12/Jul/2025:03:56:49 +0700] "POST /?wc-ajax=get_refreshed_fragments HTTP/1.1" 200 329 "https://onesmart.com.vn/chinh-sach-su-dung" "PlayStore-Google"
66.249.90.103 - - [12/Jul/2025:03:56:50 +0700] "GET /wp-content/uploads/2024/12/Logo-NAT-1--e1734061345443-300x167.png HTTP/1.1" 200 17649 "https://onesmart.com.vn/chinh-sach-su-dung" "PlayStore-Google"
66.249.65.72 - - [12/Jul/2025:04:01:38 +0700] "GET /order/soi-c%E1%BA%A7u-b%E1%BA%A1c-nh%E1%BB%9B-mi%E1%BB%81n-nam HTTP/1.1" 404 10735 "-" "Mozilla/5.0 (Linux; Android 6.0.1; Nexus 5X Build/MMB29P) AppleWebKit/537.36 (KHTML, like Gecko) Chrome/137.0.7151.103 Mobile Safari/537.36 (compatible; Googlebot/2.1; +http://www.google.com/bot.html)"
66.249.65.71 - - [12/Jul/2025:04:01:53 +0700] "GET /news/c%E1%BA%B7p-l%C3%B4-%C4%91%E1%BA%B9p-nh%E1%BA%A5t-h%C3%B4m-nay HTTP/1.1" 404 10778 "-" "Mozilla/5.0 (Linux; Android 6.0.1; Nexus 5X Build/MMB29P) AppleWebKit/537.36 (KHTML, like Gecko) Chrome/137.0.7151.103 Mobile Safari/537.36 (compatible; Googlebot/2.1; +http://www.google.com/bot.html)"
40.77.167.26 - - [12/Jul/2025:04:02:07 +0700] "GET /app/4386712/ HTTP/2" 301 0 "-" "Mozilla/5.0 AppleWebKit/537.36 (KHTML, like Gecko; compatible; bingbot/2.0; +http://www.bing.com/bingbot.htm) Chrome/116.0.1938.76 Safari/537.36"
66.249.65.70 - - [12/Jul/2025:04:02:21 +0700] "GET /order2025-03-21/77bet-ph-login.html HTTP/1.1" 404 10737 "-" "Mozilla/5.0 (Linux; Android 6.0.1; Nexus 5X Build/MMB29P) AppleWebKit/537.36 (KHTML, like Gecko) Chrome/137.0.7151.103 Mobile Safari/537.36 (compatible; Googlebot/2.1; +http://www.google.com/bot.html)"
66.249.65.71 - - [12/Jul/2025:04:02:23 +0700] "GET /news2025-03-22/123b-123b.ca.html HTTP/1.1" 404 10738 "-" "Mozilla/5.0 (Linux; Android 6.0.1; Nexus 5X Build/MMB29P) AppleWebKit/537.36 (KHTML, like Gecko) Chrome/137.0.7151.103 Mobile Safari/537.36 (compatible; Googlebot/2.1; +http://www.google.com/bot.html)"
66.249.71.97 - - [12/Jul/2025:04:02:33 +0700] "GET /game20250321/m88-mansion-nh%C3%A0-c%C3%A1i-c%C3%A1-c%C6%B0%E1%BB%A3c-b%C3%B3ng-%C4%91%C3%A1.html HTTP/1.1" 404 10799 "-" "Mozilla/5.0 (Linux; Android 6.0.1; Nexus 5X Build/MMB29P) AppleWebKit/537.36 (KHTML, like Gecko) Chrome/137.0.7151.103 Mobile Safari/537.36 (compatible; Googlebot/2.1; +http://www.google.com/bot.html)"
66.249.65.71 - - [12/Jul/2025:04:01:36 +0700] "GET /app/t%E1%BB%B7-l%E1%BB%87-b%C3%B3ng-%C4%91%C3%A1-k%C3%A8o-nh%C3%A0-c%C3%A1i-88 HTTP/1.1" 404 10779 "-" "Mozilla/5.0 (Linux; Android 6.0.1; Nexus 5X Build/MMB29P) AppleWebKit/537.36 (KHTML, like Gecko) Chrome/137.0.7151.103 Mobile Safari/537.36 (compatible; Googlebot/2.1; +http://www.google.com/bot.html)"
66.249.73.96 - - [12/Jul/2025:04:01:38 +0700] "GET /order/soi-c%E1%BA%A7u-b%E1%BA%A1c-nh%E1%BB%9B-mi%E1%BB%81n-nam HTTP/1.1" 301 0 "-" "Mozilla/5.0 (Linux; Android 6.0.1; Nexus 5X Build/MMB29P) AppleWebKit/537.36 (KHTML, like Gecko) Chrome/137.0.7151.103 Mobile Safari/537.36 (compatible; Googlebot/2.1; +http://www.google.com/bot.html)"
66.249.73.97 - - [12/Jul/2025:04:02:30 +0700] "GET /news/game-123-tro-choi HTTP/1.1" 301 0 "-" "Mozilla/5.0 (Linux; Android 6.0.1; Nexus 5X Build/MMB29P) AppleWebKit/537.36 (KHTML, like Gecko) Chrome/137.0.7151.103 Mobile Safari/537.36 (compatible; Googlebot/2.1; +http://www.google.com/bot.html)"
103.57.221.79 - - [12/Jul/2025:04:02:32 +0700] "POST /wp-cron.php?doing_wp_cron=1752267752.3229310512542724609375 HTTP/1.1" 200 0 "-" "WordPress/6.8.1; https://onesmart.com.vn"
66.249.65.70 - - [12/Jul/2025:04:02:41 +0700] "GET /game2025-03-22/iwin-foot-massage-reviews.html HTTP/1.1" 404 10759 "-" "Mozilla/5.0 (Linux; Android 6.0.1; Nexus 5X Build/MMB29P) AppleWebKit/537.36 (KHTML, like Gecko) Chrome/137.0.7151.103 Mobile Safari/537.36 (compatible; Googlebot/2.1; +http://www.google.com/bot.html)"
