66.249.65.70 - - [12/Jul/2025:04:02:43 +0700] "GET /order/bj88-%C4%91%C3%A1-g%C3%A0 HTTP/1.1" 404 10742 "-" "Mozilla/5.0 (Linux; Android 6.0.1; Nexus 5X Build/MMB29P) AppleWebKit/537.36 (KHTML, like Gecko) Chrome/137.0.7151.103 Mobile Safari/537.36 (compatible; Googlebot/2.1; +http://www.google.com/bot.html)"
103.57.221.79 - - [12/Jul/2025:04:02:44 +0700] "POST /wp-cron.php?doing_wp_cron=1752267764.9237771034240722656250 HTTP/1.1" 200 0 "-" "WordPress/6.8.1; https://onesmart.com.vn"
66.249.65.70 - - [12/Jul/2025:04:02:45 +0700] "GET /app20250320/Gi%E1%BB%9Bi-thi%E1%BB%87u-five88.html HTTP/1.1" 404 10748 "-" "Mozilla/5.0 (Linux; Android 6.0.1; Nexus 5X Build/MMB29P) AppleWebKit/537.36 (KHTML, like Gecko) Chrome/137.0.7151.103 Mobile Safari/537.36 (compatible; Googlebot/2.1; +http://www.google.com/bot.html)"
66.249.65.72 - - [12/Jul/2025:04:03:02 +0700] "GET /news20250320/bamboo-qh88.html HTTP/1.1" 404 10723 "-" "Mozilla/5.0 (Linux; Android 6.0.1; Nexus 5X Build/MMB29P) AppleWebKit/537.36 (KHTML, like Gecko) Chrome/137.0.7151.103 Mobile Safari/537.36 (compatible; Googlebot/2.1; +http://www.google.com/bot.html)"
66.249.71.102 - - [12/Jul/2025:04:03:32 +0700] "GET /app/cakhia-rakhoi HTTP/1.1" 301 0 "-" "Mozilla/5.0 (Linux; Android 6.0.1; Nexus 5X Build/MMB29P) AppleWebKit/537.36 (KHTML, like Gecko) Chrome/137.0.7151.103 Mobile Safari/537.36 (compatible; Googlebot/2.1; +http://www.google.com/bot.html)"
66.249.65.70 - - [12/Jul/2025:04:03:36 +0700] "GET /app/cakhia-rakhoi HTTP/1.1" 404 10732 "-" "Mozilla/5.0 (Linux; Android 6.0.1; Nexus 5X Build/MMB29P) AppleWebKit/537.36 (KHTML, like Gecko) Chrome/137.0.7151.103 Mobile Safari/537.36 (compatible; Googlebot/2.1; +http://www.google.com/bot.html)"
66.249.65.70 - - [12/Jul/2025:04:03:41 +0700] "GET /app2025-03-20/game-b%C3%A0i-%C4%91%E1%BB%95i-th%C6%B0%E1%BB%9Fng-today.html HTTP/1.1" 404 10771 "-" "Mozilla/5.0 (Linux; Android 6.0.1; Nexus 5X Build/MMB29P) AppleWebKit/537.36 (KHTML, like Gecko) Chrome/137.0.7151.103 Mobile Safari/537.36 (compatible; Googlebot/2.1; +http://www.google.com/bot.html)"
103.57.221.79 - - [12/Jul/2025:04:03:42 +0700] "POST /wp-cron.php?doing_wp_cron=1752267822.5783419609069824218750 HTTP/1.1" 200 0 "-" "WordPress/6.8.1; https://onesmart.com.vn"
66.249.65.70 - - [12/Jul/2025:04:03:42 +0700] "GET /news20250323/%C4%91%C3%A1-g%C3%A0-vi%E1%BB%87t-nam.html HTTP/1.1" 404 10794 "-" "Mozilla/5.0 (Linux; Android 6.0.1; Nexus 5X Build/MMB29P) AppleWebKit/537.36 (KHTML, like Gecko) Chrome/137.0.7151.103 Mobile Safari/537.36 (compatible; Googlebot/2.1; +http://www.google.com/bot.html)"
66.249.65.70 - - [12/Jul/2025:04:02:30 +0700] "GET /news/game-123-tro-choi HTTP/1.1" 404 10756 "-" "Mozilla/5.0 (Linux; Android 6.0.1; Nexus 5X Build/MMB29P) AppleWebKit/537.36 (KHTML, like Gecko) Chrome/137.0.7151.103 Mobile Safari/537.36 (compatible; Googlebot/2.1; +http://www.google.com/bot.html)"
66.249.65.70 - - [12/Jul/2025:04:02:32 +0700] "GET /mobile2025-03-16/nh%E1%BA%ADn-%C4%91%E1%BB%8Bnh-b%C3%B3ng-%C4%91%C3%A1-wap.html HTTP/1.1" 404 10779 "-" "Mozilla/5.0 (Linux; Android 6.0.1; Nexus 5X Build/MMB29P) AppleWebKit/537.36 (KHTML, like Gecko) Chrome/137.0.7151.103 Mobile Safari/537.36 (compatible; Googlebot/2.1; +http://www.google.com/bot.html)"
66.249.65.70 - - [12/Jul/2025:04:02:34 +0700] "GET /news2025-03-14/soi-cau-888-mien-phi.html HTTP/1.1" 404 10749 "-" "Mozilla/5.0 (Linux; Android 6.0.1; Nexus 5X Build/MMB29P) AppleWebKit/537.36 (KHTML, like Gecko) Chrome/137.0.7151.103 Mobile Safari/537.36 (compatible; Googlebot/2.1; +http://www.google.com/bot.html)"
66.249.65.70 - - [12/Jul/2025:04:02:34 +0700] "GET /hot20250319/Ch%C3%ADnh-s%C3%A1ch-b%E1%BA%A3o-m%E1%BA%ADt-Betfair.html HTTP/1.1" 404 10778 "-" "Mozilla/5.0 (Linux; Android 6.0.1; Nexus 5X Build/MMB29P) AppleWebKit/537.36 (KHTML, like Gecko) Chrome/137.0.7151.103 Mobile Safari/537.36 (compatible; Googlebot/2.1; +http://www.google.com/bot.html)"
66.249.71.97 - - [12/Jul/2025:04:02:56 +0700] "GET /game/c%C3%A1ch-v%C3%A0o-ti%E1%BB%81n-d%C3%A0n-de-64-s%E1%BB%91 HTTP/1.1" 404 10747 "-" "Mozilla/5.0 (Linux; Android 6.0.1; Nexus 5X Build/MMB29P) AppleWebKit/537.36 (KHTML, like Gecko) Chrome/137.0.7151.103 Mobile Safari/537.36 (compatible; Googlebot/2.1; +http://www.google.com/bot.html)"
66.249.71.97 - - [12/Jul/2025:04:03:13 +0700] "GET /order20250325/win88-casino-login-register.html HTTP/1.1" 404 10739 "-" "Mozilla/5.0 (Linux; Android 6.0.1; Nexus 5X Build/MMB29P) AppleWebKit/537.36 (KHTML, like Gecko) Chrome/137.0.7151.103 Mobile Safari/537.36 (compatible; Googlebot/2.1; +http://www.google.com/bot.html)"
103.57.221.79 - - [12/Jul/2025:04:03:32 +0700] "POST /wp-cron.php?doing_wp_cron=1752267812.3536329269409179687500 HTTP/1.1" 200 0 "-" "WordPress/6.8.1; https://onesmart.com.vn"
103.57.221.79 - - [12/Jul/2025:04:03:50 +0700] "POST /wp-cron.php?doing_wp_cron=1752267830.3360810279846191406250 HTTP/1.1" 200 0 "-" "WordPress/6.8.1; https://onesmart.com.vn"
66.249.71.97 - - [12/Jul/2025:04:04:21 +0700] "GET /hot20250322/hi88-caulacbothethao.html HTTP/1.1" 404 10751 "-" "Mozilla/5.0 (Linux; Android 6.0.1; Nexus 5X Build/MMB29P) AppleWebKit/537.36 (KHTML, like Gecko) Chrome/137.0.7151.103 Mobile Safari/537.36 (compatible; Googlebot/2.1; +http://www.google.com/bot.html)"
66.249.65.70 - - [12/Jul/2025:04:04:34 +0700] "GET /hot20250323/123b-app-123b-app-123b.html HTTP/1.1" 404 10740 "-" "Mozilla/5.0 (Linux; Android 6.0.1; Nexus 5X Build/MMB29P) AppleWebKit/537.36 (KHTML, like Gecko) Chrome/137.0.7151.103 Mobile Safari/537.36 (compatible; Googlebot/2.1; +http://www.google.com/bot.html)"
66.249.71.101 - - [12/Jul/2025:04:04:52 +0700] "GET /hot/Queen-79-Game-B%C3%A0i-1-%C4%90%E1%BB%95i-1 HTTP/1.1" 301 0 "-" "Mozilla/5.0 (Linux; Android 6.0.1; Nexus 5X Build/MMB29P) AppleWebKit/537.36 (KHTML, like Gecko) Chrome/137.0.7151.103 Mobile Safari/537.36 (compatible; Googlebot/2.1; +http://www.google.com/bot.html)"
66.249.65.71 - - [12/Jul/2025:04:05:08 +0700] "GET /game/hack-n%E1%BB%95-h%C5%A9-f8bet.html HTTP/1.1" 404 10778 "-" "Mozilla/5.0 (Linux; Android 6.0.1; Nexus 5X Build/MMB29P) AppleWebKit/537.36 (KHTML, like Gecko) Chrome/137.0.7151.103 Mobile Safari/537.36 (compatible; Googlebot/2.1; +http://www.google.com/bot.html)"
103.57.221.79 - - [12/Jul/2025:04:05:35 +0700] "POST /wp-cron.php?doing_wp_cron=1752267935.2985260486602783203125 HTTP/1.1" 200 0 "-" "WordPress/6.8.1; https://onesmart.com.vn"
52.167.144.18 - - [12/Jul/2025:04:05:35 +0700] "GET /news/0528673/ HTTP/2" 301 0 "-" "Mozilla/5.0 AppleWebKit/537.36 (KHTML, like Gecko; compatible; bingbot/2.0; +http://www.bing.com/bingbot.htm) Chrome/116.0.1938.76 Safari/537.36"
66.249.73.96 - - [12/Jul/2025:04:02:38 +0700] "GET /order/bj88-%C4%91%C3%A1-g%C3%A0 HTTP/1.1" 301 0 "-" "Mozilla/5.0 (Linux; Android 6.0.1; Nexus 5X Build/MMB29P) AppleWebKit/537.36 (KHTML, like Gecko) Chrome/137.0.7151.103 Mobile Safari/537.36 (compatible; Googlebot/2.1; +http://www.google.com/bot.html)"
103.57.221.79 - - [12/Jul/2025:04:02:42 +0700] "POST /wp-cron.php?doing_wp_cron=1752267762.0207068920135498046875 HTTP/1.1" 200 0 "-" "WordPress/6.8.1; https://onesmart.com.vn"
40.77.167.116 - - [12/Jul/2025:04:02:44 +0700] "GET /news/5836174/ HTTP/2" 404 14090 "-" "Mozilla/5.0 AppleWebKit/537.36 (KHTML, like Gecko; compatible; bingbot/2.0; +http://www.bing.com/bingbot.htm) Chrome/116.0.1938.76 Safari/537.36"
66.249.71.97 - - [12/Jul/2025:04:02:49 +0700] "GET /mobile2025-03-25/Trang-ch%E1%BB%A7-J88.html HTTP/1.1" 404 10743 "-" "Mozilla/5.0 (Linux; Android 6.0.1; Nexus 5X Build/MMB29P) AppleWebKit/537.36 (KHTML, like Gecko) Chrome/137.0.7151.103 Mobile Safari/537.36 (compatible; Googlebot/2.1; +http://www.google.com/bot.html)"
66.249.65.70 - - [12/Jul/2025:04:03:06 +0700] "GET /game20250326/latin-hits-2018-club-edition.html HTTP/1.1" 404 10774 "-" "Mozilla/5.0 (Linux; Android 6.0.1; Nexus 5X Build/MMB29P) AppleWebKit/537.36 (KHTML, like Gecko) Chrome/137.0.7151.103 Mobile Safari/537.36 (compatible; Googlebot/2.1; +http://www.google.com/bot.html)"
40.77.167.14 - - [12/Jul/2025:04:03:37 +0700] "GET /news2025-03-17/galati.html HTTP/2" 404 14136 "-" "Mozilla/5.0 AppleWebKit/537.36 (KHTML, like Gecko; compatible; bingbot/2.0; +http://www.bing.com/bingbot.htm) Chrome/116.0.1938.76 Safari/537.36"
66.249.65.70 - - [12/Jul/2025:04:03:50 +0700] "GET /order20250321/fb88-choi88.html HTTP/1.1" 404 10736 "-" "Mozilla/5.0 (Linux; Android 6.0.1; Nexus 5X Build/MMB29P) AppleWebKit/537.36 (KHTML, like Gecko) Chrome/137.0.7151.103 Mobile Safari/537.36 (compatible; Googlebot/2.1; +http://www.google.com/bot.html)"
66.249.65.70 - - [12/Jul/2025:04:03:54 +0700] "GET /hot20250324/Ch%C3%ADnh-s%C3%A1ch-b%E1%BA%A3o-m%E1%BA%ADt-five88.html HTTP/1.1" 404 10775 "-" "Mozilla/5.0 (Linux; Android 6.0.1; Nexus 5X Build/MMB29P) AppleWebKit/537.36 (KHTML, like Gecko) Chrome/137.0.7151.103 Mobile Safari/537.36 (compatible; Googlebot/2.1; +http://www.google.com/bot.html)"
66.249.65.70 - - [12/Jul/2025:04:03:56 +0700] "GET /order20250321/casino-sites.html HTTP/1.1" 404 10736 "-" "Mozilla/5.0 (Linux; Android 6.0.1; Nexus 5X Build/MMB29P) AppleWebKit/537.36 (KHTML, like Gecko) Chrome/137.0.7151.103 Mobile Safari/537.36 (compatible; Googlebot/2.1; +http://www.google.com/bot.html)"
66.249.71.98 - - [12/Jul/2025:04:04:09 +0700] "GET /order/188bet-vip-z HTTP/1.1" 404 10722 "-" "Mozilla/5.0 (Linux; Android 6.0.1; Nexus 5X Build/MMB29P) AppleWebKit/537.36 (KHTML, like Gecko) Chrome/137.0.7151.103 Mobile Safari/537.36 (compatible; Googlebot/2.1; +http://www.google.com/bot.html)"
66.249.71.97 - - [12/Jul/2025:04:04:29 +0700] "GET /news20250317/ae888-nha-cai-s%E1%BB%91-1-ch%C3%A2u-%C3%A1.html HTTP/1.1" 404 10757 "-" "Mozilla/5.0 (Linux; Android 6.0.1; Nexus 5X Build/MMB29P) AppleWebKit/537.36 (KHTML, like Gecko) Chrome/137.0.7151.103 Mobile Safari/537.36 (compatible; Googlebot/2.1; +http://www.google.com/bot.html)"
103.57.221.79 - - [12/Jul/2025:04:04:33 +0700] "POST /wp-cron.php?doing_wp_cron=1752267873.2772979736328125000000 HTTP/1.1" 200 0 "-" "WordPress/6.8.1; https://onesmart.com.vn"
66.249.71.97 - - [12/Jul/2025:04:04:33 +0700] "GET /news2025-03-21/w88-zqbt.html HTTP/1.1" 404 10739 "-" "Mozilla/5.0 (Linux; Android 6.0.1; Nexus 5X Build/MMB29P) AppleWebKit/537.36 (KHTML, like Gecko) Chrome/137.0.7151.103 Mobile Safari/537.36 (compatible; Googlebot/2.1; +http://www.google.com/bot.html)"
66.249.65.70 - - [12/Jul/2025:04:05:27 +0700] "GET /mobile/vua-b%E1%BA%AFn-c%C3%A1-%C4%91%E1%BB%95i-th%C6%B0%E1%BB%9Fng HTTP/1.1" 404 10786 "-" "Mozilla/5.0 (Linux; Android 6.0.1; Nexus 5X Build/MMB29P) AppleWebKit/537.36 (KHTML, like Gecko) Chrome/137.0.7151.103 Mobile Safari/537.36 (compatible; Googlebot/2.1; +http://www.google.com/bot.html)"
66.249.71.97 - - [12/Jul/2025:04:05:35 +0700] "GET /app20250325/2-player-games-y8.html HTTP/1.1" 404 10730 "-" "Mozilla/5.0 (Linux; Android 6.0.1; Nexus 5X Build/MMB29P) AppleWebKit/537.36 (KHTML, like Gecko) Chrome/137.0.7151.103 Mobile Safari/537.36 (compatible; Googlebot/2.1; +http://www.google.com/bot.html)"
103.57.221.79 - - [12/Jul/2025:04:05:42 +0700] "POST /wp-cron.php?doing_wp_cron=1752267942.3354399204254150390625 HTTP/1.1" 200 0 "-" "WordPress/6.8.1; https://onesmart.com.vn"
66.249.71.97 - - [12/Jul/2025:04:04:04 +0700] "GET /app2025-03-25/qh88-casino-ski.html HTTP/1.1" 404 10728 "-" "Mozilla/5.0 (Linux; Android 6.0.1; Nexus 5X Build/MMB29P) AppleWebKit/537.36 (KHTML, like Gecko) Chrome/137.0.7151.103 Mobile Safari/537.36 (compatible; Googlebot/2.1; +http://www.google.com/bot.html)"
66.249.65.70 - - [12/Jul/2025:04:04:25 +0700] "GET /game20250320/d%C3%A0n-de-36-s%E1%BB%91-b%E1%BA%A5t-t%E1%BB%AD.html HTTP/1.1" 404 10754 "-" "Mozilla/5.0 (Linux; Android 6.0.1; Nexus 5X Build/MMB29P) AppleWebKit/537.36 (KHTML, like Gecko) Chrome/137.0.7151.103 Mobile Safari/537.36 (compatible; Googlebot/2.1; +http://www.google.com/bot.html)"
66.249.73.96 - - [12/Jul/2025:04:04:26 +0700] "GET /order/t%E1%BA%A1o-logo-b%C3%B3ng-%C4%91%C3%A1-online HTTP/1.1" 301 0 "-" "Mozilla/5.0 (Linux; Android 6.0.1; Nexus 5X Build/MMB29P) AppleWebKit/537.36 (KHTML, like Gecko) Chrome/137.0.7151.103 Mobile Safari/537.36 (compatible; Googlebot/2.1; +http://www.google.com/bot.html)"
66.249.65.70 - - [12/Jul/2025:04:04:27 +0700] "GET /order/t%E1%BA%A1o-logo-b%C3%B3ng-%C4%91%C3%A1-online HTTP/1.1" 404 10740 "-" "Mozilla/5.0 (Linux; Android 6.0.1; Nexus 5X Build/MMB29P) AppleWebKit/537.36 (KHTML, like Gecko) Chrome/137.0.7151.103 Mobile Safari/537.36 (compatible; Googlebot/2.1; +http://www.google.com/bot.html)"
103.57.221.79 - - [12/Jul/2025:04:04:52 +0700] "POST /wp-cron.php?doing_wp_cron=1752267892.8176379203796386718750 HTTP/1.1" 200 0 "-" "WordPress/6.8.1; https://onesmart.com.vn"
66.249.71.97 - - [12/Jul/2025:04:04:53 +0700] "GET /hot/Queen-79-Game-B%C3%A0i-1-%C4%90%E1%BB%95i-1 HTTP/1.1" 404 10768 "-" "Mozilla/5.0 (Linux; Android 6.0.1; Nexus 5X Build/MMB29P) AppleWebKit/537.36 (KHTML, like Gecko) Chrome/137.0.7151.103 Mobile Safari/537.36 (compatible; Googlebot/2.1; +http://www.google.com/bot.html)"
66.249.71.98 - - [12/Jul/2025:04:05:04 +0700] "GET /game2025-03-21/cakhiatv-giang-a-lu.html HTTP/1.1" 404 10738 "-" "Mozilla/5.0 (Linux; Android 6.0.1; Nexus 5X Build/MMB29P) AppleWebKit/537.36 (KHTML, like Gecko) Chrome/137.0.7151.103 Mobile Safari/537.36 (compatible; Googlebot/2.1; +http://www.google.com/bot.html)"
66.249.71.97 - - [12/Jul/2025:04:05:42 +0700] "GET /order/7m-cn-live-scores.html HTTP/1.1" 404 10733 "-" "Mozilla/5.0 (Linux; Android 6.0.1; Nexus 5X Build/MMB29P) AppleWebKit/537.36 (KHTML, like Gecko) Chrome/137.0.7151.103 Mobile Safari/537.36 (compatible; Googlebot/2.1; +http://www.google.com/bot.html)"
66.249.65.70 - - [12/Jul/2025:04:05:38 +0700] "GET /order20250323/m88-nh%C3%A0-c%C3%A1i-h%C3%A0ng-%C4%91%E1%BA%A7u-ch%C3%A2u-%C3%A1.html HTTP/1.1" 404 10764 "-" "Mozilla/5.0 (Linux; Android 6.0.1; Nexus 5X Build/MMB29P) AppleWebKit/537.36 (KHTML, like Gecko) Chrome/137.0.7151.103 Mobile Safari/537.36 (compatible; Googlebot/2.1; +http://www.google.com/bot.html)"
103.57.221.79 - - [12/Jul/2025:04:06:24 +0700] "POST /wp-cron.php?doing_wp_cron=1752267984.3414900302886962890625 HTTP/1.1" 200 0 "-" "WordPress/6.8.1; https://onesmart.com.vn"
52.167.144.18 - - [12/Jul/2025:04:06:24 +0700] "GET /hot20250328/kms-pico-portable.html HTTP/2" 301 0 "-" "Mozilla/5.0 AppleWebKit/537.36 (KHTML, like Gecko; compatible; bingbot/2.0; +http://www.bing.com/bingbot.htm) Chrome/116.0.1938.76 Safari/537.36"
103.57.221.79 - - [12/Jul/2025:04:06:47 +0700] "POST /wp-cron.php?doing_wp_cron=1752268007.8034238815307617187500 HTTP/1.1" 200 0 "-" "WordPress/6.8.1; https://onesmart.com.vn"
40.77.167.131 - - [12/Jul/2025:04:06:47 +0700] "GET /app/5642038/ HTTP/2" 404 14112 "-" "Mozilla/5.0 AppleWebKit/537.36 (KHTML, like Gecko; compatible; bingbot/2.0; +http://www.bing.com/bingbot.htm) Chrome/116.0.1938.76 Safari/537.36"
103.57.221.79 - - [12/Jul/2025:04:07:49 +0700] "POST /wp-cron.php?doing_wp_cron=1752268069.0538749694824218750000 HTTP/1.1" 200 0 "-" "WordPress/6.8.1; https://onesmart.com.vn"
40.77.167.14 - - [12/Jul/2025:04:07:48 +0700] "GET /game20250330/cao-thu-chot-so-mien-bac.html HTTP/2" 404 14149 "-" "Mozilla/5.0 AppleWebKit/537.36 (KHTML, like Gecko; compatible; bingbot/2.0; +http://www.bing.com/bingbot.htm) Chrome/116.0.1938.76 Safari/537.36"
66.249.71.98 - - [12/Jul/2025:04:10:41 +0700] "GET /mobile2025-03-21/m88-thethao.html HTTP/1.1" 404 17928 "-" "Mozilla/5.0 (Linux; Android 6.0.1; Nexus 5X Build/MMB29P) AppleWebKit/537.36 (KHTML, like Gecko) Chrome/137.0.7151.103 Mobile Safari/537.36 (compatible; Googlebot/2.1; +http://www.google.com/bot.html)"
66.249.65.70 - - [12/Jul/2025:04:10:41 +0700] "GET /game20250321/1xbet-cinema.html HTTP/1.1" 404 10749 "-" "Mozilla/5.0 (Linux; Android 6.0.1; Nexus 5X Build/MMB29P) AppleWebKit/537.36 (KHTML, like Gecko) Chrome/137.0.7151.103 Mobile Safari/537.36 (compatible; Googlebot/2.1; +http://www.google.com/bot.html)"
103.57.221.79 - - [12/Jul/2025:04:10:45 +0700] "POST /wp-cron.php?doing_wp_cron=1752268245.3762021064758300781250 HTTP/1.1" 200 0 "-" "WordPress/6.8.1; https://onesmart.com.vn"
66.249.71.97 - - [12/Jul/2025:04:10:51 +0700] "GET /app20250322/%C4%91%C4%83ng-k%C3%BD-qh88-qh88.html HTTP/1.1" 404 10749 "-" "Mozilla/5.0 (Linux; Android 6.0.1; Nexus 5X Build/MMB29P) AppleWebKit/537.36 (KHTML, like Gecko) Chrome/137.0.7151.103 Mobile Safari/537.36 (compatible; Googlebot/2.1; +http://www.google.com/bot.html)"
66.249.65.70 - - [12/Jul/2025:04:10:55 +0700] "GET /app20250315/bk8-football.html HTTP/1.1" 404 10747 "-" "Mozilla/5.0 (Linux; Android 6.0.1; Nexus 5X Build/MMB29P) AppleWebKit/537.36 (KHTML, like Gecko) Chrome/137.0.7151.103 Mobile Safari/537.36 (compatible; Googlebot/2.1; +http://www.google.com/bot.html)"
103.57.221.79 - - [12/Jul/2025:04:11:20 +0700] "POST /wp-cron.php?doing_wp_cron=1752268280.3837969303131103515625 HTTP/1.1" 200 0 "-" "WordPress/6.8.1; https://onesmart.com.vn"
66.249.71.97 - - [12/Jul/2025:04:11:20 +0700] "GET /mobile2025-04-03/Esports-888sport.html HTTP/1.1" 404 10726 "-" "Mozilla/5.0 (Linux; Android 6.0.1; Nexus 5X Build/MMB29P) AppleWebKit/537.36 (KHTML, like Gecko) Chrome/137.0.7151.103 Mobile Safari/537.36 (compatible; Googlebot/2.1; +http://www.google.com/bot.html)"
66.249.71.97 - - [12/Jul/2025:04:11:31 +0700] "GET /mobile20250322/b8b-casino.html HTTP/1.1" 404 10747 "-" "Mozilla/5.0 (Linux; Android 6.0.1; Nexus 5X Build/MMB29P) AppleWebKit/537.36 (KHTML, like Gecko) Chrome/137.0.7151.103 Mobile Safari/537.36 (compatible; Googlebot/2.1; +http://www.google.com/bot.html)"
87.250.224.38 - - [12/Jul/2025:04:12:06 +0700] "GET /robots.txt HTTP/1.1" 200 268 "-" "Mozilla/5.0 (compatible; YandexBot/3.0; +http://yandex.com/bots)"
66.249.71.98 - - [12/Jul/2025:04:12:06 +0700] "GET /mobile20250320/c%C3%A1ch-v%C3%A0o-12bet.html HTTP/1.1" 404 10749 "-" "Mozilla/5.0 (Linux; Android 6.0.1; Nexus 5X Build/MMB29P) AppleWebKit/537.36 (KHTML, like Gecko) Chrome/137.0.7151.103 Mobile Safari/537.36 (compatible; Googlebot/2.1; +http://www.google.com/bot.html)"
103.57.221.79 - - [12/Jul/2025:04:10:39 +0700] "POST /wp-cron.php?doing_wp_cron=1752268239.4239950180053710937500 HTTP/1.1" 200 0 "-" "WordPress/6.8.1; https://onesmart.com.vn"
66.249.65.71 - - [12/Jul/2025:04:10:39 +0700] "GET /mobile20250322/f8bet-no-hu.html HTTP/1.1" 404 10734 "-" "Mozilla/5.0 (Linux; Android 6.0.1; Nexus 5X Build/MMB29P) AppleWebKit/537.36 (KHTML, like Gecko) Chrome/137.0.7151.103 Mobile Safari/537.36 (compatible; Googlebot/2.1; +http://www.google.com/bot.html)"
66.249.65.71 - - [12/Jul/2025:04:10:40 +0700] "GET /app20250319/n%E1%BB%95-h%C5%A9-hubet.html HTTP/1.1" 404 10747 "-" "Mozilla/5.0 (Linux; Android 6.0.1; Nexus 5X Build/MMB29P) AppleWebKit/537.36 (KHTML, like Gecko) Chrome/137.0.7151.103 Mobile Safari/537.36 (compatible; Googlebot/2.1; +http://www.google.com/bot.html)"
103.57.221.79 - - [12/Jul/2025:04:10:43 +0700] "POST /wp-cron.php?doing_wp_cron=1752268243.4631459712982177734375 HTTP/1.1" 200 0 "-" "WordPress/6.8.1; https://onesmart.com.vn"
52.167.144.18 - - [12/Jul/2025:04:10:45 +0700] "GET /news/2570893/ HTTP/2" 301 0 "-" "Mozilla/5.0 AppleWebKit/537.36 (KHTML, like Gecko; compatible; bingbot/2.0; +http://www.bing.com/bingbot.htm) Chrome/116.0.1938.76 Safari/537.36"
66.249.65.70 - - [12/Jul/2025:04:10:50 +0700] "GET /game20250317/keo-bong88.con.html HTTP/1.1" 404 10748 "-" "Mozilla/5.0 (Linux; Android 6.0.1; Nexus 5X Build/MMB29P) AppleWebKit/537.36 (KHTML, like Gecko) Chrome/137.0.7151.103 Mobile Safari/537.36 (compatible; Googlebot/2.1; +http://www.google.com/bot.html)"
66.249.65.70 - - [12/Jul/2025:04:10:51 +0700] "GET /order2025-03-17/app-n%E1%BB%95-h%E1%BB%A7.html HTTP/1.1" 404 10755 "-" "Mozilla/5.0 (Linux; Android 6.0.1; Nexus 5X Build/MMB29P) AppleWebKit/537.36 (KHTML, like Gecko) Chrome/137.0.7151.103 Mobile Safari/537.36 (compatible; Googlebot/2.1; +http://www.google.com/bot.html)"
66.249.65.70 - - [12/Jul/2025:04:10:52 +0700] "GET /news2025-03-20/dafabet-chienthang.html HTTP/1.1" 404 10751 "-" "Mozilla/5.0 (Linux; Android 6.0.1; Nexus 5X Build/MMB29P) AppleWebKit/537.36 (KHTML, like Gecko) Chrome/137.0.7151.103 Mobile Safari/537.36 (compatible; Googlebot/2.1; +http://www.google.com/bot.html)"
66.249.65.70 - - [12/Jul/2025:04:10:53 +0700] "GET /order20250321/c%C3%A1ch-t%E1%BA%A3i-188bet-ios.html HTTP/1.1" 404 10761 "-" "Mozilla/5.0 (Linux; Android 6.0.1; Nexus 5X Build/MMB29P) AppleWebKit/537.36 (KHTML, like Gecko) Chrome/137.0.7151.103 Mobile Safari/537.36 (compatible; Googlebot/2.1; +http://www.google.com/bot.html)"
66.249.65.70 - - [12/Jul/2025:04:10:54 +0700] "GET /game20250322/Link-%C4%91%C4%83ng-nh%E1%BA%ADp-123Win-Th%C6%B0%E1%BB%9Fng-40k.html HTTP/1.1" 404 10757 "-" "Mozilla/5.0 (Linux; Android 6.0.1; Nexus 5X Build/MMB29P) AppleWebKit/537.36 (KHTML, like Gecko) Chrome/137.0.7151.103 Mobile Safari/537.36 (compatible; Googlebot/2.1; +http://www.google.com/bot.html)"
66.249.65.70 - - [12/Jul/2025:04:11:24 +0700] "GET /order20250323/33win-332.com.html HTTP/1.1" 404 10750 "-" "Mozilla/5.0 (Linux; Android 6.0.1; Nexus 5X Build/MMB29P) AppleWebKit/537.36 (KHTML, like Gecko) Chrome/137.0.7151.103 Mobile Safari/537.36 (compatible; Googlebot/2.1; +http://www.google.com/bot.html)"
66.249.65.70 - - [12/Jul/2025:04:12:05 +0700] "GET /hot/7m-b%C3%B3ng-%C4%91%C3%A1-7m.html HTTP/1.1" 404 10743 "-" "Mozilla/5.0 (Linux; Android 6.0.1; Nexus 5X Build/MMB29P) AppleWebKit/537.36 (KHTML, like Gecko) Chrome/137.0.7151.103 Mobile Safari/537.36 (compatible; Googlebot/2.1; +http://www.google.com/bot.html)"
66.249.65.71 - - [12/Jul/2025:04:12:10 +0700] "GET /game/5940863/ HTTP/1.1" 404 10747 "-" "Mozilla/5.0 (Linux; Android 6.0.1; Nexus 5X Build/MMB29P) AppleWebKit/537.36 (KHTML, like Gecko) Chrome/137.0.7151.103 Mobile Safari/537.36 (compatible; Googlebot/2.1; +http://www.google.com/bot.html)"
66.249.65.70 - - [12/Jul/2025:04:12:33 +0700] "GET /hot2025-03-21/22bet-bonos HTTP/1.1" 404 10743 "-" "Mozilla/5.0 (Linux; Android 6.0.1; Nexus 5X Build/MMB29P) AppleWebKit/537.36 (KHTML, like Gecko) Chrome/137.0.7151.103 Mobile Safari/537.36 (compatible; Googlebot/2.1; +http://www.google.com/bot.html)"
66.249.65.72 - - [12/Jul/2025:04:07:09 +0700] "GET /news20250321/nh%C3%A0-c%C3%A1i-s666-%E1%BB%9F-%C4%91%C3%A2u.html HTTP/1.1" 404 10765 "-" "Mozilla/5.0 (Linux; Android 6.0.1; Nexus 5X Build/MMB29P) AppleWebKit/537.36 (KHTML, like Gecko) Chrome/137.0.7151.103 Mobile Safari/537.36 (compatible; Googlebot/2.1; +http://www.google.com/bot.html)"
66.249.65.71 - - [12/Jul/2025:04:07:25 +0700] "GET /mobile2025-03-19/line-vao-fun88.html HTTP/1.1" 404 10719 "-" "Mozilla/5.0 (Linux; Android 6.0.1; Nexus 5X Build/MMB29P) AppleWebKit/537.36 (KHTML, like Gecko) Chrome/137.0.7151.103 Mobile Safari/537.36 (compatible; Googlebot/2.1; +http://www.google.com/bot.html)"
40.77.167.131 - - [12/Jul/2025:04:07:59 +0700] "GET /app/9247580/ HTTP/2" 404 14095 "-" "Mozilla/5.0 AppleWebKit/537.36 (KHTML, like Gecko; compatible; bingbot/2.0; +http://www.bing.com/bingbot.htm) Chrome/116.0.1938.76 Safari/537.36"
66.249.71.97 - - [12/Jul/2025:04:10:43 +0700] "GET /news20250321/iwin-org.html HTTP/1.1" 404 10727 "-" "Mozilla/5.0 (Linux; Android 6.0.1; Nexus 5X Build/MMB29P) AppleWebKit/537.36 (KHTML, like Gecko) Chrome/137.0.7151.103 Mobile Safari/537.36 (compatible; Googlebot/2.1; +http://www.google.com/bot.html)"
66.249.65.70 - - [12/Jul/2025:04:10:49 +0700] "GET /mobile2025-03-22/isle-oplenty-megajackpots-slot HTTP/1.1" 404 10730 "-" "Mozilla/5.0 (Linux; Android 6.0.1; Nexus 5X Build/MMB29P) AppleWebKit/537.36 (KHTML, like Gecko) Chrome/137.0.7151.103 Mobile Safari/537.36 (compatible; Googlebot/2.1; +http://www.google.com/bot.html)"
66.249.65.70 - - [12/Jul/2025:04:11:01 +0700] "GET /hot2025-03-20/%C4%91%C3%A1-g%C3%A0-tr%E1%BB%B1c-ti%E1%BA%BFp-67-binh-luan.html HTTP/1.1" 404 10767 "-" "Mozilla/5.0 (Linux; Android 6.0.1; Nexus 5X Build/MMB29P) AppleWebKit/537.36 (KHTML, like Gecko) Chrome/137.0.7151.103 Mobile Safari/537.36 (compatible; Googlebot/2.1; +http://www.google.com/bot.html)"
103.57.221.79 - - [12/Jul/2025:04:12:05 +0700] "POST /wp-cron.php?doing_wp_cron=1752268325.9722840785980224609375 HTTP/1.1" 200 0 "-" "WordPress/6.8.1; https://onesmart.com.vn"
103.57.221.79 - - [12/Jul/2025:04:12:33 +0700] "POST /wp-cron.php?doing_wp_cron=1752268353.4712800979614257812500 HTTP/1.1" 200 0 "-" "WordPress/6.8.1; https://onesmart.com.vn"
66.249.71.98 - - [12/Jul/2025:04:13:31 +0700] "GET /news20250319/fun88-vin.html HTTP/1.1" 404 10723 "-" "Mozilla/5.0 (Linux; Android 6.0.1; Nexus 5X Build/MMB29P) AppleWebKit/537.36 (KHTML, like Gecko) Chrome/137.0.7151.103 Mobile Safari/537.36 (compatible; Googlebot/2.1; +http://www.google.com/bot.html)"
66.249.71.97 - - [12/Jul/2025:04:13:31 +0700] "GET /news2025-03-18/w88-nha-cai-ca.html HTTP/1.1" 404 10748 "-" "Mozilla/5.0 (Linux; Android 6.0.1; Nexus 5X Build/MMB29P) AppleWebKit/537.36 (KHTML, like Gecko) Chrome/137.0.7151.103 Mobile Safari/537.36 (compatible; Googlebot/2.1; +http://www.google.com/bot.html)"
66.249.71.97 - - [12/Jul/2025:04:13:35 +0700] "GET /news/ty-le-keo-malaysia-1gom HTTP/1.1" 404 10731 "-" "Mozilla/5.0 (Linux; Android 6.0.1; Nexus 5X Build/MMB29P) AppleWebKit/537.36 (KHTML, like Gecko) Chrome/137.0.7151.103 Mobile Safari/537.36 (compatible; Googlebot/2.1; +http://www.google.com/bot.html)"
66.249.71.97 - - [12/Jul/2025:04:13:42 +0700] "GET /mobile/bongdanet-vn-nhan-dinh HTTP/1.1" 404 10757 "-" "Mozilla/5.0 (Linux; Android 6.0.1; Nexus 5X Build/MMB29P) AppleWebKit/537.36 (KHTML, like Gecko) Chrome/137.0.7151.103 Mobile Safari/537.36 (compatible; Googlebot/2.1; +http://www.google.com/bot.html)"
66.249.65.70 - - [12/Jul/2025:04:13:46 +0700] "GET /hot/sanrongvang-3d.html HTTP/1.1" 404 10728 "-" "Mozilla/5.0 (Linux; Android 6.0.1; Nexus 5X Build/MMB29P) AppleWebKit/537.36 (KHTML, like Gecko) Chrome/137.0.7151.103 Mobile Safari/537.36 (compatible; Googlebot/2.1; +http://www.google.com/bot.html)"
66.249.65.72 - - [12/Jul/2025:04:13:16 +0700] "GET /app20250320/w88-chinh-thuc.html HTTP/1.1" 404 10755 "-" "Mozilla/5.0 (Linux; Android 6.0.1; Nexus 5X Build/MMB29P) AppleWebKit/537.36 (KHTML, like Gecko) Chrome/137.0.7151.103 Mobile Safari/537.36 (compatible; Googlebot/2.1; +http://www.google.com/bot.html)"
103.57.221.79 - - [12/Jul/2025:04:13:32 +0700] "POST /wp-cron.php?doing_wp_cron=1752268412.0535120964050292968750 HTTP/1.1" 200 0 "-" "WordPress/6.8.1; https://onesmart.com.vn"
66.249.65.70 - - [12/Jul/2025:04:13:41 +0700] "GET /game20250325/loto188-loto188.fund.html HTTP/1.1" 404 10771 "-" "Mozilla/5.0 (Linux; Android 6.0.1; Nexus 5X Build/MMB29P) AppleWebKit/537.36 (KHTML, like Gecko) Chrome/137.0.7151.103 Mobile Safari/537.36 (compatible; Googlebot/2.1; +http://www.google.com/bot.html)"
103.57.221.79 - - [12/Jul/2025:04:13:46 +0700] "POST /wp-cron.php?doing_wp_cron=1752268426.8181760311126708984375 HTTP/1.1" 200 0 "-" "WordPress/6.8.1; https://onesmart.com.vn"
66.249.65.70 - - [12/Jul/2025:04:13:58 +0700] "GET /app2025-03-15/bong99-b%E1%BB%8B-l%E1%BB%97i.html HTTP/1.1" 404 10732 "-" "Mozilla/5.0 (Linux; Android 6.0.1; Nexus 5X Build/MMB29P) AppleWebKit/537.36 (KHTML, like Gecko) Chrome/137.0.7151.103 Mobile Safari/537.36 (compatible; Googlebot/2.1; +http://www.google.com/bot.html)"
66.249.65.71 - - [12/Jul/2025:04:14:04 +0700] "GET /game/dafabet-bournemouth.html HTTP/1.1" 404 10748 "-" "Mozilla/5.0 (Linux; Android 6.0.1; Nexus 5X Build/MMB29P) AppleWebKit/537.36 (KHTML, like Gecko) Chrome/137.0.7151.103 Mobile Safari/537.36 (compatible; Googlebot/2.1; +http://www.google.com/bot.html)"
66.249.65.72 - - [12/Jul/2025:04:14:05 +0700] "GET /news2025-03-16/%C4%90%C3%A1-g%C3%A0-V9BET.html HTTP/1.1" 404 10736 "-" "Mozilla/5.0 (Linux; Android 6.0.1; Nexus 5X Build/MMB29P) AppleWebKit/537.36 (KHTML, like Gecko) Chrome/137.0.7151.103 Mobile Safari/537.36 (compatible; Googlebot/2.1; +http://www.google.com/bot.html)"
66.249.65.71 - - [12/Jul/2025:04:14:07 +0700] "GET /hot/game-quay-h%C5%A9-n%E1%BA%A1p-th%E1%BA%BB-garena.html HTTP/1.1" 404 10718 "-" "Mozilla/5.0 (Linux; Android 6.0.1; Nexus 5X Build/MMB29P) AppleWebKit/537.36 (KHTML, like Gecko) Chrome/137.0.7151.103 Mobile Safari/537.36 (compatible; Googlebot/2.1; +http://www.google.com/bot.html)"
40.77.167.0 - - [12/Jul/2025:04:14:18 +0700] "GET /hot2025-04-01/huong-dan-dang-ky-12bet.html HTTP/2" 404 14143 "-" "Mozilla/5.0 AppleWebKit/537.36 (KHTML, like Gecko; compatible; bingbot/2.0; +http://www.bing.com/bingbot.htm) Chrome/116.0.1938.76 Safari/537.36"
103.57.221.79 - - [12/Jul/2025:04:14:36 +0700] "POST /wp-cron.php?doing_wp_cron=1752268476.9135088920593261718750 HTTP/1.1" 200 0 "-" "WordPress/6.8.1; https://onesmart.com.vn"
66.249.65.70 - - [12/Jul/2025:04:14:58 +0700] "GET /news20250320/g%C3%A0-%C4%91%C3%A1-v%E1%BA%A3y-r%E1%BB%93ng.html HTTP/1.1" 404 10750 "-" "Mozilla/5.0 (Linux; Android 6.0.1; Nexus 5X Build/MMB29P) AppleWebKit/537.36 (KHTML, like Gecko) Chrome/137.0.7151.103 Mobile Safari/537.36 (compatible; Googlebot/2.1; +http://www.google.com/bot.html)"
66.249.65.70 - - [12/Jul/2025:04:15:16 +0700] "GET /mobile/%C4%91%C4%83ng-nh%E1%BA%ADp-thabet-th77 HTTP/1.1" 404 10760 "-" "Mozilla/5.0 (Linux; Android 6.0.1; Nexus 5X Build/MMB29P) AppleWebKit/537.36 (KHTML, like Gecko) Chrome/137.0.7151.103 Mobile Safari/537.36 (compatible; Googlebot/2.1; +http://www.google.com/bot.html)"
66.249.65.70 - - [12/Jul/2025:04:15:18 +0700] "GET /order20250314/789i-club.html HTTP/1.1" 404 10760 "-" "Mozilla/5.0 (Linux; Android 6.0.1; Nexus 5X Build/MMB29P) AppleWebKit/537.36 (KHTML, like Gecko) Chrome/137.0.7151.103 Mobile Safari/537.36 (compatible; Googlebot/2.1; +http://www.google.com/bot.html)"
103.57.221.79 - - [12/Jul/2025:04:15:41 +0700] "POST /wp-cron.php?doing_wp_cron=1752268541.4331600666046142578125 HTTP/1.1" 200 0 "-" "WordPress/6.8.1; https://onesmart.com.vn"
95.108.213.215 - - [12/Jul/2025:04:12:07 +0700] "GET /cai-dat-them-moi-thiet-bi/ HTTP/1.1" 200 21387 "-" "Mozilla/5.0 (compatible; YandexBot/3.0; +http://yandex.com/bots)"
66.249.65.70 - - [12/Jul/2025:04:12:21 +0700] "GET /news20250323/h%C6%B0%E1%BB%9Bng-d%E1%BA%ABn-%C4%91%C4%83ng-k%C3%BD-fun88.html HTTP/1.1" 404 10806 "-" "Mozilla/5.0 (Linux; Android 6.0.1; Nexus 5X Build/MMB29P) AppleWebKit/537.36 (KHTML, like Gecko) Chrome/137.0.7151.103 Mobile Safari/537.36 (compatible; Googlebot/2.1; +http://www.google.com/bot.html)"
66.249.71.97 - - [12/Jul/2025:04:12:38 +0700] "GET /news2025-03-21/online-hcmute-edu-vn.html HTTP/1.1" 404 10728 "-" "Mozilla/5.0 (Linux; Android 6.0.1; Nexus 5X Build/MMB29P) AppleWebKit/537.36 (KHTML, like Gecko) Chrome/137.0.7151.103 Mobile Safari/537.36 (compatible; Googlebot/2.1; +http://www.google.com/bot.html)"
103.57.221.79 - - [12/Jul/2025:04:13:16 +0700] "POST /wp-cron.php?doing_wp_cron=1752268396.9458439350128173828125 HTTP/1.1" 200 0 "-" "WordPress/6.8.1; https://onesmart.com.vn"
66.249.71.98 - - [12/Jul/2025:04:13:30 +0700] "GET /app20250321/79king-010.html HTTP/1.1" 404 10741 "-" "Mozilla/5.0 (Linux; Android 6.0.1; Nexus 5X Build/MMB29P) AppleWebKit/537.36 (KHTML, like Gecko) Chrome/137.0.7151.103 Mobile Safari/537.36 (compatible; Googlebot/2.1; +http://www.google.com/bot.html)"
103.57.221.79 - - [12/Jul/2025:04:13:42 +0700] "POST /wp-cron.php?doing_wp_cron=1752268422.2210800647735595703125 HTTP/1.1" 200 0 "-" "WordPress/6.8.1; https://onesmart.com.vn"
66.249.71.98 - - [12/Jul/2025:04:14:11 +0700] "GET /app20250320/the-thao-188bet.html HTTP/1.1" 404 10758 "-" "Mozilla/5.0 (Linux; Android 6.0.1; Nexus 5X Build/MMB29P) AppleWebKit/537.36 (KHTML, like Gecko) Chrome/137.0.7151.103 Mobile Safari/537.36 (compatible; Googlebot/2.1; +http://www.google.com/bot.html)"
66.249.65.71 - - [12/Jul/2025:04:14:13 +0700] "GET /news/w88-kh%C3%B4ng-b%E1%BB%8B-ch%E1%BA%B7n.html HTTP/1.1" 404 10767 "-" "Mozilla/5.0 (Linux; Android 6.0.1; Nexus 5X Build/MMB29P) AppleWebKit/537.36 (KHTML, like Gecko) Chrome/137.0.7151.103 Mobile Safari/537.36 (compatible; Googlebot/2.1; +http://www.google.com/bot.html)"
66.249.65.70 - - [12/Jul/2025:04:14:20 +0700] "GET /news/mc-kubet-linh-%C4%91an.html HTTP/1.1" 404 10722 "-" "Mozilla/5.0 (Linux; Android 6.0.1; Nexus 5X Build/MMB29P) AppleWebKit/537.36 (KHTML, like Gecko) Chrome/137.0.7151.103 Mobile Safari/537.36 (compatible; Googlebot/2.1; +http://www.google.com/bot.html)"
66.249.71.97 - - [12/Jul/2025:04:14:36 +0700] "GET /app20250316/t%E1%BB%B7-l%E1%BB%87-k%C3%A8o-uw88.html HTTP/1.1" 404 10750 "-" "Mozilla/5.0 (Linux; Android 6.0.1; Nexus 5X Build/MMB29P) AppleWebKit/537.36 (KHTML, like Gecko) Chrome/137.0.7151.103 Mobile Safari/537.36 (compatible; Googlebot/2.1; +http://www.google.com/bot.html)"
103.57.221.79 - - [12/Jul/2025:04:14:44 +0700] "POST /wp-cron.php?doing_wp_cron=1752268484.5160388946533203125000 HTTP/1.1" 200 0 "-" "WordPress/6.8.1; https://onesmart.com.vn"
66.249.65.71 - - [12/Jul/2025:04:15:06 +0700] "GET /hot20250324/loto188.com-%C4%91%C4%83ng-nh%E1%BA%ADp.html HTTP/1.1" 404 10781 "-" "Mozilla/5.0 (Linux; Android 6.0.1; Nexus 5X Build/MMB29P) AppleWebKit/537.36 (KHTML, like Gecko) Chrome/137.0.7151.103 Mobile Safari/537.36 (compatible; Googlebot/2.1; +http://www.google.com/bot.html)"
66.249.71.97 - - [12/Jul/2025:04:15:26 +0700] "GET /order20250321/ae888-meet2015.html HTTP/1.1" 404 10737 "-" "Mozilla/5.0 (Linux; Android 6.0.1; Nexus 5X Build/MMB29P) AppleWebKit/537.36 (KHTML, like Gecko) Chrome/137.0.7151.103 Mobile Safari/537.36 (compatible; Googlebot/2.1; +http://www.google.com/bot.html)"
66.249.65.70 - - [12/Jul/2025:04:15:51 +0700] "GET /app/%C4%91%E1%BB%99c-th%E1%BB%A7-%C4%91%E1%BB%81-mi%E1%BB%81n-b%E1%BA%AFc-h%C3%B4m-nay.html HTTP/1.1" 404 10771 "-" "Mozilla/5.0 (Linux; Android 6.0.1; Nexus 5X Build/MMB29P) AppleWebKit/537.36 (KHTML, like Gecko) Chrome/137.0.7151.103 Mobile Safari/537.36 (compatible; Googlebot/2.1; +http://www.google.com/bot.html)"
66.249.71.97 - - [12/Jul/2025:04:13:48 +0700] "GET /news2025-03-15/tr%E1%BB%B1c-ti%E1%BA%BFp-%C4%91%C3%A1-g%C3%A0-h%C3%B4m-nay-campuchia.html HTTP/1.1" 404 10795 "-" "Mozilla/5.0 (Linux; Android 6.0.1; Nexus 5X Build/MMB29P) AppleWebKit/537.36 (KHTML, like Gecko) Chrome/137.0.7151.103 Mobile Safari/537.36 (compatible; Googlebot/2.1; +http://www.google.com/bot.html)"
52.167.144.136 - - [12/Jul/2025:04:14:16 +0700] "GET /app/shbetb-net HTTP/2" 301 0 "-" "Mozilla/5.0 AppleWebKit/537.36 (KHTML, like Gecko; compatible; bingbot/2.0; +http://www.bing.com/bingbot.htm) Chrome/116.0.1938.76 Safari/537.36"
66.249.65.70 - - [12/Jul/2025:04:14:20 +0700] "GET /game20250321/cubet-casino.html HTTP/1.1" 404 10763 "-" "Mozilla/5.0 (Linux; Android 6.0.1; Nexus 5X Build/MMB29P) AppleWebKit/537.36 (KHTML, like Gecko) Chrome/137.0.7151.103 Mobile Safari/537.36 (compatible; Googlebot/2.1; +http://www.google.com/bot.html)"
40.77.167.36 - - [12/Jul/2025:04:14:30 +0700] "GET /news/4782350/ HTTP/2" 301 0 "-" "Mozilla/5.0 AppleWebKit/537.36 (KHTML, like Gecko; compatible; bingbot/2.0; +http://www.bing.com/bingbot.htm) Chrome/116.0.1938.76 Safari/537.36"
66.249.65.70 - - [12/Jul/2025:04:14:44 +0700] "GET /mobile2025-03-16/h%C6%B0%E1%BB%9Bng-d%E1%BA%ABn-c%C6%B0%E1%BB%A3c-xi%C3%AAn-b%C3%B3ng-%C4%91%C3%A1-kubet.html HTTP/1.1" 404 10808 "-" "Mozilla/5.0 (Linux; Android 6.0.1; Nexus 5X Build/MMB29P) AppleWebKit/537.36 (KHTML, like Gecko) Chrome/137.0.7151.103 Mobile Safari/537.36 (compatible; Googlebot/2.1; +http://www.google.com/bot.html)"
66.249.71.97 - - [12/Jul/2025:04:15:10 +0700] "GET /game20250316/22bet-app-nigeria.html HTTP/1.1" 404 10729 "-" "Mozilla/5.0 (Linux; Android 6.0.1; Nexus 5X Build/MMB29P) AppleWebKit/537.36 (KHTML, like Gecko) Chrome/137.0.7151.103 Mobile Safari/537.36 (compatible; Googlebot/2.1; +http://www.google.com/bot.html)"
103.57.221.79 - - [12/Jul/2025:04:15:18 +0700] "POST /wp-cron.php?doing_wp_cron=1752268518.7872340679168701171875 HTTP/1.1" 200 0 "-" "WordPress/6.8.1; https://onesmart.com.vn"
103.57.221.79 - - [12/Jul/2025:04:15:51 +0700] "POST /wp-cron.php?doing_wp_cron=1752268551.0771579742431640625000 HTTP/1.1" 200 0 "-" "WordPress/6.8.1; https://onesmart.com.vn"
66.249.65.72 - - [12/Jul/2025:04:16:12 +0700] "GET /mobile20250320/78win-club.html HTTP/1.1" 404 10737 "-" "Mozilla/5.0 (Linux; Android 6.0.1; Nexus 5X Build/MMB29P) AppleWebKit/537.36 (KHTML, like Gecko) Chrome/137.0.7151.103 Mobile Safari/537.36 (compatible; Googlebot/2.1; +http://www.google.com/bot.html)"
66.249.65.70 - - [12/Jul/2025:04:16:40 +0700] "GET /app/b%E1%BB%8B-m%E1%BB%99ng-tinh-%C4%91%C3%A1nh-con-g%C3%AC HTTP/1.1" 404 10749 "-" "Mozilla/5.0 (Linux; Android 6.0.1; Nexus 5X Build/MMB29P) AppleWebKit/537.36 (KHTML, like Gecko) Chrome/137.0.7151.103 Mobile Safari/537.36 (compatible; Googlebot/2.1; +http://www.google.com/bot.html)"
103.57.221.79 - - [12/Jul/2025:04:16:46 +0700] "POST /wp-cron.php?doing_wp_cron=1752268606.3519120216369628906250 HTTP/1.1" 200 0 "-" "WordPress/6.8.1; https://onesmart.com.vn"
66.249.65.70 - - [12/Jul/2025:04:16:46 +0700] "GET /order20250321/tai-game-chien-dich-huyen-thoai-bc.html HTTP/1.1" 404 10734 "-" "Mozilla/5.0 (Linux; Android 6.0.1; Nexus 5X Build/MMB29P) AppleWebKit/537.36 (KHTML, like Gecko) Chrome/137.0.7151.103 Mobile Safari/537.36 (compatible; Googlebot/2.1; +http://www.google.com/bot.html)"
66.249.65.70 - - [12/Jul/2025:04:16:50 +0700] "GET /order20250325/c%C3%A1ch-vao-w88.html HTTP/1.1" 404 10760 "-" "Mozilla/5.0 (Linux; Android 6.0.1; Nexus 5X Build/MMB29P) AppleWebKit/537.36 (KHTML, like Gecko) Chrome/137.0.7151.103 Mobile Safari/537.36 (compatible; Googlebot/2.1; +http://www.google.com/bot.html)"
66.249.65.70 - - [12/Jul/2025:04:16:54 +0700] "GET /hot/link-%C4%91%C4%83ng-nhap-78win.html HTTP/1.1" 404 10757 "-" "Mozilla/5.0 (Linux; Android 6.0.1; Nexus 5X Build/MMB29P) AppleWebKit/537.36 (KHTML, like Gecko) Chrome/137.0.7151.103 Mobile Safari/537.36 (compatible; Googlebot/2.1; +http://www.google.com/bot.html)"
66.249.65.71 - - [12/Jul/2025:04:16:18 +0700] "GET /app20250321/hi88-biulding.html HTTP/1.1" 404 10760 "-" "Mozilla/5.0 (Linux; Android 6.0.1; Nexus 5X Build/MMB29P) AppleWebKit/537.36 (KHTML, like Gecko) Chrome/137.0.7151.103 Mobile Safari/537.36 (compatible; Googlebot/2.1; +http://www.google.com/bot.html)"
66.249.71.97 - - [12/Jul/2025:04:16:28 +0700] "GET /game2025-03-20/dang-nh%E1%BA%A1p-hi88.html HTTP/1.1" 404 10757 "-" "Mozilla/5.0 (Linux; Android 6.0.1; Nexus 5X Build/MMB29P) AppleWebKit/537.36 (KHTML, like Gecko) Chrome/137.0.7151.103 Mobile Safari/537.36 (compatible; Googlebot/2.1; +http://www.google.com/bot.html)"
103.57.221.79 - - [12/Jul/2025:04:16:40 +0700] "POST /wp-cron.php?doing_wp_cron=1752268600.8192648887634277343750 HTTP/1.1" 200 0 "-" "WordPress/6.8.1; https://onesmart.com.vn"
66.249.65.71 - - [12/Jul/2025:04:17:12 +0700] "GET /mobile20250321/%C4%91%C3%A1-g%C3%A0-tr%E1%BB%B1c-ti%E1%BA%BFp-thomo-999.html HTTP/1.1" 404 10792 "-" "Mozilla/5.0 (Linux; Android 6.0.1; Nexus 5X Build/MMB29P) AppleWebKit/537.36 (KHTML, like Gecko) Chrome/137.0.7151.103 Mobile Safari/537.36 (compatible; Googlebot/2.1; +http://www.google.com/bot.html)"
66.249.71.97 - - [12/Jul/2025:04:17:29 +0700] "GET /game2025-03-26/lik-vao-12bet.html HTTP/1.1" 404 10745 "-" "Mozilla/5.0 (Linux; Android 6.0.1; Nexus 5X Build/MMB29P) AppleWebKit/537.36 (KHTML, like Gecko) Chrome/137.0.7151.103 Mobile Safari/537.36 (compatible; Googlebot/2.1; +http://www.google.com/bot.html)"
103.57.221.79 - - [12/Jul/2025:04:17:32 +0700] "POST /wp-cron.php?doing_wp_cron=1752268652.9413011074066162109375 HTTP/1.1" 200 0 "-" "WordPress/6.8.1; https://onesmart.com.vn"
66.249.65.70 - - [12/Jul/2025:04:17:32 +0700] "GET /mobile20250320/ww88-dashboard.html HTTP/1.1" 404 10742 "-" "Mozilla/5.0 (Linux; Android 6.0.1; Nexus 5X Build/MMB29P) AppleWebKit/537.36 (KHTML, like Gecko) Chrome/137.0.7151.103 Mobile Safari/537.36 (compatible; Googlebot/2.1; +http://www.google.com/bot.html)"
103.57.221.79 - - [12/Jul/2025:04:17:49 +0700] "POST /wp-cron.php?doing_wp_cron=1752268669.1549971103668212890625 HTTP/1.1" 200 0 "-" "WordPress/6.8.1; https://onesmart.com.vn"
66.249.65.70 - - [12/Jul/2025:04:17:53 +0700] "GET /mobile20250321/22bet-hry.html HTTP/1.1" 404 10738 "-" "Mozilla/5.0 (Linux; Android 6.0.1; Nexus 5X Build/MMB29P) AppleWebKit/537.36 (KHTML, like Gecko) Chrome/137.0.7151.103 Mobile Safari/537.36 (compatible; Googlebot/2.1; +http://www.google.com/bot.html)"
66.249.71.97 - - [12/Jul/2025:04:18:13 +0700] "GET /mobile/link-jun88-moi-nhat.html HTTP/1.1" 404 10748 "-" "Mozilla/5.0 (Linux; Android 6.0.1; Nexus 5X Build/MMB29P) AppleWebKit/537.36 (KHTML, like Gecko) Chrome/137.0.7151.103 Mobile Safari/537.36 (compatible; Googlebot/2.1; +http://www.google.com/bot.html)"
103.57.221.79 - - [12/Jul/2025:04:18:38 +0700] "POST /wp-cron.php?doing_wp_cron=1752268718.5785369873046875000000 HTTP/1.1" 200 0 "-" "WordPress/6.8.1; https://onesmart.com.vn"
103.57.221.79 - - [12/Jul/2025:04:18:48 +0700] "POST /wp-cron.php?doing_wp_cron=1752268728.0784070491790771484375 HTTP/1.1" 200 0 "-" "WordPress/6.8.1; https://onesmart.com.vn"
66.249.71.102 - - [12/Jul/2025:04:18:47 +0700] "GET /mobile/2b-c%C6%B0-x%C3%A1-phan-%C4%91%C4%83ng-l%C6%B0u-p3-b%C3%ACnh-th%E1%BA%A1nh HTTP/1.1" 301 0 "-" "Mozilla/5.0 (Linux; Android 6.0.1; Nexus 5X Build/MMB29P) AppleWebKit/537.36 (KHTML, like Gecko) Chrome/137.0.7151.103 Mobile Safari/537.36 (compatible; Googlebot/2.1; +http://www.google.com/bot.html)"
40.77.167.0 - - [12/Jul/2025:04:20:11 +0700] "GET /mobile2025-03-30/du-doan-xo-so-than-tai-mn.html HTTP/2" 404 14148 "-" "Mozilla/5.0 AppleWebKit/537.36 (KHTML, like Gecko; compatible; bingbot/2.0; +http://www.bing.com/bingbot.htm) Chrome/116.0.1938.76 Safari/537.36"
66.249.65.70 - - [12/Jul/2025:04:17:01 +0700] "GET /order2025-03-22/kubet-kucasino.html HTTP/1.1" 404 10749 "-" "Mozilla/5.0 (Linux; Android 6.0.1; Nexus 5X Build/MMB29P) AppleWebKit/537.36 (KHTML, like Gecko) Chrome/137.0.7151.103 Mobile Safari/537.36 (compatible; Googlebot/2.1; +http://www.google.com/bot.html)"
40.77.167.0 - - [12/Jul/2025:04:17:29 +0700] "GET /news/7104659/ HTTP/2" 404 14130 "-" "Mozilla/5.0 AppleWebKit/537.36 (KHTML, like Gecko; compatible; bingbot/2.0; +http://www.bing.com/bingbot.htm) Chrome/116.0.1938.76 Safari/537.36"
66.249.71.97 - - [12/Jul/2025:04:17:40 +0700] "GET /game2025-03-23/truc-tiep-da-ga-o-campuchia HTTP/1.1" 404 10756 "-" "Mozilla/5.0 (Linux; Android 6.0.1; Nexus 5X Build/MMB29P) AppleWebKit/537.36 (KHTML, like Gecko) Chrome/137.0.7151.103 Mobile Safari/537.36 (compatible; Googlebot/2.1; +http://www.google.com/bot.html)"
66.249.71.97 - - [12/Jul/2025:04:17:49 +0700] "GET /order20250321/Li%C3%AAn-h%E1%BB%87-zbet.html HTTP/1.1" 404 10740 "-" "Mozilla/5.0 (Linux; Android 6.0.1; Nexus 5X Build/MMB29P) AppleWebKit/537.36 (KHTML, like Gecko) Chrome/137.0.7151.103 Mobile Safari/537.36 (compatible; Googlebot/2.1; +http://www.google.com/bot.html)"
66.249.71.99 - - [12/Jul/2025:04:18:03 +0700] "GET /mobile2025-03-16/3king-ios.html HTTP/1.1" 404 10748 "-" "Mozilla/5.0 (Linux; Android 6.0.1; Nexus 5X Build/MMB29P) AppleWebKit/537.36 (KHTML, like Gecko) Chrome/137.0.7151.103 Mobile Safari/537.36 (compatible; Googlebot/2.1; +http://www.google.com/bot.html)"
66.249.71.97 - - [12/Jul/2025:04:18:38 +0700] "GET /hot20250317/qh88-house.html HTTP/1.1" 404 10727 "-" "Mozilla/5.0 (Linux; Android 6.0.1; Nexus 5X Build/MMB29P) AppleWebKit/537.36 (KHTML, like Gecko) Chrome/137.0.7151.103 Mobile Safari/537.36 (compatible; Googlebot/2.1; +http://www.google.com/bot.html)"
66.249.65.70 - - [12/Jul/2025:04:18:59 +0700] "GET /news20250321/vk-789bet.html HTTP/1.1" 404 10734 "-" "Mozilla/5.0 (Linux; Android 6.0.1; Nexus 5X Build/MMB29P) AppleWebKit/537.36 (KHTML, like Gecko) Chrome/137.0.7151.103 Mobile Safari/537.36 (compatible; Googlebot/2.1; +http://www.google.com/bot.html)"
103.57.221.79 - - [12/Jul/2025:04:19:56 +0700] "POST /wp-cron.php?doing_wp_cron=1752268796.8393878936767578125000 HTTP/1.1" 200 0 "-" "WordPress/6.8.1; https://onesmart.com.vn"
52.167.144.136 - - [12/Jul/2025:04:19:56 +0700] "GET /news/game-n%E1%BB%95-h%C5%A9-uy-t%C3%ADn HTTP/2" 301 0 "-" "Mozilla/5.0 AppleWebKit/537.36 (KHTML, like Gecko; compatible; bingbot/2.0; +http://www.bing.com/bingbot.htm) Chrome/116.0.1938.76 Safari/537.36"
66.249.65.72 - - [12/Jul/2025:04:20:07 +0700] "GET /mobile20250321/rut-tien-qh88-dog.html HTTP/1.1" 404 10732 "-" "Mozilla/5.0 (Linux; Android 6.0.1; Nexus 5X Build/MMB29P) AppleWebKit/537.36 (KHTML, like Gecko) Chrome/137.0.7151.103 Mobile Safari/537.36 (compatible; Googlebot/2.1; +http://www.google.com/bot.html)"
103.57.221.79 - - [12/Jul/2025:04:22:06 +0700] "POST /wp-cron.php?doing_wp_cron=1752268926.8975970745086669921875 HTTP/1.1" 200 0 "-" "WordPress/6.8.1; https://onesmart.com.vn"
40.77.167.75 - - [12/Jul/2025:04:22:06 +0700] "GET /news/qh88-vet-app.html HTTP/2" 404 14130 "-" "Mozilla/5.0 AppleWebKit/537.36 (KHTML, like Gecko; compatible; bingbot/2.0; +http://www.bing.com/bingbot.htm) Chrome/116.0.1938.76 Safari/537.36"
66.249.65.70 - - [12/Jul/2025:04:15:41 +0700] "GET /game/soi-cau-mien-phi-888-mn.html HTTP/1.1" 404 10731 "-" "Mozilla/5.0 (Linux; Android 6.0.1; Nexus 5X Build/MMB29P) AppleWebKit/537.36 (KHTML, like Gecko) Chrome/137.0.7151.103 Mobile Safari/537.36 (compatible; Googlebot/2.1; +http://www.google.com/bot.html)"
66.249.65.70 - - [12/Jul/2025:04:15:50 +0700] "GET /hot20250321/79king-01-com.html HTTP/1.1" 404 10746 "-" "Mozilla/5.0 (Linux; Android 6.0.1; Nexus 5X Build/MMB29P) AppleWebKit/537.36 (KHTML, like Gecko) Chrome/137.0.7151.103 Mobile Safari/537.36 (compatible; Googlebot/2.1; +http://www.google.com/bot.html)"
66.249.65.70 - - [12/Jul/2025:04:16:22 +0700] "GET /mobile20250402/du-doan-ket-qua-xo-so-da-nang-hom-nay.html HTTP/1.1" 404 10750 "-" "Mozilla/5.0 (Linux; Android 6.0.1; Nexus 5X Build/MMB29P) AppleWebKit/537.36 (KHTML, like Gecko) Chrome/137.0.7151.103 Mobile Safari/537.36 (compatible; Googlebot/2.1; +http://www.google.com/bot.html)"
66.249.65.70 - - [12/Jul/2025:04:16:26 +0700] "GET /order20250317/Esports-P88.html HTTP/1.1" 404 10748 "-" "Mozilla/5.0 (Linux; Android 6.0.1; Nexus 5X Build/MMB29P) AppleWebKit/537.36 (KHTML, like Gecko) Chrome/137.0.7151.103 Mobile Safari/537.36 (compatible; Googlebot/2.1; +http://www.google.com/bot.html)"
66.249.71.98 - - [12/Jul/2025:04:18:01 +0700] "GET /order20250322/go88-hit-club.html HTTP/1.1" 404 10756 "-" "Mozilla/5.0 (Linux; Android 6.0.1; Nexus 5X Build/MMB29P) AppleWebKit/537.36 (KHTML, like Gecko) Chrome/137.0.7151.103 Mobile Safari/537.36 (compatible; Googlebot/2.1; +http://www.google.com/bot.html)"
66.249.71.97 - - [12/Jul/2025:04:18:48 +0700] "GET /mobile/2b-c%C6%B0-x%C3%A1-phan-%C4%91%C4%83ng-l%C6%B0u-p3-b%C3%ACnh-th%E1%BA%A1nh HTTP/1.1" 404 10780 "-" "Mozilla/5.0 (Linux; Android 6.0.1; Nexus 5X Build/MMB29P) AppleWebKit/537.36 (KHTML, like Gecko) Chrome/137.0.7151.103 Mobile Safari/537.36 (compatible; Googlebot/2.1; +http://www.google.com/bot.html)"
40.77.167.75 - - [12/Jul/2025:04:20:06 +0700] "GET /news/8952061/ HTTP/2" 404 14156 "-" "Mozilla/5.0 AppleWebKit/537.36 (KHTML, like Gecko; compatible; bingbot/2.0; +http://www.bing.com/bingbot.htm) Chrome/116.0.1938.76 Safari/537.36"
66.249.65.72 - - [12/Jul/2025:04:23:21 +0700] "GET /news2025-03-21/1xbet-c.html HTTP/1.1" 404 10741 "-" "Mozilla/5.0 (Linux; Android 6.0.1; Nexus 5X Build/MMB29P) AppleWebKit/537.36 (KHTML, like Gecko) Chrome/137.0.7151.103 Mobile Safari/537.36 (compatible; Googlebot/2.1; +http://www.google.com/bot.html)"
66.249.65.72 - - [12/Jul/2025:04:25:56 +0700] "GET /mobile2025-03-17/j88vip0.html HTTP/1.1" 404 10757 "-" "Mozilla/5.0 (Linux; Android 6.0.1; Nexus 5X Build/MMB29P) AppleWebKit/537.36 (KHTML, like Gecko) Chrome/137.0.7151.103 Mobile Safari/537.36 (compatible; Googlebot/2.1; +http://www.google.com/bot.html)"
40.77.167.70 - - [12/Jul/2025:04:27:01 +0700] "GET /news/5382769/ HTTP/2" 301 0 "-" "Mozilla/5.0 AppleWebKit/537.36 (KHTML, like Gecko; compatible; bingbot/2.0; +http://www.bing.com/bingbot.htm) Chrome/116.0.1938.76 Safari/537.36"
52.167.144.169 - - [12/Jul/2025:04:27:31 +0700] "GET /news/6591204/ HTTP/2" 404 14104 "-" "Mozilla/5.0 AppleWebKit/537.36 (KHTML, like Gecko; compatible; bingbot/2.0; +http://www.bing.com/bingbot.htm) Chrome/116.0.1938.76 Safari/537.36"
52.167.144.230 - - [12/Jul/2025:04:27:37 +0700] "GET /app/5064279/ HTTP/2" 404 14108 "-" "Mozilla/5.0 AppleWebKit/537.36 (KHTML, like Gecko; compatible; bingbot/2.0; +http://www.bing.com/bingbot.htm) Chrome/116.0.1938.76 Safari/537.36"
52.167.144.230 - - [12/Jul/2025:04:28:06 +0700] "GET /news/3604157/ HTTP/2" 404 14144 "-" "Mozilla/5.0 AppleWebKit/537.36 (KHTML, like Gecko; compatible; bingbot/2.0; +http://www.bing.com/bingbot.htm) Chrome/116.0.1938.76 Safari/537.36"
52.167.144.177 - - [12/Jul/2025:04:28:10 +0700] "GET /news/5832140/ HTTP/2" 301 0 "-" "Mozilla/5.0 AppleWebKit/537.36 (KHTML, like Gecko; compatible; bingbot/2.0; +http://www.bing.com/bingbot.htm) Chrome/116.0.1938.76 Safari/537.36"
40.77.167.32 - - [12/Jul/2025:04:28:58 +0700] "GET /news/hack-online-lixi88 HTTP/2" 301 0 "-" "Mozilla/5.0 AppleWebKit/537.36 (KHTML, like Gecko; compatible; bingbot/2.0; +http://www.bing.com/bingbot.htm) Chrome/116.0.1938.76 Safari/537.36"
52.167.144.230 - - [12/Jul/2025:04:29:06 +0700] "GET /news/9107285/ HTTP/2" 404 14115 "-" "Mozilla/5.0 AppleWebKit/537.36 (KHTML, like Gecko; compatible; bingbot/2.0; +http://www.bing.com/bingbot.htm) Chrome/116.0.1938.76 Safari/537.36"
103.57.221.79 - - [12/Jul/2025:04:31:33 +0700] "POST /wp-cron.php?doing_wp_cron=1752269493.9208519458770751953125 HTTP/1.1" 200 0 "-" "WordPress/6.8.1; https://onesmart.com.vn"
40.77.167.70 - - [12/Jul/2025:04:31:33 +0700] "GET /news/2135407/ HTTP/2" 301 0 "-" "Mozilla/5.0 AppleWebKit/537.36 (KHTML, like Gecko; compatible; bingbot/2.0; +http://www.bing.com/bingbot.htm) Chrome/116.0.1938.76 Safari/537.36"
103.57.221.79 - - [12/Jul/2025:04:32:54 +0700] "POST /wp-cron.php?doing_wp_cron=1752269574.2304379940032958984375 HTTP/1.1" 200 0 "-" "WordPress/6.8.1; https://onesmart.com.vn"
