57.141.2.29 - - [11/Jul/2025:19:51:03 +0700] "GET /fashion/accessories/K5301019561 HTTP/2" 200 0 "-" "meta-externalagent/1.1 (+https://developers.facebook.com/docs/sharing/webmasters/crawler)"
47.82.60.41 - - [11/Jul/2025:19:51:04 +0700] "GET /diet/supplements/O529480938 HTTP/1.1" 200 0 "https://shielddoor.vn/diet/supplements/O529480938" "Mozilla/5.0 (Windows NT 10.0; Win64; x64) AppleWebKit/537.36 (KHTML, like Gecko) Chrome/114.0.0.0 Safari/537.36 Edg/114.0.1823.43"
57.141.2.29 - - [11/Jul/2025:19:51:04 +0700] "GET /fashion/jackets/G535977708 HTTP/2" 200 0 "-" "meta-externalagent/1.1 (+https://developers.facebook.com/docs/sharing/webmasters/crawler)"
57.141.2.27 - - [11/Jul/2025:19:51:05 +0700] "GET /daily-necessities/hina-dolls/K5361956927 HTTP/2" 200 0 "-" "meta-externalagent/1.1 (+https://developers.facebook.com/docs/sharing/webmasters/crawler)"
57.141.2.28 - - [11/Jul/2025:19:51:07 +0700] "GET /magazines/sports/Z5302016591 HTTP/2" 200 0 "-" "meta-externalagent/1.1 (+https://developers.facebook.com/docs/sharing/webmasters/crawler)"
207.46.13.160 - - [11/Jul/2025:19:51:08 +0700] "GET /alcohol/drinks/Y5301022174 HTTP/2" 200 0 "-" "Mozilla/5.0 AppleWebKit/537.36 (KHTML, like Gecko; compatible; bingbot/2.0; +http://www.bing.com/bingbot.htm) Chrome/116.0.1938.76 Safari/537.36"
57.141.2.10 - - [11/Jul/2025:19:51:10 +0700] "GET /db.php/shopdetail/games-celebrity/J5343239582 HTTP/2" 200 39 "-" "meta-externalagent/1.1 (+https://developers.facebook.com/docs/sharing/webmasters/crawler)"
57.141.2.7 - - [11/Jul/2025:19:51:21 +0700] "GET /toys/talent-cards/F5361634030 HTTP/2" 200 0 "-" "meta-externalagent/1.1 (+https://developers.facebook.com/docs/sharing/webmasters/crawler)"
57.141.2.13 - - [11/Jul/2025:19:51:21 +0700] "GET /cameras/cameras/I5321608857 HTTP/2" 200 0 "-" "meta-externalagent/1.1 (+https://developers.facebook.com/docs/sharing/webmasters/crawler)"
57.141.2.1 - - [11/Jul/2025:19:51:22 +0700] "GET /goods/sports/L532704947 HTTP/2" 200 0 "-" "meta-externalagent/1.1 (+https://developers.facebook.com/docs/sharing/webmasters/crawler)"
57.141.2.18 - - [11/Jul/2025:19:51:23 +0700] "GET /cars/bicycles/W537709529 HTTP/2" 200 0 "-" "meta-externalagent/1.1 (+https://developers.facebook.com/docs/sharing/webmasters/crawler)"
57.141.2.4 - - [11/Jul/2025:19:51:26 +0700] "GET /drinks/whiskey/N5322251316 HTTP/2" 200 0 "-" "meta-externalagent/1.1 (+https://developers.facebook.com/docs/sharing/webmasters/crawler)"
57.141.2.21 - - [11/Jul/2025:19:51:26 +0700] "GET /food/drinks/Q5292829502 HTTP/2" 200 0 "-" "meta-externalagent/1.1 (+https://developers.facebook.com/docs/sharing/webmasters/crawler)"
57.141.2.6 - - [11/Jul/2025:19:51:31 +0700] "GET /tablets/mobile-phone/Z537444193 HTTP/2" 200 0 "-" "meta-externalagent/1.1 (+https://developers.facebook.com/docs/sharing/webmasters/crawler)"
66.249.71.197 - - [11/Jul/2025:19:51:30 +0700] "GET /drinks/alcohol/U5333571848 HTTP/1.1" 200 20360 "-" "Mozilla/5.0 (Linux; Android 6.0.1; Nexus 5X Build/MMB29P) AppleWebKit/537.36 (KHTML, like Gecko) Chrome/137.0.7151.103 Mobile Safari/537.36 (compatible; Googlebot/2.1; +http://www.google.com/bot.html)"
57.141.2.17 - - [11/Jul/2025:19:51:33 +0700] "GET /travel-supplies/fishing/Q5292688500 HTTP/2" 200 0 "-" "meta-externalagent/1.1 (+https://developers.facebook.com/docs/sharing/webmasters/crawler)"
57.141.2.13 - - [11/Jul/2025:19:51:34 +0700] "GET /fashion/mens/S535436816 HTTP/2" 200 0 "-" "meta-externalagent/1.1 (+https://developers.facebook.com/docs/sharing/webmasters/crawler)"
57.141.2.6 - - [11/Jul/2025:19:51:23 +0700] "GET /cds/tv-dramas/F5292544071 HTTP/2" 200 0 "-" "meta-externalagent/1.1 (+https://developers.facebook.com/docs/sharing/webmasters/crawler)"
57.141.2.11 - - [11/Jul/2025:19:51:23 +0700] "GET /fashion/womens/L5383660125 HTTP/2" 200 0 "-" "meta-externalagent/1.1 (+https://developers.facebook.com/docs/sharing/webmasters/crawler)"
57.141.2.19 - - [11/Jul/2025:19:51:24 +0700] "GET /tv/cameras/E537517596 HTTP/2" 200 0 "-" "meta-externalagent/1.1 (+https://developers.facebook.com/docs/sharing/webmasters/crawler)"
57.141.2.1 - - [11/Jul/2025:19:51:39 +0700] "GET /db.php/shopdetail/fashion-accessories/Y5303922039 HTTP/2" 200 39 "-" "meta-externalagent/1.1 (+https://developers.facebook.com/docs/sharing/webmasters/crawler)"
66.249.70.165 - - [11/Jul/2025:19:51:41 +0700] "GET /travel-supplies/outdoor-wear/Z5292336207 HTTP/1.1" 200 21033 "-" "Mozilla/5.0 (Linux; Android 6.0.1; Nexus 5X Build/MMB29P) AppleWebKit/537.36 (KHTML, like Gecko) Chrome/137.0.7151.103 Mobile Safari/537.36 (compatible; Googlebot/2.1; +http://www.google.com/bot.html)"
57.141.2.2 - - [11/Jul/2025:19:51:44 +0700] "GET /furniture/ornaments/Y532515903 HTTP/2" 200 0 "-" "meta-externalagent/1.1 (+https://developers.facebook.com/docs/sharing/webmasters/crawler)"
57.141.2.28 - - [11/Jul/2025:19:51:47 +0700] "GET /sports/golf/X5333812286 HTTP/2" 200 0 "-" "meta-externalagent/1.1 (+https://developers.facebook.com/docs/sharing/webmasters/crawler)"
57.141.2.2 - - [11/Jul/2025:19:51:48 +0700] "GET /db.php/shopdetail/fishing-reels/S5341331125 HTTP/2" 200 39 "-" "meta-externalagent/1.1 (+https://developers.facebook.com/docs/sharing/webmasters/crawler)"
207.46.13.155 - - [11/Jul/2025:19:51:48 +0700] "GET /cameras/lenses/S531892160 HTTP/2" 200 0 "-" "Mozilla/5.0 AppleWebKit/537.36 (KHTML, like Gecko; compatible; bingbot/2.0; +http://www.bing.com/bingbot.htm) Chrome/116.0.1938.76 Safari/537.36"
57.141.2.6 - - [11/Jul/2025:19:51:49 +0700] "GET /sports/clubs/P5312364794 HTTP/2" 200 0 "-" "meta-externalagent/1.1 (+https://developers.facebook.com/docs/sharing/webmasters/crawler)"
57.141.2.27 - - [11/Jul/2025:19:51:54 +0700] "GET /db.php/shopdetail/games-trading-cards/E5311376641 HTTP/2" 200 39 "-" "meta-externalagent/1.1 (+https://developers.facebook.com/docs/sharing/webmasters/crawler)"
57.141.2.11 - - [11/Jul/2025:19:51:55 +0700] "GET /db.php/shopdetail/sports-street-sports/Q533845914 HTTP/2" 200 39 "-" "meta-externalagent/1.1 (+https://developers.facebook.com/docs/sharing/webmasters/crawler)"
57.141.2.8 - - [11/Jul/2025:19:51:55 +0700] "GET /cameras/earphones/H5302542323 HTTP/2" 200 0 "-" "meta-externalagent/1.1 (+https://developers.facebook.com/docs/sharing/webmasters/crawler)"
57.141.2.10 - - [11/Jul/2025:19:51:55 +0700] "GET /motorcycles/parts/Z5321833912 HTTP/2" 200 0 "-" "meta-externalagent/1.1 (+https://developers.facebook.com/docs/sharing/webmasters/crawler)"
57.141.2.7 - - [11/Jul/2025:19:51:57 +0700] "GET /cameras/headphones/P5322787041 HTTP/2" 200 0 "-" "meta-externalagent/1.1 (+https://developers.facebook.com/docs/sharing/webmasters/crawler)"
57.141.2.27 - - [11/Jul/2025:19:51:57 +0700] "GET /daily-necessities/bulk-sales/V5304014718 HTTP/2" 200 0 "-" "meta-externalagent/1.1 (+https://developers.facebook.com/docs/sharing/webmasters/crawler)"
57.141.2.15 - - [11/Jul/2025:19:51:58 +0700] "GET /tv/cameras/T5291183454 HTTP/2" 200 0 "-" "meta-externalagent/1.1 (+https://developers.facebook.com/docs/sharing/webmasters/crawler)"
57.141.2.22 - - [11/Jul/2025:19:52:00 +0700] "GET /tickets/sports/Z5293396151 HTTP/2" 200 0 "-" "meta-externalagent/1.1 (+https://developers.facebook.com/docs/sharing/webmasters/crawler)"
57.141.2.2 - - [11/Jul/2025:19:52:01 +0700] "GET /flowers/houseplants/N5341850923 HTTP/2" 200 0 "-" "meta-externalagent/1.1 (+https://developers.facebook.com/docs/sharing/webmasters/crawler)"
57.141.2.2 - - [11/Jul/2025:19:52:02 +0700] "GET /beauty/lotion/W531280169 HTTP/2" 200 0 "-" "meta-externalagent/1.1 (+https://developers.facebook.com/docs/sharing/webmasters/crawler)"
57.141.2.16 - - [11/Jul/2025:19:51:34 +0700] "GET /motorcycles/accessories/H5341809673 HTTP/2" 200 0 "-" "meta-externalagent/1.1 (+https://developers.facebook.com/docs/sharing/webmasters/crawler)"
157.55.39.204 - - [11/Jul/2025:19:51:37 +0700] "GET /fashion/tops/N530656019 HTTP/2" 200 0 "-" "Mozilla/5.0 AppleWebKit/537.36 (KHTML, like Gecko; compatible; bingbot/2.0; +http://www.bing.com/bingbot.htm) Chrome/116.0.1938.76 Safari/537.36"
57.141.2.25 - - [11/Jul/2025:19:51:39 +0700] "GET /fashion/watches/U532475808 HTTP/2" 200 0 "-" "meta-externalagent/1.1 (+https://developers.facebook.com/docs/sharing/webmasters/crawler)"
57.141.2.4 - - [11/Jul/2025:19:51:39 +0700] "GET /fashion/accessories/Q5351319433 HTTP/2" 200 0 "-" "meta-externalagent/1.1 (+https://developers.facebook.com/docs/sharing/webmasters/crawler)"
57.141.2.13 - - [11/Jul/2025:19:51:41 +0700] "GET /toys/sports/E538587945 HTTP/2" 200 0 "-" "meta-externalagent/1.1 (+https://developers.facebook.com/docs/sharing/webmasters/crawler)"
57.141.2.15 - - [11/Jul/2025:19:51:41 +0700] "GET /games/sports/D5332615900 HTTP/2" 200 0 "-" "meta-externalagent/1.1 (+https://developers.facebook.com/docs/sharing/webmasters/crawler)"
57.141.2.4 - - [11/Jul/2025:19:51:44 +0700] "GET /home-appliances/appliances/L5341481284 HTTP/2" 200 0 "-" "meta-externalagent/1.1 (+https://developers.facebook.com/docs/sharing/webmasters/crawler)"
57.141.2.13 - - [11/Jul/2025:19:51:49 +0700] "GET /audio/cameras/H5333319057 HTTP/2" 200 0 "-" "meta-externalagent/1.1 (+https://developers.facebook.com/docs/sharing/webmasters/crawler)"
66.249.71.197 - - [11/Jul/2025:19:51:51 +0700] "GET /sports/shoes/I5351537504 HTTP/1.1" 200 20380 "-" "Mozilla/5.0 (Linux; Android 6.0.1; Nexus 5X Build/MMB29P) AppleWebKit/537.36 (KHTML, like Gecko) Chrome/137.0.7151.103 Mobile Safari/537.36 (compatible; Googlebot/2.1; +http://www.google.com/bot.html)"
57.141.2.6 - - [11/Jul/2025:19:51:54 +0700] "GET /db.php/shopdetail/air-conditioning-humidifiers/H5361445766 HTTP/2" 200 39 "-" "meta-externalagent/1.1 (+https://developers.facebook.com/docs/sharing/webmasters/crawler)"
57.141.2.25 - - [11/Jul/2025:19:51:54 +0700] "GET /food/others/D5343428917 HTTP/2" 200 0 "-" "meta-externalagent/1.1 (+https://developers.facebook.com/docs/sharing/webmasters/crawler)"
57.141.2.12 - - [11/Jul/2025:19:51:58 +0700] "GET /db.php/shopdetail/fashion-accessories/H5373517296 HTTP/2" 200 39 "-" "meta-externalagent/1.1 (+https://developers.facebook.com/docs/sharing/webmasters/crawler)"
66.249.70.165 - - [11/Jul/2025:19:51:57 +0700] "GET /pet-supplies/dog-supplies/Z532654358 HTTP/1.1" 200 20297 "-" "Mozilla/5.0 (Linux; Android 6.0.1; Nexus 5X Build/MMB29P) AppleWebKit/537.36 (KHTML, like Gecko) Chrome/137.0.7151.103 Mobile Safari/537.36 (compatible; Googlebot/2.1; +http://www.google.com/bot.html)"
66.249.70.165 - - [11/Jul/2025:19:51:59 +0700] "POST /get-message-notify HTTP/1.1" 200 20511 "https://shielddoor.vn/travel-supplies/outdoor-wear/Z5292336207" "Mozilla/5.0 (Linux; Android 6.0.1; Nexus 5X Build/MMB29P) AppleWebKit/537.36 (KHTML, like Gecko) Chrome/137.0.7151.119 Mobile Safari/537.36 (compatible; Googlebot/2.1; +http://www.google.com/bot.html)"
57.141.2.22 - - [11/Jul/2025:19:52:01 +0700] "GET /tv/cameras/V5313812850 HTTP/2" 200 0 "-" "meta-externalagent/1.1 (+https://developers.facebook.com/docs/sharing/webmasters/crawler)"
57.141.2.10 - - [11/Jul/2025:19:52:11 +0700] "GET /goods/pokemon-card-games/P5313799813 HTTP/2" 200 0 "-" "meta-externalagent/1.1 (+https://developers.facebook.com/docs/sharing/webmasters/crawler)"
57.141.2.1 - - [11/Jul/2025:19:52:12 +0700] "GET /fishing/rods/Y5343679166 HTTP/2" 200 0 "-" "meta-externalagent/1.1 (+https://developers.facebook.com/docs/sharing/webmasters/crawler)"
57.141.2.27 - - [11/Jul/2025:19:52:13 +0700] "GET /audio/audio-equipment/D5323316642 HTTP/2" 200 0 "-" "meta-externalagent/1.1 (+https://developers.facebook.com/docs/sharing/webmasters/crawler)"
57.141.2.5 - - [11/Jul/2025:19:51:35 +0700] "GET /fishing/reels/Q5303160642 HTTP/2" 200 0 "-" "meta-externalagent/1.1 (+https://developers.facebook.com/docs/sharing/webmasters/crawler)"
66.249.71.197 - - [11/Jul/2025:19:51:36 +0700] "GET /goods/special-effects/H5362832483 HTTP/1.1" 200 20747 "-" "Mozilla/5.0 (Linux; Android 6.0.1; Nexus 5X Build/MMB29P) AppleWebKit/537.36 (KHTML, like Gecko) Chrome/137.0.7151.103 Mobile Safari/537.36 (compatible; Googlebot/2.1; +http://www.google.com/bot.html)"
57.141.2.10 - - [11/Jul/2025:19:51:41 +0700] "GET /tablets/gaming-pcs/F535345624 HTTP/2" 200 0 "-" "meta-externalagent/1.1 (+https://developers.facebook.com/docs/sharing/webmasters/crawler)"
57.141.2.12 - - [11/Jul/2025:19:51:44 +0700] "GET /tickets/amusement-parks/I537874437 HTTP/2" 200 0 "-" "meta-externalagent/1.1 (+https://developers.facebook.com/docs/sharing/webmasters/crawler)"
157.55.39.204 - - [11/Jul/2025:19:51:57 +0700] "GET /fashion/womens/L5332360167 HTTP/2" 200 0 "-" "Mozilla/5.0 AppleWebKit/537.36 (KHTML, like Gecko; compatible; bingbot/2.0; +http://www.bing.com/bingbot.htm) Chrome/116.0.1938.76 Safari/537.36"
66.249.70.165 - - [11/Jul/2025:19:51:56 +0700] "POST /get-message-notify HTTP/1.1" 200 20499 "https://shielddoor.vn/sports/shoes/I5351537504" "Mozilla/5.0 (Linux; Android 6.0.1; Nexus 5X Build/MMB29P) AppleWebKit/537.36 (KHTML, like Gecko) Chrome/137.0.7151.119 Mobile Safari/537.36 (compatible; Googlebot/2.1; +http://www.google.com/bot.html)"
57.141.2.29 - - [11/Jul/2025:19:52:01 +0700] "GET /tv/audio-equipment/T5371313715 HTTP/2" 200 0 "-" "meta-externalagent/1.1 (+https://developers.facebook.com/docs/sharing/webmasters/crawler)"
66.249.71.199 - - [11/Jul/2025:19:52:01 +0700] "GET /bicycles/cars/V535988866 HTTP/1.1" 200 21188 "-" "Mozilla/5.0 (Linux; Android 6.0.1; Nexus 5X Build/MMB29P) AppleWebKit/537.36 (KHTML, like Gecko) Chrome/137.0.7151.103 Mobile Safari/537.36 (compatible; Googlebot/2.1; +http://www.google.com/bot.html)"
57.141.2.24 - - [11/Jul/2025:19:52:05 +0700] "GET /db.php/shopdetail/pet-supplies-healthcare/V5363247458 HTTP/2" 200 39 "-" "meta-externalagent/1.1 (+https://developers.facebook.com/docs/sharing/webmasters/crawler)"
66.249.71.198 - - [11/Jul/2025:19:52:05 +0700] "GET /toys/sports/U5333202302 HTTP/1.1" 200 20544 "-" "Mozilla/5.0 (Linux; Android 6.0.1; Nexus 5X Build/MMB29P) AppleWebKit/537.36 (KHTML, like Gecko) Chrome/137.0.7151.103 Mobile Safari/537.36 (compatible; Googlebot/2.1; +http://www.google.com/bot.html)"
157.55.39.204 - - [11/Jul/2025:19:52:07 +0700] "GET /air-conditioning/batteries/B5381167657 HTTP/2" 200 0 "-" "Mozilla/5.0 AppleWebKit/537.36 (KHTML, like Gecko; compatible; bingbot/2.0; +http://www.bing.com/bingbot.htm) Chrome/116.0.1938.76 Safari/537.36"
57.141.2.19 - - [11/Jul/2025:19:52:08 +0700] "GET /motorcycles/cars/B5331741003 HTTP/2" 200 0 "-" "meta-externalagent/1.1 (+https://developers.facebook.com/docs/sharing/webmasters/crawler)"
66.249.70.165 - - [11/Jul/2025:19:52:11 +0700] "POST /get-message-notify HTTP/1.1" 200 20521 "https://shielddoor.vn/toys/sports/U5333202302" "Mozilla/5.0 (Linux; Android 6.0.1; Nexus 5X Build/MMB29P) AppleWebKit/537.36 (KHTML, like Gecko) Chrome/137.0.7151.119 Mobile Safari/537.36 (compatible; Googlebot/2.1; +http://www.google.com/bot.html)"
57.141.2.28 - - [11/Jul/2025:19:52:15 +0700] "GET /audio/cameras/Y5353321780 HTTP/2" 200 0 "-" "meta-externalagent/1.1 (+https://developers.facebook.com/docs/sharing/webmasters/crawler)"
57.141.2.21 - - [11/Jul/2025:19:52:17 +0700] "GET /outdoor/outdoors/N5311467794 HTTP/2" 200 0 "-" "meta-externalagent/1.1 (+https://developers.facebook.com/docs/sharing/webmasters/crawler)"
57.141.2.29 - - [11/Jul/2025:19:52:18 +0700] "GET /dvds/japanese-music/R5293455038 HTTP/2" 200 0 "-" "meta-externalagent/1.1 (+https://developers.facebook.com/docs/sharing/webmasters/crawler)"
57.141.2.13 - - [11/Jul/2025:19:52:20 +0700] "GET /bicycles/cars/L5333652618 HTTP/2" 200 0 "-" "meta-externalagent/1.1 (+https://developers.facebook.com/docs/sharing/webmasters/crawler)"
66.249.70.165 - - [11/Jul/2025:19:52:21 +0700] "GET /beauty/others/T5293590559 HTTP/1.1" 200 20651 "-" "Mozilla/5.0 (Linux; Android 6.0.1; Nexus 5X Build/MMB29P) AppleWebKit/537.36 (KHTML, like Gecko) Chrome/137.0.7151.103 Mobile Safari/537.36 (compatible; Googlebot/2.1; +http://www.google.com/bot.html)"
66.249.70.165 - - [11/Jul/2025:19:52:23 +0700] "GET /outdoor/knives/W5341384330 HTTP/1.1" 200 20458 "-" "Mozilla/5.0 (Linux; Android 6.0.1; Nexus 5X Build/MMB29P) AppleWebKit/537.36 (KHTML, like Gecko) Chrome/137.0.7151.103 Mobile Safari/537.36 (compatible; Googlebot/2.1; +http://www.google.com/bot.html)"
157.55.39.204 - - [11/Jul/2025:19:52:27 +0700] "GET /tools/food-sealer/Y5343511868 HTTP/2" 200 0 "-" "Mozilla/5.0 AppleWebKit/537.36 (KHTML, like Gecko; compatible; bingbot/2.0; +http://www.bing.com/bingbot.htm) Chrome/116.0.1938.76 Safari/537.36"
57.141.2.27 - - [11/Jul/2025:19:52:27 +0700] "GET /hobbies/robots/A5321566334 HTTP/2" 200 0 "-" "meta-externalagent/1.1 (+https://developers.facebook.com/docs/sharing/webmasters/crawler)"
66.249.70.165 - - [11/Jul/2025:19:52:25 +0700] "GET /food/drinks/A5354017160 HTTP/1.1" 200 20143 "-" "Mozilla/5.0 (Linux; Android 6.0.1; Nexus 5X Build/MMB29P) AppleWebKit/537.36 (KHTML, like Gecko) Chrome/137.0.7151.103 Mobile Safari/537.36 (compatible; Googlebot/2.1; +http://www.google.com/bot.html)"
57.141.2.13 - - [11/Jul/2025:19:52:29 +0700] "GET /db.php/shopdetail/fashion-accessories/U5374211380 HTTP/2" 200 39 "-" "meta-externalagent/1.1 (+https://developers.facebook.com/docs/sharing/webmasters/crawler)"
66.249.70.165 - - [11/Jul/2025:19:52:29 +0700] "GET /cosmetics/women-perfume/W534373113 HTTP/1.1" 200 20794 "-" "Mozilla/5.0 (Linux; Android 6.0.1; Nexus 5X Build/MMB29P) AppleWebKit/537.36 (KHTML, like Gecko) Chrome/137.0.7151.103 Mobile Safari/537.36 (compatible; Googlebot/2.1; +http://www.google.com/bot.html)"
57.141.2.21 - - [11/Jul/2025:19:52:30 +0700] "GET /fashion/accessories/R5314070523 HTTP/2" 200 0 "-" "meta-externalagent/1.1 (+https://developers.facebook.com/docs/sharing/webmasters/crawler)"
57.141.2.22 - - [11/Jul/2025:19:52:32 +0700] "GET /beauty/shampoo/Y5363290012 HTTP/2" 200 0 "-" "meta-externalagent/1.1 (+https://developers.facebook.com/docs/sharing/webmasters/crawler)"
57.141.2.16 - - [11/Jul/2025:19:52:33 +0700] "GET /gardening/fresh-flowers/T5361197127 HTTP/2" 200 0 "-" "meta-externalagent/1.1 (+https://developers.facebook.com/docs/sharing/webmasters/crawler)"
66.249.70.165 - - [11/Jul/2025:19:52:32 +0700] "GET /food/food/Y534404502 HTTP/1.1" 200 20965 "-" "Mozilla/5.0 (Linux; Android 6.0.1; Nexus 5X Build/MMB29P) AppleWebKit/537.36 (KHTML, like Gecko) Chrome/137.0.7151.103 Mobile Safari/537.36 (compatible; Googlebot/2.1; +http://www.google.com/bot.html)"
66.249.70.165 - - [11/Jul/2025:19:52:36 +0700] "GET /smartphones/smartphone/H5332494159 HTTP/1.1" 200 21774 "-" "Mozilla/5.0 (Linux; Android 6.0.1; Nexus 5X Build/MMB29P) AppleWebKit/537.36 (KHTML, like Gecko) Chrome/137.0.7151.103 Mobile Safari/537.36 (compatible; Googlebot/2.1; +http://www.google.com/bot.html)"
57.141.2.21 - - [11/Jul/2025:19:52:39 +0700] "GET /fishing/reels/M537622967 HTTP/2" 200 0 "-" "meta-externalagent/1.1 (+https://developers.facebook.com/docs/sharing/webmasters/crawler)"
57.141.2.28 - - [11/Jul/2025:19:52:40 +0700] "GET /db.php/shopdetail/flowers-other-houseplants/X5382069625 HTTP/2" 200 39 "-" "meta-externalagent/1.1 (+https://developers.facebook.com/docs/sharing/webmasters/crawler)"
57.141.2.15 - - [11/Jul/2025:19:52:40 +0700] "GET /cosmetics/shampoo/X5331712251 HTTP/2" 200 0 "-" "meta-externalagent/1.1 (+https://developers.facebook.com/docs/sharing/webmasters/crawler)"
66.249.71.197 - - [11/Jul/2025:19:52:40 +0700] "POST /get-message-notify HTTP/1.1" 200 20514 "https://shielddoor.vn/smartphones/smartphone/H5332494159" "Mozilla/5.0 (Linux; Android 6.0.1; Nexus 5X Build/MMB29P) AppleWebKit/537.36 (KHTML, like Gecko) Chrome/137.0.7151.119 Mobile Safari/537.36 (compatible; Googlebot/2.1; +http://www.google.com/bot.html)"
57.141.2.6 - - [11/Jul/2025:19:52:13 +0700] "GET /interior/tables/N5301396574 HTTP/2" 200 0 "-" "meta-externalagent/1.1 (+https://developers.facebook.com/docs/sharing/webmasters/crawler)"
207.46.13.160 - - [11/Jul/2025:19:52:19 +0700] "GET /musical-instruments/dtm/W537407837 HTTP/2" 200 0 "-" "Mozilla/5.0 AppleWebKit/537.36 (KHTML, like Gecko; compatible; bingbot/2.0; +http://www.bing.com/bingbot.htm) Chrome/116.0.1938.76 Safari/537.36"
57.141.2.6 - - [11/Jul/2025:19:52:19 +0700] "GET /motorcycles/bicycles/B5291516765 HTTP/2" 200 0 "-" "meta-externalagent/1.1 (+https://developers.facebook.com/docs/sharing/webmasters/crawler)"
57.141.2.15 - - [11/Jul/2025:19:52:25 +0700] "GET /motorcycles/cars/J5291604726 HTTP/2" 200 0 "-" "meta-externalagent/1.1 (+https://developers.facebook.com/docs/sharing/webmasters/crawler)"
57.141.2.17 - - [11/Jul/2025:19:52:27 +0700] "GET /games/sports/H5302669333 HTTP/2" 200 0 "-" "meta-externalagent/1.1 (+https://developers.facebook.com/docs/sharing/webmasters/crawler)"
57.141.2.7 - - [11/Jul/2025:19:52:28 +0700] "GET /fashion/bags/O5361833407 HTTP/2" 200 0 "-" "meta-externalagent/1.1 (+https://developers.facebook.com/docs/sharing/webmasters/crawler)"
66.249.71.197 - - [11/Jul/2025:19:52:28 +0700] "POST /get-message-notify HTTP/1.1" 200 20475 "https://shielddoor.vn/food/drinks/A5354017160" "Mozilla/5.0 AppleWebKit/537.36 (KHTML, like Gecko; compatible; Googlebot/2.1; +http://www.google.com/bot.html) Chrome/137.0.7151.119 Safari/537.36"
57.141.2.26 - - [11/Jul/2025:19:52:33 +0700] "GET /tickets/application-tickets/W5292460423 HTTP/2" 200 0 "-" "meta-externalagent/1.1 (+https://developers.facebook.com/docs/sharing/webmasters/crawler)"
66.249.71.197 - - [11/Jul/2025:19:52:33 +0700] "POST /get-message-notify HTTP/1.1" 200 20531 "https://shielddoor.vn/cosmetics/women-perfume/W534373113" "Mozilla/5.0 (Linux; Android 6.0.1; Nexus 5X Build/MMB29P) AppleWebKit/537.36 (KHTML, like Gecko) Chrome/137.0.7151.119 Mobile Safari/537.36 (compatible; Googlebot/2.1; +http://www.google.com/bot.html)"
57.141.2.7 - - [11/Jul/2025:19:52:38 +0700] "GET /goods/dollfie-dream/F5331118420 HTTP/2" 200 0 "-" "meta-externalagent/1.1 (+https://developers.facebook.com/docs/sharing/webmasters/crawler)"
66.249.70.166 - - [11/Jul/2025:19:52:39 +0700] "GET /alcohol/other-foods/W537643019 HTTP/1.1" 200 20373 "-" "Mozilla/5.0 (Linux; Android 6.0.1; Nexus 5X Build/MMB29P) AppleWebKit/537.36 (KHTML, like Gecko) Chrome/137.0.7151.103 Mobile Safari/537.36 (compatible; Googlebot/2.1; +http://www.google.com/bot.html)"
57.141.2.25 - - [11/Jul/2025:19:52:40 +0700] "GET /db.php/shopdetail/fashion-dresses/N5322639856 HTTP/2" 200 39 "-" "meta-externalagent/1.1 (+https://developers.facebook.com/docs/sharing/webmasters/crawler)"
66.249.70.166 - - [11/Jul/2025:19:52:44 +0700] "POST /get-message-notify HTTP/1.1" 200 20497 "https://shielddoor.vn/alcohol/other-foods/W537643019" "Mozilla/5.0 (Linux; Android 6.0.1; Nexus 5X Build/MMB29P) AppleWebKit/537.36 (KHTML, like Gecko) Chrome/137.0.7151.119 Mobile Safari/537.36 (compatible; Googlebot/2.1; +http://www.google.com/bot.html)"
66.249.70.166 - - [11/Jul/2025:19:52:46 +0700] "GET /pet-supplies/breeding-cases/I5382751592 HTTP/1.1" 200 20533 "-" "Mozilla/5.0 (Linux; Android 6.0.1; Nexus 5X Build/MMB29P) AppleWebKit/537.36 (KHTML, like Gecko) Chrome/137.0.7151.103 Mobile Safari/537.36 (compatible; Googlebot/2.1; +http://www.google.com/bot.html)"
57.141.2.11 - - [11/Jul/2025:19:52:47 +0700] "GET /tv/digital-cameras/T535902422 HTTP/2" 200 0 "-" "meta-externalagent/1.1 (+https://developers.facebook.com/docs/sharing/webmasters/crawler)"
57.141.2.8 - - [11/Jul/2025:19:52:50 +0700] "GET /tv/headphones/P538692502 HTTP/2" 200 0 "-" "meta-externalagent/1.1 (+https://developers.facebook.com/docs/sharing/webmasters/crawler)"
57.141.2.6 - - [11/Jul/2025:19:52:05 +0700] "GET /db.php/shopdetail/fashion-jackets/Y537635681 HTTP/2" 200 39 "-" "meta-externalagent/1.1 (+https://developers.facebook.com/docs/sharing/webmasters/crawler)"
57.141.2.23 - - [11/Jul/2025:19:52:11 +0700] "GET /db.php/shopdetail/goods-figures/J5323252265 HTTP/2" 200 39 "-" "meta-externalagent/1.1 (+https://developers.facebook.com/docs/sharing/webmasters/crawler)"
66.249.71.197 - - [11/Jul/2025:19:52:10 +0700] "POST /get-message-notify HTTP/1.1" 200 20505 "https://shielddoor.vn/bicycles/cars/V535988866" "Mozilla/5.0 (Linux; Android 6.0.1; Nexus 5X Build/MMB29P) AppleWebKit/537.36 (KHTML, like Gecko) Chrome/137.0.7151.119 Mobile Safari/537.36 (compatible; Googlebot/2.1; +http://www.google.com/bot.html)"
57.141.2.19 - - [11/Jul/2025:19:52:12 +0700] "GET /db.php/shopdetail/art-accessories/X5313148099 HTTP/2" 200 39 "-" "meta-externalagent/1.1 (+https://developers.facebook.com/docs/sharing/webmasters/crawler)"
57.141.2.15 - - [11/Jul/2025:19:52:14 +0700] "GET /tv/lenses/F5381966113 HTTP/2" 200 0 "-" "meta-externalagent/1.1 (+https://developers.facebook.com/docs/sharing/webmasters/crawler)"
57.141.2.19 - - [11/Jul/2025:19:52:14 +0700] "GET /handicrafts/craft/V5313315177 HTTP/2" 200 0 "-" "meta-externalagent/1.1 (+https://developers.facebook.com/docs/sharing/webmasters/crawler)"
57.141.2.10 - - [11/Jul/2025:19:52:18 +0700] "GET /outdoor/fishing/J5381504766 HTTP/2" 200 0 "-" "meta-externalagent/1.1 (+https://developers.facebook.com/docs/sharing/webmasters/crawler)"
57.141.2.9 - - [11/Jul/2025:19:52:20 +0700] "GET /db.php/shopdetail/smartphones-smart-watch/A5331119526 HTTP/2" 200 39 "-" "meta-externalagent/1.1 (+https://developers.facebook.com/docs/sharing/webmasters/crawler)"
57.141.2.12 - - [11/Jul/2025:19:52:22 +0700] "GET /fashion/mens/H5381428664 HTTP/2" 200 0 "-" "meta-externalagent/1.1 (+https://developers.facebook.com/docs/sharing/webmasters/crawler)"
57.141.2.8 - - [11/Jul/2025:19:52:22 +0700] "GET /daily-necessities/bulk-sales/E5373355280 HTTP/2" 200 0 "-" "meta-externalagent/1.1 (+https://developers.facebook.com/docs/sharing/webmasters/crawler)"
57.141.2.18 - - [11/Jul/2025:19:52:22 +0700] "GET /audio/cameras/M5373128028 HTTP/2" 200 0 "-" "meta-externalagent/1.1 (+https://developers.facebook.com/docs/sharing/webmasters/crawler)"
57.141.2.11 - - [11/Jul/2025:19:52:29 +0700] "GET /bicycles/parts/O5331022506 HTTP/2" 200 0 "-" "meta-externalagent/1.1 (+https://developers.facebook.com/docs/sharing/webmasters/crawler)"
207.46.13.160 - - [11/Jul/2025:19:52:31 +0700] "GET /tools/mini-routers/A531324420 HTTP/2" 200 0 "-" "Mozilla/5.0 AppleWebKit/537.36 (KHTML, like Gecko; compatible; bingbot/2.0; +http://www.bing.com/bingbot.htm) Chrome/116.0.1938.76 Safari/537.36"
207.46.13.160 - - [11/Jul/2025:19:52:31 +0700] "GET /outdoor/backpacks/X5311608089 HTTP/2" 200 0 "-" "Mozilla/5.0 AppleWebKit/537.36 (KHTML, like Gecko; compatible; bingbot/2.0; +http://www.bing.com/bingbot.htm) Chrome/116.0.1938.76 Safari/537.36"
57.141.2.6 - - [11/Jul/2025:19:52:32 +0700] "GET /diy/exterior-wall-paints/P5332420032 HTTP/2" 200 0 "-" "meta-externalagent/1.1 (+https://developers.facebook.com/docs/sharing/webmasters/crawler)"
57.141.2.11 - - [11/Jul/2025:19:52:34 +0700] "GET /magazines/hobbies/G5383379796 HTTP/2" 200 0 "-" "meta-externalagent/1.1 (+https://developers.facebook.com/docs/sharing/webmasters/crawler)"
57.141.2.25 - - [11/Jul/2025:19:52:36 +0700] "GET /fashion/bags/U534405831 HTTP/2" 200 0 "-" "meta-externalagent/1.1 (+https://developers.facebook.com/docs/sharing/webmasters/crawler)"
57.141.2.20 - - [11/Jul/2025:19:52:37 +0700] "GET /air-conditioning/washing-machines/O5333379014 HTTP/2" 200 0 "-" "meta-externalagent/1.1 (+https://developers.facebook.com/docs/sharing/webmasters/crawler)"
57.141.2.1 - - [11/Jul/2025:19:52:42 +0700] "GET /db.php/shopdetail/handmade-glasses/B529662831 HTTP/2" 200 39 "-" "meta-externalagent/1.1 (+https://developers.facebook.com/docs/sharing/webmasters/crawler)"
66.249.70.165 - - [11/Jul/2025:19:52:41 +0700] "POST /get-message-notify HTTP/1.1" 200 20491 "https://shielddoor.vn/food/food/Y534404502" "Mozilla/5.0 (Linux; Android 6.0.1; Nexus 5X Build/MMB29P) AppleWebKit/537.36 (KHTML, like Gecko) Chrome/137.0.7151.119 Mobile Safari/537.36 (compatible; Googlebot/2.1; +http://www.google.com/bot.html)"
57.141.2.10 - - [11/Jul/2025:19:52:43 +0700] "GET /audio/film-cameras/D5331549211 HTTP/2" 200 0 "-" "meta-externalagent/1.1 (+https://developers.facebook.com/docs/sharing/webmasters/crawler)"
57.141.2.6 - - [11/Jul/2025:19:52:43 +0700] "GET /fashion/accessories/M532936867 HTTP/2" 200 0 "-" "meta-externalagent/1.1 (+https://developers.facebook.com/docs/sharing/webmasters/crawler)"
66.249.70.165 - - [11/Jul/2025:19:52:43 +0700] "GET /tablets/video-cards/O5384166581 HTTP/1.1" 200 20502 "-" "Mozilla/5.0 (Linux; Android 6.0.1; Nexus 5X Build/MMB29P) AppleWebKit/537.36 (KHTML, like Gecko) Chrome/137.0.7151.103 Mobile Safari/537.36 (compatible; Googlebot/2.1; +http://www.google.com/bot.html)"
57.141.2.26 - - [11/Jul/2025:19:52:47 +0700] "GET /cosmetics/beauty-appliances/T529316805 HTTP/2" 200 0 "-" "meta-externalagent/1.1 (+https://developers.facebook.com/docs/sharing/webmasters/crawler)"
207.46.13.160 - - [11/Jul/2025:19:52:47 +0700] "GET /furniture/wood-racks/U5293735635 HTTP/2" 200 0 "-" "Mozilla/5.0 AppleWebKit/537.36 (KHTML, like Gecko; compatible; bingbot/2.0; +http://www.bing.com/bingbot.htm) Chrome/116.0.1938.76 Safari/537.36"
57.141.2.9 - - [11/Jul/2025:19:52:49 +0700] "GET /db.php/shopdetail/daily-necessities-coffee/C5342490251 HTTP/2" 200 39 "-" "meta-externalagent/1.1 (+https://developers.facebook.com/docs/sharing/webmasters/crawler)"
57.141.2.16 - - [11/Jul/2025:19:52:51 +0700] "GET /fashion/jackets/U5332304581 HTTP/2" 200 0 "-" "meta-externalagent/1.1 (+https://developers.facebook.com/docs/sharing/webmasters/crawler)"
57.141.2.2 - - [11/Jul/2025:19:52:55 +0700] "GET /cars/wheels/Q5301822796 HTTP/2" 200 0 "-" "meta-externalagent/1.1 (+https://developers.facebook.com/docs/sharing/webmasters/crawler)"
57.141.2.14 - - [11/Jul/2025:19:52:55 +0700] "GET /tv/digital-cameras/Z534385233 HTTP/2" 200 0 "-" "meta-externalagent/1.1 (+https://developers.facebook.com/docs/sharing/webmasters/crawler)"
66.249.71.197 - - [11/Jul/2025:19:53:03 +0700] "GET /air-conditioning/refrigerator/W5363101216 HTTP/1.1" 200 20890 "-" "Mozilla/5.0 (Linux; Android 6.0.1; Nexus 5X Build/MMB29P) AppleWebKit/537.36 (KHTML, like Gecko) Chrome/137.0.7151.103 Mobile Safari/537.36 (compatible; Googlebot/2.1; +http://www.google.com/bot.html)"
57.141.2.27 - - [11/Jul/2025:19:53:04 +0700] "GET /computers/mobile-phone/W538357105 HTTP/2" 200 0 "-" "meta-externalagent/1.1 (+https://developers.facebook.com/docs/sharing/webmasters/crawler)"
57.141.2.6 - - [11/Jul/2025:19:53:05 +0700] "GET /db.php/shopdetail/fashion-jackets/J5333491368 HTTP/2" 200 39 "-" "meta-externalagent/1.1 (+https://developers.facebook.com/docs/sharing/webmasters/crawler)"
57.141.2.20 - - [11/Jul/2025:19:53:06 +0700] "GET /games/personal-equipment/Q5372475636 HTTP/2" 200 0 "-" "meta-externalagent/1.1 (+https://developers.facebook.com/docs/sharing/webmasters/crawler)"
66.249.71.197 - - [11/Jul/2025:19:53:07 +0700] "GET /musical-instruments/pachinko/U5293872701 HTTP/1.1" 200 20161 "-" "Mozilla/5.0 (Linux; Android 6.0.1; Nexus 5X Build/MMB29P) AppleWebKit/537.36 (KHTML, like Gecko) Chrome/137.0.7151.103 Mobile Safari/537.36 (compatible; Googlebot/2.1; +http://www.google.com/bot.html)"
57.141.2.21 - - [11/Jul/2025:19:53:09 +0700] "GET /alcohol/food/R5351641161 HTTP/2" 200 0 "-" "meta-externalagent/1.1 (+https://developers.facebook.com/docs/sharing/webmasters/crawler)"
57.141.2.13 - - [11/Jul/2025:19:53:11 +0700] "GET /tickets/facility-tickets/U5343065502 HTTP/2" 200 0 "-" "meta-externalagent/1.1 (+https://developers.facebook.com/docs/sharing/webmasters/crawler)"
57.141.2.4 - - [11/Jul/2025:19:52:53 +0700] "GET /fashion/accessories/Y5361320568 HTTP/2" 200 0 "-" "meta-externalagent/1.1 (+https://developers.facebook.com/docs/sharing/webmasters/crawler)"
57.141.2.26 - - [11/Jul/2025:19:52:53 +0700] "GET /db.php/shopdetail/audio-digital-cameras/T5384230383 HTTP/2" 200 39 "-" "meta-externalagent/1.1 (+https://developers.facebook.com/docs/sharing/webmasters/crawler)"
57.141.2.9 - - [11/Jul/2025:19:52:53 +0700] "GET /db.php/shopdetail/toys-talent-cards/L5312151757 HTTP/2" 200 39 "-" "meta-externalagent/1.1 (+https://developers.facebook.com/docs/sharing/webmasters/crawler)"
57.141.2.1 - - [11/Jul/2025:19:52:53 +0700] "GET /db.php/shopdetail/flowers-staghorn-ferns/Y5382100962 HTTP/2" 200 39 "-" "meta-externalagent/1.1 (+https://developers.facebook.com/docs/sharing/webmasters/crawler)"
57.141.2.3 - - [11/Jul/2025:19:52:54 +0700] "GET /handmade/accessories/C5311421256 HTTP/2" 200 0 "-" "meta-externalagent/1.1 (+https://developers.facebook.com/docs/sharing/webmasters/crawler)"
66.249.71.197 - - [11/Jul/2025:19:52:54 +0700] "GET /smartphones/mobile-phone/D531592726 HTTP/1.1" 200 21724 "-" "Mozilla/5.0 (Linux; Android 6.0.1; Nexus 5X Build/MMB29P) AppleWebKit/537.36 (KHTML, like Gecko) Chrome/137.0.7151.103 Mobile Safari/537.36 (compatible; Googlebot/2.1; +http://www.google.com/bot.html)"
57.141.2.24 - - [11/Jul/2025:19:52:57 +0700] "GET /daily-necessities/bulk-sales/W5371119266 HTTP/2" 200 0 "-" "meta-externalagent/1.1 (+https://developers.facebook.com/docs/sharing/webmasters/crawler)"
57.141.2.7 - - [11/Jul/2025:19:53:01 +0700] "GET /fashion/tops/M5363085614 HTTP/2" 200 0 "-" "meta-externalagent/1.1 (+https://developers.facebook.com/docs/sharing/webmasters/crawler)"
57.141.2.19 - - [11/Jul/2025:19:53:01 +0700] "GET /db.php/shopdetail/musical-instruments-cosplay-costumes/L5362979191 HTTP/2" 200 39 "-" "meta-externalagent/1.1 (+https://developers.facebook.com/docs/sharing/webmasters/crawler)"
57.141.2.5 - - [11/Jul/2025:19:53:02 +0700] "GET /db.php/shopdetail/art-slot-machines/F5311640387 HTTP/2" 200 39 "-" "meta-externalagent/1.1 (+https://developers.facebook.com/docs/sharing/webmasters/crawler)"
57.141.2.9 - - [11/Jul/2025:19:53:05 +0700] "GET /fashion/tops/W5322120653 HTTP/2" 200 0 "-" "meta-externalagent/1.1 (+https://developers.facebook.com/docs/sharing/webmasters/crawler)"
57.141.2.6 - - [11/Jul/2025:19:53:10 +0700] "GET /home-appliances/air-conditioning/G5292104202 HTTP/2" 200 0 "-" "meta-externalagent/1.1 (+https://developers.facebook.com/docs/sharing/webmasters/crawler)"
57.141.2.10 - - [11/Jul/2025:19:53:11 +0700] "GET /musical-instruments/crafts/I5294192717 HTTP/2" 200 0 "-" "meta-externalagent/1.1 (+https://developers.facebook.com/docs/sharing/webmasters/crawler)"
57.141.2.10 - - [11/Jul/2025:19:53:15 +0700] "GET /diet/supplements/O5373191647 HTTP/2" 200 0 "-" "meta-externalagent/1.1 (+https://developers.facebook.com/docs/sharing/webmasters/crawler)"
57.141.2.15 - - [11/Jul/2025:19:53:16 +0700] "GET /cameras/tvs/X529475067 HTTP/2" 200 0 "-" "meta-externalagent/1.1 (+https://developers.facebook.com/docs/sharing/webmasters/crawler)"
57.141.2.5 - - [11/Jul/2025:19:53:17 +0700] "GET /fishing/rods/V5312722965 HTTP/2" 200 0 "-" "meta-externalagent/1.1 (+https://developers.facebook.com/docs/sharing/webmasters/crawler)"
66.249.70.165 - - [11/Jul/2025:19:53:17 +0700] "POST /get-message-notify HTTP/1.1" 200 20487 "https://shielddoor.vn/handmade/fabrics/M5372467955" "Mozilla/5.0 (Linux; Android 6.0.1; Nexus 5X Build/MMB29P) AppleWebKit/537.36 (KHTML, like Gecko) Chrome/137.0.7151.119 Mobile Safari/537.36 (compatible; Googlebot/2.1; +http://www.google.com/bot.html)"
57.141.2.20 - - [11/Jul/2025:19:53:19 +0700] "GET /tv/cameras/D529657984 HTTP/2" 200 0 "-" "meta-externalagent/1.1 (+https://developers.facebook.com/docs/sharing/webmasters/crawler)"
57.141.2.28 - - [11/Jul/2025:19:53:20 +0700] "GET /audio/audio-equipment/C5333877923 HTTP/2" 200 0 "-" "meta-externalagent/1.1 (+https://developers.facebook.com/docs/sharing/webmasters/crawler)"
66.249.71.197 - - [11/Jul/2025:19:53:11 +0700] "GET /handmade/fabrics/M5372467955 HTTP/1.1" 200 20699 "-" "Mozilla/5.0 (Linux; Android 6.0.1; Nexus 5X Build/MMB29P) AppleWebKit/537.36 (KHTML, like Gecko) Chrome/137.0.7151.103 Mobile Safari/537.36 (compatible; Googlebot/2.1; +http://www.google.com/bot.html)"
57.141.2.9 - - [11/Jul/2025:19:53:13 +0700] "GET /tv/cameras/H530588114 HTTP/2" 200 0 "-" "meta-externalagent/1.1 (+https://developers.facebook.com/docs/sharing/webmasters/crawler)"
57.141.2.26 - - [11/Jul/2025:19:53:14 +0700] "GET /fashion/outerwear/L5341863065 HTTP/2" 200 0 "-" "meta-externalagent/1.1 (+https://developers.facebook.com/docs/sharing/webmasters/crawler)"
157.55.39.204 - - [11/Jul/2025:19:53:18 +0700] "GET /bicycles/tools/D5332657119 HTTP/2" 200 0 "-" "Mozilla/5.0 AppleWebKit/537.36 (KHTML, like Gecko; compatible; bingbot/2.0; +http://www.bing.com/bingbot.htm) Chrome/116.0.1938.76 Safari/537.36"
57.141.2.27 - - [11/Jul/2025:19:53:19 +0700] "GET /drinks/drinks/X5304225213 HTTP/2" 200 0 "-" "meta-externalagent/1.1 (+https://developers.facebook.com/docs/sharing/webmasters/crawler)"
57.141.2.5 - - [11/Jul/2025:19:53:19 +0700] "GET /db.php/shopdetail/home-appliances-washing-machines/B5354126054 HTTP/2" 200 39 "-" "meta-externalagent/1.1 (+https://developers.facebook.com/docs/sharing/webmasters/crawler)"
57.141.2.5 - - [11/Jul/2025:19:53:20 +0700] "GET /sports/gloves/N5293351636 HTTP/2" 200 0 "-" "meta-externalagent/1.1 (+https://developers.facebook.com/docs/sharing/webmasters/crawler)"
57.141.2.8 - - [11/Jul/2025:19:53:21 +0700] "GET /bicycles/tires/X5341374781 HTTP/2" 200 0 "-" "meta-externalagent/1.1 (+https://developers.facebook.com/docs/sharing/webmasters/crawler)"
57.141.2.24 - - [11/Jul/2025:19:53:22 +0700] "GET /smartphones/smart-watches/R536828110 HTTP/2" 200 0 "-" "meta-externalagent/1.1 (+https://developers.facebook.com/docs/sharing/webmasters/crawler)"
57.141.2.18 - - [11/Jul/2025:19:53:23 +0700] "GET /cameras/audio-equipment/J536451674 HTTP/2" 200 0 "-" "meta-externalagent/1.1 (+https://developers.facebook.com/docs/sharing/webmasters/crawler)"
57.141.2.17 - - [11/Jul/2025:19:53:23 +0700] "GET /tickets/theme-parks/E535265991 HTTP/2" 200 0 "-" "meta-externalagent/1.1 (+https://developers.facebook.com/docs/sharing/webmasters/crawler)"
57.141.2.15 - - [11/Jul/2025:19:53:24 +0700] "GET /fashion/womens/S5322371162 HTTP/2" 200 0 "-" "meta-externalagent/1.1 (+https://developers.facebook.com/docs/sharing/webmasters/crawler)"
66.249.70.165 - - [11/Jul/2025:19:53:23 +0700] "GET /interior/welcome-boards/I5303495782 HTTP/1.1" 200 20086 "-" "Mozilla/5.0 (Linux; Android 6.0.1; Nexus 5X Build/MMB29P) AppleWebKit/537.36 (KHTML, like Gecko) Chrome/137.0.7151.103 Mobile Safari/537.36 (compatible; Googlebot/2.1; +http://www.google.com/bot.html)"
57.141.2.16 - - [11/Jul/2025:19:53:26 +0700] "GET /tickets/fireworks/P5323974657 HTTP/2" 200 0 "-" "meta-externalagent/1.1 (+https://developers.facebook.com/docs/sharing/webmasters/crawler)"
66.249.70.165 - - [11/Jul/2025:19:53:26 +0700] "GET /travel-supplies/outdoors/D5371306139 HTTP/1.1" 200 20255 "-" "Mozilla/5.0 (Linux; Android 6.0.1; Nexus 5X Build/MMB29P) AppleWebKit/537.36 (KHTML, like Gecko) Chrome/137.0.7151.103 Mobile Safari/537.36 (compatible; Googlebot/2.1; +http://www.google.com/bot.html)"
57.141.2.21 - - [11/Jul/2025:19:53:29 +0700] "GET /fashion/accessories/J5382537137 HTTP/2" 200 0 "-" "meta-externalagent/1.1 (+https://developers.facebook.com/docs/sharing/webmasters/crawler)"
66.249.70.165 - - [11/Jul/2025:19:53:28 +0700] "POST /get-message-notify HTTP/1.1" 200 20512 "https://shielddoor.vn/interior/welcome-boards/I5303495782" "Mozilla/5.0 (Linux; Android 6.0.1; Nexus 5X Build/MMB29P) AppleWebKit/537.36 (KHTML, like Gecko) Chrome/137.0.7151.119 Mobile Safari/537.36 (compatible; Googlebot/2.1; +http://www.google.com/bot.html)"
66.249.70.166 - - [11/Jul/2025:19:52:51 +0700] "GET /home-appliances/appliances/P5352242056 HTTP/1.1" 200 21794 "-" "Mozilla/5.0 (Linux; Android 6.0.1; Nexus 5X Build/MMB29P) AppleWebKit/537.36 (KHTML, like Gecko) Chrome/137.0.7151.103 Mobile Safari/537.36 (compatible; Googlebot/2.1; +http://www.google.com/bot.html)"
57.141.2.14 - - [11/Jul/2025:19:52:55 +0700] "GET /handicrafts/miniatures/X535671170 HTTP/2" 200 0 "-" "meta-externalagent/1.1 (+https://developers.facebook.com/docs/sharing/webmasters/crawler)"
66.249.70.165 - - [11/Jul/2025:19:52:55 +0700] "POST /get-message-notify HTTP/1.1" 200 20472 "https://shielddoor.vn/home-appliances/appliances/P5352242056" "Mozilla/5.0 (Linux; Android 6.0.1; Nexus 5X Build/MMB29P) AppleWebKit/537.36 (KHTML, like Gecko) Chrome/137.0.7151.119 Mobile Safari/537.36 (compatible; Googlebot/2.1; +http://www.google.com/bot.html)"
57.141.2.18 - - [11/Jul/2025:19:52:57 +0700] "GET /cameras/cameras/C534290645 HTTP/2" 200 0 "-" "meta-externalagent/1.1 (+https://developers.facebook.com/docs/sharing/webmasters/crawler)"
57.141.2.16 - - [11/Jul/2025:19:53:02 +0700] "GET /cosmetics/lipstick/W5342813539 HTTP/2" 200 0 "-" "meta-externalagent/1.1 (+https://developers.facebook.com/docs/sharing/webmasters/crawler)"
57.141.2.1 - - [11/Jul/2025:19:53:03 +0700] "GET /db.php/shopdetail/computers-smartphones/W537371573 HTTP/2" 200 39 "-" "meta-externalagent/1.1 (+https://developers.facebook.com/docs/sharing/webmasters/crawler)"
57.141.2.23 - - [11/Jul/2025:19:53:03 +0700] "GET /db.php/shopdetail/tools-supplies/B5383082401 HTTP/2" 200 39 "-" "meta-externalagent/1.1 (+https://developers.facebook.com/docs/sharing/webmasters/crawler)"
57.141.2.20 - - [11/Jul/2025:19:53:08 +0700] "GET /db.php/shopdetail/handicrafts-paintings/W5301617099 HTTP/2" 200 39 "-" "meta-externalagent/1.1 (+https://developers.facebook.com/docs/sharing/webmasters/crawler)"
57.141.2.11 - - [11/Jul/2025:19:53:11 +0700] "GET /toys/sports/U5383713418 HTTP/2" 200 0 "-" "meta-externalagent/1.1 (+https://developers.facebook.com/docs/sharing/webmasters/crawler)"
57.141.2.6 - - [11/Jul/2025:19:53:12 +0700] "GET /db.php/shopdetail/diy-special-tools/U5381163570 HTTP/2" 200 39 "-" "meta-externalagent/1.1 (+https://developers.facebook.com/docs/sharing/webmasters/crawler)"
57.141.2.5 - - [11/Jul/2025:19:53:12 +0700] "GET /kitchen/bulk-sales/R530926561 HTTP/2" 200 0 "-" "meta-externalagent/1.1 (+https://developers.facebook.com/docs/sharing/webmasters/crawler)"
57.141.2.18 - - [11/Jul/2025:19:53:12 +0700] "GET /tv/wearable-cameras/B532651416 HTTP/2" 200 0 "-" "meta-externalagent/1.1 (+https://developers.facebook.com/docs/sharing/webmasters/crawler)"
57.141.2.25 - - [11/Jul/2025:19:53:13 +0700] "GET /audio/audio-equipment/X5353032822 HTTP/2" 200 0 "-" "meta-externalagent/1.1 (+https://developers.facebook.com/docs/sharing/webmasters/crawler)"
57.141.2.8 - - [11/Jul/2025:19:53:13 +0700] "GET /interior/center-tables/P5302674567 HTTP/2" 200 0 "-" "meta-externalagent/1.1 (+https://developers.facebook.com/docs/sharing/webmasters/crawler)"
57.141.2.24 - - [11/Jul/2025:19:53:13 +0700] "GET /sports/golf/J5303740653 HTTP/2" 200 0 "-" "meta-externalagent/1.1 (+https://developers.facebook.com/docs/sharing/webmasters/crawler)"
57.141.2.5 - - [11/Jul/2025:19:53:17 +0700] "GET /fashion/womens/I538952215 HTTP/2" 200 0 "-" "meta-externalagent/1.1 (+https://developers.facebook.com/docs/sharing/webmasters/crawler)"
57.141.2.17 - - [11/Jul/2025:19:53:20 +0700] "GET /travel-supplies/rods/G5311985366 HTTP/2" 200 0 "-" "meta-externalagent/1.1 (+https://developers.facebook.com/docs/sharing/webmasters/crawler)"
40.77.167.53 - - [11/Jul/2025:19:53:25 +0700] "GET /home-appliances/rechargeable-batteries/A5372841397 HTTP/2" 200 0 "-" "Mozilla/5.0 AppleWebKit/537.36 (KHTML, like Gecko; compatible; bingbot/2.0; +http://www.bing.com/bingbot.htm) Chrome/116.0.1938.76 Safari/537.36"
57.141.2.26 - - [11/Jul/2025:19:53:26 +0700] "GET /toys/sports/V5343142897 HTTP/2" 200 0 "-" "meta-externalagent/1.1 (+https://developers.facebook.com/docs/sharing/webmasters/crawler)"
57.141.2.23 - - [11/Jul/2025:19:53:21 +0700] "GET /flowers/staghorn-ferns/L5304122253 HTTP/2" 200 0 "-" "meta-externalagent/1.1 (+https://developers.facebook.com/docs/sharing/webmasters/crawler)"
57.141.2.27 - - [11/Jul/2025:19:53:22 +0700] "GET /cars/cars/U5382371228 HTTP/2" 200 0 "-" "meta-externalagent/1.1 (+https://developers.facebook.com/docs/sharing/webmasters/crawler)"
57.141.2.14 - - [11/Jul/2025:19:53:23 +0700] "GET /tv/digital-cameras/D5381741202 HTTP/2" 200 0 "-" "meta-externalagent/1.1 (+https://developers.facebook.com/docs/sharing/webmasters/crawler)"
57.141.2.11 - - [11/Jul/2025:19:53:24 +0700] "GET /db.php/shopdetail/fashion-kimono/E5362660559 HTTP/2" 200 39 "-" "meta-externalagent/1.1 (+https://developers.facebook.com/docs/sharing/webmasters/crawler)"
57.141.2.8 - - [11/Jul/2025:19:53:27 +0700] "GET /db.php/shopdetail/smartphones-desktop-pcs/N5293503999 HTTP/2" 200 39 "-" "meta-externalagent/1.1 (+https://developers.facebook.com/docs/sharing/webmasters/crawler)"
57.141.2.26 - - [11/Jul/2025:19:53:31 +0700] "GET /games/american-comics/W5382394198 HTTP/2" 200 0 "-" "meta-externalagent/1.1 (+https://developers.facebook.com/docs/sharing/webmasters/crawler)"
57.141.2.18 - - [11/Jul/2025:19:53:32 +0700] "GET /cameras/audio-equipment/I5381401901 HTTP/2" 200 0 "-" "meta-externalagent/1.1 (+https://developers.facebook.com/docs/sharing/webmasters/crawler)"
66.249.71.197 - - [11/Jul/2025:19:53:32 +0700] "POST /get-message-notify HTTP/1.1" 200 20489 "https://shielddoor.vn/travel-supplies/outdoors/D5371306139" "Mozilla/5.0 (Linux; Android 6.0.1; Nexus 5X Build/MMB29P) AppleWebKit/537.36 (KHTML, like Gecko) Chrome/137.0.7151.119 Mobile Safari/537.36 (compatible; Googlebot/2.1; +http://www.google.com/bot.html)"
57.141.2.14 - - [11/Jul/2025:19:53:35 +0700] "GET /audio/speakers/U5292494774 HTTP/2" 200 0 "-" "meta-externalagent/1.1 (+https://developers.facebook.com/docs/sharing/webmasters/crawler)"
40.77.167.36 - - [11/Jul/2025:19:53:35 +0700] "GET /outdoor/tarps/S5353327081 HTTP/2" 200 0 "-" "Mozilla/5.0 AppleWebKit/537.36 (KHTML, like Gecko; compatible; bingbot/2.0; +http://www.bing.com/bingbot.htm) Chrome/116.0.1938.76 Safari/537.36"
57.141.2.26 - - [11/Jul/2025:19:53:40 +0700] "GET /cameras/audio-equipment/U5344226823 HTTP/2" 200 0 "-" "meta-externalagent/1.1 (+https://developers.facebook.com/docs/sharing/webmasters/crawler)"
207.46.13.160 - - [11/Jul/2025:19:53:40 +0700] "GET /outdoor/tents/N532295513 HTTP/2" 200 0 "-" "Mozilla/5.0 AppleWebKit/537.36 (KHTML, like Gecko; compatible; bingbot/2.0; +http://www.bing.com/bingbot.htm) Chrome/116.0.1938.76 Safari/537.36"
57.141.2.29 - - [11/Jul/2025:19:53:40 +0700] "GET /fashion/womens/P5342241120 HTTP/2" 200 0 "-" "meta-externalagent/1.1 (+https://developers.facebook.com/docs/sharing/webmasters/crawler)"
57.141.2.1 - - [11/Jul/2025:19:53:41 +0700] "GET /audio/audio-equipment/I5343545456 HTTP/2" 200 0 "-" "meta-externalagent/1.1 (+https://developers.facebook.com/docs/sharing/webmasters/crawler)"
57.141.2.12 - - [11/Jul/2025:19:53:41 +0700] "GET /games/anime/B5291088994 HTTP/2" 200 0 "-" "meta-externalagent/1.1 (+https://developers.facebook.com/docs/sharing/webmasters/crawler)"
57.141.2.21 - - [11/Jul/2025:19:53:42 +0700] "GET /db.php/shopdetail/cds-dvd/S5364174547 HTTP/2" 200 39 "-" "meta-externalagent/1.1 (+https://developers.facebook.com/docs/sharing/webmasters/crawler)"
57.141.2.12 - - [11/Jul/2025:19:53:46 +0700] "GET /cameras/audio-equipment/F5331500146 HTTP/2" 200 0 "-" "meta-externalagent/1.1 (+https://developers.facebook.com/docs/sharing/webmasters/crawler)"
57.141.2.17 - - [11/Jul/2025:19:53:47 +0700] "GET /smartphones/apple-watches/W5293222315 HTTP/2" 200 0 "-" "meta-externalagent/1.1 (+https://developers.facebook.com/docs/sharing/webmasters/crawler)"
207.46.13.160 - - [11/Jul/2025:19:53:50 +0700] "GET /tv/audio-equipment/E5382931258 HTTP/2" 200 0 "-" "Mozilla/5.0 AppleWebKit/537.36 (KHTML, like Gecko; compatible; bingbot/2.0; +http://www.bing.com/bingbot.htm) Chrome/116.0.1938.76 Safari/537.36"
66.249.70.165 - - [11/Jul/2025:19:53:29 +0700] "GET /outdoor/rods/F5293204624 HTTP/1.1" 200 20684 "-" "Mozilla/5.0 (Linux; Android 6.0.1; Nexus 5X Build/MMB29P) AppleWebKit/537.36 (KHTML, like Gecko) Chrome/137.0.7151.103 Mobile Safari/537.36 (compatible; Googlebot/2.1; +http://www.google.com/bot.html)"
66.249.70.165 - - [11/Jul/2025:19:53:32 +0700] "GET /goods/sports/C531980521 HTTP/1.1" 200 20438 "-" "Mozilla/5.0 (Linux; Android 6.0.1; Nexus 5X Build/MMB29P) AppleWebKit/537.36 (KHTML, like Gecko) Chrome/137.0.7151.103 Mobile Safari/537.36 (compatible; Googlebot/2.1; +http://www.google.com/bot.html)"
57.141.2.16 - - [11/Jul/2025:19:53:36 +0700] "GET /beauty/makeup-base/S5331069742 HTTP/2" 200 0 "-" "meta-externalagent/1.1 (+https://developers.facebook.com/docs/sharing/webmasters/crawler)"
57.141.2.15 - - [11/Jul/2025:19:53:38 +0700] "GET /home-appliances/appliances/W5382977765 HTTP/2" 200 0 "-" "meta-externalagent/1.1 (+https://developers.facebook.com/docs/sharing/webmasters/crawler)"
57.141.2.30 - - [11/Jul/2025:19:53:38 +0700] "GET /handmade/miniatures/O5383050017 HTTP/2" 200 0 "-" "meta-externalagent/1.1 (+https://developers.facebook.com/docs/sharing/webmasters/crawler)"
57.141.2.19 - - [11/Jul/2025:19:53:43 +0700] "GET /audio/audio-equipment/L538545076 HTTP/2" 200 0 "-" "meta-externalagent/1.1 (+https://developers.facebook.com/docs/sharing/webmasters/crawler)"
57.141.2.19 - - [11/Jul/2025:19:53:43 +0700] "GET /outdoor/outdoors/E5292937537 HTTP/2" 200 0 "-" "meta-externalagent/1.1 (+https://developers.facebook.com/docs/sharing/webmasters/crawler)"
57.141.2.9 - - [11/Jul/2025:19:53:44 +0700] "GET /goods/other-models/H5373803089 HTTP/2" 200 0 "-" "meta-externalagent/1.1 (+https://developers.facebook.com/docs/sharing/webmasters/crawler)"
57.141.2.29 - - [11/Jul/2025:19:53:46 +0700] "GET /db.php/shopdetail/furniture-desks/G5312514672 HTTP/2" 200 39 "-" "meta-externalagent/1.1 (+https://developers.facebook.com/docs/sharing/webmasters/crawler)"
66.249.70.165 - - [11/Jul/2025:19:53:44 +0700] "GET /beauty/gel/M5323963727 HTTP/1.1" 200 20807 "-" "Mozilla/5.0 (Linux; Android 6.0.1; Nexus 5X Build/MMB29P) AppleWebKit/537.36 (KHTML, like Gecko) Chrome/137.0.7151.103 Mobile Safari/537.36 (compatible; Googlebot/2.1; +http://www.google.com/bot.html)"
57.141.2.5 - - [11/Jul/2025:19:53:46 +0700] "GET /diet/incense-burners/N533468654 HTTP/2" 200 0 "-" "meta-externalagent/1.1 (+https://developers.facebook.com/docs/sharing/webmasters/crawler)"
57.141.2.9 - - [11/Jul/2025:19:53:46 +0700] "GET /art/cosplay-costumes/Q5291725630 HTTP/2" 200 0 "-" "meta-externalagent/1.1 (+https://developers.facebook.com/docs/sharing/webmasters/crawler)"
