57.141.2.8 - - [11/Jul/2025:21:07:11 +0700] "GET /diet/hygiene/B5331705897 HTTP/2" 200 0 "-" "meta-externalagent/1.1 (+https://developers.facebook.com/docs/sharing/webmasters/crawler)"
57.141.2.27 - - [11/Jul/2025:21:06:30 +0700] "GET /tv/digital-cameras/N534311633 HTTP/2" 200 0 "-" "meta-externalagent/1.1 (+https://developers.facebook.com/docs/sharing/webmasters/crawler)"
57.141.2.5 - - [11/Jul/2025:21:06:31 +0700] "GET /cars/maintenance/F531457537 HTTP/2" 200 0 "-" "meta-externalagent/1.1 (+https://developers.facebook.com/docs/sharing/webmasters/crawler)"
57.141.2.1 - - [11/Jul/2025:21:06:31 +0700] "GET /tv/cameras/R531447428 HTTP/2" 200 0 "-" "meta-externalagent/1.1 (+https://developers.facebook.com/docs/sharing/webmasters/crawler)"
57.141.2.7 - - [11/Jul/2025:21:06:32 +0700] "GET /interior/lights/B5323392820 HTTP/2" 200 0 "-" "meta-externalagent/1.1 (+https://developers.facebook.com/docs/sharing/webmasters/crawler)"
57.141.2.23 - - [11/Jul/2025:21:06:33 +0700] "GET /games/idols/D5313068757 HTTP/2" 200 0 "-" "meta-externalagent/1.1 (+https://developers.facebook.com/docs/sharing/webmasters/crawler)"
207.46.13.54 - - [11/Jul/2025:21:06:36 +0700] "GET /cosmetics/shampoo/R5292773440 HTTP/2" 200 0 "-" "Mozilla/5.0 AppleWebKit/537.36 (KHTML, like Gecko; compatible; bingbot/2.0; +http://www.bing.com/bingbot.htm) Chrome/116.0.1938.76 Safari/537.36"
57.141.2.2 - - [11/Jul/2025:21:06:43 +0700] "GET /kitchen/others/D5301092084 HTTP/2" 200 0 "-" "meta-externalagent/1.1 (+https://developers.facebook.com/docs/sharing/webmasters/crawler)"
57.141.2.30 - - [11/Jul/2025:21:06:43 +0700] "GET /db.php/shopdetail/air-conditioning-humidifiers/Z5381095469 HTTP/2" 200 39 "-" "meta-externalagent/1.1 (+https://developers.facebook.com/docs/sharing/webmasters/crawler)"
57.141.2.22 - - [11/Jul/2025:21:06:54 +0700] "GET /bicycles/parts/H5313708691 HTTP/2" 200 0 "-" "meta-externalagent/1.1 (+https://developers.facebook.com/docs/sharing/webmasters/crawler)"
57.141.2.24 - - [11/Jul/2025:21:06:55 +0700] "GET /fashion/shoes/D5322352046 HTTP/2" 200 0 "-" "meta-externalagent/1.1 (+https://developers.facebook.com/docs/sharing/webmasters/crawler)"
57.141.2.1 - - [11/Jul/2025:21:06:58 +0700] "GET /drinks/food/U5371029902 HTTP/2" 200 0 "-" "meta-externalagent/1.1 (+https://developers.facebook.com/docs/sharing/webmasters/crawler)"
66.249.70.165 - - [11/Jul/2025:21:06:58 +0700] "GET /diy/storage-sheds/J5371498531 HTTP/1.1" 200 20423 "-" "Mozilla/5.0 (Linux; Android 6.0.1; Nexus 5X Build/MMB29P) AppleWebKit/537.36 (KHTML, like Gecko) Chrome/137.0.7151.103 Mobile Safari/537.36 (compatible; Googlebot/2.1; +http://www.google.com/bot.html)"
57.141.2.27 - - [11/Jul/2025:21:07:01 +0700] "GET /hobbies/musical-instruments/H5311738391 HTTP/2" 200 0 "-" "meta-externalagent/1.1 (+https://developers.facebook.com/docs/sharing/webmasters/crawler)"
57.141.2.26 - - [11/Jul/2025:21:07:03 +0700] "GET /fashion/accessories/Y5371393408 HTTP/2" 200 0 "-" "meta-externalagent/1.1 (+https://developers.facebook.com/docs/sharing/webmasters/crawler)"
57.141.2.27 - - [11/Jul/2025:21:07:03 +0700] "GET /handicrafts/fashion/V5342696059 HTTP/2" 200 0 "-" "meta-externalagent/1.1 (+https://developers.facebook.com/docs/sharing/webmasters/crawler)"
66.249.70.165 - - [11/Jul/2025:21:07:03 +0700] "GET /tickets/sports/T5341651795 HTTP/1.1" 200 20600 "-" "Mozilla/5.0 (Linux; Android 6.0.1; Nexus 5X Build/MMB29P) AppleWebKit/537.36 (KHTML, like Gecko) Chrome/137.0.7151.103 Mobile Safari/537.36 (compatible; Googlebot/2.1; +http://www.google.com/bot.html)"
57.141.2.9 - - [11/Jul/2025:21:07:05 +0700] "GET /furniture/beds/S5382899386 HTTP/2" 200 0 "-" "meta-externalagent/1.1 (+https://developers.facebook.com/docs/sharing/webmasters/crawler)"
66.249.70.165 - - [11/Jul/2025:21:07:08 +0700] "GET /tv/cameras/J5313130324 HTTP/1.1" 200 20900 "-" "Mozilla/5.0 (Linux; Android 6.0.1; Nexus 5X Build/MMB29P) AppleWebKit/537.36 (KHTML, like Gecko) Chrome/137.0.7151.103 Mobile Safari/537.36 (compatible; Googlebot/2.1; +http://www.google.com/bot.html)"
57.141.2.8 - - [11/Jul/2025:21:07:11 +0700] "GET /outdoor/fishing/H5374014200 HTTP/2" 200 0 "-" "meta-externalagent/1.1 (+https://developers.facebook.com/docs/sharing/webmasters/crawler)"
57.141.2.22 - - [11/Jul/2025:21:06:49 +0700] "GET /db.php/shopdetail/travel-supplies-boots/L5382719408 HTTP/2" 200 39 "-" "meta-externalagent/1.1 (+https://developers.facebook.com/docs/sharing/webmasters/crawler)"
57.141.2.19 - - [11/Jul/2025:21:06:52 +0700] "GET /daily-necessities/bulk-sales/C5361971239 HTTP/2" 200 0 "-" "meta-externalagent/1.1 (+https://developers.facebook.com/docs/sharing/webmasters/crawler)"
57.141.2.20 - - [11/Jul/2025:21:06:53 +0700] "GET /drinks/others/R538925167 HTTP/2" 200 0 "-" "meta-externalagent/1.1 (+https://developers.facebook.com/docs/sharing/webmasters/crawler)"
57.141.2.17 - - [11/Jul/2025:21:06:54 +0700] "GET /db.php/shopdetail/daily-necessities-rain-covers/M533969111 HTTP/2" 200 39 "-" "meta-externalagent/1.1 (+https://developers.facebook.com/docs/sharing/webmasters/crawler)"
207.46.13.157 - - [11/Jul/2025:21:06:55 +0700] "GET /smartphones/tablet/R5383179791 HTTP/2" 200 0 "-" "Mozilla/5.0 AppleWebKit/537.36 (KHTML, like Gecko; compatible; bingbot/2.0; +http://www.bing.com/bingbot.htm) Chrome/116.0.1938.76 Safari/537.36"
57.141.2.7 - - [11/Jul/2025:21:06:56 +0700] "GET /musical-instruments/recording/N5372380908 HTTP/2" 200 0 "-" "meta-externalagent/1.1 (+https://developers.facebook.com/docs/sharing/webmasters/crawler)"
207.46.13.54 - - [11/Jul/2025:21:07:05 +0700] "GET /furniture/desk-lights/F5291047120 HTTP/2" 200 0 "-" "Mozilla/5.0 AppleWebKit/537.36 (KHTML, like Gecko; compatible; bingbot/2.0; +http://www.bing.com/bingbot.htm) Chrome/116.0.1938.76 Safari/537.36"
57.141.2.11 - - [11/Jul/2025:21:07:06 +0700] "GET /fashion/outerwear/M5291546287 HTTP/2" 200 0 "-" "meta-externalagent/1.1 (+https://developers.facebook.com/docs/sharing/webmasters/crawler)"
57.141.2.4 - - [11/Jul/2025:21:07:08 +0700] "GET /blu-ray/video-tapes/Q5363421658 HTTP/2" 200 0 "-" "meta-externalagent/1.1 (+https://developers.facebook.com/docs/sharing/webmasters/crawler)"
57.141.2.22 - - [11/Jul/2025:21:07:10 +0700] "GET /fashion/accessories/X5333940627 HTTP/2" 200 0 "-" "meta-externalagent/1.1 (+https://developers.facebook.com/docs/sharing/webmasters/crawler)"
57.141.2.24 - - [11/Jul/2025:21:07:12 +0700] "GET /daily-necessities/tableware/J5371588230 HTTP/2" 200 0 "-" "meta-externalagent/1.1 (+https://developers.facebook.com/docs/sharing/webmasters/crawler)"
66.249.71.197 - - [11/Jul/2025:21:07:15 +0700] "POST /get-message-notify HTTP/1.1" 200 20496 "https://shielddoor.vn/tickets/sports/T5341651795" "Mozilla/5.0 (Linux; Android 6.0.1; Nexus 5X Build/MMB29P) AppleWebKit/537.36 (KHTML, like Gecko) Chrome/137.0.7151.119 Mobile Safari/537.36 (compatible; Googlebot/2.1; +http://www.google.com/bot.html)"
66.249.71.197 - - [11/Jul/2025:21:07:20 +0700] "GET /bicycles/motorcycles/P5351429603 HTTP/1.1" 200 20587 "-" "Mozilla/5.0 (Linux; Android 6.0.1; Nexus 5X Build/MMB29P) AppleWebKit/537.36 (KHTML, like Gecko) Chrome/137.0.7151.103 Mobile Safari/537.36 (compatible; Googlebot/2.1; +http://www.google.com/bot.html)"
66.249.71.197 - - [11/Jul/2025:21:07:20 +0700] "POST /get-message-notify HTTP/1.1" 200 20492 "https://shielddoor.vn/cars/cars/Z533519082" "Mozilla/5.0 (Linux; Android 6.0.1; Nexus 5X Build/MMB29P) AppleWebKit/537.36 (KHTML, like Gecko) Chrome/137.0.7151.119 Mobile Safari/537.36 (compatible; Googlebot/2.1; +http://www.google.com/bot.html)"
52.167.144.230 - - [11/Jul/2025:21:07:27 +0700] "GET /fashion/shoes/Y5301570542 HTTP/2" 200 0 "-" "Mozilla/5.0 AppleWebKit/537.36 (KHTML, like Gecko; compatible; bingbot/2.0; +http://www.bing.com/bingbot.htm) Chrome/116.0.1938.76 Safari/537.36"
57.141.2.8 - - [11/Jul/2025:21:07:28 +0700] "GET /audio/audio-equipment/Z5331980371 HTTP/2" 200 0 "-" "meta-externalagent/1.1 (+https://developers.facebook.com/docs/sharing/webmasters/crawler)"
57.141.2.13 - - [11/Jul/2025:21:07:28 +0700] "GET /computers/apple-watches/P5303641224 HTTP/2" 200 0 "-" "meta-externalagent/1.1 (+https://developers.facebook.com/docs/sharing/webmasters/crawler)"
66.249.70.165 - - [11/Jul/2025:21:07:12 +0700] "GET /kitchen/tableware/C5304112699 HTTP/1.1" 200 20670 "-" "Mozilla/5.0 (Linux; Android 6.0.1; Nexus 5X Build/MMB29P) AppleWebKit/537.36 (KHTML, like Gecko) Chrome/137.0.7151.103 Mobile Safari/537.36 (compatible; Googlebot/2.1; +http://www.google.com/bot.html)"
57.141.2.25 - - [11/Jul/2025:21:07:14 +0700] "GET /db.php/shopdetail/home-appliances-air-conditioning/P5291533763 HTTP/2" 200 39 "-" "meta-externalagent/1.1 (+https://developers.facebook.com/docs/sharing/webmasters/crawler)"
57.141.2.12 - - [11/Jul/2025:21:07:15 +0700] "GET /handicrafts/tops/F5321976572 HTTP/2" 200 0 "-" "meta-externalagent/1.1 (+https://developers.facebook.com/docs/sharing/webmasters/crawler)"
57.141.2.1 - - [11/Jul/2025:21:07:16 +0700] "GET /fashion/kimono/J5291762278 HTTP/2" 200 0 "-" "meta-externalagent/1.1 (+https://developers.facebook.com/docs/sharing/webmasters/crawler)"
66.249.70.165 - - [11/Jul/2025:21:07:16 +0700] "GET /cars/cars/Z533519082 HTTP/1.1" 200 21065 "-" "Mozilla/5.0 (Linux; Android 6.0.1; Nexus 5X Build/MMB29P) AppleWebKit/537.36 (KHTML, like Gecko) Chrome/137.0.7151.103 Mobile Safari/537.36 (compatible; Googlebot/2.1; +http://www.google.com/bot.html)"
66.249.70.165 - - [11/Jul/2025:21:07:18 +0700] "GET /decor/interior/B5302560309 HTTP/1.1" 200 20312 "-" "Mozilla/5.0 (Linux; Android 6.0.1; Nexus 5X Build/MMB29P) AppleWebKit/537.36 (KHTML, like Gecko) Chrome/137.0.7151.103 Mobile Safari/537.36 (compatible; Googlebot/2.1; +http://www.google.com/bot.html)"
57.141.2.6 - - [11/Jul/2025:21:07:25 +0700] "GET /cameras/cameras/S5372498191 HTTP/2" 200 0 "-" "meta-externalagent/1.1 (+https://developers.facebook.com/docs/sharing/webmasters/crawler)"
57.141.2.7 - - [11/Jul/2025:21:07:28 +0700] "GET /cosmetics/serums/D5302079665 HTTP/2" 200 0 "-" "meta-externalagent/1.1 (+https://developers.facebook.com/docs/sharing/webmasters/crawler)"
66.249.70.165 - - [11/Jul/2025:21:07:27 +0700] "GET /tablets/smartphones/R5373558740 HTTP/1.1" 200 20890 "-" "Mozilla/5.0 (Linux; Android 6.0.1; Nexus 5X Build/MMB29P) AppleWebKit/537.36 (KHTML, like Gecko) Chrome/137.0.7151.103 Mobile Safari/537.36 (compatible; Googlebot/2.1; +http://www.google.com/bot.html)"
57.141.2.14 - - [11/Jul/2025:21:07:29 +0700] "GET /fashion/jackets/X5353149085 HTTP/2" 200 0 "-" "meta-externalagent/1.1 (+https://developers.facebook.com/docs/sharing/webmasters/crawler)"
57.141.2.9 - - [11/Jul/2025:21:07:29 +0700] "GET /db.php/shopdetail/fashion-jackets/U533429256 HTTP/2" 200 39 "-" "meta-externalagent/1.1 (+https://developers.facebook.com/docs/sharing/webmasters/crawler)"
66.249.70.165 - - [11/Jul/2025:21:07:29 +0700] "GET /alcohol/whiskey/F5342189438 HTTP/1.1" 200 20516 "-" "Mozilla/5.0 (Linux; Android 6.0.1; Nexus 5X Build/MMB29P) AppleWebKit/537.36 (KHTML, like Gecko) Chrome/137.0.7151.103 Mobile Safari/537.36 (compatible; Googlebot/2.1; +http://www.google.com/bot.html)"
57.141.2.1 - - [11/Jul/2025:21:07:31 +0700] "GET /fashion/womens/O5322649042 HTTP/2" 200 0 "-" "meta-externalagent/1.1 (+https://developers.facebook.com/docs/sharing/webmasters/crawler)"
57.141.2.13 - - [11/Jul/2025:21:07:33 +0700] "GET /db.php/shopdetail/tv-portable-players/K537835141 HTTP/2" 200 39 "-" "meta-externalagent/1.1 (+https://developers.facebook.com/docs/sharing/webmasters/crawler)"
66.249.70.165 - - [11/Jul/2025:21:07:35 +0700] "GET /smartphones/monitors/H5343299059 HTTP/1.1" 200 20291 "-" "Mozilla/5.0 (Linux; Android 6.0.1; Nexus 5X Build/MMB29P) AppleWebKit/537.36 (KHTML, like Gecko) Chrome/137.0.7151.103 Mobile Safari/537.36 (compatible; Googlebot/2.1; +http://www.google.com/bot.html)"
57.141.2.4 - - [11/Jul/2025:21:07:39 +0700] "GET /db.php/shopdetail/tickets-sports/K5333024273 HTTP/2" 200 39 "-" "meta-externalagent/1.1 (+https://developers.facebook.com/docs/sharing/webmasters/crawler)"
57.141.2.19 - - [11/Jul/2025:21:07:13 +0700] "GET /goods/sports/M5362148320 HTTP/2" 200 0 "-" "meta-externalagent/1.1 (+https://developers.facebook.com/docs/sharing/webmasters/crawler)"
57.141.2.24 - - [11/Jul/2025:21:07:14 +0700] "GET /fashion/shoes/I5371138512 HTTP/2" 200 0 "-" "meta-externalagent/1.1 (+https://developers.facebook.com/docs/sharing/webmasters/crawler)"
57.141.2.4 - - [11/Jul/2025:21:07:16 +0700] "GET /cars/bicycles/S5371781148 HTTP/2" 200 0 "-" "meta-externalagent/1.1 (+https://developers.facebook.com/docs/sharing/webmasters/crawler)"
57.141.2.22 - - [11/Jul/2025:21:07:21 +0700] "GET /db.php/shopdetail/games-sports/E5323353107 HTTP/2" 200 39 "-" "meta-externalagent/1.1 (+https://developers.facebook.com/docs/sharing/webmasters/crawler)"
57.141.2.16 - - [11/Jul/2025:21:07:21 +0700] "GET /db.php/shopdetail/fashion-womens/B5352959815 HTTP/2" 200 39 "-" "meta-externalagent/1.1 (+https://developers.facebook.com/docs/sharing/webmasters/crawler)"
57.141.2.14 - - [11/Jul/2025:21:07:23 +0700] "GET /furniture/ornaments/H5322469413 HTTP/2" 200 0 "-" "meta-externalagent/1.1 (+https://developers.facebook.com/docs/sharing/webmasters/crawler)"
57.141.2.3 - - [11/Jul/2025:21:07:30 +0700] "GET /audio/tvs/L529549288 HTTP/2" 200 0 "-" "meta-externalagent/1.1 (+https://developers.facebook.com/docs/sharing/webmasters/crawler)"
57.141.2.14 - - [11/Jul/2025:21:07:31 +0700] "GET /fishing/outdoors/W5372191229 HTTP/2" 200 0 "-" "meta-externalagent/1.1 (+https://developers.facebook.com/docs/sharing/webmasters/crawler)"
66.249.71.197 - - [11/Jul/2025:21:07:31 +0700] "GET /food/alcohol/N5333768050 HTTP/1.1" 200 20731 "-" "Mozilla/5.0 (Linux; Android 6.0.1; Nexus 5X Build/MMB29P) AppleWebKit/537.36 (KHTML, like Gecko) Chrome/137.0.7151.103 Mobile Safari/537.36 (compatible; Googlebot/2.1; +http://www.google.com/bot.html)"
57.141.2.1 - - [11/Jul/2025:21:07:33 +0700] "GET /db.php/shopdetail/outdoor-reels/C536577436 HTTP/2" 200 39 "-" "meta-externalagent/1.1 (+https://developers.facebook.com/docs/sharing/webmasters/crawler)"
57.141.2.22 - - [11/Jul/2025:21:07:33 +0700] "GET /fashion/shoes/X5293154614 HTTP/2" 200 0 "-" "meta-externalagent/1.1 (+https://developers.facebook.com/docs/sharing/webmasters/crawler)"
57.141.2.28 - - [11/Jul/2025:21:07:33 +0700] "GET /fashion/dresses/O5333475267 HTTP/2" 200 0 "-" "meta-externalagent/1.1 (+https://developers.facebook.com/docs/sharing/webmasters/crawler)"
57.141.2.9 - - [11/Jul/2025:21:07:40 +0700] "GET /fishing/outdoors/W5321032409 HTTP/2" 200 0 "-" "meta-externalagent/1.1 (+https://developers.facebook.com/docs/sharing/webmasters/crawler)"
57.141.2.21 - - [11/Jul/2025:21:07:40 +0700] "GET /fashion/mens/N5333525021 HTTP/2" 200 0 "-" "meta-externalagent/1.1 (+https://developers.facebook.com/docs/sharing/webmasters/crawler)"
57.141.2.12 - - [11/Jul/2025:21:07:41 +0700] "GET /cameras/earphones/R5331635667 HTTP/2" 200 0 "-" "meta-externalagent/1.1 (+https://developers.facebook.com/docs/sharing/webmasters/crawler)"
57.141.2.26 - - [11/Jul/2025:21:07:46 +0700] "GET /daily-necessities/bulk-sales/U5302092953 HTTP/2" 200 0 "-" "meta-externalagent/1.1 (+https://developers.facebook.com/docs/sharing/webmasters/crawler)"
57.141.2.8 - - [11/Jul/2025:21:07:48 +0700] "GET /outdoor/outdoors/U5341381674 HTTP/2" 200 0 "-" "meta-externalagent/1.1 (+https://developers.facebook.com/docs/sharing/webmasters/crawler)"
57.141.2.7 - - [11/Jul/2025:21:07:55 +0700] "GET /db.php/shopdetail/musical-instruments-crafts/Y5332614546 HTTP/2" 200 39 "-" "meta-externalagent/1.1 (+https://developers.facebook.com/docs/sharing/webmasters/crawler)"
57.141.2.14 - - [11/Jul/2025:21:07:56 +0700] "GET /fashion/womens/N5312792894 HTTP/2" 200 0 "-" "meta-externalagent/1.1 (+https://developers.facebook.com/docs/sharing/webmasters/crawler)"
57.141.2.29 - - [11/Jul/2025:21:07:58 +0700] "GET /cameras/cameras/G5361228339 HTTP/2" 200 0 "-" "meta-externalagent/1.1 (+https://developers.facebook.com/docs/sharing/webmasters/crawler)"
66.249.70.166 - - [11/Jul/2025:21:07:40 +0700] "GET /tv/video-equipment/X5361436410 HTTP/1.1" 200 20491 "-" "Mozilla/5.0 (Linux; Android 6.0.1; Nexus 5X Build/MMB29P) AppleWebKit/537.36 (KHTML, like Gecko) Chrome/137.0.7151.103 Mobile Safari/537.36 (compatible; Googlebot/2.1; +http://www.google.com/bot.html)"
57.141.2.9 - - [11/Jul/2025:21:07:44 +0700] "GET /db.php/shopdetail/interior-interior-clocks/X5323683871 HTTP/2" 200 39 "-" "meta-externalagent/1.1 (+https://developers.facebook.com/docs/sharing/webmasters/crawler)"
57.141.2.27 - - [11/Jul/2025:21:07:45 +0700] "GET /db.php/shopdetail/sports-snorkeling/J5333682290 HTTP/2" 200 39 "-" "meta-externalagent/1.1 (+https://developers.facebook.com/docs/sharing/webmasters/crawler)"
57.141.2.7 - - [11/Jul/2025:21:07:49 +0700] "GET /fashion/shoes/X5363882691 HTTP/2" 200 0 "-" "meta-externalagent/1.1 (+https://developers.facebook.com/docs/sharing/webmasters/crawler)"
57.141.2.26 - - [11/Jul/2025:21:07:52 +0700] "GET /cameras/cameras/N5373698837 HTTP/2" 200 0 "-" "meta-externalagent/1.1 (+https://developers.facebook.com/docs/sharing/webmasters/crawler)"
57.141.2.10 - - [11/Jul/2025:21:07:54 +0700] "GET /interior/benches/Y530920337 HTTP/2" 200 0 "-" "meta-externalagent/1.1 (+https://developers.facebook.com/docs/sharing/webmasters/crawler)"
66.249.70.165 - - [11/Jul/2025:21:07:54 +0700] "GET /interior/chairs/T5312350111 HTTP/1.1" 200 20543 "-" "Mozilla/5.0 (Linux; Android 6.0.1; Nexus 5X Build/MMB29P) AppleWebKit/537.36 (KHTML, like Gecko) Chrome/137.0.7151.103 Mobile Safari/537.36 (compatible; Googlebot/2.1; +http://www.google.com/bot.html)"
57.141.2.5 - - [11/Jul/2025:21:07:55 +0700] "GET /tv/cameras/I5322910877 HTTP/2" 200 0 "-" "meta-externalagent/1.1 (+https://developers.facebook.com/docs/sharing/webmasters/crawler)"
57.141.2.1 - - [11/Jul/2025:21:07:59 +0700] "GET /games/nintendo-switch/J5371559426 HTTP/2" 200 0 "-" "meta-externalagent/1.1 (+https://developers.facebook.com/docs/sharing/webmasters/crawler)"
66.249.70.165 - - [11/Jul/2025:21:07:58 +0700] "GET /goods/character/G5303939401 HTTP/1.1" 200 20428 "-" "Mozilla/5.0 (Linux; Android 6.0.1; Nexus 5X Build/MMB29P) AppleWebKit/537.36 (KHTML, like Gecko) Chrome/137.0.7151.103 Mobile Safari/537.36 (compatible; Googlebot/2.1; +http://www.google.com/bot.html)"
57.141.2.22 - - [11/Jul/2025:21:08:00 +0700] "GET /db.php/shopdetail/diy-screwdrivers/Y5313544989 HTTP/2" 200 39 "-" "meta-externalagent/1.1 (+https://developers.facebook.com/docs/sharing/webmasters/crawler)"
57.141.2.25 - - [11/Jul/2025:21:08:01 +0700] "GET /decor/shelves/Z5381811212 HTTP/2" 200 0 "-" "meta-externalagent/1.1 (+https://developers.facebook.com/docs/sharing/webmasters/crawler)"
57.141.2.8 - - [11/Jul/2025:21:08:06 +0700] "GET /interior/chairs/D5363873515 HTTP/2" 200 0 "-" "meta-externalagent/1.1 (+https://developers.facebook.com/docs/sharing/webmasters/crawler)"
57.141.2.12 - - [11/Jul/2025:21:08:06 +0700] "GET /outdoor/fishing/F5354004236 HTTP/2" 200 0 "-" "meta-externalagent/1.1 (+https://developers.facebook.com/docs/sharing/webmasters/crawler)"
66.249.71.197 - - [11/Jul/2025:21:08:13 +0700] "GET /tickets/accommodation-tickets/U5312518884 HTTP/1.1" 200 20300 "-" "Mozilla/5.0 (Linux; Android 6.0.1; Nexus 5X Build/MMB29P) AppleWebKit/537.36 (KHTML, like Gecko) Chrome/137.0.7151.103 Mobile Safari/537.36 (compatible; Googlebot/2.1; +http://www.google.com/bot.html)"
57.141.2.15 - - [11/Jul/2025:21:08:22 +0700] "GET /db.php/shopdetail/furniture-chairs/F5311724865 HTTP/2" 200 39 "-" "meta-externalagent/1.1 (+https://developers.facebook.com/docs/sharing/webmasters/crawler)"
57.141.2.15 - - [11/Jul/2025:21:08:22 +0700] "GET /games/sports/U5381092777 HTTP/2" 200 0 "-" "meta-externalagent/1.1 (+https://developers.facebook.com/docs/sharing/webmasters/crawler)"
207.46.13.157 - - [11/Jul/2025:21:08:23 +0700] "GET /tools/ventilation-vents/Z5383360558 HTTP/2" 200 0 "-" "Mozilla/5.0 AppleWebKit/537.36 (KHTML, like Gecko; compatible; bingbot/2.0; +http://www.bing.com/bingbot.htm) Chrome/116.0.1938.76 Safari/537.36"
57.141.2.9 - - [11/Jul/2025:21:07:32 +0700] "GET /games/celebrity/E5312473188 HTTP/2" 200 0 "-" "meta-externalagent/1.1 (+https://developers.facebook.com/docs/sharing/webmasters/crawler)"
57.141.2.22 - - [11/Jul/2025:21:07:34 +0700] "GET /fashion/bags/S529282613 HTTP/2" 200 0 "-" "meta-externalagent/1.1 (+https://developers.facebook.com/docs/sharing/webmasters/crawler)"
57.141.2.15 - - [11/Jul/2025:21:07:38 +0700] "GET /kitchen/bulk-sales/R5292679469 HTTP/2" 200 0 "-" "meta-externalagent/1.1 (+https://developers.facebook.com/docs/sharing/webmasters/crawler)"
57.141.2.7 - - [11/Jul/2025:21:07:42 +0700] "GET /db.php/shopdetail/cars-parts/O5373327034 HTTP/2" 200 39 "-" "meta-externalagent/1.1 (+https://developers.facebook.com/docs/sharing/webmasters/crawler)"
57.141.2.7 - - [11/Jul/2025:21:07:43 +0700] "GET /outdoor/fishing/H5292323295 HTTP/2" 200 0 "-" "meta-externalagent/1.1 (+https://developers.facebook.com/docs/sharing/webmasters/crawler)"
66.249.71.197 - - [11/Jul/2025:21:07:50 +0700] "GET /audio/tvs/G5344186438 HTTP/1.1" 200 20347 "-" "Mozilla/5.0 (Linux; Android 6.0.1; Nexus 5X Build/MMB29P) AppleWebKit/537.36 (KHTML, like Gecko) Chrome/137.0.7151.103 Mobile Safari/537.36 (compatible; Googlebot/2.1; +http://www.google.com/bot.html)"
57.141.2.23 - - [11/Jul/2025:21:07:52 +0700] "GET /sports/tug-war/N5361841472 HTTP/2" 200 0 "-" "meta-externalagent/1.1 (+https://developers.facebook.com/docs/sharing/webmasters/crawler)"
57.141.2.29 - - [11/Jul/2025:21:07:53 +0700] "GET /tv/audio-equipment/M530301970 HTTP/2" 200 0 "-" "meta-externalagent/1.1 (+https://developers.facebook.com/docs/sharing/webmasters/crawler)"
52.167.144.20 - - [11/Jul/2025:21:08:11 +0700] "GET /bicycles/bicycles/L5363228461 HTTP/2" 200 0 "-" "Mozilla/5.0 AppleWebKit/537.36 (KHTML, like Gecko; compatible; bingbot/2.0; +http://www.bing.com/bingbot.htm) Chrome/116.0.1938.76 Safari/537.36"
57.141.2.6 - - [11/Jul/2025:21:08:12 +0700] "GET /bicycles/parts/L5291642958 HTTP/2" 200 0 "-" "meta-externalagent/1.1 (+https://developers.facebook.com/docs/sharing/webmasters/crawler)"
57.141.2.25 - - [11/Jul/2025:21:08:12 +0700] "GET /handmade/tops/M5371384424 HTTP/2" 200 0 "-" "meta-externalagent/1.1 (+https://developers.facebook.com/docs/sharing/webmasters/crawler)"
57.141.2.5 - - [11/Jul/2025:21:08:16 +0700] "GET /tablets/mobile-phone/Q5344098254 HTTP/2" 200 0 "-" "meta-externalagent/1.1 (+https://developers.facebook.com/docs/sharing/webmasters/crawler)"
66.249.70.165 - - [11/Jul/2025:21:08:17 +0700] "GET /outdoor/outdoors/Y5331474344 HTTP/1.1" 200 21610 "-" "Mozilla/5.0 (Linux; Android 6.0.1; Nexus 5X Build/MMB29P) AppleWebKit/537.36 (KHTML, like Gecko) Chrome/137.0.7151.103 Mobile Safari/537.36 (compatible; Googlebot/2.1; +http://www.google.com/bot.html)"
57.141.2.5 - - [11/Jul/2025:21:08:22 +0700] "GET /cars/bicycles/Y537355714 HTTP/2" 200 0 "-" "meta-externalagent/1.1 (+https://developers.facebook.com/docs/sharing/webmasters/crawler)"
57.141.2.27 - - [11/Jul/2025:21:08:23 +0700] "GET /fashion/accessories/D531669582 HTTP/2" 200 0 "-" "meta-externalagent/1.1 (+https://developers.facebook.com/docs/sharing/webmasters/crawler)"
57.141.2.9 - - [11/Jul/2025:21:08:23 +0700] "GET /tickets/discount-coupons/Y5303408978 HTTP/2" 200 0 "-" "meta-externalagent/1.1 (+https://developers.facebook.com/docs/sharing/webmasters/crawler)"
57.141.2.4 - - [11/Jul/2025:21:08:32 +0700] "GET /pet-supplies/dog-supplies/O5304135657 HTTP/2" 200 0 "-" "meta-externalagent/1.1 (+https://developers.facebook.com/docs/sharing/webmasters/crawler)"
57.141.2.6 - - [11/Jul/2025:21:08:32 +0700] "GET /db.php/shopdetail/beauty-nail-parts/E5332777447 HTTP/2" 200 39 "-" "meta-externalagent/1.1 (+https://developers.facebook.com/docs/sharing/webmasters/crawler)"
57.141.2.10 - - [11/Jul/2025:21:08:33 +0700] "GET /food/whiskey/T5322751493 HTTP/2" 200 0 "-" "meta-externalagent/1.1 (+https://developers.facebook.com/docs/sharing/webmasters/crawler)"
57.141.2.2 - - [11/Jul/2025:21:08:00 +0700] "GET /tv/television/H5364014218 HTTP/2" 200 0 "-" "meta-externalagent/1.1 (+https://developers.facebook.com/docs/sharing/webmasters/crawler)"
57.141.2.27 - - [11/Jul/2025:21:08:01 +0700] "GET /home-appliances/appliances/H5372834554 HTTP/2" 200 0 "-" "meta-externalagent/1.1 (+https://developers.facebook.com/docs/sharing/webmasters/crawler)"
57.141.2.16 - - [11/Jul/2025:21:08:01 +0700] "GET /games/others/L5331213871 HTTP/2" 200 0 "-" "meta-externalagent/1.1 (+https://developers.facebook.com/docs/sharing/webmasters/crawler)"
57.141.2.15 - - [11/Jul/2025:21:08:08 +0700] "GET /computers/mobile-phone/A533667120 HTTP/2" 200 0 "-" "meta-externalagent/1.1 (+https://developers.facebook.com/docs/sharing/webmasters/crawler)"
57.141.2.16 - - [11/Jul/2025:21:08:10 +0700] "GET /fashion/accessories/W5381640864 HTTP/2" 200 0 "-" "meta-externalagent/1.1 (+https://developers.facebook.com/docs/sharing/webmasters/crawler)"
57.141.2.9 - - [11/Jul/2025:21:08:11 +0700] "GET /furniture/rugs/C535743233 HTTP/2" 200 0 "-" "meta-externalagent/1.1 (+https://developers.facebook.com/docs/sharing/webmasters/crawler)"
57.141.2.4 - - [11/Jul/2025:21:08:11 +0700] "GET /db.php/shopdetail/drinks-other-foods/O5373271252 HTTP/2" 200 39 "-" "meta-externalagent/1.1 (+https://developers.facebook.com/docs/sharing/webmasters/crawler)"
57.141.2.6 - - [11/Jul/2025:21:08:13 +0700] "GET /db.php/shopdetail/handicrafts-skirts/B5382592105 HTTP/2" 200 39 "-" "meta-externalagent/1.1 (+https://developers.facebook.com/docs/sharing/webmasters/crawler)"
57.141.2.12 - - [11/Jul/2025:21:08:18 +0700] "GET /fashion/accessories/K5301643815 HTTP/2" 200 0 "-" "meta-externalagent/1.1 (+https://developers.facebook.com/docs/sharing/webmasters/crawler)"
57.141.2.9 - - [11/Jul/2025:21:08:25 +0700] "GET /art/guitars/R533437828 HTTP/2" 200 0 "-" "meta-externalagent/1.1 (+https://developers.facebook.com/docs/sharing/webmasters/crawler)"
57.141.2.7 - - [11/Jul/2025:21:08:25 +0700] "GET /fashion/outerwear/B5333288404 HTTP/2" 200 0 "-" "meta-externalagent/1.1 (+https://developers.facebook.com/docs/sharing/webmasters/crawler)"
57.141.2.14 - - [11/Jul/2025:21:08:28 +0700] "GET /musical-instruments/musical-instruments/W5342971841 HTTP/2" 200 0 "-" "meta-externalagent/1.1 (+https://developers.facebook.com/docs/sharing/webmasters/crawler)"
57.141.2.30 - - [11/Jul/2025:21:08:29 +0700] "GET /furniture/ornaments/X5322741062 HTTP/2" 200 0 "-" "meta-externalagent/1.1 (+https://developers.facebook.com/docs/sharing/webmasters/crawler)"
57.141.2.17 - - [11/Jul/2025:21:08:37 +0700] "GET /kitchen/others/Z538777554 HTTP/2" 200 0 "-" "meta-externalagent/1.1 (+https://developers.facebook.com/docs/sharing/webmasters/crawler)"
57.141.2.6 - - [11/Jul/2025:21:08:42 +0700] "GET /fashion/watches/M5302515758 HTTP/2" 200 0 "-" "meta-externalagent/1.1 (+https://developers.facebook.com/docs/sharing/webmasters/crawler)"
57.141.2.6 - - [11/Jul/2025:21:08:45 +0700] "GET /food/food/H5311935256 HTTP/2" 200 0 "-" "meta-externalagent/1.1 (+https://developers.facebook.com/docs/sharing/webmasters/crawler)"
57.141.2.7 - - [11/Jul/2025:21:08:50 +0700] "GET /alcohol/food/W531746538 HTTP/2" 200 0 "-" "meta-externalagent/1.1 (+https://developers.facebook.com/docs/sharing/webmasters/crawler)"
57.141.2.3 - - [11/Jul/2025:21:08:51 +0700] "GET /cosmetics/body/V537964846 HTTP/2" 200 0 "-" "meta-externalagent/1.1 (+https://developers.facebook.com/docs/sharing/webmasters/crawler)"
57.141.2.11 - - [11/Jul/2025:21:08:55 +0700] "GET /sports/clubs/Q532281130 HTTP/2" 200 0 "-" "meta-externalagent/1.1 (+https://developers.facebook.com/docs/sharing/webmasters/crawler)"
57.141.2.27 - - [11/Jul/2025:21:08:57 +0700] "GET /alcohol/fruit/I5323895575 HTTP/2" 200 0 "-" "meta-externalagent/1.1 (+https://developers.facebook.com/docs/sharing/webmasters/crawler)"
57.141.2.1 - - [11/Jul/2025:21:08:57 +0700] "GET /home-appliances/appliances/R532735182 HTTP/2" 200 0 "-" "meta-externalagent/1.1 (+https://developers.facebook.com/docs/sharing/webmasters/crawler)"
207.46.13.157 - - [11/Jul/2025:21:08:24 +0700] "GET /tools/primers/C5304031642 HTTP/2" 200 0 "-" "Mozilla/5.0 AppleWebKit/537.36 (KHTML, like Gecko; compatible; bingbot/2.0; +http://www.bing.com/bingbot.htm) Chrome/116.0.1938.76 Safari/537.36"
207.46.13.157 - - [11/Jul/2025:21:08:24 +0700] "GET /art/guitars/L5351174766 HTTP/2" 200 0 "-" "Mozilla/5.0 AppleWebKit/537.36 (KHTML, like Gecko; compatible; bingbot/2.0; +http://www.bing.com/bingbot.htm) Chrome/116.0.1938.76 Safari/537.36"
57.141.2.3 - - [11/Jul/2025:21:08:24 +0700] "GET /cameras/digital-cameras/C5352984509 HTTP/2" 200 0 "-" "meta-externalagent/1.1 (+https://developers.facebook.com/docs/sharing/webmasters/crawler)"
207.46.13.157 - - [11/Jul/2025:21:08:24 +0700] "GET /goods/sports/Z5363602491 HTTP/2" 200 0 "-" "Mozilla/5.0 AppleWebKit/537.36 (KHTML, like Gecko; compatible; bingbot/2.0; +http://www.bing.com/bingbot.htm) Chrome/116.0.1938.76 Safari/537.36"
66.249.71.197 - - [11/Jul/2025:21:08:23 +0700] "GET /fashion/outerwear/C5341320081 HTTP/1.1" 200 20965 "-" "Mozilla/5.0 (Linux; Android 6.0.1; Nexus 5X Build/MMB29P) AppleWebKit/537.36 (KHTML, like Gecko) Chrome/137.0.7151.103 Mobile Safari/537.36 (compatible; Googlebot/2.1; +http://www.google.com/bot.html)"
157.55.39.192 - - [11/Jul/2025:21:08:28 +0700] "GET /tools/helical-inserts/P5372578181 HTTP/2" 200 0 "-" "Mozilla/5.0 AppleWebKit/537.36 (KHTML, like Gecko; compatible; bingbot/2.0; +http://www.bing.com/bingbot.htm) Chrome/116.0.1938.76 Safari/537.36"
57.141.2.28 - - [11/Jul/2025:21:08:28 +0700] "GET /cars/motorcycles/K5312048449 HTTP/2" 200 0 "-" "meta-externalagent/1.1 (+https://developers.facebook.com/docs/sharing/webmasters/crawler)"
57.141.2.7 - - [11/Jul/2025:21:08:35 +0700] "GET /tickets/fireworks/Y5323674509 HTTP/2" 200 0 "-" "meta-externalagent/1.1 (+https://developers.facebook.com/docs/sharing/webmasters/crawler)"
57.141.2.21 - - [11/Jul/2025:21:08:39 +0700] "GET /health/nursing/F534692325 HTTP/2" 200 0 "-" "meta-externalagent/1.1 (+https://developers.facebook.com/docs/sharing/webmasters/crawler)"
57.141.2.30 - - [11/Jul/2025:21:08:41 +0700] "GET /fashion/mens/E5344117393 HTTP/2" 200 0 "-" "meta-externalagent/1.1 (+https://developers.facebook.com/docs/sharing/webmasters/crawler)"
57.141.2.8 - - [11/Jul/2025:21:08:43 +0700] "GET /health/health/K5371648603 HTTP/2" 200 0 "-" "meta-externalagent/1.1 (+https://developers.facebook.com/docs/sharing/webmasters/crawler)"
57.141.2.23 - - [11/Jul/2025:21:08:53 +0700] "GET /tickets/sports/H5291725385 HTTP/2" 200 0 "-" "meta-externalagent/1.1 (+https://developers.facebook.com/docs/sharing/webmasters/crawler)"
57.141.2.30 - - [11/Jul/2025:21:08:55 +0700] "GET /db.php/shopdetail/fashion-shoes/T5333170306 HTTP/2" 200 39 "-" "meta-externalagent/1.1 (+https://developers.facebook.com/docs/sharing/webmasters/crawler)"
157.55.39.192 - - [11/Jul/2025:21:08:56 +0700] "GET /motorcycles/parts/C5342706714 HTTP/2" 200 0 "-" "Mozilla/5.0 AppleWebKit/537.36 (KHTML, like Gecko; compatible; bingbot/2.0; +http://www.bing.com/bingbot.htm) Chrome/116.0.1938.76 Safari/537.36"
57.141.2.28 - - [11/Jul/2025:21:08:58 +0700] "GET /tv/digital-cameras/A5371668724 HTTP/2" 200 0 "-" "meta-externalagent/1.1 (+https://developers.facebook.com/docs/sharing/webmasters/crawler)"
66.249.70.165 - - [11/Jul/2025:21:08:57 +0700] "GET /sports/ballroom-dancing/K5343163666 HTTP/1.1" 200 20947 "-" "Mozilla/5.0 (Linux; Android 6.0.1; Nexus 5X Build/MMB29P) AppleWebKit/537.36 (KHTML, like Gecko) Chrome/137.0.7151.103 Mobile Safari/537.36 (compatible; Googlebot/2.1; +http://www.google.com/bot.html)"
57.141.2.29 - - [11/Jul/2025:21:09:05 +0700] "GET /audio/cameras/V5373600242 HTTP/2" 200 0 "-" "meta-externalagent/1.1 (+https://developers.facebook.com/docs/sharing/webmasters/crawler)"
57.141.2.24 - - [11/Jul/2025:21:09:09 +0700] "GET /books/entertainment/W5311099979 HTTP/2" 200 0 "-" "meta-externalagent/1.1 (+https://developers.facebook.com/docs/sharing/webmasters/crawler)"
66.249.71.197 - - [11/Jul/2025:21:09:10 +0700] "GET /health/relaxation/X5303702356 HTTP/1.1" 200 20724 "-" "Mozilla/5.0 (Linux; Android 6.0.1; Nexus 5X Build/MMB29P) AppleWebKit/537.36 (KHTML, like Gecko) Chrome/137.0.7151.103 Mobile Safari/537.36 (compatible; Googlebot/2.1; +http://www.google.com/bot.html)"
57.141.2.8 - - [11/Jul/2025:21:09:12 +0700] "GET /computers/wearables/T5371639672 HTTP/2" 200 0 "-" "meta-externalagent/1.1 (+https://developers.facebook.com/docs/sharing/webmasters/crawler)"
66.249.70.165 - - [11/Jul/2025:21:09:16 +0700] "GET /fashion/outerwear/Z5352850643 HTTP/1.1" 200 21148 "-" "Mozilla/5.0 (Linux; Android 6.0.1; Nexus 5X Build/MMB29P) AppleWebKit/537.36 (KHTML, like Gecko) Chrome/137.0.7151.103 Mobile Safari/537.36 (compatible; Googlebot/2.1; +http://www.google.com/bot.html)"
52.167.144.20 - - [11/Jul/2025:21:09:20 +0700] "GET /tools/alloys/M5373469807 HTTP/2" 200 0 "-" "Mozilla/5.0 AppleWebKit/537.36 (KHTML, like Gecko; compatible; bingbot/2.0; +http://www.bing.com/bingbot.htm) Chrome/116.0.1938.76 Safari/537.36"
57.141.2.19 - - [11/Jul/2025:21:09:20 +0700] "GET /cars/cars/P5321401882 HTTP/2" 200 0 "-" "meta-externalagent/1.1 (+https://developers.facebook.com/docs/sharing/webmasters/crawler)"
66.249.70.165 - - [11/Jul/2025:21:09:19 +0700] "GET /outdoor/outdoors/J5372199889 HTTP/1.1" 200 20969 "-" "Mozilla/5.0 (Linux; Android 6.0.1; Nexus 5X Build/MMB29P) AppleWebKit/537.36 (KHTML, like Gecko) Chrome/137.0.7151.103 Mobile Safari/537.36 (compatible; Googlebot/2.1; +http://www.google.com/bot.html)"
57.141.2.30 - - [11/Jul/2025:21:09:22 +0700] "GET /db.php/shopdetail/diy-air-tools/F5324005260 HTTP/2" 200 39 "-" "meta-externalagent/1.1 (+https://developers.facebook.com/docs/sharing/webmasters/crawler)"
66.249.71.197 - - [11/Jul/2025:21:09:23 +0700] "GET /fashion/mens/G5301541601 HTTP/1.1" 200 21311 "-" "Mozilla/5.0 (Linux; Android 6.0.1; Nexus 5X Build/MMB29P) AppleWebKit/537.36 (KHTML, like Gecko) Chrome/137.0.7151.103 Mobile Safari/537.36 (compatible; Googlebot/2.1; +http://www.google.com/bot.html)"
57.141.2.24 - - [11/Jul/2025:21:09:26 +0700] "GET /air-conditioning/appliances/N5342167062 HTTP/2" 200 0 "-" "meta-externalagent/1.1 (+https://developers.facebook.com/docs/sharing/webmasters/crawler)"
66.249.70.165 - - [11/Jul/2025:21:09:27 +0700] "POST /get-message-notify HTTP/1.1" 200 20504 "https://shielddoor.vn/alcohol/alcohol/U5303607067" "Mozilla/5.0 (Linux; Android 6.0.1; Nexus 5X Build/MMB29P) AppleWebKit/537.36 (KHTML, like Gecko) Chrome/137.0.7151.119 Mobile Safari/537.36 (compatible; Googlebot/2.1; +http://www.google.com/bot.html)"
66.249.70.165 - - [11/Jul/2025:21:09:30 +0700] "GET /audio/cameras/C5292607103 HTTP/1.1" 200 20867 "-" "Mozilla/5.0 (Linux; Android 6.0.1; Nexus 5X Build/MMB29P) AppleWebKit/537.36 (KHTML, like Gecko) Chrome/137.0.7151.103 Mobile Safari/537.36 (compatible; Googlebot/2.1; +http://www.google.com/bot.html)"
57.141.2.6 - - [11/Jul/2025:21:09:32 +0700] "GET /musical-instruments/musical-instruments/T5312917257 HTTP/2" 200 0 "-" "meta-externalagent/1.1 (+https://developers.facebook.com/docs/sharing/webmasters/crawler)"
66.249.70.165 - - [11/Jul/2025:21:09:32 +0700] "POST /get-message-notify HTTP/1.1" 200 20502 "https://shielddoor.vn/tools/flooring-materials/K5291284815" "Mozilla/5.0 (Linux; Android 6.0.1; Nexus 5X Build/MMB29P) AppleWebKit/537.36 (KHTML, like Gecko) Chrome/137.0.7151.119 Mobile Safari/537.36 (compatible; Googlebot/2.1; +http://www.google.com/bot.html)"
57.141.2.12 - - [11/Jul/2025:21:09:34 +0700] "GET /outdoor/outdoors/W5364174899 HTTP/2" 200 0 "-" "meta-externalagent/1.1 (+https://developers.facebook.com/docs/sharing/webmasters/crawler)"
66.249.70.165 - - [11/Jul/2025:21:09:33 +0700] "GET /fashion/yukata/G531416553 HTTP/1.1" 200 20826 "-" "Mozilla/5.0 (Linux; Android 6.0.1; Nexus 5X Build/MMB29P) AppleWebKit/537.36 (KHTML, like Gecko) Chrome/137.0.7151.103 Mobile Safari/537.36 (compatible; Googlebot/2.1; +http://www.google.com/bot.html)"
57.141.2.26 - - [11/Jul/2025:21:08:59 +0700] "GET /db.php/shopdetail/motorcycles-equipment/A5311171463 HTTP/2" 200 39 "-" "meta-externalagent/1.1 (+https://developers.facebook.com/docs/sharing/webmasters/crawler)"
57.141.2.19 - - [11/Jul/2025:21:09:01 +0700] "GET /bicycles/parts/X5301705482 HTTP/2" 200 0 "-" "meta-externalagent/1.1 (+https://developers.facebook.com/docs/sharing/webmasters/crawler)"
57.141.2.4 - - [11/Jul/2025:21:09:06 +0700] "GET /drinks/food/X5341330063 HTTP/2" 200 0 "-" "meta-externalagent/1.1 (+https://developers.facebook.com/docs/sharing/webmasters/crawler)"
57.141.2.17 - - [11/Jul/2025:21:09:07 +0700] "GET /tv/cameras/W5313594403 HTTP/2" 200 0 "-" "meta-externalagent/1.1 (+https://developers.facebook.com/docs/sharing/webmasters/crawler)"
57.141.2.16 - - [11/Jul/2025:21:09:09 +0700] "GET /health/nursing/S5381044902 HTTP/2" 200 0 "-" "meta-externalagent/1.1 (+https://developers.facebook.com/docs/sharing/webmasters/crawler)"
57.141.2.21 - - [11/Jul/2025:21:09:12 +0700] "GET /audio/action-cameras/R5342013781 HTTP/2" 200 0 "-" "meta-externalagent/1.1 (+https://developers.facebook.com/docs/sharing/webmasters/crawler)"
57.141.2.30 - - [11/Jul/2025:21:09:18 +0700] "GET /db.php/shopdetail/handicrafts-dolls/P5322960443 HTTP/2" 200 39 "-" "meta-externalagent/1.1 (+https://developers.facebook.com/docs/sharing/webmasters/crawler)"
57.141.2.18 - - [11/Jul/2025:21:09:21 +0700] "GET /db.php/shopdetail/audio-other/M5371303102 HTTP/2" 200 39 "-" "meta-externalagent/1.1 (+https://developers.facebook.com/docs/sharing/webmasters/crawler)"
57.141.2.25 - - [11/Jul/2025:21:09:21 +0700] "GET /db.php/shopdetail/tablets-pc-parts/O532763840 HTTP/2" 200 39 "-" "meta-externalagent/1.1 (+https://developers.facebook.com/docs/sharing/webmasters/crawler)"
57.141.2.4 - - [11/Jul/2025:21:09:24 +0700] "GET /db.php/shopdetail/fashion-shoes/H5352484999 HTTP/2" 200 39 "-" "meta-externalagent/1.1 (+https://developers.facebook.com/docs/sharing/webmasters/crawler)"
66.249.70.165 - - [11/Jul/2025:21:09:26 +0700] "GET /tools/flooring-materials/K5291284815 HTTP/1.1" 200 20165 "-" "Mozilla/5.0 (Linux; Android 6.0.1; Nexus 5X Build/MMB29P) AppleWebKit/537.36 (KHTML, like Gecko) Chrome/137.0.7151.103 Mobile Safari/537.36 (compatible; Googlebot/2.1; +http://www.google.com/bot.html)"
57.141.2.2 - - [11/Jul/2025:21:09:28 +0700] "GET /motorcycles/cars/K5342434369 HTTP/2" 200 0 "-" "meta-externalagent/1.1 (+https://developers.facebook.com/docs/sharing/webmasters/crawler)"
66.249.71.197 - - [11/Jul/2025:21:09:29 +0700] "GET /fashion/dresses/T5381908519 HTTP/1.1" 200 20562 "-" "Mozilla/5.0 (Linux; Android 6.0.1; Nexus 5X Build/MMB29P) AppleWebKit/537.36 (KHTML, like Gecko) Chrome/137.0.7151.103 Mobile Safari/537.36 (compatible; Googlebot/2.1; +http://www.google.com/bot.html)"
57.141.2.13 - - [11/Jul/2025:21:09:32 +0700] "GET /alcohol/alcohol/O5331217382 HTTP/2" 200 0 "-" "meta-externalagent/1.1 (+https://developers.facebook.com/docs/sharing/webmasters/crawler)"
57.141.2.30 - - [11/Jul/2025:21:09:33 +0700] "GET /alcohol/shochu/P5293177908 HTTP/2" 200 0 "-" "meta-externalagent/1.1 (+https://developers.facebook.com/docs/sharing/webmasters/crawler)"
57.141.2.27 - - [11/Jul/2025:21:09:38 +0700] "GET /health/health/P5353855169 HTTP/2" 200 0 "-" "meta-externalagent/1.1 (+https://developers.facebook.com/docs/sharing/webmasters/crawler)"
57.141.2.21 - - [11/Jul/2025:21:09:39 +0700] "GET /diet/corrective-supplies/P530554049 HTTP/2" 200 0 "-" "meta-externalagent/1.1 (+https://developers.facebook.com/docs/sharing/webmasters/crawler)"
66.249.70.165 - - [11/Jul/2025:21:09:40 +0700] "POST /get-message-notify HTTP/1.1" 200 20506 "https://shielddoor.vn/alcohol/sweets/W5302226384" "Mozilla/5.0 (Linux; Android 6.0.1; Nexus 5X Build/MMB29P) AppleWebKit/537.36 (KHTML, like Gecko) Chrome/137.0.7151.119 Mobile Safari/537.36 (compatible; Googlebot/2.1; +http://www.google.com/bot.html)"
57.141.2.22 - - [11/Jul/2025:21:09:42 +0700] "GET /books/study-guides/F5322130997 HTTP/2" 200 0 "-" "meta-externalagent/1.1 (+https://developers.facebook.com/docs/sharing/webmasters/crawler)"
57.141.2.2 - - [11/Jul/2025:21:08:40 +0700] "GET /bicycles/cars/P5311503903 HTTP/2" 200 0 "-" "meta-externalagent/1.1 (+https://developers.facebook.com/docs/sharing/webmasters/crawler)"
57.141.2.15 - - [11/Jul/2025:21:08:48 +0700] "GET /tv/cameras/V5311275612 HTTP/2" 200 0 "-" "meta-externalagent/1.1 (+https://developers.facebook.com/docs/sharing/webmasters/crawler)"
57.141.2.9 - - [11/Jul/2025:21:08:54 +0700] "GET /musical-instruments/musical-instruments/W5363627299 HTTP/2" 200 0 "-" "meta-externalagent/1.1 (+https://developers.facebook.com/docs/sharing/webmasters/crawler)"
57.141.2.10 - - [11/Jul/2025:21:08:58 +0700] "GET /alcohol/sake/P5382380714 HTTP/2" 200 0 "-" "meta-externalagent/1.1 (+https://developers.facebook.com/docs/sharing/webmasters/crawler)"
66.249.70.166 - - [11/Jul/2025:21:09:03 +0700] "GET /alcohol/alcohol/U5303607067 HTTP/1.1" 200 21058 "-" "Mozilla/5.0 (Linux; Android 6.0.1; Nexus 5X Build/MMB29P) AppleWebKit/537.36 (KHTML, like Gecko) Chrome/137.0.7151.103 Mobile Safari/537.36 (compatible; Googlebot/2.1; +http://www.google.com/bot.html)"
57.141.2.11 - - [11/Jul/2025:21:09:10 +0700] "GET /fashion/mens/P534595945 HTTP/2" 200 0 "-" "meta-externalagent/1.1 (+https://developers.facebook.com/docs/sharing/webmasters/crawler)"
57.141.2.4 - - [11/Jul/2025:21:09:12 +0700] "GET /db.php/shopdetail/fashion-bags/L5312589410 HTTP/2" 200 39 "-" "meta-externalagent/1.1 (+https://developers.facebook.com/docs/sharing/webmasters/crawler)"
57.141.2.25 - - [11/Jul/2025:21:09:24 +0700] "GET /db.php/shopdetail/food-drinks/M5382142609 HTTP/2" 200 39 "-" "meta-externalagent/1.1 (+https://developers.facebook.com/docs/sharing/webmasters/crawler)"
57.141.2.14 - - [11/Jul/2025:21:09:33 +0700] "GET /travel-supplies/reels/R5303831425 HTTP/2" 200 0 "-" "meta-externalagent/1.1 (+https://developers.facebook.com/docs/sharing/webmasters/crawler)"
57.141.2.25 - - [11/Jul/2025:21:09:35 +0700] "GET /air-conditioning/heating/T538317785 HTTP/2" 200 0 "-" "meta-externalagent/1.1 (+https://developers.facebook.com/docs/sharing/webmasters/crawler)"
57.141.2.13 - - [11/Jul/2025:21:09:44 +0700] "GET /fashion/jackets/W529451462 HTTP/2" 200 0 "-" "meta-externalagent/1.1 (+https://developers.facebook.com/docs/sharing/webmasters/crawler)"
57.141.2.2 - - [11/Jul/2025:21:09:47 +0700] "GET /beauty/eyeshadow/T5302137371 HTTP/2" 200 0 "-" "meta-externalagent/1.1 (+https://developers.facebook.com/docs/sharing/webmasters/crawler)"
57.141.2.23 - - [11/Jul/2025:21:09:49 +0700] "GET /alcohol/wine/R5343393115 HTTP/2" 200 0 "-" "meta-externalagent/1.1 (+https://developers.facebook.com/docs/sharing/webmasters/crawler)"
57.141.2.27 - - [11/Jul/2025:21:09:50 +0700] "GET /games/sports/I529783614 HTTP/2" 200 0 "-" "meta-externalagent/1.1 (+https://developers.facebook.com/docs/sharing/webmasters/crawler)"
52.167.144.20 - - [11/Jul/2025:21:09:50 +0700] "GET /tablets/notebook/F5384193855 HTTP/2" 200 0 "-" "Mozilla/5.0 AppleWebKit/537.36 (KHTML, like Gecko; compatible; bingbot/2.0; +http://www.bing.com/bingbot.htm) Chrome/116.0.1938.76 Safari/537.36"
66.249.70.166 - - [11/Jul/2025:21:09:49 +0700] "POST /get-message-notify HTTP/1.1" 200 20511 "https://shielddoor.vn/fashion/accessories/S5293271497" "Mozilla/5.0 (Linux; Android 6.0.1; Nexus 5X Build/MMB29P) AppleWebKit/537.36 (KHTML, like Gecko) Chrome/137.0.7151.119 Mobile Safari/537.36 (compatible; Googlebot/2.1; +http://www.google.com/bot.html)"
52.167.144.20 - - [11/Jul/2025:21:09:51 +0700] "GET /gardening/lawn-mowers/A5313429108 HTTP/2" 200 0 "-" "Mozilla/5.0 AppleWebKit/537.36 (KHTML, like Gecko; compatible; bingbot/2.0; +http://www.bing.com/bingbot.htm) Chrome/116.0.1938.76 Safari/537.36"
157.55.39.63 - - [11/Jul/2025:21:09:53 +0700] "GET /cars/motorcycles/G531981398 HTTP/2" 200 0 "-" "Mozilla/5.0 AppleWebKit/537.36 (KHTML, like Gecko; compatible; bingbot/2.0; +http://www.bing.com/bingbot.htm) Chrome/116.0.1938.76 Safari/537.36"
66.249.70.165 - - [11/Jul/2025:21:09:34 +0700] "GET /alcohol/sweets/W5302226384 HTTP/1.1" 200 20609 "-" "Mozilla/5.0 (Linux; Android 6.0.1; Nexus 5X Build/MMB29P) AppleWebKit/537.36 (KHTML, like Gecko) Chrome/137.0.7151.103 Mobile Safari/537.36 (compatible; Googlebot/2.1; +http://www.google.com/bot.html)"
66.249.70.165 - - [11/Jul/2025:21:09:36 +0700] "GET /fashion/womens/D5363708075 HTTP/1.1" 200 20573 "-" "Mozilla/5.0 (Linux; Android 6.0.1; Nexus 5X Build/MMB29P) AppleWebKit/537.36 (KHTML, like Gecko) Chrome/137.0.7151.103 Mobile Safari/537.36 (compatible; Googlebot/2.1; +http://www.google.com/bot.html)"
66.249.70.165 - - [11/Jul/2025:21:09:37 +0700] "GET /beauty/face-masks/X5381331799 HTTP/1.1" 200 20779 "-" "Mozilla/5.0 (Linux; Android 6.0.1; Nexus 5X Build/MMB29P) AppleWebKit/537.36 (KHTML, like Gecko) Chrome/137.0.7151.103 Mobile Safari/537.36 (compatible; Googlebot/2.1; +http://www.google.com/bot.html)"
66.249.70.165 - - [11/Jul/2025:21:09:39 +0700] "GET /fashion/mens/J530924931 HTTP/1.1" 200 21506 "-" "Mozilla/5.0 (Linux; Android 6.0.1; Nexus 5X Build/MMB29P) AppleWebKit/537.36 (KHTML, like Gecko) Chrome/137.0.7151.103 Mobile Safari/537.36 (compatible; Googlebot/2.1; +http://www.google.com/bot.html)"
66.249.70.166 - - [11/Jul/2025:21:09:42 +0700] "GET /pet-supplies/toilet-supplies/V5371389181 HTTP/1.1" 200 20523 "-" "Mozilla/5.0 (Linux; Android 6.0.1; Nexus 5X Build/MMB29P) AppleWebKit/537.36 (KHTML, like Gecko) Chrome/137.0.7151.103 Mobile Safari/537.36 (compatible; Googlebot/2.1; +http://www.google.com/bot.html)"
57.141.2.4 - - [11/Jul/2025:21:09:44 +0700] "GET /tv/audio-equipment/L529545619 HTTP/2" 200 0 "-" "meta-externalagent/1.1 (+https://developers.facebook.com/docs/sharing/webmasters/crawler)"
66.249.70.166 - - [11/Jul/2025:21:09:44 +0700] "GET /fashion/accessories/S5293271497 HTTP/1.1" 200 21454 "-" "Mozilla/5.0 (Linux; Android 6.0.1; Nexus 5X Build/MMB29P) AppleWebKit/537.36 (KHTML, like Gecko) Chrome/137.0.7151.103 Mobile Safari/537.36 (compatible; Googlebot/2.1; +http://www.google.com/bot.html)"
57.141.2.2 - - [11/Jul/2025:21:09:46 +0700] "GET /travel-supplies/outdoors/G5303053051 HTTP/2" 200 0 "-" "meta-externalagent/1.1 (+https://developers.facebook.com/docs/sharing/webmasters/crawler)"
66.249.70.166 - - [11/Jul/2025:21:09:46 +0700] "GET /bicycles/cars/Q5313199251 HTTP/1.1" 200 20172 "-" "Mozilla/5.0 (Linux; Android 6.0.1; Nexus 5X Build/MMB29P) AppleWebKit/537.36 (KHTML, like Gecko) Chrome/137.0.7151.103 Mobile Safari/537.36 (compatible; Googlebot/2.1; +http://www.google.com/bot.html)"
66.249.70.166 - - [11/Jul/2025:21:09:48 +0700] "POST /get-message-notify HTTP/1.1" 200 20489 "https://shielddoor.vn/pet-supplies/toilet-supplies/V5371389181" "Mozilla/5.0 (Linux; Android 6.0.1; Nexus 5X Build/MMB29P) AppleWebKit/537.36 (KHTML, like Gecko) Chrome/137.0.7151.119 Mobile Safari/537.36 (compatible; Googlebot/2.1; +http://www.google.com/bot.html)"
66.249.70.165 - - [11/Jul/2025:21:09:50 +0700] "GET /fashion/womens/X534684572 HTTP/1.1" 200 20618 "-" "Mozilla/5.0 (Linux; Android 6.0.1; Nexus 5X Build/MMB29P) AppleWebKit/537.36 (KHTML, like Gecko) Chrome/137.0.7151.103 Mobile Safari/537.36 (compatible; Googlebot/2.1; +http://www.google.com/bot.html)"
57.141.2.13 - - [11/Jul/2025:21:09:52 +0700] "GET /manga/manga/A5322666813 HTTP/2" 200 0 "-" "meta-externalagent/1.1 (+https://developers.facebook.com/docs/sharing/webmasters/crawler)"
66.249.71.198 - - [11/Jul/2025:21:09:53 +0700] "GET /tools/lubricating-tools/Y5381856419 HTTP/1.1" 200 20327 "-" "Mozilla/5.0 (Linux; Android 6.0.1; Nexus 5X Build/MMB29P) AppleWebKit/537.36 (KHTML, like Gecko) Chrome/137.0.7151.103 Mobile Safari/537.36 (compatible; Googlebot/2.1; +http://www.google.com/bot.html)"
66.249.70.165 - - [11/Jul/2025:21:09:55 +0700] "GET /fashion/mens/H5361938410 HTTP/1.1" 200 21631 "-" "Mozilla/5.0 (Linux; Android 6.0.1; Nexus 5X Build/MMB29P) AppleWebKit/537.36 (KHTML, like Gecko) Chrome/137.0.7151.103 Mobile Safari/537.36 (compatible; Googlebot/2.1; +http://www.google.com/bot.html)"
57.141.2.25 - - [11/Jul/2025:21:09:43 +0700] "GET /air-conditioning/ion-generators/R5341477639 HTTP/2" 200 0 "-" "meta-externalagent/1.1 (+https://developers.facebook.com/docs/sharing/webmasters/crawler)"
57.141.2.19 - - [11/Jul/2025:21:09:52 +0700] "GET /food/alcohol/I532972741 HTTP/2" 200 0 "-" "meta-externalagent/1.1 (+https://developers.facebook.com/docs/sharing/webmasters/crawler)"
57.141.2.13 - - [11/Jul/2025:21:09:55 +0700] "GET /tickets/sports/B529981803 HTTP/2" 200 0 "-" "meta-externalagent/1.1 (+https://developers.facebook.com/docs/sharing/webmasters/crawler)"
57.141.2.10 - - [11/Jul/2025:21:09:56 +0700] "GET /fashion/shoes/O5303812311 HTTP/2" 200 0 "-" "meta-externalagent/1.1 (+https://developers.facebook.com/docs/sharing/webmasters/crawler)"
66.249.70.165 - - [11/Jul/2025:21:10:01 +0700] "POST /get-message-notify HTTP/1.1" 200 20508 "https://shielddoor.vn/fashion/dresses/T5381908519" "Mozilla/5.0 (Linux; Android 6.0.1; Nexus 5X Build/MMB29P) AppleWebKit/537.36 (KHTML, like Gecko) Chrome/137.0.7151.119 Mobile Safari/537.36 (compatible; Googlebot/2.1; +http://www.google.com/bot.html)"
57.141.2.14 - - [11/Jul/2025:21:10:04 +0700] "GET /db.php/shopdetail/goods-rebirth-for-you/Z5342559952 HTTP/2" 200 39 "-" "meta-externalagent/1.1 (+https://developers.facebook.com/docs/sharing/webmasters/crawler)"
57.141.2.30 - - [11/Jul/2025:21:10:05 +0700] "GET /pet-supplies/dog-supplies/X5352330318 HTTP/2" 200 0 "-" "meta-externalagent/1.1 (+https://developers.facebook.com/docs/sharing/webmasters/crawler)"
66.249.70.165 - - [11/Jul/2025:21:10:04 +0700] "POST /get-message-notify HTTP/1.1" 200 20451 "https://shielddoor.vn/fashion/womens/D5363708075" "Mozilla/5.0 (Linux; Android 6.0.1; Nexus 5X Build/MMB29P) AppleWebKit/537.36 (KHTML, like Gecko) Chrome/137.0.7151.119 Mobile Safari/537.36 (compatible; Googlebot/2.1; +http://www.google.com/bot.html)"
