66.249.70.165 - - [11/Jul/2025:21:10:08 +0700] "GET /home-appliances/ion-generators/I5292298243 HTTP/1.1" 200 20459 "-" "Mozilla/5.0 (Linux; Android 6.0.1; Nexus 5X Build/MMB29P) AppleWebKit/537.36 (KHTML, like Gecko) Chrome/137.0.7151.103 Mobile Safari/537.36 (compatible; Googlebot/2.1; +http://www.google.com/bot.html)"
57.141.2.19 - - [11/Jul/2025:21:10:11 +0700] "GET /fashion/bags/K5294245014 HTTP/2" 200 0 "-" "meta-externalagent/1.1 (+https://developers.facebook.com/docs/sharing/webmasters/crawler)"
66.249.70.165 - - [11/Jul/2025:21:10:14 +0700] "POST /get-message-notify HTTP/1.1" 200 20496 "https://shielddoor.vn/home-appliances/ion-generators/I5292298243" "Mozilla/5.0 (Linux; Android 6.0.1; Nexus 5X Build/MMB29P) AppleWebKit/537.36 (KHTML, like Gecko) Chrome/137.0.7151.119 Mobile Safari/537.36 (compatible; Googlebot/2.1; +http://www.google.com/bot.html)"
57.141.2.23 - - [11/Jul/2025:21:10:16 +0700] "GET /tablets/pc-peripherals/Y5344137860 HTTP/2" 200 0 "-" "meta-externalagent/1.1 (+https://developers.facebook.com/docs/sharing/webmasters/crawler)"
57.141.2.17 - - [11/Jul/2025:21:10:17 +0700] "GET /db.php/shopdetail/fashion-accessories/X5331398908 HTTP/2" 200 39 "-" "meta-externalagent/1.1 (+https://developers.facebook.com/docs/sharing/webmasters/crawler)"
57.141.2.16 - - [11/Jul/2025:21:10:20 +0700] "GET /db.php/shopdetail/fashion-womens/S5381124360 HTTP/2" 200 39 "-" "meta-externalagent/1.1 (+https://developers.facebook.com/docs/sharing/webmasters/crawler)"
57.141.2.25 - - [11/Jul/2025:21:10:24 +0700] "GET /db.php/shopdetail/diy-floor-tiles/D5292145376 HTTP/2" 200 39 "-" "meta-externalagent/1.1 (+https://developers.facebook.com/docs/sharing/webmasters/crawler)"
57.141.2.14 - - [11/Jul/2025:21:10:31 +0700] "GET /fashion/yukata/P5322880933 HTTP/2" 200 0 "-" "meta-externalagent/1.1 (+https://developers.facebook.com/docs/sharing/webmasters/crawler)"
57.141.2.30 - - [11/Jul/2025:21:10:32 +0700] "GET /fishing/outdoors/X536317342 HTTP/2" 200 0 "-" "meta-externalagent/1.1 (+https://developers.facebook.com/docs/sharing/webmasters/crawler)"
57.141.2.15 - - [11/Jul/2025:21:09:58 +0700] "GET /gardening/houseplants/Y5293223085 HTTP/2" 200 0 "-" "meta-externalagent/1.1 (+https://developers.facebook.com/docs/sharing/webmasters/crawler)"
66.249.71.197 - - [11/Jul/2025:21:09:57 +0700] "GET /gardening/other-houseplants/D5371350797 HTTP/1.1" 200 21653 "-" "Mozilla/5.0 (Linux; Android 6.0.1; Nexus 5X Build/MMB29P) AppleWebKit/537.36 (KHTML, like Gecko) Chrome/137.0.7151.103 Mobile Safari/537.36 (compatible; Googlebot/2.1; +http://www.google.com/bot.html)"
57.141.2.8 - - [11/Jul/2025:21:09:59 +0700] "GET /fashion/dresses/L5372252413 HTTP/2" 200 0 "-" "meta-externalagent/1.1 (+https://developers.facebook.com/docs/sharing/webmasters/crawler)"
57.141.2.13 - - [11/Jul/2025:21:09:59 +0700] "GET /alcohol/whiskey/F5323209507 HTTP/2" 200 0 "-" "meta-externalagent/1.1 (+https://developers.facebook.com/docs/sharing/webmasters/crawler)"
57.141.2.22 - - [11/Jul/2025:21:10:00 +0700] "GET /db.php/shopdetail/pet-supplies-other/M5312061557 HTTP/2" 200 39 "-" "meta-externalagent/1.1 (+https://developers.facebook.com/docs/sharing/webmasters/crawler)"
66.249.70.165 - - [11/Jul/2025:21:09:59 +0700] "GET /fashion/mens/I5303087476 HTTP/1.1" 200 20909 "-" "Mozilla/5.0 (Linux; Android 6.0.1; Nexus 5X Build/MMB29P) AppleWebKit/537.36 (KHTML, like Gecko) Chrome/137.0.7151.103 Mobile Safari/537.36 (compatible; Googlebot/2.1; +http://www.google.com/bot.html)"
57.141.2.9 - - [11/Jul/2025:21:10:01 +0700] "GET /hobbies/robots/R5374011030 HTTP/2" 200 0 "-" "meta-externalagent/1.1 (+https://developers.facebook.com/docs/sharing/webmasters/crawler)"
57.141.2.27 - - [11/Jul/2025:21:10:07 +0700] "GET /db.php/shopdetail/art-drums/M5351894005 HTTP/2" 200 39 "-" "meta-externalagent/1.1 (+https://developers.facebook.com/docs/sharing/webmasters/crawler)"
57.141.2.12 - - [11/Jul/2025:21:10:10 +0700] "GET /db.php/shopdetail/handicrafts-fashion/U5351799224 HTTP/2" 200 39 "-" "meta-externalagent/1.1 (+https://developers.facebook.com/docs/sharing/webmasters/crawler)"
57.141.2.16 - - [11/Jul/2025:21:10:17 +0700] "GET /fashion/mens/W5381574039 HTTP/2" 200 0 "-" "meta-externalagent/1.1 (+https://developers.facebook.com/docs/sharing/webmasters/crawler)"
57.141.2.13 - - [11/Jul/2025:21:10:18 +0700] "GET /furniture/blinds/C5371854121 HTTP/2" 200 0 "-" "meta-externalagent/1.1 (+https://developers.facebook.com/docs/sharing/webmasters/crawler)"
57.141.2.22 - - [11/Jul/2025:21:10:20 +0700] "GET /tv/cameras/S5301622564 HTTP/2" 200 0 "-" "meta-externalagent/1.1 (+https://developers.facebook.com/docs/sharing/webmasters/crawler)"
66.249.70.165 - - [11/Jul/2025:21:10:20 +0700] "GET /motorcycles/cars/O5372115298 HTTP/1.1" 200 20870 "-" "Mozilla/5.0 (Linux; Android 6.0.1; Nexus 5X Build/MMB29P) AppleWebKit/537.36 (KHTML, like Gecko) Chrome/137.0.7151.103 Mobile Safari/537.36 (compatible; Googlebot/2.1; +http://www.google.com/bot.html)"
57.141.2.18 - - [11/Jul/2025:21:10:24 +0700] "GET /cameras/cameras/R5351302951 HTTP/2" 200 0 "-" "meta-externalagent/1.1 (+https://developers.facebook.com/docs/sharing/webmasters/crawler)"
66.249.70.165 - - [11/Jul/2025:21:10:24 +0700] "GET /fashion/tops/M530308982 HTTP/1.1" 200 20752 "-" "Mozilla/5.0 (Linux; Android 6.0.1; Nexus 5X Build/MMB29P) AppleWebKit/537.36 (KHTML, like Gecko) Chrome/137.0.7151.103 Mobile Safari/537.36 (compatible; Googlebot/2.1; +http://www.google.com/bot.html)"
66.249.70.165 - - [11/Jul/2025:21:10:26 +0700] "GET /tv/cameras/M5302821222 HTTP/1.1" 200 20613 "-" "Mozilla/5.0 (Linux; Android 6.0.1; Nexus 5X Build/MMB29P) AppleWebKit/537.36 (KHTML, like Gecko) Chrome/137.0.7151.103 Mobile Safari/537.36 (compatible; Googlebot/2.1; +http://www.google.com/bot.html)"
66.249.70.165 - - [11/Jul/2025:21:10:33 +0700] "POST /get-message-notify HTTP/1.1" 200 20514 "https://shielddoor.vn/tv/cameras/M5302821222" "Mozilla/5.0 (Linux; Android 6.0.1; Nexus 5X Build/MMB29P) AppleWebKit/537.36 (KHTML, like Gecko) Chrome/137.0.7151.119 Mobile Safari/537.36 (compatible; Googlebot/2.1; +http://www.google.com/bot.html)"
66.249.70.166 - - [11/Jul/2025:21:09:53 +0700] "POST /get-message-notify HTTP/1.1" 200 20517 "https://shielddoor.vn/bicycles/cars/Q5313199251" "Mozilla/5.0 (Linux; Android 6.0.1; Nexus 5X Build/MMB29P) AppleWebKit/537.36 (KHTML, like Gecko) Chrome/137.0.7151.119 Mobile Safari/537.36 (compatible; Googlebot/2.1; +http://www.google.com/bot.html)"
57.141.2.16 - - [11/Jul/2025:21:09:57 +0700] "GET /bicycles/parts/G5372324435 HTTP/2" 200 0 "-" "meta-externalagent/1.1 (+https://developers.facebook.com/docs/sharing/webmasters/crawler)"
57.141.2.1 - - [11/Jul/2025:21:10:04 +0700] "GET /hobbies/crafts/P5352454025 HTTP/2" 200 0 "-" "meta-externalagent/1.1 (+https://developers.facebook.com/docs/sharing/webmasters/crawler)"
57.141.2.28 - - [11/Jul/2025:21:10:07 +0700] "GET /kitchen/towels/U537445945 HTTP/2" 200 0 "-" "meta-externalagent/1.1 (+https://developers.facebook.com/docs/sharing/webmasters/crawler)"
57.141.2.6 - - [11/Jul/2025:21:10:09 +0700] "GET /kitchen/cooking-utensils/F5343758887 HTTP/2" 200 0 "-" "meta-externalagent/1.1 (+https://developers.facebook.com/docs/sharing/webmasters/crawler)"
57.141.2.22 - - [11/Jul/2025:21:10:09 +0700] "GET /games/headbands/N5311506568 HTTP/2" 200 0 "-" "meta-externalagent/1.1 (+https://developers.facebook.com/docs/sharing/webmasters/crawler)"
57.141.2.16 - - [11/Jul/2025:21:10:13 +0700] "GET /db.php/shopdetail/fashion-kimono/U5383768437 HTTP/2" 200 39 "-" "meta-externalagent/1.1 (+https://developers.facebook.com/docs/sharing/webmasters/crawler)"
57.141.2.24 - - [11/Jul/2025:21:10:14 +0700] "GET /db.php/shopdetail/fishing-outdoor-wear/M5352980910 HTTP/2" 200 39 "-" "meta-externalagent/1.1 (+https://developers.facebook.com/docs/sharing/webmasters/crawler)"
57.141.2.19 - - [11/Jul/2025:21:10:15 +0700] "GET /handmade/fashion/W5373381046 HTTP/2" 200 0 "-" "meta-externalagent/1.1 (+https://developers.facebook.com/docs/sharing/webmasters/crawler)"
57.141.2.1 - - [11/Jul/2025:21:10:15 +0700] "GET /cosmetics/unisex-perfumes/C533911175 HTTP/2" 200 0 "-" "meta-externalagent/1.1 (+https://developers.facebook.com/docs/sharing/webmasters/crawler)"
57.141.2.2 - - [11/Jul/2025:21:10:17 +0700] "GET /goods/pokemon-card-games/G5371544334 HTTP/2" 200 0 "-" "meta-externalagent/1.1 (+https://developers.facebook.com/docs/sharing/webmasters/crawler)"
66.249.71.197 - - [11/Jul/2025:21:10:17 +0700] "GET /fashion/bags/A5352492057 HTTP/1.1" 200 21486 "-" "Mozilla/5.0 (Linux; Android 6.0.1; Nexus 5X Build/MMB29P) AppleWebKit/537.36 (KHTML, like Gecko) Chrome/137.0.7151.103 Mobile Safari/537.36 (compatible; Googlebot/2.1; +http://www.google.com/bot.html)"
57.141.2.20 - - [11/Jul/2025:21:10:19 +0700] "GET /fashion/accessories/T5293029137 HTTP/2" 200 0 "-" "meta-externalagent/1.1 (+https://developers.facebook.com/docs/sharing/webmasters/crawler)"
52.167.144.20 - - [11/Jul/2025:21:10:20 +0700] "GET /cars/parts/B529690590 HTTP/2" 200 0 "-" "Mozilla/5.0 AppleWebKit/537.36 (KHTML, like Gecko; compatible; bingbot/2.0; +http://www.bing.com/bingbot.htm) Chrome/116.0.1938.76 Safari/537.36"
57.141.2.5 - - [11/Jul/2025:21:10:22 +0700] "GET /flowers/pots/E5382566922 HTTP/2" 200 0 "-" "meta-externalagent/1.1 (+https://developers.facebook.com/docs/sharing/webmasters/crawler)"
57.141.2.7 - - [11/Jul/2025:21:10:22 +0700] "GET /daily-necessities/bulk-sales/Y536884262 HTTP/2" 200 0 "-" "meta-externalagent/1.1 (+https://developers.facebook.com/docs/sharing/webmasters/crawler)"
57.141.2.1 - - [11/Jul/2025:21:10:25 +0700] "GET /drinks/drinks/W5303833891 HTTP/2" 200 0 "-" "meta-externalagent/1.1 (+https://developers.facebook.com/docs/sharing/webmasters/crawler)"
57.141.2.8 - - [11/Jul/2025:21:10:26 +0700] "GET /fashion/womens/T5372940359 HTTP/2" 200 0 "-" "meta-externalagent/1.1 (+https://developers.facebook.com/docs/sharing/webmasters/crawler)"
57.141.2.22 - - [11/Jul/2025:21:10:31 +0700] "GET /db.php/shopdetail/food-drinks/G537306452 HTTP/2" 200 39 "-" "meta-externalagent/1.1 (+https://developers.facebook.com/docs/sharing/webmasters/crawler)"
66.249.71.197 - - [11/Jul/2025:21:10:31 +0700] "GET /fashion/womens/H5314000831 HTTP/1.1" 200 21741 "-" "Mozilla/5.0 (Linux; Android 6.0.1; Nexus 5X Build/MMB29P) AppleWebKit/537.36 (KHTML, like Gecko) Chrome/137.0.7151.103 Mobile Safari/537.36 (compatible; Googlebot/2.1; +http://www.google.com/bot.html)"
57.141.2.9 - - [11/Jul/2025:21:10:40 +0700] "GET /handicrafts/lights/U529939204 HTTP/2" 200 0 "-" "meta-externalagent/1.1 (+https://developers.facebook.com/docs/sharing/webmasters/crawler)"
66.249.71.197 - - [11/Jul/2025:21:10:39 +0700] "GET /fashion/mens/Y5333580164 HTTP/1.1" 200 20670 "-" "Mozilla/5.0 (Linux; Android 6.0.1; Nexus 5X Build/MMB29P) AppleWebKit/537.36 (KHTML, like Gecko) Chrome/137.0.7151.103 Mobile Safari/537.36 (compatible; Googlebot/2.1; +http://www.google.com/bot.html)"
66.249.70.165 - - [11/Jul/2025:21:10:43 +0700] "POST /get-message-notify HTTP/1.1" 200 20492 "https://shielddoor.vn/motorcycles/cars/O5372115298" "Mozilla/5.0 (Linux; Android 6.0.1; Nexus 5X Build/MMB29P) AppleWebKit/537.36 (KHTML, like Gecko) Chrome/137.0.7151.119 Mobile Safari/537.36 (compatible; Googlebot/2.1; +http://www.google.com/bot.html)"
66.249.70.165 - - [11/Jul/2025:21:10:43 +0700] "GET /beauty/perfumes/F5362270106 HTTP/1.1" 200 20703 "-" "Mozilla/5.0 (Linux; Android 6.0.1; Nexus 5X Build/MMB29P) AppleWebKit/537.36 (KHTML, like Gecko) Chrome/137.0.7151.103 Mobile Safari/537.36 (compatible; Googlebot/2.1; +http://www.google.com/bot.html)"
57.141.2.6 - - [11/Jul/2025:21:10:49 +0700] "GET /bicycles/parts/H537817259 HTTP/2" 200 0 "-" "meta-externalagent/1.1 (+https://developers.facebook.com/docs/sharing/webmasters/crawler)"
57.141.2.1 - - [11/Jul/2025:21:10:50 +0700] "GET /computers/keyboards/Q5321376079 HTTP/2" 200 0 "-" "meta-externalagent/1.1 (+https://developers.facebook.com/docs/sharing/webmasters/crawler)"
57.141.2.26 - - [11/Jul/2025:21:10:52 +0700] "GET /handmade/bracelets/U5363774756 HTTP/2" 200 0 "-" "meta-externalagent/1.1 (+https://developers.facebook.com/docs/sharing/webmasters/crawler)"
57.141.2.9 - - [11/Jul/2025:21:10:54 +0700] "GET /db.php/shopdetail/decor-corner-sofas/X538591698 HTTP/2" 200 39 "-" "meta-externalagent/1.1 (+https://developers.facebook.com/docs/sharing/webmasters/crawler)"
57.141.2.29 - - [11/Jul/2025:21:11:00 +0700] "GET /furniture/interior/K5381971060 HTTP/2" 200 0 "-" "meta-externalagent/1.1 (+https://developers.facebook.com/docs/sharing/webmasters/crawler)"
52.167.144.20 - - [11/Jul/2025:21:11:01 +0700] "GET /bicycles/cars/B5332887650 HTTP/2" 200 0 "-" "Mozilla/5.0 AppleWebKit/537.36 (KHTML, like Gecko; compatible; bingbot/2.0; +http://www.bing.com/bingbot.htm) Chrome/116.0.1938.76 Safari/537.36"
66.249.70.165 - - [11/Jul/2025:21:11:03 +0700] "GET /fashion/accessories/I538734251 HTTP/1.1" 200 20607 "-" "Mozilla/5.0 (Linux; Android 6.0.1; Nexus 5X Build/MMB29P) AppleWebKit/537.36 (KHTML, like Gecko) Chrome/137.0.7151.103 Mobile Safari/537.36 (compatible; Googlebot/2.1; +http://www.google.com/bot.html)"
57.141.2.5 - - [11/Jul/2025:21:11:06 +0700] "GET /fishing/fishing/Y5344244977 HTTP/2" 200 0 "-" "meta-externalagent/1.1 (+https://developers.facebook.com/docs/sharing/webmasters/crawler)"
66.249.71.197 - - [11/Jul/2025:21:11:06 +0700] "GET /diet/health/Z5383197971 HTTP/1.1" 200 20441 "-" "Mozilla/5.0 (Linux; Android 6.0.1; Nexus 5X Build/MMB29P) AppleWebKit/537.36 (KHTML, like Gecko) Chrome/137.0.7151.103 Mobile Safari/537.36 (compatible; Googlebot/2.1; +http://www.google.com/bot.html)"
57.141.2.9 - - [11/Jul/2025:21:11:08 +0700] "GET /outdoor/small-bags/P538809984 HTTP/2" 200 0 "-" "meta-externalagent/1.1 (+https://developers.facebook.com/docs/sharing/webmasters/crawler)"
66.249.70.165 - - [11/Jul/2025:21:11:08 +0700] "GET /fashion/tops/E5343433670 HTTP/1.1" 200 21482 "-" "Mozilla/5.0 (Linux; Android 6.0.1; Nexus 5X Build/MMB29P) AppleWebKit/537.36 (KHTML, like Gecko) Chrome/137.0.7151.103 Mobile Safari/537.36 (compatible; Googlebot/2.1; +http://www.google.com/bot.html)"
57.141.2.29 - - [11/Jul/2025:21:10:35 +0700] "GET /kitchen/bulk-sales/K5363235296 HTTP/2" 200 0 "-" "meta-externalagent/1.1 (+https://developers.facebook.com/docs/sharing/webmasters/crawler)"
57.141.2.27 - - [11/Jul/2025:21:10:38 +0700] "GET /drinks/whiskey/X532873909 HTTP/2" 200 0 "-" "meta-externalagent/1.1 (+https://developers.facebook.com/docs/sharing/webmasters/crawler)"
66.249.71.197 - - [11/Jul/2025:21:10:39 +0700] "POST /get-message-notify HTTP/1.1" 200 20486 "https://shielddoor.vn/fashion/womens/H5314000831" "Mozilla/5.0 (Linux; Android 6.0.1; Nexus 5X Build/MMB29P) AppleWebKit/537.36 (KHTML, like Gecko) Chrome/137.0.7151.119 Mobile Safari/537.36 (compatible; Googlebot/2.1; +http://www.google.com/bot.html)"
57.141.2.24 - - [11/Jul/2025:21:10:42 +0700] "GET /db.php/shopdetail/bicycles-bicycles/V5383351575 HTTP/2" 200 39 "-" "meta-externalagent/1.1 (+https://developers.facebook.com/docs/sharing/webmasters/crawler)"
57.141.2.14 - - [11/Jul/2025:21:10:42 +0700] "GET /computers/ipads/P5322862911 HTTP/2" 200 0 "-" "meta-externalagent/1.1 (+https://developers.facebook.com/docs/sharing/webmasters/crawler)"
57.141.2.13 - - [11/Jul/2025:21:10:46 +0700] "GET /fashion/dresses/V5341172298 HTTP/2" 200 0 "-" "meta-externalagent/1.1 (+https://developers.facebook.com/docs/sharing/webmasters/crawler)"
66.249.70.166 - - [11/Jul/2025:21:10:48 +0700] "GET /fashion/shoes/I5291860600 HTTP/1.1" 200 20216 "-" "Mozilla/5.0 (Linux; Android 6.0.1; Nexus 5X Build/MMB29P) AppleWebKit/537.36 (KHTML, like Gecko) Chrome/137.0.7151.103 Mobile Safari/537.36 (compatible; Googlebot/2.1; +http://www.google.com/bot.html)"
57.141.2.12 - - [11/Jul/2025:21:10:51 +0700] "GET /interior/others/Q5372632055 HTTP/2" 200 0 "-" "meta-externalagent/1.1 (+https://developers.facebook.com/docs/sharing/webmasters/crawler)"
66.249.71.198 - - [11/Jul/2025:21:10:51 +0700] "GET /alcohol/whiskey/V5332035177 HTTP/1.1" 200 20565 "-" "Mozilla/5.0 (Linux; Android 6.0.1; Nexus 5X Build/MMB29P) AppleWebKit/537.36 (KHTML, like Gecko) Chrome/137.0.7151.103 Mobile Safari/537.36 (compatible; Googlebot/2.1; +http://www.google.com/bot.html)"
57.141.2.12 - - [11/Jul/2025:21:10:55 +0700] "GET /alcohol/sweets/P5363090331 HTTP/2" 200 0 "-" "meta-externalagent/1.1 (+https://developers.facebook.com/docs/sharing/webmasters/crawler)"
57.141.2.20 - - [11/Jul/2025:21:10:56 +0700] "GET /db.php/shopdetail/decor-ornaments/P5342540682 HTTP/2" 200 39 "-" "meta-externalagent/1.1 (+https://developers.facebook.com/docs/sharing/webmasters/crawler)"
66.249.70.165 - - [11/Jul/2025:21:10:56 +0700] "GET /fashion/outerwear/F532392665 HTTP/1.1" 200 21283 "-" "Mozilla/5.0 (Linux; Android 6.0.1; Nexus 5X Build/MMB29P) AppleWebKit/537.36 (KHTML, like Gecko) Chrome/137.0.7151.103 Mobile Safari/537.36 (compatible; Googlebot/2.1; +http://www.google.com/bot.html)"
66.249.70.166 - - [11/Jul/2025:21:10:59 +0700] "GET /musical-instruments/collections/O5382735956 HTTP/1.1" 200 21011 "-" "Mozilla/5.0 (Linux; Android 6.0.1; Nexus 5X Build/MMB29P) AppleWebKit/537.36 (KHTML, like Gecko) Chrome/137.0.7151.103 Mobile Safari/537.36 (compatible; Googlebot/2.1; +http://www.google.com/bot.html)"
57.141.2.15 - - [11/Jul/2025:21:11:04 +0700] "GET /db.php/shopdetail/cars-clothing/I5292745055 HTTP/2" 200 39 "-" "meta-externalagent/1.1 (+https://developers.facebook.com/docs/sharing/webmasters/crawler)"
57.141.2.9 - - [11/Jul/2025:21:11:06 +0700] "GET /fashion/mens/W5383469681 HTTP/2" 200 0 "-" "meta-externalagent/1.1 (+https://developers.facebook.com/docs/sharing/webmasters/crawler)"
66.249.71.197 - - [11/Jul/2025:21:11:13 +0700] "GET /tablets/desktop-pcs/V5304228009 HTTP/1.1" 200 20813 "-" "Mozilla/5.0 (Linux; Android 6.0.1; Nexus 5X Build/MMB29P) AppleWebKit/537.36 (KHTML, like Gecko) Chrome/137.0.7151.103 Mobile Safari/537.36 (compatible; Googlebot/2.1; +http://www.google.com/bot.html)"
57.141.2.10 - - [11/Jul/2025:21:11:15 +0700] "GET /db.php/shopdetail/tablets-mobile-phone/F5352628656 HTTP/2" 200 39 "-" "meta-externalagent/1.1 (+https://developers.facebook.com/docs/sharing/webmasters/crawler)"
57.141.2.1 - - [11/Jul/2025:21:10:35 +0700] "GET /db.php/shopdetail/tv-woofers/Q5344205787 HTTP/2" 200 39 "-" "meta-externalagent/1.1 (+https://developers.facebook.com/docs/sharing/webmasters/crawler)"
66.249.70.165 - - [11/Jul/2025:21:10:35 +0700] "GET /tools/housing/V533335402 HTTP/1.1" 200 20064 "-" "Mozilla/5.0 (Linux; Android 6.0.1; Nexus 5X Build/MMB29P) AppleWebKit/537.36 (KHTML, like Gecko) Chrome/137.0.7151.103 Mobile Safari/537.36 (compatible; Googlebot/2.1; +http://www.google.com/bot.html)"
57.141.2.30 - - [11/Jul/2025:21:10:38 +0700] "GET /fashion/watches/S5321964888 HTTP/2" 200 0 "-" "meta-externalagent/1.1 (+https://developers.facebook.com/docs/sharing/webmasters/crawler)"
57.141.2.30 - - [11/Jul/2025:21:10:39 +0700] "GET /tickets/shopping/C5353190348 HTTP/2" 200 0 "-" "meta-externalagent/1.1 (+https://developers.facebook.com/docs/sharing/webmasters/crawler)"
57.141.2.28 - - [11/Jul/2025:21:10:43 +0700] "GET /db.php/shopdetail/audio-earphones/X5353901652 HTTP/2" 200 39 "-" "meta-externalagent/1.1 (+https://developers.facebook.com/docs/sharing/webmasters/crawler)"
57.141.2.5 - - [11/Jul/2025:21:10:50 +0700] "GET /fashion/mens/H5321101273 HTTP/2" 200 0 "-" "meta-externalagent/1.1 (+https://developers.facebook.com/docs/sharing/webmasters/crawler)"
57.141.2.15 - - [11/Jul/2025:21:10:54 +0700] "GET /home-appliances/appliances/Q5301020463 HTTP/2" 200 0 "-" "meta-externalagent/1.1 (+https://developers.facebook.com/docs/sharing/webmasters/crawler)"
57.141.2.20 - - [11/Jul/2025:21:10:59 +0700] "GET /fashion/accessories/N5362594921 HTTP/2" 200 0 "-" "meta-externalagent/1.1 (+https://developers.facebook.com/docs/sharing/webmasters/crawler)"
57.141.2.10 - - [11/Jul/2025:21:11:05 +0700] "GET /db.php/shopdetail/health-silver-carts/Q5362291792 HTTP/2" 200 39 "-" "meta-externalagent/1.1 (+https://developers.facebook.com/docs/sharing/webmasters/crawler)"
57.141.2.15 - - [11/Jul/2025:21:11:07 +0700] "GET /tablets/smartphone/T5351848672 HTTP/2" 200 0 "-" "meta-externalagent/1.1 (+https://developers.facebook.com/docs/sharing/webmasters/crawler)"
57.141.2.5 - - [11/Jul/2025:21:11:07 +0700] "GET /home-appliances/appliances/W5311775663 HTTP/2" 200 0 "-" "meta-externalagent/1.1 (+https://developers.facebook.com/docs/sharing/webmasters/crawler)"
207.46.13.157 - - [11/Jul/2025:21:11:13 +0700] "GET /tools/spray-guns/F531965262 HTTP/2" 200 0 "-" "Mozilla/5.0 AppleWebKit/537.36 (KHTML, like Gecko; compatible; bingbot/2.0; +http://www.bing.com/bingbot.htm) Chrome/116.0.1938.76 Safari/537.36"
57.141.2.23 - - [11/Jul/2025:21:11:18 +0700] "GET /db.php/shopdetail/computers-trackballs/P5362252099 HTTP/2" 200 39 "-" "meta-externalagent/1.1 (+https://developers.facebook.com/docs/sharing/webmasters/crawler)"
57.141.2.6 - - [11/Jul/2025:21:11:23 +0700] "GET /outdoor/clothing/L5292793559 HTTP/2" 200 0 "-" "meta-externalagent/1.1 (+https://developers.facebook.com/docs/sharing/webmasters/crawler)"
57.141.2.23 - - [11/Jul/2025:21:11:24 +0700] "GET /tools/trolleys/T5292118177 HTTP/2" 200 0 "-" "meta-externalagent/1.1 (+https://developers.facebook.com/docs/sharing/webmasters/crawler)"
57.141.2.26 - - [11/Jul/2025:21:11:26 +0700] "GET /outdoor/outdoors/I5361101052 HTTP/2" 200 0 "-" "meta-externalagent/1.1 (+https://developers.facebook.com/docs/sharing/webmasters/crawler)"
57.141.2.20 - - [11/Jul/2025:21:11:27 +0700] "GET /db.php/shopdetail/fashion-outerwear/R5374204794 HTTP/2" 200 39 "-" "meta-externalagent/1.1 (+https://developers.facebook.com/docs/sharing/webmasters/crawler)"
66.249.70.165 - - [11/Jul/2025:21:11:26 +0700] "POST /get-message-notify HTTP/1.1" 200 20482 "https://shielddoor.vn/diet/health/Z5383197971" "Mozilla/5.0 (Linux; Android 6.0.1; Nexus 5X Build/MMB29P) AppleWebKit/537.36 (KHTML, like Gecko) Chrome/137.0.7151.119 Mobile Safari/537.36 (compatible; Googlebot/2.1; +http://www.google.com/bot.html)"
57.141.2.21 - - [11/Jul/2025:21:11:17 +0700] "GET /travel-supplies/fishing/T5341582540 HTTP/2" 200 0 "-" "meta-externalagent/1.1 (+https://developers.facebook.com/docs/sharing/webmasters/crawler)"
157.55.39.192 - - [11/Jul/2025:21:11:17 +0700] "GET /tablets/smartphone/E5314159656 HTTP/2" 200 0 "-" "Mozilla/5.0 AppleWebKit/537.36 (KHTML, like Gecko; compatible; bingbot/2.0; +http://www.bing.com/bingbot.htm) Chrome/116.0.1938.76 Safari/537.36"
57.141.2.7 - - [11/Jul/2025:21:11:17 +0700] "GET /fashion/womens/T537913647 HTTP/2" 200 0 "-" "meta-externalagent/1.1 (+https://developers.facebook.com/docs/sharing/webmasters/crawler)"
57.141.2.15 - - [11/Jul/2025:21:11:18 +0700] "GET /tickets/accommodation-tickets/L5321354454 HTTP/2" 200 0 "-" "meta-externalagent/1.1 (+https://developers.facebook.com/docs/sharing/webmasters/crawler)"
157.55.39.192 - - [11/Jul/2025:21:11:25 +0700] "GET /sports/golf/Z536613020 HTTP/2" 200 0 "-" "Mozilla/5.0 AppleWebKit/537.36 (KHTML, like Gecko; compatible; bingbot/2.0; +http://www.bing.com/bingbot.htm) Chrome/116.0.1938.76 Safari/537.36"
66.249.70.165 - - [11/Jul/2025:21:11:26 +0700] "GET /fashion/pants/W5312820353 HTTP/1.1" 200 20573 "-" "Mozilla/5.0 (Linux; Android 6.0.1; Nexus 5X Build/MMB29P) AppleWebKit/537.36 (KHTML, like Gecko) Chrome/137.0.7151.103 Mobile Safari/537.36 (compatible; Googlebot/2.1; +http://www.google.com/bot.html)"
57.141.2.30 - - [11/Jul/2025:21:11:30 +0700] "GET /diet/relaxation-products/I5312193630 HTTP/2" 200 0 "-" "meta-externalagent/1.1 (+https://developers.facebook.com/docs/sharing/webmasters/crawler)"
57.141.2.14 - - [11/Jul/2025:21:11:30 +0700] "GET /diet/diet-drinks/F5383363472 HTTP/2" 200 0 "-" "meta-externalagent/1.1 (+https://developers.facebook.com/docs/sharing/webmasters/crawler)"
57.141.2.5 - - [11/Jul/2025:21:11:30 +0700] "GET /fashion/outerwear/K5373488623 HTTP/2" 200 0 "-" "meta-externalagent/1.1 (+https://developers.facebook.com/docs/sharing/webmasters/crawler)"
57.141.2.2 - - [11/Jul/2025:21:11:32 +0700] "GET /computers/windows-notebooks/W530672277 HTTP/2" 200 0 "-" "meta-externalagent/1.1 (+https://developers.facebook.com/docs/sharing/webmasters/crawler)"
57.141.2.28 - - [11/Jul/2025:21:11:33 +0700] "GET /daily-necessities/bulk-sales/B5312303832 HTTP/2" 200 0 "-" "meta-externalagent/1.1 (+https://developers.facebook.com/docs/sharing/webmasters/crawler)"
157.55.39.192 - - [11/Jul/2025:21:11:35 +0700] "GET /tools/paints/M5372036474 HTTP/2" 200 0 "-" "Mozilla/5.0 AppleWebKit/537.36 (KHTML, like Gecko; compatible; bingbot/2.0; +http://www.bing.com/bingbot.htm) Chrome/116.0.1938.76 Safari/537.36"
57.141.2.28 - - [11/Jul/2025:21:11:35 +0700] "GET /decor/chairs/W5313439165 HTTP/2" 200 0 "-" "meta-externalagent/1.1 (+https://developers.facebook.com/docs/sharing/webmasters/crawler)"
57.141.2.7 - - [11/Jul/2025:21:11:38 +0700] "GET /db.php/shopdetail/fashion-bags/S5322051955 HTTP/2" 200 39 "-" "meta-externalagent/1.1 (+https://developers.facebook.com/docs/sharing/webmasters/crawler)"
57.141.2.14 - - [11/Jul/2025:21:11:39 +0700] "GET /fashion/womens/Z5352470602 HTTP/2" 200 0 "-" "meta-externalagent/1.1 (+https://developers.facebook.com/docs/sharing/webmasters/crawler)"
66.249.70.165 - - [11/Jul/2025:21:11:38 +0700] "POST /get-message-notify HTTP/1.1" 200 20486 "https://shielddoor.vn/furniture/office/M5331523504" "Mozilla/5.0 (Linux; Android 6.0.1; Nexus 5X Build/MMB29P) AppleWebKit/537.36 (KHTML, like Gecko) Chrome/137.0.7151.119 Mobile Safari/537.36 (compatible; Googlebot/2.1; +http://www.google.com/bot.html)"
66.249.70.165 - - [11/Jul/2025:21:11:40 +0700] "GET /fashion/skirts/B5353774999 HTTP/1.1" 200 20178 "-" "Mozilla/5.0 (Linux; Android 6.0.1; Nexus 5X Build/MMB29P) AppleWebKit/537.36 (KHTML, like Gecko) Chrome/137.0.7151.103 Mobile Safari/537.36 (compatible; Googlebot/2.1; +http://www.google.com/bot.html)"
57.141.2.14 - - [11/Jul/2025:21:11:42 +0700] "GET /home-appliances/washing-machines/N5361549116 HTTP/2" 200 0 "-" "meta-externalagent/1.1 (+https://developers.facebook.com/docs/sharing/webmasters/crawler)"
66.249.70.165 - - [11/Jul/2025:21:11:10 +0700] "GET /fashion/mens/N5302434353 HTTP/1.1" 200 21165 "-" "Mozilla/5.0 (Linux; Android 6.0.1; Nexus 5X Build/MMB29P) AppleWebKit/537.36 (KHTML, like Gecko) Chrome/137.0.7151.103 Mobile Safari/537.36 (compatible; Googlebot/2.1; +http://www.google.com/bot.html)"
57.141.2.1 - - [11/Jul/2025:21:11:13 +0700] "GET /outdoor/mountain-climbing/X5373081831 HTTP/2" 200 0 "-" "meta-externalagent/1.1 (+https://developers.facebook.com/docs/sharing/webmasters/crawler)"
57.141.2.18 - - [11/Jul/2025:21:11:15 +0700] "GET /air-conditioning/washing-machines/G5334030060 HTTP/2" 200 0 "-" "meta-externalagent/1.1 (+https://developers.facebook.com/docs/sharing/webmasters/crawler)"
66.249.70.165 - - [11/Jul/2025:21:11:16 +0700] "GET /fashion/outerwear/V538759340 HTTP/1.1" 200 21149 "-" "Mozilla/5.0 (Linux; Android 6.0.1; Nexus 5X Build/MMB29P) AppleWebKit/537.36 (KHTML, like Gecko) Chrome/137.0.7151.103 Mobile Safari/537.36 (compatible; Googlebot/2.1; +http://www.google.com/bot.html)"
66.249.70.165 - - [11/Jul/2025:21:11:19 +0700] "GET /sports/golf/T5303784521 HTTP/1.1" 200 20603 "-" "Mozilla/5.0 (Linux; Android 6.0.1; Nexus 5X Build/MMB29P) AppleWebKit/537.36 (KHTML, like Gecko) Chrome/137.0.7151.103 Mobile Safari/537.36 (compatible; Googlebot/2.1; +http://www.google.com/bot.html)"
57.141.2.28 - - [11/Jul/2025:21:11:24 +0700] "GET /db.php/shopdetail/fashion-womens/D5343781233 HTTP/2" 200 39 "-" "meta-externalagent/1.1 (+https://developers.facebook.com/docs/sharing/webmasters/crawler)"
57.141.2.21 - - [11/Jul/2025:21:11:25 +0700] "GET /air-conditioning/air-conditioning/R5382921130 HTTP/2" 200 0 "-" "meta-externalagent/1.1 (+https://developers.facebook.com/docs/sharing/webmasters/crawler)"
57.141.2.14 - - [11/Jul/2025:21:11:27 +0700] "GET /books/languages/Q5333871970 HTTP/2" 200 0 "-" "meta-externalagent/1.1 (+https://developers.facebook.com/docs/sharing/webmasters/crawler)"
57.141.2.11 - - [11/Jul/2025:21:11:33 +0700] "GET /hobbies/ukuleles/U530437442 HTTP/2" 200 0 "-" "meta-externalagent/1.1 (+https://developers.facebook.com/docs/sharing/webmasters/crawler)"
57.141.2.3 - - [11/Jul/2025:21:11:33 +0700] "GET /air-conditioning/appliances/K529910729 HTTP/2" 200 0 "-" "meta-externalagent/1.1 (+https://developers.facebook.com/docs/sharing/webmasters/crawler)"
66.249.71.197 - - [11/Jul/2025:21:11:33 +0700] "GET /fashion/womens/E5382486708 HTTP/1.1" 200 20925 "-" "Mozilla/5.0 (Linux; Android 6.0.1; Nexus 5X Build/MMB29P) AppleWebKit/537.36 (KHTML, like Gecko) Chrome/137.0.7151.103 Mobile Safari/537.36 (compatible; Googlebot/2.1; +http://www.google.com/bot.html)"
57.141.2.23 - - [11/Jul/2025:21:11:37 +0700] "GET /tickets/sports/T5332555002 HTTP/2" 200 0 "-" "meta-externalagent/1.1 (+https://developers.facebook.com/docs/sharing/webmasters/crawler)"
66.249.70.165 - - [11/Jul/2025:21:11:37 +0700] "GET /home-appliances/cooling/C5361562370 HTTP/1.1" 200 21922 "-" "Mozilla/5.0 (Linux; Android 6.0.1; Nexus 5X Build/MMB29P) AppleWebKit/537.36 (KHTML, like Gecko) Chrome/137.0.7151.103 Mobile Safari/537.36 (compatible; Googlebot/2.1; +http://www.google.com/bot.html)"
57.141.2.16 - - [11/Jul/2025:21:11:38 +0700] "GET /pet-supplies/dog-food/I5374059602 HTTP/2" 200 0 "-" "meta-externalagent/1.1 (+https://developers.facebook.com/docs/sharing/webmasters/crawler)"
52.167.144.20 - - [11/Jul/2025:21:11:40 +0700] "GET /tools/primers/Z5313796630 HTTP/2" 200 0 "-" "Mozilla/5.0 AppleWebKit/537.36 (KHTML, like Gecko; compatible; bingbot/2.0; +http://www.bing.com/bingbot.htm) Chrome/116.0.1938.76 Safari/537.36"
52.167.144.20 - - [11/Jul/2025:21:11:40 +0700] "GET /tools/spray-guns/G5342672880 HTTP/2" 200 0 "-" "Mozilla/5.0 AppleWebKit/537.36 (KHTML, like Gecko; compatible; bingbot/2.0; +http://www.bing.com/bingbot.htm) Chrome/116.0.1938.76 Safari/537.36"
57.141.2.13 - - [11/Jul/2025:21:11:43 +0700] "GET /db.php/shopdetail/fashion-bags/C5323538802 HTTP/2" 200 39 "-" "meta-externalagent/1.1 (+https://developers.facebook.com/docs/sharing/webmasters/crawler)"
66.249.70.165 - - [11/Jul/2025:21:11:29 +0700] "GET /furniture/office/M5331523504 HTTP/1.1" 200 21363 "-" "Mozilla/5.0 (Linux; Android 6.0.1; Nexus 5X Build/MMB29P) AppleWebKit/537.36 (KHTML, like Gecko) Chrome/137.0.7151.103 Mobile Safari/537.36 (compatible; Googlebot/2.1; +http://www.google.com/bot.html)"
57.141.2.6 - - [11/Jul/2025:21:11:31 +0700] "GET /db.php/shopdetail/tickets-sports/U5294114401 HTTP/2" 200 39 "-" "meta-externalagent/1.1 (+https://developers.facebook.com/docs/sharing/webmasters/crawler)"
57.141.2.23 - - [11/Jul/2025:21:11:33 +0700] "GET /musical-instruments/bass/T5382481181 HTTP/2" 200 0 "-" "meta-externalagent/1.1 (+https://developers.facebook.com/docs/sharing/webmasters/crawler)"
57.141.2.15 - - [11/Jul/2025:21:11:38 +0700] "GET /health/auxiliary-belts/H5383484836 HTTP/2" 200 0 "-" "meta-externalagent/1.1 (+https://developers.facebook.com/docs/sharing/webmasters/crawler)"
57.141.2.14 - - [11/Jul/2025:21:11:41 +0700] "GET /cars/accessories/T5312205619 HTTP/2" 200 0 "-" "meta-externalagent/1.1 (+https://developers.facebook.com/docs/sharing/webmasters/crawler)"
47.82.60.37 - - [11/Jul/2025:21:11:43 +0700] "GET /diy/explosion-proof-tools/I5323979311 HTTP/1.1" 200 0 "https://shielddoor.vn/diy/explosion-proof-tools/I5323979311" "Mozilla/5.0 (Windows NT 10.0; Win64; x64) AppleWebKit/537.36 (KHTML, like Gecko) Chrome/114.0.0.0 Safari/537.36 Edg/114.0.1823.43"
57.141.2.8 - - [11/Jul/2025:21:11:45 +0700] "GET /goods/straps/D538685863 HTTP/2" 200 0 "-" "meta-externalagent/1.1 (+https://developers.facebook.com/docs/sharing/webmasters/crawler)"
57.141.2.9 - - [11/Jul/2025:21:11:47 +0700] "GET /goods/others/C5371990311 HTTP/2" 200 0 "-" "meta-externalagent/1.1 (+https://developers.facebook.com/docs/sharing/webmasters/crawler)"
57.141.2.14 - - [11/Jul/2025:21:11:53 +0700] "GET /db.php/shopdetail/decor-steel-racks/N5331531977 HTTP/2" 200 39 "-" "meta-externalagent/1.1 (+https://developers.facebook.com/docs/sharing/webmasters/crawler)"
57.141.2.26 - - [11/Jul/2025:21:11:56 +0700] "GET /smartphones/notebook/J533693077 HTTP/2" 200 0 "-" "meta-externalagent/1.1 (+https://developers.facebook.com/docs/sharing/webmasters/crawler)"
57.141.2.24 - - [11/Jul/2025:21:11:57 +0700] "GET /diet/supplements/O5333055697 HTTP/2" 200 0 "-" "meta-externalagent/1.1 (+https://developers.facebook.com/docs/sharing/webmasters/crawler)"
57.141.2.7 - - [11/Jul/2025:21:11:58 +0700] "GET /db.php/shopdetail/cameras-cameras/Y5313302637 HTTP/2" 200 39 "-" "meta-externalagent/1.1 (+https://developers.facebook.com/docs/sharing/webmasters/crawler)"
66.249.70.165 - - [11/Jul/2025:21:12:00 +0700] "POST /get-message-notify HTTP/1.1" 200 20510 "https://shielddoor.vn/musical-instruments/collections/O5382735956" "Mozilla/5.0 (Linux; Android 6.0.1; Nexus 5X Build/MMB29P) AppleWebKit/537.36 (KHTML, like Gecko) Chrome/137.0.7151.119 Mobile Safari/537.36 (compatible; Googlebot/2.1; +http://www.google.com/bot.html)"
66.249.70.165 - - [11/Jul/2025:21:12:05 +0700] "GET /fashion/accessories/A5363523931 HTTP/1.1" 200 20311 "-" "Mozilla/5.0 (Linux; Android 6.0.1; Nexus 5X Build/MMB29P) AppleWebKit/537.36 (KHTML, like Gecko) Chrome/137.0.7151.103 Mobile Safari/537.36 (compatible; Googlebot/2.1; +http://www.google.com/bot.html)"
66.249.71.197 - - [11/Jul/2025:21:12:07 +0700] "GET /pet-supplies/dog-food/K534981764 HTTP/1.1" 200 20927 "-" "Mozilla/5.0 (Linux; Android 6.0.1; Nexus 5X Build/MMB29P) AppleWebKit/537.36 (KHTML, like Gecko) Chrome/137.0.7151.103 Mobile Safari/537.36 (compatible; Googlebot/2.1; +http://www.google.com/bot.html)"
57.141.2.25 - - [11/Jul/2025:21:12:10 +0700] "GET /fishing/fishing/I5331752638 HTTP/2" 200 0 "-" "meta-externalagent/1.1 (+https://developers.facebook.com/docs/sharing/webmasters/crawler)"
57.141.2.25 - - [11/Jul/2025:21:12:12 +0700] "GET /flowers/houseplants/Q5333499910 HTTP/2" 200 0 "-" "meta-externalagent/1.1 (+https://developers.facebook.com/docs/sharing/webmasters/crawler)"
57.141.2.26 - - [11/Jul/2025:21:11:44 +0700] "GET /db.php/shopdetail/audio-headphones/B5361564961 HTTP/2" 200 39 "-" "meta-externalagent/1.1 (+https://developers.facebook.com/docs/sharing/webmasters/crawler)"
52.167.144.20 - - [11/Jul/2025:21:11:49 +0700] "GET /tools/heat-insulating-paints/P5373122665 HTTP/2" 200 0 "-" "Mozilla/5.0 AppleWebKit/537.36 (KHTML, like Gecko; compatible; bingbot/2.0; +http://www.bing.com/bingbot.htm) Chrome/116.0.1938.76 Safari/537.36"
52.167.144.20 - - [11/Jul/2025:21:11:50 +0700] "GET /computers/display/T5293517823 HTTP/2" 200 0 "-" "Mozilla/5.0 AppleWebKit/537.36 (KHTML, like Gecko; compatible; bingbot/2.0; +http://www.bing.com/bingbot.htm) Chrome/116.0.1938.76 Safari/537.36"
66.249.70.165 - - [11/Jul/2025:21:11:50 +0700] "GET /toys/nintendo/C538743893 HTTP/1.1" 200 21009 "-" "Mozilla/5.0 (Linux; Android 6.0.1; Nexus 5X Build/MMB29P) AppleWebKit/537.36 (KHTML, like Gecko) Chrome/137.0.7151.103 Mobile Safari/537.36 (compatible; Googlebot/2.1; +http://www.google.com/bot.html)"
57.141.2.18 - - [11/Jul/2025:21:11:54 +0700] "GET /tickets/golf-courses/C5303707819 HTTP/2" 200 0 "-" "meta-externalagent/1.1 (+https://developers.facebook.com/docs/sharing/webmasters/crawler)"
66.249.70.165 - - [11/Jul/2025:21:11:55 +0700] "GET /fashion/bags/A5343315940 HTTP/1.1" 200 21008 "-" "Mozilla/5.0 (Linux; Android 6.0.1; Nexus 5X Build/MMB29P) AppleWebKit/537.36 (KHTML, like Gecko) Chrome/137.0.7151.103 Mobile Safari/537.36 (compatible; Googlebot/2.1; +http://www.google.com/bot.html)"
66.249.71.197 - - [11/Jul/2025:21:11:56 +0700] "POST /get-message-notify HTTP/1.1" 200 20488 "https://shielddoor.vn/fashion/accessories/F5294132993" "Mozilla/5.0 (Linux; Android 6.0.1; Nexus 5X Build/MMB29P) AppleWebKit/537.36 (KHTML, like Gecko) Chrome/137.0.7151.119 Mobile Safari/537.36 (compatible; Googlebot/2.1; +http://www.google.com/bot.html)"
66.249.70.166 - - [11/Jul/2025:21:11:58 +0700] "GET /tablets/keyboards/S538526021 HTTP/1.1" 200 20706 "-" "Mozilla/5.0 (Linux; Android 6.0.1; Nexus 5X Build/MMB29P) AppleWebKit/537.36 (KHTML, like Gecko) Chrome/137.0.7151.103 Mobile Safari/537.36 (compatible; Googlebot/2.1; +http://www.google.com/bot.html)"
66.249.70.165 - - [11/Jul/2025:21:11:59 +0700] "POST /get-message-notify HTTP/1.1" 200 20499 "https://shielddoor.vn/fashion/bags/A5343315940" "Mozilla/5.0 (Linux; Android 6.0.1; Nexus 5X Build/MMB29P) AppleWebKit/537.36 (KHTML, like Gecko) Chrome/137.0.7151.119 Mobile Safari/537.36 (compatible; Googlebot/2.1; +http://www.google.com/bot.html)"
57.141.2.24 - - [11/Jul/2025:21:12:08 +0700] "GET /food/food/N5322394920 HTTP/2" 200 0 "-" "meta-externalagent/1.1 (+https://developers.facebook.com/docs/sharing/webmasters/crawler)"
57.141.2.19 - - [11/Jul/2025:21:12:08 +0700] "GET /games/celebrity/M5383884371 HTTP/2" 200 0 "-" "meta-externalagent/1.1 (+https://developers.facebook.com/docs/sharing/webmasters/crawler)"
57.141.2.12 - - [11/Jul/2025:21:12:14 +0700] "GET /toys/trading-cards/A533704203 HTTP/2" 200 0 "-" "meta-externalagent/1.1 (+https://developers.facebook.com/docs/sharing/webmasters/crawler)"
157.55.39.192 - - [11/Jul/2025:21:12:15 +0700] "GET /fashion/womens/R5352876814 HTTP/2" 200 0 "-" "Mozilla/5.0 AppleWebKit/537.36 (KHTML, like Gecko; compatible; bingbot/2.0; +http://www.bing.com/bingbot.htm) Chrome/116.0.1938.76 Safari/537.36"
57.141.2.26 - - [11/Jul/2025:21:12:16 +0700] "GET /fashion/mens/I534781124 HTTP/2" 200 0 "-" "meta-externalagent/1.1 (+https://developers.facebook.com/docs/sharing/webmasters/crawler)"
57.141.2.11 - - [11/Jul/2025:21:12:20 +0700] "GET /cars/bicycles/T5373371702 HTTP/2" 200 0 "-" "meta-externalagent/1.1 (+https://developers.facebook.com/docs/sharing/webmasters/crawler)"
57.141.2.28 - - [11/Jul/2025:21:12:24 +0700] "GET /daily-necessities/children-tableware/C5303426959 HTTP/2" 200 0 "-" "meta-externalagent/1.1 (+https://developers.facebook.com/docs/sharing/webmasters/crawler)"
57.141.2.10 - - [11/Jul/2025:21:11:43 +0700] "GET /db.php/shopdetail/fashion-outerwear/H534337292 HTTP/2" 200 39 "-" "meta-externalagent/1.1 (+https://developers.facebook.com/docs/sharing/webmasters/crawler)"
66.249.71.197 - - [11/Jul/2025:21:11:44 +0700] "GET /gardening/agave/I5332819452 HTTP/1.1" 200 20385 "-" "Mozilla/5.0 (Linux; Android 6.0.1; Nexus 5X Build/MMB29P) AppleWebKit/537.36 (KHTML, like Gecko) Chrome/137.0.7151.103 Mobile Safari/537.36 (compatible; Googlebot/2.1; +http://www.google.com/bot.html)"
66.249.71.198 - - [11/Jul/2025:21:11:48 +0700] "GET /fashion/tops/X5323884990 HTTP/1.1" 200 20819 "-" "Mozilla/5.0 (Linux; Android 6.0.1; Nexus 5X Build/MMB29P) AppleWebKit/537.36 (KHTML, like Gecko) Chrome/137.0.7151.103 Mobile Safari/537.36 (compatible; Googlebot/2.1; +http://www.google.com/bot.html)"
57.141.2.7 - - [11/Jul/2025:21:11:52 +0700] "GET /db.php/shopdetail/fashion-mens/J5382203016 HTTP/2" 200 39 "-" "meta-externalagent/1.1 (+https://developers.facebook.com/docs/sharing/webmasters/crawler)"
66.249.71.198 - - [11/Jul/2025:21:11:52 +0700] "GET /fashion/accessories/F5294132993 HTTP/1.1" 200 20375 "-" "Mozilla/5.0 (Linux; Android 6.0.1; Nexus 5X Build/MMB29P) AppleWebKit/537.36 (KHTML, like Gecko) Chrome/137.0.7151.103 Mobile Safari/537.36 (compatible; Googlebot/2.1; +http://www.google.com/bot.html)"
57.141.2.28 - - [11/Jul/2025:21:11:54 +0700] "GET /fishing/lights/J5343942108 HTTP/2" 200 0 "-" "meta-externalagent/1.1 (+https://developers.facebook.com/docs/sharing/webmasters/crawler)"
66.249.71.198 - - [11/Jul/2025:21:11:54 +0700] "GET /flowers/gardening/T537499022 HTTP/1.1" 200 21347 "-" "Mozilla/5.0 (Linux; Android 6.0.1; Nexus 5X Build/MMB29P) AppleWebKit/537.36 (KHTML, like Gecko) Chrome/137.0.7151.103 Mobile Safari/537.36 (compatible; Googlebot/2.1; +http://www.google.com/bot.html)"
57.141.2.27 - - [11/Jul/2025:21:11:55 +0700] "GET /audio/action-cameras/Y5321379779 HTTP/2" 200 0 "-" "meta-externalagent/1.1 (+https://developers.facebook.com/docs/sharing/webmasters/crawler)"
157.55.39.192 - - [11/Jul/2025:21:11:55 +0700] "GET /tools/distance-measurement/X5321295738 HTTP/2" 200 0 "-" "Mozilla/5.0 AppleWebKit/537.36 (KHTML, like Gecko; compatible; bingbot/2.0; +http://www.bing.com/bingbot.htm) Chrome/116.0.1938.76 Safari/537.36"
57.141.2.15 - - [11/Jul/2025:21:11:55 +0700] "GET /home-appliances/appliances/V5292292929 HTTP/2" 200 0 "-" "meta-externalagent/1.1 (+https://developers.facebook.com/docs/sharing/webmasters/crawler)"
57.141.2.2 - - [11/Jul/2025:21:12:05 +0700] "GET /decor/desks/E5341041915 HTTP/2" 200 0 "-" "meta-externalagent/1.1 (+https://developers.facebook.com/docs/sharing/webmasters/crawler)"
57.141.2.30 - - [11/Jul/2025:21:12:10 +0700] "GET /fashion/womens/Y531486705 HTTP/2" 200 0 "-" "meta-externalagent/1.1 (+https://developers.facebook.com/docs/sharing/webmasters/crawler)"
57.141.2.12 - - [11/Jul/2025:21:12:11 +0700] "GET /fashion/bags/U5303778404 HTTP/2" 200 0 "-" "meta-externalagent/1.1 (+https://developers.facebook.com/docs/sharing/webmasters/crawler)"
57.141.2.17 - - [11/Jul/2025:21:12:14 +0700] "GET /books/novels/X5381442163 HTTP/2" 200 0 "-" "meta-externalagent/1.1 (+https://developers.facebook.com/docs/sharing/webmasters/crawler)"
66.249.71.197 - - [11/Jul/2025:21:12:18 +0700] "GET /travel-supplies/fishing/N531840828 HTTP/1.1" 200 20966 "-" "Mozilla/5.0 (Linux; Android 6.0.1; Nexus 5X Build/MMB29P) AppleWebKit/537.36 (KHTML, like Gecko) Chrome/137.0.7151.103 Mobile Safari/537.36 (compatible; Googlebot/2.1; +http://www.google.com/bot.html)"
57.141.2.23 - - [11/Jul/2025:21:12:24 +0700] "GET /furniture/beds/R5291382105 HTTP/2" 200 0 "-" "meta-externalagent/1.1 (+https://developers.facebook.com/docs/sharing/webmasters/crawler)"
57.141.2.23 - - [11/Jul/2025:21:12:27 +0700] "GET /games/sports/D536602117 HTTP/2" 200 0 "-" "meta-externalagent/1.1 (+https://developers.facebook.com/docs/sharing/webmasters/crawler)"
66.249.70.165 - - [11/Jul/2025:21:12:24 +0700] "GET /travel-supplies/fishing/E5371864954 HTTP/1.1" 200 21449 "-" "Mozilla/5.0 (Linux; Android 6.0.1; Nexus 5X Build/MMB29P) AppleWebKit/537.36 (KHTML, like Gecko) Chrome/137.0.7151.103 Mobile Safari/537.36 (compatible; Googlebot/2.1; +http://www.google.com/bot.html)"
66.249.70.165 - - [11/Jul/2025:21:12:27 +0700] "GET /beauty/face-gel/E5363608003 HTTP/1.1" 200 20209 "-" "Mozilla/5.0 (Linux; Android 6.0.1; Nexus 5X Build/MMB29P) AppleWebKit/537.36 (KHTML, like Gecko) Chrome/137.0.7151.103 Mobile Safari/537.36 (compatible; Googlebot/2.1; +http://www.google.com/bot.html)"
57.141.2.16 - - [11/Jul/2025:21:12:29 +0700] "GET /tickets/discount-coupons/T5353899815 HTTP/2" 200 0 "-" "meta-externalagent/1.1 (+https://developers.facebook.com/docs/sharing/webmasters/crawler)"
57.141.2.19 - - [11/Jul/2025:21:12:30 +0700] "GET /db.php/shopdetail/air-conditioning-ih-cookers/E5383993122 HTTP/2" 200 39 "-" "meta-externalagent/1.1 (+https://developers.facebook.com/docs/sharing/webmasters/crawler)"
66.249.70.165 - - [11/Jul/2025:21:12:31 +0700] "GET /home-appliances/sewing-machines/N5361945896 HTTP/1.1" 200 20668 "-" "Mozilla/5.0 (Linux; Android 6.0.1; Nexus 5X Build/MMB29P) AppleWebKit/537.36 (KHTML, like Gecko) Chrome/137.0.7151.103 Mobile Safari/537.36 (compatible; Googlebot/2.1; +http://www.google.com/bot.html)"
57.141.2.16 - - [11/Jul/2025:21:12:37 +0700] "GET /beauty/serums/W5302315395 HTTP/2" 200 0 "-" "meta-externalagent/1.1 (+https://developers.facebook.com/docs/sharing/webmasters/crawler)"
57.141.2.16 - - [11/Jul/2025:21:12:39 +0700] "GET /kitchen/bulk-sales/U5312669533 HTTP/2" 200 0 "-" "meta-externalagent/1.1 (+https://developers.facebook.com/docs/sharing/webmasters/crawler)"
57.141.2.7 - - [11/Jul/2025:21:12:40 +0700] "GET /dvds/records/Y5303120111 HTTP/2" 200 0 "-" "meta-externalagent/1.1 (+https://developers.facebook.com/docs/sharing/webmasters/crawler)"
66.249.70.165 - - [11/Jul/2025:21:12:41 +0700] "POST /get-message-notify HTTP/1.1" 200 20517 "https://shielddoor.vn/home-appliances/sewing-machines/N5361945896" "Mozilla/5.0 (Linux; Android 6.0.1; Nexus 5X Build/MMB29P) AppleWebKit/537.36 (KHTML, like Gecko) Chrome/137.0.7151.119 Mobile Safari/537.36 (compatible; Googlebot/2.1; +http://www.google.com/bot.html)"
57.141.2.18 - - [11/Jul/2025:21:12:42 +0700] "GET /computers/smartphones/Y5292822315 HTTP/2" 200 0 "-" "meta-externalagent/1.1 (+https://developers.facebook.com/docs/sharing/webmasters/crawler)"
57.141.2.5 - - [11/Jul/2025:21:12:44 +0700] "GET /cameras/tvs/G530580800 HTTP/2" 200 0 "-" "meta-externalagent/1.1 (+https://developers.facebook.com/docs/sharing/webmasters/crawler)"
57.141.2.19 - - [11/Jul/2025:21:12:45 +0700] "GET /fashion/sets/R5342037998 HTTP/2" 200 0 "-" "meta-externalagent/1.1 (+https://developers.facebook.com/docs/sharing/webmasters/crawler)"
57.141.2.1 - - [11/Jul/2025:21:12:45 +0700] "GET /diy/air-tools/A5353290118 HTTP/2" 200 0 "-" "meta-externalagent/1.1 (+https://developers.facebook.com/docs/sharing/webmasters/crawler)"
57.141.2.21 - - [11/Jul/2025:21:12:46 +0700] "GET /decor/others/S5293673413 HTTP/2" 200 0 "-" "meta-externalagent/1.1 (+https://developers.facebook.com/docs/sharing/webmasters/crawler)"
57.141.2.12 - - [11/Jul/2025:21:12:48 +0700] "GET /fishing/outdoor-shoes/G5293598157 HTTP/2" 200 0 "-" "meta-externalagent/1.1 (+https://developers.facebook.com/docs/sharing/webmasters/crawler)"
66.249.70.165 - - [11/Jul/2025:21:12:48 +0700] "GET /dvds/japanese-movies/T5314083816 HTTP/1.1" 200 20398 "-" "Mozilla/5.0 (Linux; Android 6.0.1; Nexus 5X Build/MMB29P) AppleWebKit/537.36 (KHTML, like Gecko) Chrome/137.0.7151.103 Mobile Safari/537.36 (compatible; Googlebot/2.1; +http://www.google.com/bot.html)"
57.141.2.18 - - [11/Jul/2025:21:12:51 +0700] "GET /outdoor/fishing/P5331588733 HTTP/2" 200 0 "-" "meta-externalagent/1.1 (+https://developers.facebook.com/docs/sharing/webmasters/crawler)"
57.141.2.15 - - [11/Jul/2025:21:12:16 +0700] "GET /handmade/tote-bags/A5311242312 HTTP/2" 200 0 "-" "meta-externalagent/1.1 (+https://developers.facebook.com/docs/sharing/webmasters/crawler)"
66.249.70.165 - - [11/Jul/2025:21:12:15 +0700] "POST /get-message-notify HTTP/1.1" 200 20483 "https://shielddoor.vn/fashion/accessories/A5363523931" "Mozilla/5.0 (Linux; Android 6.0.1; Nexus 5X Build/MMB29P) AppleWebKit/537.36 (KHTML, like Gecko) Chrome/137.0.7151.119 Mobile Safari/537.36 (compatible; Googlebot/2.1; +http://www.google.com/bot.html)"
57.141.2.28 - - [11/Jul/2025:21:12:19 +0700] "GET /smartphones/smartphone/P5313863796 HTTP/2" 200 0 "-" "meta-externalagent/1.1 (+https://developers.facebook.com/docs/sharing/webmasters/crawler)"
57.141.2.13 - - [11/Jul/2025:21:12:25 +0700] "GET /cameras/cameras/X538596992 HTTP/2" 200 0 "-" "meta-externalagent/1.1 (+https://developers.facebook.com/docs/sharing/webmasters/crawler)"
57.141.2.2 - - [11/Jul/2025:21:12:26 +0700] "GET /diet/supplements/K5314088959 HTTP/2" 200 0 "-" "meta-externalagent/1.1 (+https://developers.facebook.com/docs/sharing/webmasters/crawler)"
57.141.2.14 - - [11/Jul/2025:21:12:29 +0700] "GET /daily-necessities/others/I5362334176 HTTP/2" 200 0 "-" "meta-externalagent/1.1 (+https://developers.facebook.com/docs/sharing/webmasters/crawler)"
57.141.2.2 - - [11/Jul/2025:21:12:29 +0700] "GET /handmade/outfits/T5371232131 HTTP/2" 200 0 "-" "meta-externalagent/1.1 (+https://developers.facebook.com/docs/sharing/webmasters/crawler)"
57.141.2.30 - - [11/Jul/2025:21:12:33 +0700] "GET /drinks/whiskey/X5333237311 HTTP/2" 200 0 "-" "meta-externalagent/1.1 (+https://developers.facebook.com/docs/sharing/webmasters/crawler)"
157.55.39.7 - - [11/Jul/2025:21:12:34 +0700] "GET /cars/helmets/N5371819069 HTTP/2" 200 0 "-" "Mozilla/5.0 AppleWebKit/537.36 (KHTML, like Gecko; compatible; bingbot/2.0; +http://www.bing.com/bingbot.htm) Chrome/116.0.1938.76 Safari/537.36"
57.141.2.26 - - [11/Jul/2025:21:12:37 +0700] "GET /fashion/womens/X529311348 HTTP/2" 200 0 "-" "meta-externalagent/1.1 (+https://developers.facebook.com/docs/sharing/webmasters/crawler)"
57.141.2.13 - - [11/Jul/2025:21:12:39 +0700] "GET /db.php/shopdetail/fashion-tops/H5353416187 HTTP/2" 200 39 "-" "meta-externalagent/1.1 (+https://developers.facebook.com/docs/sharing/webmasters/crawler)"
66.249.70.165 - - [11/Jul/2025:21:12:41 +0700] "GET /drinks/food/U5293764372 HTTP/1.1" 200 20218 "-" "Mozilla/5.0 (Linux; Android 6.0.1; Nexus 5X Build/MMB29P) AppleWebKit/537.36 (KHTML, like Gecko) Chrome/137.0.7151.103 Mobile Safari/537.36 (compatible; Googlebot/2.1; +http://www.google.com/bot.html)"
57.141.2.21 - - [11/Jul/2025:21:12:49 +0700] "GET /db.php/shopdetail/daily-necessities-diaries/G5371816461 HTTP/2" 200 39 "-" "meta-externalagent/1.1 (+https://developers.facebook.com/docs/sharing/webmasters/crawler)"
57.141.2.16 - - [11/Jul/2025:21:12:52 +0700] "GET /handmade/fashion/Y5313130017 HTTP/2" 200 0 "-" "meta-externalagent/1.1 (+https://developers.facebook.com/docs/sharing/webmasters/crawler)"
66.249.71.197 - - [11/Jul/2025:21:12:53 +0700] "POST /get-message-notify HTTP/1.1" 200 20513 "https://shielddoor.vn/dvds/japanese-movies/T5314083816" "Mozilla/5.0 (Linux; Android 6.0.1; Nexus 5X Build/MMB29P) AppleWebKit/537.36 (KHTML, like Gecko) Chrome/137.0.7151.119 Mobile Safari/537.36 (compatible; Googlebot/2.1; +http://www.google.com/bot.html)"
57.141.2.8 - - [11/Jul/2025:21:12:57 +0700] "GET /audio/digital-cameras/Y5353872383 HTTP/2" 200 0 "-" "meta-externalagent/1.1 (+https://developers.facebook.com/docs/sharing/webmasters/crawler)"
66.249.70.166 - - [11/Jul/2025:21:12:57 +0700] "GET /handicrafts/baby/Q5332536521 HTTP/1.1" 200 21311 "-" "Mozilla/5.0 (Linux; Android 6.0.1; Nexus 5X Build/MMB29P) AppleWebKit/537.36 (KHTML, like Gecko) Chrome/137.0.7151.103 Mobile Safari/537.36 (compatible; Googlebot/2.1; +http://www.google.com/bot.html)"
57.141.2.16 - - [11/Jul/2025:21:12:59 +0700] "GET /home-appliances/appliances/A5324061400 HTTP/2" 200 0 "-" "meta-externalagent/1.1 (+https://developers.facebook.com/docs/sharing/webmasters/crawler)"
