57.141.2.17 - - [11/Jul/2025:19:48:50 +0700] "GET /tv/digital-cameras/N530997932 HTTP/2" 200 0 "-" "meta-externalagent/1.1 (+https://developers.facebook.com/docs/sharing/webmasters/crawler)"
57.141.2.8 - - [11/Jul/2025:19:48:53 +0700] "GET /home-appliances/appliances/W5313538081 HTTP/2" 200 0 "-" "meta-externalagent/1.1 (+https://developers.facebook.com/docs/sharing/webmasters/crawler)"
57.141.2.2 - - [11/Jul/2025:19:48:54 +0700] "GET /fishing/outdoors/Y5312224997 HTTP/2" 200 0 "-" "meta-externalagent/1.1 (+https://developers.facebook.com/docs/sharing/webmasters/crawler)"
57.141.2.12 - - [11/Jul/2025:19:48:54 +0700] "GET /computers/smartphones/D537866838 HTTP/2" 200 0 "-" "meta-externalagent/1.1 (+https://developers.facebook.com/docs/sharing/webmasters/crawler)"
40.77.167.53 - - [11/Jul/2025:19:48:56 +0700] "GET /outdoor/outdoors/D537391659 HTTP/2" 200 0 "-" "Mozilla/5.0 AppleWebKit/537.36 (KHTML, like Gecko; compatible; bingbot/2.0; +http://www.bing.com/bingbot.htm) Chrome/116.0.1938.76 Safari/537.36"
57.141.2.27 - - [11/Jul/2025:19:49:03 +0700] "GET /interior/curtains/R538800654 HTTP/2" 200 0 "-" "meta-externalagent/1.1 (+https://developers.facebook.com/docs/sharing/webmasters/crawler)"
57.141.2.3 - - [11/Jul/2025:19:49:08 +0700] "GET /motorcycles/motorcycles/M5352985140 HTTP/2" 200 0 "-" "meta-externalagent/1.1 (+https://developers.facebook.com/docs/sharing/webmasters/crawler)"
57.141.2.2 - - [11/Jul/2025:19:48:54 +0700] "GET /smartphones/desktop-pcs/P530601672 HTTP/2" 200 0 "-" "meta-externalagent/1.1 (+https://developers.facebook.com/docs/sharing/webmasters/crawler)"
66.249.71.197 - - [11/Jul/2025:19:48:54 +0700] "GET /diet/supplements/B5303148751 HTTP/1.1" 200 20133 "-" "Mozilla/5.0 (Linux; Android 6.0.1; Nexus 5X Build/MMB29P) AppleWebKit/537.36 (KHTML, like Gecko) Chrome/137.0.7151.103 Mobile Safari/537.36 (compatible; Googlebot/2.1; +http://www.google.com/bot.html)"
57.141.2.5 - - [11/Jul/2025:19:48:58 +0700] "GET /fashion/mens/F5303922204 HTTP/2" 200 0 "-" "meta-externalagent/1.1 (+https://developers.facebook.com/docs/sharing/webmasters/crawler)"
57.141.2.5 - - [11/Jul/2025:19:49:01 +0700] "GET /db.php/shopdetail/gardening-saplings/F5331347941 HTTP/2" 200 39 "-" "meta-externalagent/1.1 (+https://developers.facebook.com/docs/sharing/webmasters/crawler)"
57.141.2.21 - - [11/Jul/2025:19:49:07 +0700] "GET /cameras/earphones/T5384037774 HTTP/2" 200 0 "-" "meta-externalagent/1.1 (+https://developers.facebook.com/docs/sharing/webmasters/crawler)"
57.141.2.18 - - [11/Jul/2025:19:49:11 +0700] "GET /travel-supplies/fishing/N5332170909 HTTP/2" 200 0 "-" "meta-externalagent/1.1 (+https://developers.facebook.com/docs/sharing/webmasters/crawler)"
57.141.2.13 - - [11/Jul/2025:19:49:12 +0700] "GET /db.php/shopdetail/cosmetics-hair-dryers/T530483063 HTTP/2" 200 39 "-" "meta-externalagent/1.1 (+https://developers.facebook.com/docs/sharing/webmasters/crawler)"
66.249.70.167 - - [11/Jul/2025:19:49:11 +0700] "GET /hobbies/brass-instruments/M5383466316 HTTP/1.1" 200 21940 "-" "Mozilla/5.0 (Linux; Android 6.0.1; Nexus 5X Build/MMB29P) AppleWebKit/537.36 (KHTML, like Gecko) Chrome/137.0.7151.103 Mobile Safari/537.36 (compatible; Googlebot/2.1; +http://www.google.com/bot.html)"
57.141.2.16 - - [11/Jul/2025:19:49:16 +0700] "GET /tv/audio-equipment/C5321816745 HTTP/2" 200 0 "-" "meta-externalagent/1.1 (+https://developers.facebook.com/docs/sharing/webmasters/crawler)"
57.141.2.7 - - [11/Jul/2025:19:49:17 +0700] "GET /db.php/shopdetail/books-sports/Q5313708842 HTTP/2" 200 39 "-" "meta-externalagent/1.1 (+https://developers.facebook.com/docs/sharing/webmasters/crawler)"
57.141.2.17 - - [11/Jul/2025:19:49:22 +0700] "GET /db.php/shopdetail/flowers-gardening/E5303208247 HTTP/2" 200 39 "-" "meta-externalagent/1.1 (+https://developers.facebook.com/docs/sharing/webmasters/crawler)"
57.141.2.9 - - [11/Jul/2025:19:49:24 +0700] "GET /travel-supplies/fishing/W5303935612 HTTP/2" 200 0 "-" "meta-externalagent/1.1 (+https://developers.facebook.com/docs/sharing/webmasters/crawler)"
57.141.2.6 - - [11/Jul/2025:19:49:25 +0700] "GET /fishing/outdoors/A5301230642 HTTP/2" 200 0 "-" "meta-externalagent/1.1 (+https://developers.facebook.com/docs/sharing/webmasters/crawler)"
57.141.2.10 - - [11/Jul/2025:19:49:26 +0700] "GET /home-appliances/others/N5321663586 HTTP/2" 200 0 "-" "meta-externalagent/1.1 (+https://developers.facebook.com/docs/sharing/webmasters/crawler)"
57.141.2.26 - - [11/Jul/2025:19:49:27 +0700] "GET /db.php/shopdetail/home-appliances-appliances/E5381116729 HTTP/2" 200 39 "-" "meta-externalagent/1.1 (+https://developers.facebook.com/docs/sharing/webmasters/crawler)"
57.141.2.6 - - [11/Jul/2025:19:49:27 +0700] "GET /db.php/shopdetail/fashion-suits/R5293339716 HTTP/2" 200 39 "-" "meta-externalagent/1.1 (+https://developers.facebook.com/docs/sharing/webmasters/crawler)"
57.141.2.30 - - [11/Jul/2025:19:49:29 +0700] "GET /db.php/shopdetail/cosmetics-beauty-appliances/B5331386354 HTTP/2" 200 39 "-" "meta-externalagent/1.1 (+https://developers.facebook.com/docs/sharing/webmasters/crawler)"
66.249.71.197 - - [11/Jul/2025:19:49:32 +0700] "GET /goods/sports/T5341142701 HTTP/1.1" 200 20764 "-" "Mozilla/5.0 (Linux; Android 6.0.1; Nexus 5X Build/MMB29P) AppleWebKit/537.36 (KHTML, like Gecko) Chrome/137.0.7151.103 Mobile Safari/537.36 (compatible; Googlebot/2.1; +http://www.google.com/bot.html)"
57.141.2.23 - - [11/Jul/2025:19:48:45 +0700] "GET /games/comics/V536276544 HTTP/2" 200 0 "-" "meta-externalagent/1.1 (+https://developers.facebook.com/docs/sharing/webmasters/crawler)"
57.141.2.29 - - [11/Jul/2025:19:48:46 +0700] "GET /audio/cameras/N5323565054 HTTP/2" 200 0 "-" "meta-externalagent/1.1 (+https://developers.facebook.com/docs/sharing/webmasters/crawler)"
57.141.2.4 - - [11/Jul/2025:19:48:46 +0700] "GET /db.php/shopdetail/fishing-fishing-bags/T531464062 HTTP/2" 200 39 "-" "meta-externalagent/1.1 (+https://developers.facebook.com/docs/sharing/webmasters/crawler)"
57.141.2.10 - - [11/Jul/2025:19:48:47 +0700] "GET /computers/mobile-phone/U5321288230 HTTP/2" 200 0 "-" "meta-externalagent/1.1 (+https://developers.facebook.com/docs/sharing/webmasters/crawler)"
57.141.2.22 - - [11/Jul/2025:19:48:50 +0700] "GET /outdoor/fishing/U5321707396 HTTP/2" 200 0 "-" "meta-externalagent/1.1 (+https://developers.facebook.com/docs/sharing/webmasters/crawler)"
57.141.2.12 - - [11/Jul/2025:19:48:51 +0700] "GET /hobbies/crafts/Y5354224417 HTTP/2" 200 0 "-" "meta-externalagent/1.1 (+https://developers.facebook.com/docs/sharing/webmasters/crawler)"
57.141.2.27 - - [11/Jul/2025:19:48:53 +0700] "GET /fashion/roomwear/Q5332992601 HTTP/2" 200 0 "-" "meta-externalagent/1.1 (+https://developers.facebook.com/docs/sharing/webmasters/crawler)"
57.141.2.22 - - [11/Jul/2025:19:48:55 +0700] "GET /sports/others/G5382835289 HTTP/2" 200 0 "-" "meta-externalagent/1.1 (+https://developers.facebook.com/docs/sharing/webmasters/crawler)"
57.141.2.26 - - [11/Jul/2025:19:48:58 +0700] "GET /fashion/mens/R531563834 HTTP/2" 200 0 "-" "meta-externalagent/1.1 (+https://developers.facebook.com/docs/sharing/webmasters/crawler)"
57.141.2.13 - - [11/Jul/2025:19:49:06 +0700] "GET /computers/mobile-phone/K5314150747 HTTP/2" 200 0 "-" "meta-externalagent/1.1 (+https://developers.facebook.com/docs/sharing/webmasters/crawler)"
57.141.2.7 - - [11/Jul/2025:19:49:10 +0700] "GET /cameras/projectors/I538950339 HTTP/2" 200 0 "-" "meta-externalagent/1.1 (+https://developers.facebook.com/docs/sharing/webmasters/crawler)"
57.141.2.15 - - [11/Jul/2025:19:49:18 +0700] "GET /tv/television/O5343696278 HTTP/2" 200 0 "-" "meta-externalagent/1.1 (+https://developers.facebook.com/docs/sharing/webmasters/crawler)"
57.141.2.18 - - [11/Jul/2025:19:49:25 +0700] "GET /cosmetics/face-care/Z5341039447 HTTP/2" 200 0 "-" "meta-externalagent/1.1 (+https://developers.facebook.com/docs/sharing/webmasters/crawler)"
66.249.71.197 - - [11/Jul/2025:19:49:26 +0700] "GET /cosmetics/treatment/R5372946845 HTTP/1.1" 200 20092 "-" "Mozilla/5.0 (Linux; Android 6.0.1; Nexus 5X Build/MMB29P) AppleWebKit/537.36 (KHTML, like Gecko) Chrome/137.0.7151.103 Mobile Safari/537.36 (compatible; Googlebot/2.1; +http://www.google.com/bot.html)"
57.141.2.12 - - [11/Jul/2025:19:49:30 +0700] "GET /motorcycles/wheels/R5292630513 HTTP/2" 200 0 "-" "meta-externalagent/1.1 (+https://developers.facebook.com/docs/sharing/webmasters/crawler)"
57.141.2.5 - - [11/Jul/2025:19:49:29 +0700] "GET /phosphatidosisreo.xml HTTP/2" 200 392883 "-" "meta-externalagent/1.1 (+https://developers.facebook.com/docs/sharing/webmasters/crawler)"
57.141.2.19 - - [11/Jul/2025:19:49:32 +0700] "GET /furniture/mattresses/X5323969713 HTTP/2" 200 0 "-" "meta-externalagent/1.1 (+https://developers.facebook.com/docs/sharing/webmasters/crawler)"
57.141.2.12 - - [11/Jul/2025:19:49:33 +0700] "GET /db.php/shopdetail/travel-supplies-mountain-climbing/Q532563534 HTTP/2" 200 39 "-" "meta-externalagent/1.1 (+https://developers.facebook.com/docs/sharing/webmasters/crawler)"
57.141.2.4 - - [11/Jul/2025:19:49:33 +0700] "GET /smartphones/pc-peripherals/N532821371 HTTP/2" 200 0 "-" "meta-externalagent/1.1 (+https://developers.facebook.com/docs/sharing/webmasters/crawler)"
57.141.2.16 - - [11/Jul/2025:19:49:34 +0700] "GET /handmade/desks/B5322867940 HTTP/2" 200 0 "-" "meta-externalagent/1.1 (+https://developers.facebook.com/docs/sharing/webmasters/crawler)"
57.141.2.26 - - [11/Jul/2025:19:49:10 +0700] "GET /musical-instruments/antiques/U5372387871 HTTP/2" 200 0 "-" "meta-externalagent/1.1 (+https://developers.facebook.com/docs/sharing/webmasters/crawler)"
57.141.2.23 - - [11/Jul/2025:19:49:13 +0700] "GET /fashion/womens/S534834601 HTTP/2" 200 0 "-" "meta-externalagent/1.1 (+https://developers.facebook.com/docs/sharing/webmasters/crawler)"
57.141.2.30 - - [11/Jul/2025:19:49:26 +0700] "GET /daily-necessities/bulk-sales/P5373157781 HTTP/2" 200 0 "-" "meta-externalagent/1.1 (+https://developers.facebook.com/docs/sharing/webmasters/crawler)"
57.141.2.10 - - [11/Jul/2025:19:49:29 +0700] "GET /db.php/shopdetail/sports-shoes/M5372946421 HTTP/2" 200 39 "-" "meta-externalagent/1.1 (+https://developers.facebook.com/docs/sharing/webmasters/crawler)"
57.141.2.30 - - [11/Jul/2025:19:49:30 +0700] "GET /beauty/makeup/J538402811 HTTP/2" 200 0 "-" "meta-externalagent/1.1 (+https://developers.facebook.com/docs/sharing/webmasters/crawler)"
57.141.2.29 - - [11/Jul/2025:19:49:31 +0700] "GET /games/sports/W5313814565 HTTP/2" 200 0 "-" "meta-externalagent/1.1 (+https://developers.facebook.com/docs/sharing/webmasters/crawler)"
57.141.2.15 - - [11/Jul/2025:19:49:33 +0700] "GET /beauty/unisex-perfumes/B5343676814 HTTP/2" 200 0 "-" "meta-externalagent/1.1 (+https://developers.facebook.com/docs/sharing/webmasters/crawler)"
57.141.2.22 - - [11/Jul/2025:19:49:33 +0700] "GET /db.php/shopdetail/alcohol-wine/T5351019531 HTTP/2" 200 39 "-" "meta-externalagent/1.1 (+https://developers.facebook.com/docs/sharing/webmasters/crawler)"
57.141.2.6 - - [11/Jul/2025:19:49:35 +0700] "GET /beauty/hair-growth/T5312155743 HTTP/2" 200 0 "-" "meta-externalagent/1.1 (+https://developers.facebook.com/docs/sharing/webmasters/crawler)"
57.141.2.26 - - [11/Jul/2025:19:49:37 +0700] "GET /beauty/hair-irons/D535509194 HTTP/2" 200 0 "-" "meta-externalagent/1.1 (+https://developers.facebook.com/docs/sharing/webmasters/crawler)"
66.249.70.165 - - [11/Jul/2025:19:49:36 +0700] "GET /bicycles/parts/H5353669590 HTTP/1.1" 200 21194 "-" "Mozilla/5.0 (Linux; Android 6.0.1; Nexus 5X Build/MMB29P) AppleWebKit/537.36 (KHTML, like Gecko) Chrome/137.0.7151.103 Mobile Safari/537.36 (compatible; Googlebot/2.1; +http://www.google.com/bot.html)"
57.141.2.10 - - [11/Jul/2025:19:49:38 +0700] "GET /beauty/shampoo/S5363997154 HTTP/2" 200 0 "-" "meta-externalagent/1.1 (+https://developers.facebook.com/docs/sharing/webmasters/crawler)"
57.141.2.25 - - [11/Jul/2025:19:49:41 +0700] "GET /db.php/shopdetail/cars-tires/F5361450875 HTTP/2" 200 39 "-" "meta-externalagent/1.1 (+https://developers.facebook.com/docs/sharing/webmasters/crawler)"
66.249.70.165 - - [11/Jul/2025:19:49:42 +0700] "GET /musical-instruments/equipment/G5321594704 HTTP/1.1" 200 21357 "-" "Mozilla/5.0 (Linux; Android 6.0.1; Nexus 5X Build/MMB29P) AppleWebKit/537.36 (KHTML, like Gecko) Chrome/137.0.7151.103 Mobile Safari/537.36 (compatible; Googlebot/2.1; +http://www.google.com/bot.html)"
57.141.2.30 - - [11/Jul/2025:19:49:48 +0700] "GET /tv/radios/A535383414 HTTP/2" 200 0 "-" "meta-externalagent/1.1 (+https://developers.facebook.com/docs/sharing/webmasters/crawler)"
66.249.71.197 - - [11/Jul/2025:19:49:47 +0700] "GET /cameras/cameras/T5311473287 HTTP/1.1" 200 20432 "-" "Mozilla/5.0 (Linux; Android 6.0.1; Nexus 5X Build/MMB29P) AppleWebKit/537.36 (KHTML, like Gecko) Chrome/137.0.7151.103 Mobile Safari/537.36 (compatible; Googlebot/2.1; +http://www.google.com/bot.html)"
57.141.2.25 - - [11/Jul/2025:19:49:50 +0700] "GET /bicycles/motorcycle-bodies/V5362670513 HTTP/2" 200 0 "-" "meta-externalagent/1.1 (+https://developers.facebook.com/docs/sharing/webmasters/crawler)"
57.141.2.22 - - [11/Jul/2025:19:49:54 +0700] "GET /tv/audio-equipment/B5334047026 HTTP/2" 200 0 "-" "meta-externalagent/1.1 (+https://developers.facebook.com/docs/sharing/webmasters/crawler)"
57.141.2.13 - - [11/Jul/2025:19:49:56 +0700] "GET /db.php/shopdetail/travel-supplies-reels/Y5383973556 HTTP/2" 200 39 "-" "meta-externalagent/1.1 (+https://developers.facebook.com/docs/sharing/webmasters/crawler)"
57.141.2.10 - - [11/Jul/2025:19:49:34 +0700] "GET /tools/plumbing-tools/X5351445353 HTTP/2" 200 0 "-" "meta-externalagent/1.1 (+https://developers.facebook.com/docs/sharing/webmasters/crawler)"
57.141.2.26 - - [11/Jul/2025:19:49:37 +0700] "GET /cars/safety/A5341586098 HTTP/2" 200 0 "-" "meta-externalagent/1.1 (+https://developers.facebook.com/docs/sharing/webmasters/crawler)"
57.141.2.21 - - [11/Jul/2025:19:49:40 +0700] "GET /toys/zx/O5343505446 HTTP/2" 200 0 "-" "meta-externalagent/1.1 (+https://developers.facebook.com/docs/sharing/webmasters/crawler)"
57.141.2.30 - - [11/Jul/2025:19:49:42 +0700] "GET /fashion/shoes/I5351499053 HTTP/2" 200 0 "-" "meta-externalagent/1.1 (+https://developers.facebook.com/docs/sharing/webmasters/crawler)"
57.141.2.7 - - [11/Jul/2025:19:49:42 +0700] "GET /db.php/shopdetail/kitchen-bulk-sales/T5292634468 HTTP/2" 200 39 "-" "meta-externalagent/1.1 (+https://developers.facebook.com/docs/sharing/webmasters/crawler)"
57.141.2.19 - - [11/Jul/2025:19:49:48 +0700] "GET /db.php/shopdetail/fashion-dresses/Z5372223885 HTTP/2" 200 39 "-" "meta-externalagent/1.1 (+https://developers.facebook.com/docs/sharing/webmasters/crawler)"
66.249.70.165 - - [11/Jul/2025:19:49:50 +0700] "POST /get-message-notify HTTP/1.1" 200 20513 "https://shielddoor.vn/musical-instruments/equipment/G5321594704" "Mozilla/5.0 (Linux; Android 6.0.1; Nexus 5X Build/MMB29P) AppleWebKit/537.36 (KHTML, like Gecko) Chrome/137.0.7151.119 Mobile Safari/537.36 (compatible; Googlebot/2.1; +http://www.google.com/bot.html)"
57.141.2.25 - - [11/Jul/2025:19:49:54 +0700] "GET /motorcycles/cars/G532933396 HTTP/2" 200 0 "-" "meta-externalagent/1.1 (+https://developers.facebook.com/docs/sharing/webmasters/crawler)"
66.249.70.165 - - [11/Jul/2025:19:49:52 +0700] "GET /outdoor/outdoors/H5353381195 HTTP/1.1" 200 21071 "-" "Mozilla/5.0 (Linux; Android 6.0.1; Nexus 5X Build/MMB29P) AppleWebKit/537.36 (KHTML, like Gecko) Chrome/137.0.7151.103 Mobile Safari/537.36 (compatible; Googlebot/2.1; +http://www.google.com/bot.html)"
57.141.2.24 - - [11/Jul/2025:19:49:55 +0700] "GET /sports/street-sports/E5331111083 HTTP/2" 200 0 "-" "meta-externalagent/1.1 (+https://developers.facebook.com/docs/sharing/webmasters/crawler)"
57.141.2.30 - - [11/Jul/2025:19:49:56 +0700] "GET /db.php/shopdetail/cameras-camera-accessories/Q5313351323 HTTP/2" 200 39 "-" "meta-externalagent/1.1 (+https://developers.facebook.com/docs/sharing/webmasters/crawler)"
207.46.13.125 - - [11/Jul/2025:19:49:58 +0700] "GET /smartphones/smartphones/A5383231001 HTTP/2" 200 0 "-" "Mozilla/5.0 AppleWebKit/537.36 (KHTML, like Gecko; compatible; bingbot/2.0; +http://www.bing.com/bingbot.htm) Chrome/116.0.1938.76 Safari/537.36"
57.141.2.17 - - [11/Jul/2025:19:50:01 +0700] "GET /games/special-effects/G5322777828 HTTP/2" 200 0 "-" "meta-externalagent/1.1 (+https://developers.facebook.com/docs/sharing/webmasters/crawler)"
57.141.2.23 - - [11/Jul/2025:19:50:06 +0700] "GET /db.php/shopdetail/alcohol-whiskey/F5352435645 HTTP/2" 200 39 "-" "meta-externalagent/1.1 (+https://developers.facebook.com/docs/sharing/webmasters/crawler)"
57.141.2.21 - - [11/Jul/2025:19:50:07 +0700] "GET /smartphones/pc-peripherals/G531544612 HTTP/2" 200 0 "-" "meta-externalagent/1.1 (+https://developers.facebook.com/docs/sharing/webmasters/crawler)"
57.141.2.16 - - [11/Jul/2025:19:50:11 +0700] "GET /fashion/womens/Y5292488153 HTTP/2" 200 0 "-" "meta-externalagent/1.1 (+https://developers.facebook.com/docs/sharing/webmasters/crawler)"
57.141.2.9 - - [11/Jul/2025:19:50:11 +0700] "GET /db.php/shopdetail/bicycles-parts/R5353232260 HTTP/2" 200 39 "-" "meta-externalagent/1.1 (+https://developers.facebook.com/docs/sharing/webmasters/crawler)"
57.141.2.29 - - [11/Jul/2025:19:50:14 +0700] "GET /db.php/shopdetail/audio-digital-cameras/H530811818 HTTP/2" 200 39 "-" "meta-externalagent/1.1 (+https://developers.facebook.com/docs/sharing/webmasters/crawler)"
57.141.2.7 - - [11/Jul/2025:19:50:14 +0700] "GET /cds/western-music/T5363007844 HTTP/2" 200 0 "-" "meta-externalagent/1.1 (+https://developers.facebook.com/docs/sharing/webmasters/crawler)"
66.249.71.197 - - [11/Jul/2025:19:49:40 +0700] "POST /get-message-notify HTTP/1.1" 200 20499 "https://shielddoor.vn/goods/sports/T5341142701" "Mozilla/5.0 (Linux; Android 6.0.1; Nexus 5X Build/MMB29P) AppleWebKit/537.36 (KHTML, like Gecko) Chrome/137.0.7151.119 Mobile Safari/537.36 (compatible; Googlebot/2.1; +http://www.google.com/bot.html)"
57.141.2.24 - - [11/Jul/2025:19:49:45 +0700] "GET /fashion/womens/P5341384724 HTTP/2" 200 0 "-" "meta-externalagent/1.1 (+https://developers.facebook.com/docs/sharing/webmasters/crawler)"
57.141.2.3 - - [11/Jul/2025:19:49:48 +0700] "GET /toys/toy-guns/O5293696712 HTTP/2" 200 0 "-" "meta-externalagent/1.1 (+https://developers.facebook.com/docs/sharing/webmasters/crawler)"
57.141.2.23 - - [11/Jul/2025:19:49:51 +0700] "GET /musical-instruments/wind/N5334075983 HTTP/2" 200 0 "-" "meta-externalagent/1.1 (+https://developers.facebook.com/docs/sharing/webmasters/crawler)"
57.141.2.2 - - [11/Jul/2025:19:49:55 +0700] "GET /daily-necessities/kitchen/Y5302209771 HTTP/2" 200 0 "-" "meta-externalagent/1.1 (+https://developers.facebook.com/docs/sharing/webmasters/crawler)"
52.167.144.188 - - [11/Jul/2025:19:49:55 +0700] "GET /tools/air-tools/V5343672607 HTTP/2" 200 0 "-" "Mozilla/5.0 AppleWebKit/537.36 (KHTML, like Gecko; compatible; bingbot/2.0; +http://www.bing.com/bingbot.htm) Chrome/116.0.1938.76 Safari/537.36"
52.167.144.188 - - [11/Jul/2025:19:49:56 +0700] "GET /fashion/watches/U538641718 HTTP/2" 200 0 "-" "Mozilla/5.0 AppleWebKit/537.36 (KHTML, like Gecko; compatible; bingbot/2.0; +http://www.bing.com/bingbot.htm) Chrome/116.0.1938.76 Safari/537.36"
52.167.144.188 - - [11/Jul/2025:19:49:56 +0700] "GET /cars/parts/G5362286789 HTTP/2" 200 0 "-" "Mozilla/5.0 AppleWebKit/537.36 (KHTML, like Gecko; compatible; bingbot/2.0; +http://www.bing.com/bingbot.htm) Chrome/116.0.1938.76 Safari/537.36"
57.141.2.19 - - [11/Jul/2025:19:49:58 +0700] "GET /cameras/cameras/U5351074133 HTTP/2" 200 0 "-" "meta-externalagent/1.1 (+https://developers.facebook.com/docs/sharing/webmasters/crawler)"
57.141.2.29 - - [11/Jul/2025:19:50:01 +0700] "GET /fashion/bags/B5383514141 HTTP/2" 200 0 "-" "meta-externalagent/1.1 (+https://developers.facebook.com/docs/sharing/webmasters/crawler)"
52.167.144.188 - - [11/Jul/2025:19:50:01 +0700] "GET /diy/water-facilities/D5351371889 HTTP/2" 200 0 "-" "Mozilla/5.0 AppleWebKit/537.36 (KHTML, like Gecko; compatible; bingbot/2.0; +http://www.bing.com/bingbot.htm) Chrome/116.0.1938.76 Safari/537.36"
57.141.2.22 - - [11/Jul/2025:19:50:02 +0700] "GET /outdoor/outdoors/M537620203 HTTP/2" 200 0 "-" "meta-externalagent/1.1 (+https://developers.facebook.com/docs/sharing/webmasters/crawler)"
57.141.2.7 - - [11/Jul/2025:19:50:04 +0700] "GET /cds/dvd/V5352709479 HTTP/2" 200 0 "-" "meta-externalagent/1.1 (+https://developers.facebook.com/docs/sharing/webmasters/crawler)"
57.141.2.14 - - [11/Jul/2025:19:50:05 +0700] "GET /db.php/shopdetail/cars-car-audio/C533615586 HTTP/2" 200 39 "-" "meta-externalagent/1.1 (+https://developers.facebook.com/docs/sharing/webmasters/crawler)"
57.141.2.21 - - [11/Jul/2025:19:50:05 +0700] "GET /fashion/shoes/V5351133110 HTTP/2" 200 0 "-" "meta-externalagent/1.1 (+https://developers.facebook.com/docs/sharing/webmasters/crawler)"
57.141.2.28 - - [11/Jul/2025:19:50:10 +0700] "GET /computers/laptop-body/D5361754148 HTTP/2" 200 0 "-" "meta-externalagent/1.1 (+https://developers.facebook.com/docs/sharing/webmasters/crawler)"
57.141.2.6 - - [11/Jul/2025:19:50:18 +0700] "GET /db.php/shopdetail/sports-futsal/U5313190370 HTTP/2" 200 39 "-" "meta-externalagent/1.1 (+https://developers.facebook.com/docs/sharing/webmasters/crawler)"
57.141.2.2 - - [11/Jul/2025:19:50:18 +0700] "GET /travel-supplies/tarps/H538784575 HTTP/2" 200 0 "-" "meta-externalagent/1.1 (+https://developers.facebook.com/docs/sharing/webmasters/crawler)"
57.141.2.9 - - [11/Jul/2025:19:50:24 +0700] "GET /pet-supplies/cat/E535414791 HTTP/2" 200 0 "-" "meta-externalagent/1.1 (+https://developers.facebook.com/docs/sharing/webmasters/crawler)"
66.249.71.197 - - [11/Jul/2025:19:49:59 +0700] "GET /kitchen/bulk-sales/V535615722 HTTP/1.1" 200 20543 "-" "Mozilla/5.0 (Linux; Android 6.0.1; Nexus 5X Build/MMB29P) AppleWebKit/537.36 (KHTML, like Gecko) Chrome/137.0.7151.103 Mobile Safari/537.36 (compatible; Googlebot/2.1; +http://www.google.com/bot.html)"
57.141.2.17 - - [11/Jul/2025:19:50:01 +0700] "GET /cosmetics/serums/R5383749633 HTTP/2" 200 0 "-" "meta-externalagent/1.1 (+https://developers.facebook.com/docs/sharing/webmasters/crawler)"
57.141.2.13 - - [11/Jul/2025:19:50:04 +0700] "GET /outdoor/reels/F5333862622 HTTP/2" 200 0 "-" "meta-externalagent/1.1 (+https://developers.facebook.com/docs/sharing/webmasters/crawler)"
157.55.39.204 - - [11/Jul/2025:19:50:04 +0700] "GET /fashion/dresses/K5322456475 HTTP/2" 200 0 "-" "Mozilla/5.0 AppleWebKit/537.36 (KHTML, like Gecko; compatible; bingbot/2.0; +http://www.bing.com/bingbot.htm) Chrome/116.0.1938.76 Safari/537.36"
57.141.2.18 - - [11/Jul/2025:19:50:09 +0700] "GET /db.php/shopdetail/fashion-watches/J5362439133 HTTP/2" 200 39 "-" "meta-externalagent/1.1 (+https://developers.facebook.com/docs/sharing/webmasters/crawler)"
57.141.2.26 - - [11/Jul/2025:19:50:09 +0700] "GET /goods/game-characters/K5324246452 HTTP/2" 200 0 "-" "meta-externalagent/1.1 (+https://developers.facebook.com/docs/sharing/webmasters/crawler)"
157.55.39.204 - - [11/Jul/2025:19:50:09 +0700] "GET /drinks/brandy/W5333579320 HTTP/2" 200 0 "-" "Mozilla/5.0 AppleWebKit/537.36 (KHTML, like Gecko; compatible; bingbot/2.0; +http://www.bing.com/bingbot.htm) Chrome/116.0.1938.76 Safari/537.36"
57.141.2.20 - - [11/Jul/2025:19:50:10 +0700] "GET /db.php/shopdetail/sports-others/F5363140533 HTTP/2" 200 39 "-" "meta-externalagent/1.1 (+https://developers.facebook.com/docs/sharing/webmasters/crawler)"
57.141.2.30 - - [11/Jul/2025:19:50:11 +0700] "GET /sports/baseball/M5331974119 HTTP/2" 200 0 "-" "meta-externalagent/1.1 (+https://developers.facebook.com/docs/sharing/webmasters/crawler)"
66.249.70.165 - - [11/Jul/2025:19:50:10 +0700] "GET /diy/plumbing/X5292450114 HTTP/1.1" 200 20198 "-" "Mozilla/5.0 (Linux; Android 6.0.1; Nexus 5X Build/MMB29P) AppleWebKit/537.36 (KHTML, like Gecko) Chrome/137.0.7151.103 Mobile Safari/537.36 (compatible; Googlebot/2.1; +http://www.google.com/bot.html)"
57.141.2.23 - - [11/Jul/2025:19:50:14 +0700] "GET /fashion/womens/Z5371049493 HTTP/2" 200 0 "-" "meta-externalagent/1.1 (+https://developers.facebook.com/docs/sharing/webmasters/crawler)"
57.141.2.30 - - [11/Jul/2025:19:50:16 +0700] "GET /musical-instruments/models/E536592406 HTTP/2" 200 0 "-" "meta-externalagent/1.1 (+https://developers.facebook.com/docs/sharing/webmasters/crawler)"
57.141.2.22 - - [11/Jul/2025:19:50:16 +0700] "GET /db.php/shopdetail/fashion-jackets/L5322018965 HTTP/2" 200 39 "-" "meta-externalagent/1.1 (+https://developers.facebook.com/docs/sharing/webmasters/crawler)"
57.141.2.26 - - [11/Jul/2025:19:50:16 +0700] "GET /musical-instruments/crafts/Z5321347279 HTTP/2" 200 0 "-" "meta-externalagent/1.1 (+https://developers.facebook.com/docs/sharing/webmasters/crawler)"
57.141.2.29 - - [11/Jul/2025:19:50:17 +0700] "GET /fashion/tops/V5372261029 HTTP/2" 200 0 "-" "meta-externalagent/1.1 (+https://developers.facebook.com/docs/sharing/webmasters/crawler)"
57.141.2.11 - - [11/Jul/2025:19:50:17 +0700] "GET /beauty/serums/Q5353596158 HTTP/2" 200 0 "-" "meta-externalagent/1.1 (+https://developers.facebook.com/docs/sharing/webmasters/crawler)"
57.141.2.1 - - [11/Jul/2025:19:50:19 +0700] "GET /diy/housing/K5382316397 HTTP/2" 200 0 "-" "meta-externalagent/1.1 (+https://developers.facebook.com/docs/sharing/webmasters/crawler)"
57.141.2.13 - - [11/Jul/2025:19:50:19 +0700] "GET /sports/winter-sports/V5301624715 HTTP/2" 200 0 "-" "meta-externalagent/1.1 (+https://developers.facebook.com/docs/sharing/webmasters/crawler)"
57.141.2.11 - - [11/Jul/2025:19:50:22 +0700] "GET /home-appliances/appliances/B5341672369 HTTP/2" 200 0 "-" "meta-externalagent/1.1 (+https://developers.facebook.com/docs/sharing/webmasters/crawler)"
57.141.2.2 - - [11/Jul/2025:19:50:17 +0700] "GET /fashion/shoes/V5353068934 HTTP/2" 200 0 "-" "meta-externalagent/1.1 (+https://developers.facebook.com/docs/sharing/webmasters/crawler)"
66.249.71.197 - - [11/Jul/2025:19:50:16 +0700] "POST /get-message-notify HTTP/1.1" 200 20500 "https://shielddoor.vn/outdoor/outdoors/H5353381195" "Mozilla/5.0 (Linux; Android 6.0.1; Nexus 5X Build/MMB29P) AppleWebKit/537.36 (KHTML, like Gecko) Chrome/137.0.7151.119 Mobile Safari/537.36 (compatible; Googlebot/2.1; +http://www.google.com/bot.html)"
57.141.2.13 - - [11/Jul/2025:19:50:18 +0700] "GET /db.php/shopdetail/travel-supplies-outdoors/Q5343880274 HTTP/2" 200 39 "-" "meta-externalagent/1.1 (+https://developers.facebook.com/docs/sharing/webmasters/crawler)"
57.141.2.10 - - [11/Jul/2025:19:50:19 +0700] "GET /sports/snowboard/K5382890405 HTTP/2" 200 0 "-" "meta-externalagent/1.1 (+https://developers.facebook.com/docs/sharing/webmasters/crawler)"
57.141.2.28 - - [11/Jul/2025:19:50:21 +0700] "GET /home-appliances/rechargeable-batteries/X5381516023 HTTP/2" 200 0 "-" "meta-externalagent/1.1 (+https://developers.facebook.com/docs/sharing/webmasters/crawler)"
57.141.2.25 - - [11/Jul/2025:19:50:23 +0700] "GET /fashion/tops/L5313402183 HTTP/2" 200 0 "-" "meta-externalagent/1.1 (+https://developers.facebook.com/docs/sharing/webmasters/crawler)"
57.141.2.11 - - [11/Jul/2025:19:50:26 +0700] "GET /db.php/shopdetail/audio-television/N5323912790 HTTP/2" 200 39 "-" "meta-externalagent/1.1 (+https://developers.facebook.com/docs/sharing/webmasters/crawler)"
57.141.2.28 - - [11/Jul/2025:19:50:26 +0700] "GET /decor/chairs/O536435108 HTTP/2" 200 0 "-" "meta-externalagent/1.1 (+https://developers.facebook.com/docs/sharing/webmasters/crawler)"
57.141.2.7 - - [11/Jul/2025:19:50:27 +0700] "GET /home-appliances/appliances/N535978930 HTTP/2" 200 0 "-" "meta-externalagent/1.1 (+https://developers.facebook.com/docs/sharing/webmasters/crawler)"
57.141.2.30 - - [11/Jul/2025:19:50:27 +0700] "GET /db.php/shopdetail/fashion-mens/Q5313138731 HTTP/2" 200 39 "-" "meta-externalagent/1.1 (+https://developers.facebook.com/docs/sharing/webmasters/crawler)"
57.141.2.30 - - [11/Jul/2025:19:50:28 +0700] "GET /hobbies/guitars/B5333048780 HTTP/2" 200 0 "-" "meta-externalagent/1.1 (+https://developers.facebook.com/docs/sharing/webmasters/crawler)"
57.141.2.6 - - [11/Jul/2025:19:50:28 +0700] "GET /handicrafts/cases/W5323872496 HTTP/2" 200 0 "-" "meta-externalagent/1.1 (+https://developers.facebook.com/docs/sharing/webmasters/crawler)"
57.141.2.20 - - [11/Jul/2025:19:50:33 +0700] "GET /art/drones/P5331440321 HTTP/2" 200 0 "-" "meta-externalagent/1.1 (+https://developers.facebook.com/docs/sharing/webmasters/crawler)"
57.141.2.3 - - [11/Jul/2025:19:50:33 +0700] "GET /db.php/shopdetail/travel-supplies-outdoor-bedding/C5332020659 HTTP/2" 200 39 "-" "meta-externalagent/1.1 (+https://developers.facebook.com/docs/sharing/webmasters/crawler)"
57.141.2.2 - - [11/Jul/2025:19:50:33 +0700] "GET /db.php/shopdetail/art-crafts/V5383284748 HTTP/2" 200 39 "-" "meta-externalagent/1.1 (+https://developers.facebook.com/docs/sharing/webmasters/crawler)"
57.141.2.12 - - [11/Jul/2025:19:50:35 +0700] "GET /games/minicars/J531885870 HTTP/2" 200 0 "-" "meta-externalagent/1.1 (+https://developers.facebook.com/docs/sharing/webmasters/crawler)"
157.55.39.204 - - [11/Jul/2025:19:50:36 +0700] "GET /cds/western-music/I536519583 HTTP/2" 200 0 "-" "Mozilla/5.0 AppleWebKit/537.36 (KHTML, like Gecko; compatible; bingbot/2.0; +http://www.bing.com/bingbot.htm) Chrome/116.0.1938.76 Safari/537.36"
57.141.2.16 - - [11/Jul/2025:19:50:36 +0700] "GET /db.php/shopdetail/tablets-tablet/V5351239633 HTTP/2" 200 39 "-" "meta-externalagent/1.1 (+https://developers.facebook.com/docs/sharing/webmasters/crawler)"
57.141.2.16 - - [11/Jul/2025:19:50:46 +0700] "GET /tv/digital-cameras/S5341779702 HTTP/2" 200 0 "-" "meta-externalagent/1.1 (+https://developers.facebook.com/docs/sharing/webmasters/crawler)"
66.249.70.165 - - [11/Jul/2025:19:50:22 +0700] "GET /smartphones/smart-watches/H531293610 HTTP/1.1" 200 20281 "-" "Mozilla/5.0 (Linux; Android 6.0.1; Nexus 5X Build/MMB29P) AppleWebKit/537.36 (KHTML, like Gecko) Chrome/137.0.7151.103 Mobile Safari/537.36 (compatible; Googlebot/2.1; +http://www.google.com/bot.html)"
57.141.2.8 - - [11/Jul/2025:19:50:27 +0700] "GET /bicycles/parts/J5332021790 HTTP/2" 200 0 "-" "meta-externalagent/1.1 (+https://developers.facebook.com/docs/sharing/webmasters/crawler)"
66.249.70.165 - - [11/Jul/2025:19:50:25 +0700] "GET /computers/smartphone/U5293800079 HTTP/1.1" 200 20342 "-" "Mozilla/5.0 (Linux; Android 6.0.1; Nexus 5X Build/MMB29P) AppleWebKit/537.36 (KHTML, like Gecko) Chrome/137.0.7151.103 Mobile Safari/537.36 (compatible; Googlebot/2.1; +http://www.google.com/bot.html)"
57.141.2.17 - - [11/Jul/2025:19:50:31 +0700] "GET /furniture/chairs/O5381550084 HTTP/2" 200 0 "-" "meta-externalagent/1.1 (+https://developers.facebook.com/docs/sharing/webmasters/crawler)"
57.141.2.28 - - [11/Jul/2025:19:50:31 +0700] "GET /fashion/accessories/L5363986199 HTTP/2" 200 0 "-" "meta-externalagent/1.1 (+https://developers.facebook.com/docs/sharing/webmasters/crawler)"
57.141.2.26 - - [11/Jul/2025:19:50:31 +0700] "GET /diet/supplements/G5343037909 HTTP/2" 200 0 "-" "meta-externalagent/1.1 (+https://developers.facebook.com/docs/sharing/webmasters/crawler)"
57.141.2.22 - - [11/Jul/2025:19:50:35 +0700] "GET /cameras/headphones/H533965642 HTTP/2" 200 0 "-" "meta-externalagent/1.1 (+https://developers.facebook.com/docs/sharing/webmasters/crawler)"
57.141.2.7 - - [11/Jul/2025:19:50:37 +0700] "GET /fashion/shoes/W5331532323 HTTP/2" 200 0 "-" "meta-externalagent/1.1 (+https://developers.facebook.com/docs/sharing/webmasters/crawler)"
57.141.2.16 - - [11/Jul/2025:19:50:37 +0700] "GET /interior/trinket-boxes/U5343824456 HTTP/2" 200 0 "-" "meta-externalagent/1.1 (+https://developers.facebook.com/docs/sharing/webmasters/crawler)"
57.141.2.23 - - [11/Jul/2025:19:50:38 +0700] "GET /db.php/shopdetail/fashion-outerwear/C5352925653 HTTP/2" 200 39 "-" "meta-externalagent/1.1 (+https://developers.facebook.com/docs/sharing/webmasters/crawler)"
207.46.13.125 - - [11/Jul/2025:19:50:40 +0700] "GET /motorcycles/maintenance/A5292272722 HTTP/2" 200 0 "-" "Mozilla/5.0 AppleWebKit/537.36 (KHTML, like Gecko; compatible; bingbot/2.0; +http://www.bing.com/bingbot.htm) Chrome/116.0.1938.76 Safari/537.36"
57.141.2.21 - - [11/Jul/2025:19:50:40 +0700] "GET /musical-instruments/collections/E5322419331 HTTP/2" 200 0 "-" "meta-externalagent/1.1 (+https://developers.facebook.com/docs/sharing/webmasters/crawler)"
57.141.2.23 - - [11/Jul/2025:19:50:41 +0700] "GET /db.php/shopdetail/fashion-tops/O5374105368 HTTP/2" 200 39 "-" "meta-externalagent/1.1 (+https://developers.facebook.com/docs/sharing/webmasters/crawler)"
57.141.2.18 - - [11/Jul/2025:19:50:41 +0700] "GET /db.php/shopdetail/cars-parts/C5374055275 HTTP/2" 200 39 "-" "meta-externalagent/1.1 (+https://developers.facebook.com/docs/sharing/webmasters/crawler)"
57.141.2.2 - - [11/Jul/2025:19:50:41 +0700] "GET /cameras/audio-equipment/H529537361 HTTP/2" 200 0 "-" "meta-externalagent/1.1 (+https://developers.facebook.com/docs/sharing/webmasters/crawler)"
57.141.2.3 - - [11/Jul/2025:19:50:43 +0700] "GET /db.php/shopdetail/fashion-jackets/V5293984019 HTTP/2" 200 39 "-" "meta-externalagent/1.1 (+https://developers.facebook.com/docs/sharing/webmasters/crawler)"
57.141.2.16 - - [11/Jul/2025:19:50:45 +0700] "GET /db.php/shopdetail/alcohol-grains/Z531469085 HTTP/2" 200 39 "-" "meta-externalagent/1.1 (+https://developers.facebook.com/docs/sharing/webmasters/crawler)"
57.141.2.15 - - [11/Jul/2025:19:50:47 +0700] "GET /interior/interior/V5353297012 HTTP/2" 200 0 "-" "meta-externalagent/1.1 (+https://developers.facebook.com/docs/sharing/webmasters/crawler)"
57.141.2.5 - - [11/Jul/2025:19:50:47 +0700] "GET /db.php/shopdetail/gardening-gardening/D5332446248 HTTP/2" 200 39 "-" "meta-externalagent/1.1 (+https://developers.facebook.com/docs/sharing/webmasters/crawler)"
57.141.2.16 - - [11/Jul/2025:19:50:25 +0700] "GET /fishing/reels/W5373972928 HTTP/2" 200 0 "-" "meta-externalagent/1.1 (+https://developers.facebook.com/docs/sharing/webmasters/crawler)"
57.141.2.18 - - [11/Jul/2025:19:50:32 +0700] "GET /air-conditioning/washing-machines/R5313241737 HTTP/2" 200 0 "-" "meta-externalagent/1.1 (+https://developers.facebook.com/docs/sharing/webmasters/crawler)"
57.141.2.7 - - [11/Jul/2025:19:50:33 +0700] "GET /furniture/interior/X5332218647 HTTP/2" 200 0 "-" "meta-externalagent/1.1 (+https://developers.facebook.com/docs/sharing/webmasters/crawler)"
57.141.2.11 - - [11/Jul/2025:19:50:34 +0700] "GET /db.php/shopdetail/cameras-tvs/L5322588517 HTTP/2" 200 39 "-" "meta-externalagent/1.1 (+https://developers.facebook.com/docs/sharing/webmasters/crawler)"
66.249.70.165 - - [11/Jul/2025:19:50:33 +0700] "GET /sports/women-clothing/W5321504672 HTTP/1.1" 200 20972 "-" "Mozilla/5.0 (Linux; Android 6.0.1; Nexus 5X Build/MMB29P) AppleWebKit/537.36 (KHTML, like Gecko) Chrome/137.0.7151.103 Mobile Safari/537.36 (compatible; Googlebot/2.1; +http://www.google.com/bot.html)"
66.249.70.165 - - [11/Jul/2025:19:50:34 +0700] "POST /get-message-notify HTTP/1.1" 200 20497 "https://shielddoor.vn/diy/plumbing/X5292450114" "Mozilla/5.0 (Linux; Android 6.0.1; Nexus 5X Build/MMB29P) AppleWebKit/537.36 (KHTML, like Gecko) Chrome/137.0.7151.119 Mobile Safari/537.36 (compatible; Googlebot/2.1; +http://www.google.com/bot.html)"
57.141.2.18 - - [11/Jul/2025:19:50:37 +0700] "GET /db.php/shopdetail/goods-plush-toys/G5361949563 HTTP/2" 200 39 "-" "meta-externalagent/1.1 (+https://developers.facebook.com/docs/sharing/webmasters/crawler)"
57.141.2.21 - - [11/Jul/2025:19:50:39 +0700] "GET /diet/auxiliary-belts/H5291526759 HTTP/2" 200 0 "-" "meta-externalagent/1.1 (+https://developers.facebook.com/docs/sharing/webmasters/crawler)"
66.249.70.165 - - [11/Jul/2025:19:50:38 +0700] "GET /fishing/outdoors/C5353937388 HTTP/1.1" 200 20282 "-" "Mozilla/5.0 (Linux; Android 6.0.1; Nexus 5X Build/MMB29P) AppleWebKit/537.36 (KHTML, like Gecko) Chrome/137.0.7151.103 Mobile Safari/537.36 (compatible; Googlebot/2.1; +http://www.google.com/bot.html)"
57.141.2.29 - - [11/Jul/2025:19:50:44 +0700] "GET /bicycles/cars/I5291986864 HTTP/2" 200 0 "-" "meta-externalagent/1.1 (+https://developers.facebook.com/docs/sharing/webmasters/crawler)"
66.249.70.165 - - [11/Jul/2025:19:50:43 +0700] "GET /food/food/Q5301514206 HTTP/1.1" 200 21348 "-" "Mozilla/5.0 (Linux; Android 6.0.1; Nexus 5X Build/MMB29P) AppleWebKit/537.36 (KHTML, like Gecko) Chrome/137.0.7151.103 Mobile Safari/537.36 (compatible; Googlebot/2.1; +http://www.google.com/bot.html)"
57.141.2.22 - - [11/Jul/2025:19:50:45 +0700] "GET /decor/sofa-beds/I5371674642 HTTP/2" 200 0 "-" "meta-externalagent/1.1 (+https://developers.facebook.com/docs/sharing/webmasters/crawler)"
57.141.2.9 - - [11/Jul/2025:19:50:48 +0700] "GET /food/others/O5353572755 HTTP/2" 200 0 "-" "meta-externalagent/1.1 (+https://developers.facebook.com/docs/sharing/webmasters/crawler)"
66.249.70.165 - - [11/Jul/2025:19:50:47 +0700] "POST /get-message-notify HTTP/1.1" 200 20515 "https://shielddoor.vn/food/food/Q5301514206" "Mozilla/5.0 (Linux; Android 6.0.1; Nexus 5X Build/MMB29P) AppleWebKit/537.36 (KHTML, like Gecko) Chrome/137.0.7151.119 Mobile Safari/537.36 (compatible; Googlebot/2.1; +http://www.google.com/bot.html)"
57.141.2.27 - - [11/Jul/2025:19:50:51 +0700] "GET /db.php/shopdetail/cars-wheels/J5381978070 HTTP/2" 200 39 "-" "meta-externalagent/1.1 (+https://developers.facebook.com/docs/sharing/webmasters/crawler)"
57.141.2.9 - - [11/Jul/2025:19:50:56 +0700] "GET /sports/hard-rackets/S5372589635 HTTP/2" 200 0 "-" "meta-externalagent/1.1 (+https://developers.facebook.com/docs/sharing/webmasters/crawler)"
57.141.2.26 - - [11/Jul/2025:19:50:56 +0700] "GET /db.php/shopdetail/handmade-tops/T5382209622 HTTP/2" 200 39 "-" "meta-externalagent/1.1 (+https://developers.facebook.com/docs/sharing/webmasters/crawler)"
57.141.2.17 - - [11/Jul/2025:19:45:55 +0700] "GET /cameras/cameras/A5311368684 HTTP/2" 200 0 "-" "meta-externalagent/1.1 (+https://developers.facebook.com/docs/sharing/webmasters/crawler)"
57.141.2.24 - - [11/Jul/2025:19:45:59 +0700] "GET /kitchen/tableware/B5291814696 HTTP/2" 200 0 "-" "meta-externalagent/1.1 (+https://developers.facebook.com/docs/sharing/webmasters/crawler)"
57.141.2.15 - - [11/Jul/2025:19:46:00 +0700] "GET /beauty/basic-cosmetics/O5302271937 HTTP/2" 200 0 "-" "meta-externalagent/1.1 (+https://developers.facebook.com/docs/sharing/webmasters/crawler)"
57.141.2.2 - - [11/Jul/2025:19:46:01 +0700] "GET /fashion/shoes/D5321799099 HTTP/2" 200 0 "-" "meta-externalagent/1.1 (+https://developers.facebook.com/docs/sharing/webmasters/crawler)"
57.141.2.16 - - [11/Jul/2025:19:46:01 +0700] "GET /beauty/hair-removal/S5373562774 HTTP/2" 200 0 "-" "meta-externalagent/1.1 (+https://developers.facebook.com/docs/sharing/webmasters/crawler)"
57.141.2.18 - - [11/Jul/2025:19:46:05 +0700] "GET /goods/trading-cards/M5312727811 HTTP/2" 200 0 "-" "meta-externalagent/1.1 (+https://developers.facebook.com/docs/sharing/webmasters/crawler)"
57.141.2.24 - - [11/Jul/2025:19:46:06 +0700] "GET /computers/displays/T535356291 HTTP/2" 200 0 "-" "meta-externalagent/1.1 (+https://developers.facebook.com/docs/sharing/webmasters/crawler)"
57.141.2.14 - - [11/Jul/2025:19:46:07 +0700] "GET /fishing/fishing/B5372988842 HTTP/2" 200 0 "-" "meta-externalagent/1.1 (+https://developers.facebook.com/docs/sharing/webmasters/crawler)"
57.141.2.1 - - [11/Jul/2025:19:46:09 +0700] "GET /db.php/shopdetail/cds-dvd/X5293851355 HTTP/2" 200 39 "-" "meta-externalagent/1.1 (+https://developers.facebook.com/docs/sharing/webmasters/crawler)"
57.141.2.7 - - [11/Jul/2025:19:46:09 +0700] "GET /audio/video-cameras/L5372844039 HTTP/2" 200 0 "-" "meta-externalagent/1.1 (+https://developers.facebook.com/docs/sharing/webmasters/crawler)"
57.141.2.12 - - [11/Jul/2025:19:46:10 +0700] "GET /db.php/shopdetail/sports-futsal/P5333226493 HTTP/2" 200 39 "-" "meta-externalagent/1.1 (+https://developers.facebook.com/docs/sharing/webmasters/crawler)"
57.141.2.9 - - [11/Jul/2025:19:46:12 +0700] "GET /tv/cameras/G5293474877 HTTP/2" 200 0 "-" "meta-externalagent/1.1 (+https://developers.facebook.com/docs/sharing/webmasters/crawler)"
57.141.2.20 - - [11/Jul/2025:19:46:14 +0700] "GET /daily-necessities/tableware/Z5311162412 HTTP/2" 200 0 "-" "meta-externalagent/1.1 (+https://developers.facebook.com/docs/sharing/webmasters/crawler)"
157.55.39.204 - - [11/Jul/2025:19:46:16 +0700] "GET /tools/chains/Y5322280195 HTTP/2" 200 0 "-" "Mozilla/5.0 AppleWebKit/537.36 (KHTML, like Gecko; compatible; bingbot/2.0; +http://www.bing.com/bingbot.htm) Chrome/116.0.1938.76 Safari/537.36"
57.141.2.11 - - [11/Jul/2025:19:46:16 +0700] "GET /sports/basketball/J5303441983 HTTP/2" 200 0 "-" "meta-externalagent/1.1 (+https://developers.facebook.com/docs/sharing/webmasters/crawler)"
57.141.2.21 - - [11/Jul/2025:19:46:19 +0700] "GET /tickets/discount-coupons/G5372639847 HTTP/2" 200 0 "-" "meta-externalagent/1.1 (+https://developers.facebook.com/docs/sharing/webmasters/crawler)"
57.141.2.7 - - [11/Jul/2025:19:46:07 +0700] "GET /computers/wearables/X5324014471 HTTP/2" 200 0 "-" "meta-externalagent/1.1 (+https://developers.facebook.com/docs/sharing/webmasters/crawler)"
57.141.2.18 - - [11/Jul/2025:19:46:10 +0700] "GET /outdoor/outdoors/X5312571917 HTTP/2" 200 0 "-" "meta-externalagent/1.1 (+https://developers.facebook.com/docs/sharing/webmasters/crawler)"
57.141.2.22 - - [11/Jul/2025:19:46:17 +0700] "GET /sports/shoes/F5321766117 HTTP/2" 200 0 "-" "meta-externalagent/1.1 (+https://developers.facebook.com/docs/sharing/webmasters/crawler)"
57.141.2.22 - - [11/Jul/2025:19:46:19 +0700] "GET /art/drums/I5323150197 HTTP/2" 200 0 "-" "meta-externalagent/1.1 (+https://developers.facebook.com/docs/sharing/webmasters/crawler)"
57.141.2.21 - - [11/Jul/2025:19:50:49 +0700] "GET /fashion/bags/D5323939568 HTTP/2" 200 0 "-" "meta-externalagent/1.1 (+https://developers.facebook.com/docs/sharing/webmasters/crawler)"
57.141.2.17 - - [11/Jul/2025:19:50:49 +0700] "GET /beauty/serums/L5361285092 HTTP/2" 200 0 "-" "meta-externalagent/1.1 (+https://developers.facebook.com/docs/sharing/webmasters/crawler)"
57.141.2.1 - - [11/Jul/2025:19:50:52 +0700] "GET /db.php/shopdetail/handicrafts-boston-bags/E531597033 HTTP/2" 200 39 "-" "meta-externalagent/1.1 (+https://developers.facebook.com/docs/sharing/webmasters/crawler)"
57.141.2.15 - - [11/Jul/2025:19:50:57 +0700] "GET /fashion/womens/A5323905371 HTTP/2" 200 0 "-" "meta-externalagent/1.1 (+https://developers.facebook.com/docs/sharing/webmasters/crawler)"
57.141.2.17 - - [11/Jul/2025:19:50:59 +0700] "GET /furniture/interior/S5333172065 HTTP/2" 200 0 "-" "meta-externalagent/1.1 (+https://developers.facebook.com/docs/sharing/webmasters/crawler)"
66.249.70.165 - - [11/Jul/2025:19:50:56 +0700] "GET /decor/seater-sofas/K534695122 HTTP/1.1" 200 21865 "-" "Mozilla/5.0 (Linux; Android 6.0.1; Nexus 5X Build/MMB29P) AppleWebKit/537.36 (KHTML, like Gecko) Chrome/137.0.7151.103 Mobile Safari/537.36 (compatible; Googlebot/2.1; +http://www.google.com/bot.html)"
57.141.2.25 - - [11/Jul/2025:19:51:00 +0700] "GET /smartphones/tablet/E529588662 HTTP/2" 200 0 "-" "meta-externalagent/1.1 (+https://developers.facebook.com/docs/sharing/webmasters/crawler)"
57.141.2.1 - - [11/Jul/2025:19:51:02 +0700] "GET /db.php/shopdetail/computers-smart-watch/A5332034129 HTTP/2" 200 39 "-" "meta-externalagent/1.1 (+https://developers.facebook.com/docs/sharing/webmasters/crawler)"
66.249.70.165 - - [11/Jul/2025:19:51:01 +0700] "GET /tablets/notebook/Y5371592760 HTTP/1.1" 200 20822 "-" "Mozilla/5.0 (Linux; Android 6.0.1; Nexus 5X Build/MMB29P) AppleWebKit/537.36 (KHTML, like Gecko) Chrome/137.0.7151.103 Mobile Safari/537.36 (compatible; Googlebot/2.1; +http://www.google.com/bot.html)"
57.141.2.18 - - [11/Jul/2025:19:51:04 +0700] "GET /pet-supplies/dog-supplies/J529357398 HTTP/2" 200 0 "-" "meta-externalagent/1.1 (+https://developers.facebook.com/docs/sharing/webmasters/crawler)"
57.141.2.17 - - [11/Jul/2025:19:51:07 +0700] "GET /games/straps/X5351279269 HTTP/2" 200 0 "-" "meta-externalagent/1.1 (+https://developers.facebook.com/docs/sharing/webmasters/crawler)"
66.249.70.165 - - [11/Jul/2025:19:51:07 +0700] "POST /get-message-notify HTTP/1.1" 200 20526 "https://shielddoor.vn/tablets/notebook/Y5371592760" "Mozilla/5.0 (Linux; Android 6.0.1; Nexus 5X Build/MMB29P) AppleWebKit/537.36 (KHTML, like Gecko) Chrome/137.0.7151.119 Mobile Safari/537.36 (compatible; Googlebot/2.1; +http://www.google.com/bot.html)"
57.141.2.7 - - [11/Jul/2025:19:51:14 +0700] "GET /tools/special-tools/N5374137438 HTTP/2" 200 0 "-" "meta-externalagent/1.1 (+https://developers.facebook.com/docs/sharing/webmasters/crawler)"
57.141.2.25 - - [11/Jul/2025:19:51:17 +0700] "GET /daily-necessities/bulk-sales/S5331280412 HTTP/2" 200 0 "-" "meta-externalagent/1.1 (+https://developers.facebook.com/docs/sharing/webmasters/crawler)"
57.141.2.11 - - [11/Jul/2025:19:51:17 +0700] "GET /flowers/codex/B5332057195 HTTP/2" 200 0 "-" "meta-externalagent/1.1 (+https://developers.facebook.com/docs/sharing/webmasters/crawler)"
57.141.2.6 - - [11/Jul/2025:19:51:19 +0700] "GET /fashion/dresses/C5344063666 HTTP/2" 200 0 "-" "meta-externalagent/1.1 (+https://developers.facebook.com/docs/sharing/webmasters/crawler)"
66.249.71.197 - - [11/Jul/2025:19:51:18 +0700] "GET /computers/pc-peripherals/R5292851974 HTTP/1.1" 200 21026 "-" "Mozilla/5.0 (Linux; Android 6.0.1; Nexus 5X Build/MMB29P) AppleWebKit/537.36 (KHTML, like Gecko) Chrome/137.0.7151.103 Mobile Safari/537.36 (compatible; Googlebot/2.1; +http://www.google.com/bot.html)"
57.141.2.20 - - [11/Jul/2025:19:51:21 +0700] "GET /diet/relaxation/T5383017998 HTTP/2" 200 0 "-" "meta-externalagent/1.1 (+https://developers.facebook.com/docs/sharing/webmasters/crawler)"
66.249.71.197 - - [11/Jul/2025:19:50:45 +0700] "POST /get-message-notify HTTP/1.1" 200 20516 "https://shielddoor.vn/sports/women-clothing/W5321504672" "Mozilla/5.0 (Linux; Android 6.0.1; Nexus 5X Build/MMB29P) AppleWebKit/537.36 (KHTML, like Gecko) Chrome/137.0.7151.119 Mobile Safari/537.36 (compatible; Googlebot/2.1; +http://www.google.com/bot.html)"
57.141.2.16 - - [11/Jul/2025:19:50:49 +0700] "GET /fashion/bags/N5361529552 HTTP/2" 200 0 "-" "meta-externalagent/1.1 (+https://developers.facebook.com/docs/sharing/webmasters/crawler)"
57.141.2.24 - - [11/Jul/2025:19:50:50 +0700] "GET /tv/cameras/M5342090817 HTTP/2" 200 0 "-" "meta-externalagent/1.1 (+https://developers.facebook.com/docs/sharing/webmasters/crawler)"
66.249.71.197 - - [11/Jul/2025:19:50:51 +0700] "GET /outdoor/outdoor-shoes/L5352426221 HTTP/1.1" 200 21243 "-" "Mozilla/5.0 (Linux; Android 6.0.1; Nexus 5X Build/MMB29P) AppleWebKit/537.36 (KHTML, like Gecko) Chrome/137.0.7151.103 Mobile Safari/537.36 (compatible; Googlebot/2.1; +http://www.google.com/bot.html)"
57.141.2.2 - - [11/Jul/2025:19:50:57 +0700] "GET /fashion/womens/E5363891407 HTTP/2" 200 0 "-" "meta-externalagent/1.1 (+https://developers.facebook.com/docs/sharing/webmasters/crawler)"
57.141.2.1 - - [11/Jul/2025:19:51:02 +0700] "GET /db.php/shopdetail/pet-supplies-greenhouses/X5364116946 HTTP/2" 200 39 "-" "meta-externalagent/1.1 (+https://developers.facebook.com/docs/sharing/webmasters/crawler)"
57.141.2.19 - - [11/Jul/2025:19:51:04 +0700] "GET /drinks/food/F5373314708 HTTP/2" 200 0 "-" "meta-externalagent/1.1 (+https://developers.facebook.com/docs/sharing/webmasters/crawler)"
57.141.2.29 - - [11/Jul/2025:19:51:06 +0700] "GET /outdoor/outdoors/E529848945 HTTP/2" 200 0 "-" "meta-externalagent/1.1 (+https://developers.facebook.com/docs/sharing/webmasters/crawler)"
57.141.2.26 - - [11/Jul/2025:19:51:07 +0700] "GET /db.php/shopdetail/audio-digital-cameras/T5351861172 HTTP/2" 200 39 "-" "meta-externalagent/1.1 (+https://developers.facebook.com/docs/sharing/webmasters/crawler)"
57.141.2.12 - - [11/Jul/2025:19:51:07 +0700] "GET /db.php/shopdetail/home-appliances-fan-heaters/D529661860 HTTP/2" 200 39 "-" "meta-externalagent/1.1 (+https://developers.facebook.com/docs/sharing/webmasters/crawler)"
57.141.2.3 - - [11/Jul/2025:19:51:08 +0700] "GET /food/drinks/V5333455320 HTTP/2" 200 0 "-" "meta-externalagent/1.1 (+https://developers.facebook.com/docs/sharing/webmasters/crawler)"
57.141.2.15 - - [11/Jul/2025:19:51:08 +0700] "GET /db.php/shopdetail/tickets-sports/V532433316 HTTP/2" 200 39 "-" "meta-externalagent/1.1 (+https://developers.facebook.com/docs/sharing/webmasters/crawler)"
57.141.2.30 - - [11/Jul/2025:19:51:11 +0700] "GET /tv/cameras/H5334140905 HTTP/2" 200 0 "-" "meta-externalagent/1.1 (+https://developers.facebook.com/docs/sharing/webmasters/crawler)"
57.141.2.25 - - [11/Jul/2025:19:51:18 +0700] "GET /db.php/shopdetail/fashion-skirts/F5302123403 HTTP/2" 200 39 "-" "meta-externalagent/1.1 (+https://developers.facebook.com/docs/sharing/webmasters/crawler)"
57.141.2.30 - - [11/Jul/2025:19:51:21 +0700] "GET /sports/walking/Y5381643033 HTTP/2" 200 0 "-" "meta-externalagent/1.1 (+https://developers.facebook.com/docs/sharing/webmasters/crawler)"
57.141.2.7 - - [11/Jul/2025:19:51:24 +0700] "GET /fashion/jackets/I5293922362 HTTP/2" 200 0 "-" "meta-externalagent/1.1 (+https://developers.facebook.com/docs/sharing/webmasters/crawler)"
57.141.2.28 - - [11/Jul/2025:19:51:26 +0700] "GET /db.php/shopdetail/diet-others/U5311775037 HTTP/2" 200 39 "-" "meta-externalagent/1.1 (+https://developers.facebook.com/docs/sharing/webmasters/crawler)"
57.141.2.10 - - [11/Jul/2025:19:51:29 +0700] "GET /cameras/video-equipment/H5353850309 HTTP/2" 200 0 "-" "meta-externalagent/1.1 (+https://developers.facebook.com/docs/sharing/webmasters/crawler)"
57.141.2.27 - - [11/Jul/2025:19:51:29 +0700] "GET /tv/headphones/L5313871443 HTTP/2" 200 0 "-" "meta-externalagent/1.1 (+https://developers.facebook.com/docs/sharing/webmasters/crawler)"
40.77.167.36 - - [11/Jul/2025:19:50:57 +0700] "GET /computers/pc-parts/T5381624658 HTTP/2" 200 0 "-" "Mozilla/5.0 AppleWebKit/537.36 (KHTML, like Gecko; compatible; bingbot/2.0; +http://www.bing.com/bingbot.htm) Chrome/116.0.1938.76 Safari/537.36"
207.46.13.125 - - [11/Jul/2025:19:50:57 +0700] "GET /sports/golf/C534980281 HTTP/2" 200 0 "-" "Mozilla/5.0 AppleWebKit/537.36 (KHTML, like Gecko; compatible; bingbot/2.0; +http://www.bing.com/bingbot.htm) Chrome/116.0.1938.76 Safari/537.36"
