57.141.2.27 - - [11/Jul/2025:19:53:46 +0700] "GET /musical-instruments/rrt/R5382043591 HTTP/2" 200 0 "-" "meta-externalagent/1.1 (+https://developers.facebook.com/docs/sharing/webmasters/crawler)"
57.141.2.26 - - [11/Jul/2025:19:53:48 +0700] "GET /motorcycles/motorcycles/G532917256 HTTP/2" 200 0 "-" "meta-externalagent/1.1 (+https://developers.facebook.com/docs/sharing/webmasters/crawler)"
57.141.2.27 - - [11/Jul/2025:19:53:50 +0700] "GET /drinks/food/Z5311747400 HTTP/2" 200 0 "-" "meta-externalagent/1.1 (+https://developers.facebook.com/docs/sharing/webmasters/crawler)"
66.249.70.166 - - [11/Jul/2025:19:53:50 +0700] "GET /handmade/fashion/C5301311691 HTTP/1.1" 200 20478 "-" "Mozilla/5.0 (Linux; Android 6.0.1; Nexus 5X Build/MMB29P) AppleWebKit/537.36 (KHTML, like Gecko) Chrome/137.0.7151.103 Mobile Safari/537.36 (compatible; Googlebot/2.1; +http://www.google.com/bot.html)"
57.141.2.27 - - [11/Jul/2025:19:53:52 +0700] "GET /outdoor/fishing/F5354097070 HTTP/2" 200 0 "-" "meta-externalagent/1.1 (+https://developers.facebook.com/docs/sharing/webmasters/crawler)"
66.249.70.165 - - [11/Jul/2025:19:53:52 +0700] "GET /blu-ray/tv-dramas/Q5311296499 HTTP/1.1" 200 20664 "-" "Mozilla/5.0 (Linux; Android 6.0.1; Nexus 5X Build/MMB29P) AppleWebKit/537.36 (KHTML, like Gecko) Chrome/137.0.7151.103 Mobile Safari/537.36 (compatible; Googlebot/2.1; +http://www.google.com/bot.html)"
57.141.2.26 - - [11/Jul/2025:19:53:50 +0700] "GET /tickets/facility-tickets/M5332895485 HTTP/2" 200 0 "-" "meta-externalagent/1.1 (+https://developers.facebook.com/docs/sharing/webmasters/crawler)"
57.141.2.1 - - [11/Jul/2025:19:53:51 +0700] "GET /cameras/cameras/V5291128687 HTTP/2" 200 0 "-" "meta-externalagent/1.1 (+https://developers.facebook.com/docs/sharing/webmasters/crawler)"
57.141.2.22 - - [11/Jul/2025:19:53:51 +0700] "GET /db.php/shopdetail/audio-cameras/F5362901858 HTTP/2" 200 39 "-" "meta-externalagent/1.1 (+https://developers.facebook.com/docs/sharing/webmasters/crawler)"
66.249.70.166 - - [11/Jul/2025:19:53:51 +0700] "POST /get-message-notify HTTP/1.1" 200 20511 "https://shielddoor.vn/fishing/fishing/L5361556474" "Mozilla/5.0 (Linux; Android 6.0.1; Nexus 5X Build/MMB29P) AppleWebKit/537.36 (KHTML, like Gecko) Chrome/137.0.7151.119 Mobile Safari/537.36 (compatible; Googlebot/2.1; +http://www.google.com/bot.html)"
207.46.13.160 - - [11/Jul/2025:19:53:57 +0700] "GET /tools/carpet/U5293151625 HTTP/2" 200 0 "-" "Mozilla/5.0 AppleWebKit/537.36 (KHTML, like Gecko; compatible; bingbot/2.0; +http://www.bing.com/bingbot.htm) Chrome/116.0.1938.76 Safari/537.36"
57.141.2.6 - - [11/Jul/2025:19:53:58 +0700] "GET /fashion/bags/I5302147929 HTTP/2" 200 0 "-" "meta-externalagent/1.1 (+https://developers.facebook.com/docs/sharing/webmasters/crawler)"
57.141.2.8 - - [11/Jul/2025:19:53:59 +0700] "GET /cameras/video-equipment/P530620654 HTTP/2" 200 0 "-" "meta-externalagent/1.1 (+https://developers.facebook.com/docs/sharing/webmasters/crawler)"
57.141.2.6 - - [11/Jul/2025:19:54:01 +0700] "GET /magazines/books/D5371921916 HTTP/2" 200 0 "-" "meta-externalagent/1.1 (+https://developers.facebook.com/docs/sharing/webmasters/crawler)"
57.141.2.26 - - [11/Jul/2025:19:54:03 +0700] "GET /magazines/sports/W5351632735 HTTP/2" 200 0 "-" "meta-externalagent/1.1 (+https://developers.facebook.com/docs/sharing/webmasters/crawler)"
57.141.2.6 - - [11/Jul/2025:19:54:05 +0700] "GET /handicrafts/materials/W5321309265 HTTP/2" 200 0 "-" "meta-externalagent/1.1 (+https://developers.facebook.com/docs/sharing/webmasters/crawler)"
57.141.2.27 - - [11/Jul/2025:19:54:05 +0700] "GET /db.php/shopdetail/air-conditioning-rechargeable-batteries/G5291288308 HTTP/2" 200 39 "-" "meta-externalagent/1.1 (+https://developers.facebook.com/docs/sharing/webmasters/crawler)"
157.55.39.204 - - [11/Jul/2025:19:54:06 +0700] "GET /tools/dust-collectors/A5373777222 HTTP/2" 200 0 "-" "Mozilla/5.0 AppleWebKit/537.36 (KHTML, like Gecko; compatible; bingbot/2.0; +http://www.bing.com/bingbot.htm) Chrome/116.0.1938.76 Safari/537.36"
66.249.70.166 - - [11/Jul/2025:19:54:06 +0700] "GET /furniture/others/K536605495 HTTP/1.1" 200 21636 "-" "Mozilla/5.0 (Linux; Android 6.0.1; Nexus 5X Build/MMB29P) AppleWebKit/537.36 (KHTML, like Gecko) Chrome/137.0.7151.103 Mobile Safari/537.36 (compatible; Googlebot/2.1; +http://www.google.com/bot.html)"
57.141.2.10 - - [11/Jul/2025:19:54:10 +0700] "GET /db.php/shopdetail/cosmetics-booster/F536702674 HTTP/2" 200 39 "-" "meta-externalagent/1.1 (+https://developers.facebook.com/docs/sharing/webmasters/crawler)"
57.141.2.26 - - [11/Jul/2025:19:54:12 +0700] "GET /computers/smartphone/N538987392 HTTP/2" 200 0 "-" "meta-externalagent/1.1 (+https://developers.facebook.com/docs/sharing/webmasters/crawler)"
40.77.167.36 - - [11/Jul/2025:19:54:16 +0700] "GET /art/crafts/X5293852577 HTTP/2" 200 0 "-" "Mozilla/5.0 AppleWebKit/537.36 (KHTML, like Gecko; compatible; bingbot/2.0; +http://www.bing.com/bingbot.htm) Chrome/116.0.1938.76 Safari/537.36"
57.141.2.6 - - [11/Jul/2025:19:54:19 +0700] "GET /travel-supplies/backpacks/Y5351273106 HTTP/2" 200 0 "-" "meta-externalagent/1.1 (+https://developers.facebook.com/docs/sharing/webmasters/crawler)"
57.141.2.19 - - [11/Jul/2025:19:54:19 +0700] "GET /fishing/rods/C5292722292 HTTP/2" 200 0 "-" "meta-externalagent/1.1 (+https://developers.facebook.com/docs/sharing/webmasters/crawler)"
57.141.2.2 - - [11/Jul/2025:19:53:31 +0700] "GET /home-appliances/appliances/C5382364693 HTTP/2" 200 0 "-" "meta-externalagent/1.1 (+https://developers.facebook.com/docs/sharing/webmasters/crawler)"
57.141.2.24 - - [11/Jul/2025:19:53:37 +0700] "GET /fashion/accessories/X5334205473 HTTP/2" 200 0 "-" "meta-externalagent/1.1 (+https://developers.facebook.com/docs/sharing/webmasters/crawler)"
57.141.2.20 - - [11/Jul/2025:19:53:38 +0700] "GET /db.php/shopdetail/air-conditioning-cooling/N5361808431 HTTP/2" 200 39 "-" "meta-externalagent/1.1 (+https://developers.facebook.com/docs/sharing/webmasters/crawler)"
66.249.71.197 - - [11/Jul/2025:19:53:38 +0700] "GET /beauty/unisex-perfumes/A5301606975 HTTP/1.1" 200 20775 "-" "Mozilla/5.0 (Linux; Android 6.0.1; Nexus 5X Build/MMB29P) AppleWebKit/537.36 (KHTML, like Gecko) Chrome/137.0.7151.103 Mobile Safari/537.36 (compatible; Googlebot/2.1; +http://www.google.com/bot.html)"
57.141.2.7 - - [11/Jul/2025:19:53:41 +0700] "GET /db.php/shopdetail/outdoor-fishing/U5353173017 HTTP/2" 200 39 "-" "meta-externalagent/1.1 (+https://developers.facebook.com/docs/sharing/webmasters/crawler)"
57.141.2.30 - - [11/Jul/2025:19:53:42 +0700] "GET /cosmetics/shampoo/N538675218 HTTP/2" 200 0 "-" "meta-externalagent/1.1 (+https://developers.facebook.com/docs/sharing/webmasters/crawler)"
57.141.2.5 - - [11/Jul/2025:19:53:42 +0700] "GET /cars/bicycles/G5312042977 HTTP/2" 200 0 "-" "meta-externalagent/1.1 (+https://developers.facebook.com/docs/sharing/webmasters/crawler)"
57.141.2.2 - - [11/Jul/2025:19:53:43 +0700] "GET /audio/portable-players/B534837016 HTTP/2" 200 0 "-" "meta-externalagent/1.1 (+https://developers.facebook.com/docs/sharing/webmasters/crawler)"
66.249.71.197 - - [11/Jul/2025:19:53:42 +0700] "GET /fishing/fishing/L5361556474 HTTP/1.1" 200 21059 "-" "Mozilla/5.0 (Linux; Android 6.0.1; Nexus 5X Build/MMB29P) AppleWebKit/537.36 (KHTML, like Gecko) Chrome/137.0.7151.103 Mobile Safari/537.36 (compatible; Googlebot/2.1; +http://www.google.com/bot.html)"
57.141.2.13 - - [11/Jul/2025:19:53:46 +0700] "GET /tv/player/R5312358751 HTTP/2" 200 0 "-" "meta-externalagent/1.1 (+https://developers.facebook.com/docs/sharing/webmasters/crawler)"
57.141.2.7 - - [11/Jul/2025:19:53:56 +0700] "GET /toys/acrylic-stands/W5313165353 HTTP/2" 200 0 "-" "meta-externalagent/1.1 (+https://developers.facebook.com/docs/sharing/webmasters/crawler)"
57.141.2.8 - - [11/Jul/2025:19:54:01 +0700] "GET /db.php/shopdetail/kitchen-tumblers/Y529576538 HTTP/2" 200 39 "-" "meta-externalagent/1.1 (+https://developers.facebook.com/docs/sharing/webmasters/crawler)"
66.249.70.167 - - [11/Jul/2025:19:54:08 +0700] "GET /sports/men-wear/U5372598708 HTTP/1.1" 200 20705 "-" "Mozilla/5.0 (Linux; Android 6.0.1; Nexus 5X Build/MMB29P) AppleWebKit/537.36 (KHTML, like Gecko) Chrome/137.0.7151.103 Mobile Safari/537.36 (compatible; Googlebot/2.1; +http://www.google.com/bot.html)"
57.141.2.1 - - [11/Jul/2025:19:54:10 +0700] "GET /audio/tvs/L5372948344 HTTP/2" 200 0 "-" "meta-externalagent/1.1 (+https://developers.facebook.com/docs/sharing/webmasters/crawler)"
57.141.2.30 - - [11/Jul/2025:19:54:12 +0700] "GET /tickets/sports/E532680495 HTTP/2" 200 0 "-" "meta-externalagent/1.1 (+https://developers.facebook.com/docs/sharing/webmasters/crawler)"
57.141.2.29 - - [11/Jul/2025:19:54:16 +0700] "GET /games/comics/O5383513197 HTTP/2" 200 0 "-" "meta-externalagent/1.1 (+https://developers.facebook.com/docs/sharing/webmasters/crawler)"
57.141.2.25 - - [11/Jul/2025:19:54:20 +0700] "GET /fashion/outerwear/L5303730452 HTTP/2" 200 0 "-" "meta-externalagent/1.1 (+https://developers.facebook.com/docs/sharing/webmasters/crawler)"
57.141.2.19 - - [11/Jul/2025:19:54:21 +0700] "GET /fishing/reels/X5331313155 HTTP/2" 200 0 "-" "meta-externalagent/1.1 (+https://developers.facebook.com/docs/sharing/webmasters/crawler)"
57.141.2.28 - - [11/Jul/2025:19:54:22 +0700] "GET /audio/cameras/X533513642 HTTP/2" 200 0 "-" "meta-externalagent/1.1 (+https://developers.facebook.com/docs/sharing/webmasters/crawler)"
66.249.70.165 - - [11/Jul/2025:19:53:56 +0700] "GET /home-appliances/others/J5372788787 HTTP/1.1" 200 20642 "-" "Mozilla/5.0 (Linux; Android 6.0.1; Nexus 5X Build/MMB29P) AppleWebKit/537.36 (KHTML, like Gecko) Chrome/137.0.7151.103 Mobile Safari/537.36 (compatible; Googlebot/2.1; +http://www.google.com/bot.html)"
66.249.70.165 - - [11/Jul/2025:19:53:58 +0700] "GET /drinks/brandy/S5313496092 HTTP/1.1" 200 20238 "-" "Mozilla/5.0 (Linux; Android 6.0.1; Nexus 5X Build/MMB29P) AppleWebKit/537.36 (KHTML, like Gecko) Chrome/137.0.7151.103 Mobile Safari/537.36 (compatible; Googlebot/2.1; +http://www.google.com/bot.html)"
57.141.2.22 - - [11/Jul/2025:19:54:15 +0700] "GET /cars/security/W5353447969 HTTP/2" 200 0 "-" "meta-externalagent/1.1 (+https://developers.facebook.com/docs/sharing/webmasters/crawler)"
57.141.2.8 - - [11/Jul/2025:19:54:15 +0700] "GET /fashion/womens/B5321980690 HTTP/2" 200 0 "-" "meta-externalagent/1.1 (+https://developers.facebook.com/docs/sharing/webmasters/crawler)"
57.141.2.15 - - [11/Jul/2025:19:54:16 +0700] "GET /fashion/accessories/A5353491076 HTTP/2" 200 0 "-" "meta-externalagent/1.1 (+https://developers.facebook.com/docs/sharing/webmasters/crawler)"
57.141.2.6 - - [11/Jul/2025:19:54:18 +0700] "GET /smartphones/ipads/Z5353406608 HTTP/2" 200 0 "-" "meta-externalagent/1.1 (+https://developers.facebook.com/docs/sharing/webmasters/crawler)"
40.77.167.36 - - [11/Jul/2025:19:54:36 +0700] "GET /bicycles/parts/C5311239465 HTTP/2" 200 0 "-" "Mozilla/5.0 AppleWebKit/537.36 (KHTML, like Gecko; compatible; bingbot/2.0; +http://www.bing.com/bingbot.htm) Chrome/116.0.1938.76 Safari/537.36"
57.141.2.20 - - [11/Jul/2025:19:54:36 +0700] "GET /tv/film-cameras/I5343686746 HTTP/2" 200 0 "-" "meta-externalagent/1.1 (+https://developers.facebook.com/docs/sharing/webmasters/crawler)"
57.141.2.29 - - [11/Jul/2025:19:54:38 +0700] "GET /cars/equipment/U5382586642 HTTP/2" 200 0 "-" "meta-externalagent/1.1 (+https://developers.facebook.com/docs/sharing/webmasters/crawler)"
66.249.70.165 - - [11/Jul/2025:19:54:37 +0700] "GET /category/3894/listing HTTP/1.1" 200 20441 "-" "Mozilla/5.0 (Linux; Android 6.0.1; Nexus 5X Build/MMB29P) AppleWebKit/537.36 (KHTML, like Gecko) Chrome/137.0.7151.103 Mobile Safari/537.36 (compatible; Googlebot/2.1; +http://www.google.com/bot.html)"
57.141.2.10 - - [11/Jul/2025:19:54:39 +0700] "GET /db.php/shopdetail/diy-boxes/T5331821847 HTTP/2" 200 39 "-" "meta-externalagent/1.1 (+https://developers.facebook.com/docs/sharing/webmasters/crawler)"
66.249.70.165 - - [11/Jul/2025:19:54:40 +0700] "GET /cosmetics/hair-removal/E5353870931 HTTP/1.1" 200 20565 "-" "Mozilla/5.0 (Linux; Android 6.0.1; Nexus 5X Build/MMB29P) AppleWebKit/537.36 (KHTML, like Gecko) Chrome/137.0.7151.103 Mobile Safari/537.36 (compatible; Googlebot/2.1; +http://www.google.com/bot.html)"
57.141.2.12 - - [11/Jul/2025:19:54:42 +0700] "GET /blu-ray/anime/L5364234410 HTTP/2" 200 0 "-" "meta-externalagent/1.1 (+https://developers.facebook.com/docs/sharing/webmasters/crawler)"
57.141.2.7 - - [11/Jul/2025:19:54:44 +0700] "GET /fashion/jackets/M5342745381 HTTP/2" 200 0 "-" "meta-externalagent/1.1 (+https://developers.facebook.com/docs/sharing/webmasters/crawler)"
57.141.2.27 - - [11/Jul/2025:19:54:45 +0700] "GET /home-appliances/batteries/C535366415 HTTP/2" 200 0 "-" "meta-externalagent/1.1 (+https://developers.facebook.com/docs/sharing/webmasters/crawler)"
66.249.70.165 - - [11/Jul/2025:19:54:44 +0700] "POST /get-message-notify HTTP/1.1" 200 20470 "https://shielddoor.vn/cosmetics/hair-removal/E5353870931" "Mozilla/5.0 (Linux; Android 6.0.1; Nexus 5X Build/MMB29P) AppleWebKit/537.36 (KHTML, like Gecko) Chrome/137.0.7151.119 Mobile Safari/537.36 (compatible; Googlebot/2.1; +http://www.google.com/bot.html)"
66.249.70.165 - - [11/Jul/2025:19:54:45 +0700] "POST /get-message-notify HTTP/1.1" 200 20494 "https://shielddoor.vn/category/3894/listing" "Mozilla/5.0 (Linux; Android 6.0.1; Nexus 5X Build/MMB29P) AppleWebKit/537.36 (KHTML, like Gecko) Chrome/137.0.7151.119 Mobile Safari/537.36 (compatible; Googlebot/2.1; +http://www.google.com/bot.html)"
57.141.2.26 - - [11/Jul/2025:19:54:20 +0700] "GET /interior/wooden-racks/Q5351634550 HTTP/2" 200 0 "-" "meta-externalagent/1.1 (+https://developers.facebook.com/docs/sharing/webmasters/crawler)"
57.141.2.18 - - [11/Jul/2025:19:54:21 +0700] "GET /db.php/shopdetail/tools-air-tools/Q5323922229 HTTP/2" 200 39 "-" "meta-externalagent/1.1 (+https://developers.facebook.com/docs/sharing/webmasters/crawler)"
57.141.2.12 - - [11/Jul/2025:19:54:24 +0700] "GET /fashion/dresses/L5321585122 HTTP/2" 200 0 "-" "meta-externalagent/1.1 (+https://developers.facebook.com/docs/sharing/webmasters/crawler)"
57.141.2.13 - - [11/Jul/2025:19:54:25 +0700] "GET /db.php/shopdetail/drinks-shochu/T5311436630 HTTP/2" 200 39 "-" "meta-externalagent/1.1 (+https://developers.facebook.com/docs/sharing/webmasters/crawler)"
66.249.70.165 - - [11/Jul/2025:19:54:24 +0700] "GET /tv/digital-cameras/G5381233454 HTTP/1.1" 200 20927 "-" "Mozilla/5.0 (Linux; Android 6.0.1; Nexus 5X Build/MMB29P) AppleWebKit/537.36 (KHTML, like Gecko) Chrome/137.0.7151.103 Mobile Safari/537.36 (compatible; Googlebot/2.1; +http://www.google.com/bot.html)"
57.141.2.15 - - [11/Jul/2025:19:54:26 +0700] "GET /outdoor/outdoor-wear/B5351570621 HTTP/2" 200 0 "-" "meta-externalagent/1.1 (+https://developers.facebook.com/docs/sharing/webmasters/crawler)"
57.141.2.15 - - [11/Jul/2025:19:54:27 +0700] "GET /goods/duel-game/P535737844 HTTP/2" 200 0 "-" "meta-externalagent/1.1 (+https://developers.facebook.com/docs/sharing/webmasters/crawler)"
57.141.2.16 - - [11/Jul/2025:19:54:28 +0700] "GET /cameras/cameras/D5302521938 HTTP/2" 200 0 "-" "meta-externalagent/1.1 (+https://developers.facebook.com/docs/sharing/webmasters/crawler)"
57.141.2.8 - - [11/Jul/2025:19:54:28 +0700] "GET /tv/audio-accessories/T5311767002 HTTP/2" 200 0 "-" "meta-externalagent/1.1 (+https://developers.facebook.com/docs/sharing/webmasters/crawler)"
57.141.2.10 - - [11/Jul/2025:19:54:28 +0700] "GET /drinks/powders/G5333541822 HTTP/2" 200 0 "-" "meta-externalagent/1.1 (+https://developers.facebook.com/docs/sharing/webmasters/crawler)"
66.249.70.165 - - [11/Jul/2025:19:54:28 +0700] "GET /home-appliances/appliances/D5381308201 HTTP/1.1" 200 21551 "-" "Mozilla/5.0 (Linux; Android 6.0.1; Nexus 5X Build/MMB29P) AppleWebKit/537.36 (KHTML, like Gecko) Chrome/137.0.7151.103 Mobile Safari/537.36 (compatible; Googlebot/2.1; +http://www.google.com/bot.html)"
66.249.70.165 - - [11/Jul/2025:19:54:30 +0700] "GET /sports/golf/D5341510617 HTTP/1.1" 200 20713 "-" "Mozilla/5.0 (Linux; Android 6.0.1; Nexus 5X Build/MMB29P) AppleWebKit/537.36 (KHTML, like Gecko) Chrome/137.0.7151.103 Mobile Safari/537.36 (compatible; Googlebot/2.1; +http://www.google.com/bot.html)"
57.141.2.3 - - [11/Jul/2025:19:54:32 +0700] "GET /tv/single-focus/Z5303838448 HTTP/2" 200 0 "-" "meta-externalagent/1.1 (+https://developers.facebook.com/docs/sharing/webmasters/crawler)"
57.141.2.12 - - [11/Jul/2025:19:54:39 +0700] "GET /db.php/shopdetail/cameras-projectors/S533990879 HTTP/2" 200 39 "-" "meta-externalagent/1.1 (+https://developers.facebook.com/docs/sharing/webmasters/crawler)"
57.141.2.12 - - [11/Jul/2025:19:54:45 +0700] "GET /db.php/shopdetail/interior-bed-frames/B5302633952 HTTP/2" 200 39 "-" "meta-externalagent/1.1 (+https://developers.facebook.com/docs/sharing/webmasters/crawler)"
57.141.2.12 - - [11/Jul/2025:19:54:46 +0700] "GET /db.php/shopdetail/smartphones-smartphones/Z5372265543 HTTP/2" 200 39 "-" "meta-externalagent/1.1 (+https://developers.facebook.com/docs/sharing/webmasters/crawler)"
66.249.70.165 - - [11/Jul/2025:19:54:46 +0700] "GET /diy/cutting-tools/L5354197267 HTTP/1.1" 200 20961 "-" "Mozilla/5.0 (Linux; Android 6.0.1; Nexus 5X Build/MMB29P) AppleWebKit/537.36 (KHTML, like Gecko) Chrome/137.0.7151.103 Mobile Safari/537.36 (compatible; Googlebot/2.1; +http://www.google.com/bot.html)"
57.141.2.22 - - [11/Jul/2025:19:54:48 +0700] "GET /daily-necessities/bulk-sales/Z5303347849 HTTP/2" 200 0 "-" "meta-externalagent/1.1 (+https://developers.facebook.com/docs/sharing/webmasters/crawler)"
57.141.2.29 - - [11/Jul/2025:19:54:24 +0700] "GET /db.php/shopdetail/alcohol-other-foods/X5293735469 HTTP/2" 200 39 "-" "meta-externalagent/1.1 (+https://developers.facebook.com/docs/sharing/webmasters/crawler)"
57.141.2.16 - - [11/Jul/2025:19:54:27 +0700] "GET /outdoor/fishing/E5291835864 HTTP/2" 200 0 "-" "meta-externalagent/1.1 (+https://developers.facebook.com/docs/sharing/webmasters/crawler)"
57.141.2.29 - - [11/Jul/2025:19:54:28 +0700] "GET /beauty/lotion/Q5383003653 HTTP/2" 200 0 "-" "meta-externalagent/1.1 (+https://developers.facebook.com/docs/sharing/webmasters/crawler)"
57.141.2.20 - - [11/Jul/2025:19:54:29 +0700] "GET /sports/golf/V5351989711 HTTP/2" 200 0 "-" "meta-externalagent/1.1 (+https://developers.facebook.com/docs/sharing/webmasters/crawler)"
57.141.2.5 - - [11/Jul/2025:19:54:32 +0700] "GET /cars/motorcycles/I5372773152 HTTP/2" 200 0 "-" "meta-externalagent/1.1 (+https://developers.facebook.com/docs/sharing/webmasters/crawler)"
57.141.2.5 - - [11/Jul/2025:19:54:34 +0700] "GET /db.php/shopdetail/handmade-others/X5343228744 HTTP/2" 200 39 "-" "meta-externalagent/1.1 (+https://developers.facebook.com/docs/sharing/webmasters/crawler)"
66.249.71.197 - - [11/Jul/2025:19:54:34 +0700] "GET /musical-instruments/crafts/I5351754892 HTTP/1.1" 200 20893 "-" "Mozilla/5.0 (Linux; Android 6.0.1; Nexus 5X Build/MMB29P) AppleWebKit/537.36 (KHTML, like Gecko) Chrome/137.0.7151.103 Mobile Safari/537.36 (compatible; Googlebot/2.1; +http://www.google.com/bot.html)"
57.141.2.6 - - [11/Jul/2025:19:54:36 +0700] "GET /db.php/shopdetail/games-yugioh/Z537411186 HTTP/2" 200 39 "-" "meta-externalagent/1.1 (+https://developers.facebook.com/docs/sharing/webmasters/crawler)"
57.141.2.8 - - [11/Jul/2025:19:54:36 +0700] "GET /decor/office/O5333545095 HTTP/2" 200 0 "-" "meta-externalagent/1.1 (+https://developers.facebook.com/docs/sharing/webmasters/crawler)"
57.141.2.23 - - [11/Jul/2025:19:54:40 +0700] "GET /audio/cameras/L535366675 HTTP/2" 200 0 "-" "meta-externalagent/1.1 (+https://developers.facebook.com/docs/sharing/webmasters/crawler)"
57.141.2.12 - - [11/Jul/2025:19:54:45 +0700] "GET /db.php/shopdetail/tablets-mobile-phone/I5361099646 HTTP/2" 200 39 "-" "meta-externalagent/1.1 (+https://developers.facebook.com/docs/sharing/webmasters/crawler)"
57.141.2.14 - - [11/Jul/2025:19:54:45 +0700] "GET /cars/parts/O5301920750 HTTP/2" 200 0 "-" "meta-externalagent/1.1 (+https://developers.facebook.com/docs/sharing/webmasters/crawler)"
57.141.2.10 - - [11/Jul/2025:19:54:51 +0700] "GET /fishing/tents/Z5331497020 HTTP/2" 200 0 "-" "meta-externalagent/1.1 (+https://developers.facebook.com/docs/sharing/webmasters/crawler)"
157.55.39.204 - - [11/Jul/2025:19:54:56 +0700] "GET /travel-supplies/reels/A5354062955 HTTP/2" 200 0 "-" "Mozilla/5.0 AppleWebKit/537.36 (KHTML, like Gecko; compatible; bingbot/2.0; +http://www.bing.com/bingbot.htm) Chrome/116.0.1938.76 Safari/537.36"
66.249.71.197 - - [11/Jul/2025:19:54:55 +0700] "GET /cds/japanese-music/W5361504481 HTTP/1.1" 200 20606 "-" "Mozilla/5.0 (Linux; Android 6.0.1; Nexus 5X Build/MMB29P) AppleWebKit/537.36 (KHTML, like Gecko) Chrome/137.0.7151.103 Mobile Safari/537.36 (compatible; Googlebot/2.1; +http://www.google.com/bot.html)"
57.141.2.25 - - [11/Jul/2025:19:54:57 +0700] "GET /travel-supplies/reels/T5362951942 HTTP/2" 200 0 "-" "meta-externalagent/1.1 (+https://developers.facebook.com/docs/sharing/webmasters/crawler)"
57.141.2.6 - - [11/Jul/2025:19:54:57 +0700] "GET /hobbies/paintings/V534303684 HTTP/2" 200 0 "-" "meta-externalagent/1.1 (+https://developers.facebook.com/docs/sharing/webmasters/crawler)"
57.141.2.27 - - [11/Jul/2025:19:54:58 +0700] "GET /db.php/shopdetail/fashion-dresses/Z5302128286 HTTP/2" 200 39 "-" "meta-externalagent/1.1 (+https://developers.facebook.com/docs/sharing/webmasters/crawler)"
57.141.2.5 - - [11/Jul/2025:19:54:59 +0700] "GET /tv/audio-equipment/G5363308110 HTTP/2" 200 0 "-" "meta-externalagent/1.1 (+https://developers.facebook.com/docs/sharing/webmasters/crawler)"
57.141.2.13 - - [11/Jul/2025:19:54:47 +0700] "GET /db.php/shopdetail/manga-sports/E5333047244 HTTP/2" 200 39 "-" "meta-externalagent/1.1 (+https://developers.facebook.com/docs/sharing/webmasters/crawler)"
57.141.2.8 - - [11/Jul/2025:19:54:48 +0700] "GET /decor/others/V5303420466 HTTP/2" 200 0 "-" "meta-externalagent/1.1 (+https://developers.facebook.com/docs/sharing/webmasters/crawler)"
57.141.2.23 - - [11/Jul/2025:19:54:48 +0700] "GET /db.php/shopdetail/tools-storage-sheds/V5371318387 HTTP/2" 200 39 "-" "meta-externalagent/1.1 (+https://developers.facebook.com/docs/sharing/webmasters/crawler)"
66.249.70.165 - - [11/Jul/2025:19:54:47 +0700] "GET /sports/golf/E5302110394 HTTP/1.1" 200 20540 "-" "Mozilla/5.0 (Linux; Android 6.0.1; Nexus 5X Build/MMB29P) AppleWebKit/537.36 (KHTML, like Gecko) Chrome/137.0.7151.103 Mobile Safari/537.36 (compatible; Googlebot/2.1; +http://www.google.com/bot.html)"
57.141.2.1 - - [11/Jul/2025:19:54:53 +0700] "GET /tickets/shareholder-benefits/L5352525511 HTTP/2" 200 0 "-" "meta-externalagent/1.1 (+https://developers.facebook.com/docs/sharing/webmasters/crawler)"
66.249.70.165 - - [11/Jul/2025:19:54:52 +0700] "GET /gardening/arrangement/S5322418975 HTTP/1.1" 200 20203 "-" "Mozilla/5.0 (Linux; Android 6.0.1; Nexus 5X Build/MMB29P) AppleWebKit/537.36 (KHTML, like Gecko) Chrome/137.0.7151.103 Mobile Safari/537.36 (compatible; Googlebot/2.1; +http://www.google.com/bot.html)"
57.141.2.18 - - [11/Jul/2025:19:54:56 +0700] "GET /drinks/powders/R5372917830 HTTP/2" 200 0 "-" "meta-externalagent/1.1 (+https://developers.facebook.com/docs/sharing/webmasters/crawler)"
57.141.2.7 - - [11/Jul/2025:19:55:01 +0700] "GET /cosmetics/eyeshadow/J535826480 HTTP/2" 200 0 "-" "meta-externalagent/1.1 (+https://developers.facebook.com/docs/sharing/webmasters/crawler)"
66.249.70.165 - - [11/Jul/2025:19:55:04 +0700] "GET /goods/idols/O5332241135 HTTP/1.1" 200 21637 "-" "Mozilla/5.0 (Linux; Android 6.0.1; Nexus 5X Build/MMB29P) AppleWebKit/537.36 (KHTML, like Gecko) Chrome/137.0.7151.103 Mobile Safari/537.36 (compatible; Googlebot/2.1; +http://www.google.com/bot.html)"
66.249.70.165 - - [11/Jul/2025:19:55:08 +0700] "POST /get-message-notify HTTP/1.1" 200 20523 "https://shielddoor.vn/cds/japanese-music/W5361504481" "Mozilla/5.0 (Linux; Android 6.0.1; Nexus 5X Build/MMB29P) AppleWebKit/537.36 (KHTML, like Gecko) Chrome/137.0.7151.119 Mobile Safari/537.36 (compatible; Googlebot/2.1; +http://www.google.com/bot.html)"
57.141.2.25 - - [11/Jul/2025:19:55:13 +0700] "GET /drinks/grains/K5353623199 HTTP/2" 200 0 "-" "meta-externalagent/1.1 (+https://developers.facebook.com/docs/sharing/webmasters/crawler)"
57.141.2.27 - - [11/Jul/2025:19:55:13 +0700] "GET /db.php/shopdetail/cars-wheels/H5371432764 HTTP/2" 200 39 "-" "meta-externalagent/1.1 (+https://developers.facebook.com/docs/sharing/webmasters/crawler)"
57.141.2.2 - - [11/Jul/2025:19:55:14 +0700] "GET /db.php/shopdetail/fashion-tops/T5343258017 HTTP/2" 200 39 "-" "meta-externalagent/1.1 (+https://developers.facebook.com/docs/sharing/webmasters/crawler)"
57.141.2.26 - - [11/Jul/2025:19:55:14 +0700] "GET /db.php/shopdetail/smartphones-smartphone-accessories/S5373477254 HTTP/2" 200 39 "-" "meta-externalagent/1.1 (+https://developers.facebook.com/docs/sharing/webmasters/crawler)"
40.77.167.36 - - [11/Jul/2025:19:55:16 +0700] "GET /beauty/nail-care/W5351079422 HTTP/2" 200 0 "-" "Mozilla/5.0 AppleWebKit/537.36 (KHTML, like Gecko; compatible; bingbot/2.0; +http://www.bing.com/bingbot.htm) Chrome/116.0.1938.76 Safari/537.36"
57.141.2.15 - - [11/Jul/2025:19:55:22 +0700] "GET /db.php/shopdetail/fashion-jackets/X5303747793 HTTP/2" 200 39 "-" "meta-externalagent/1.1 (+https://developers.facebook.com/docs/sharing/webmasters/crawler)"
57.141.2.14 - - [11/Jul/2025:19:55:25 +0700] "GET /games/other-models/U5383156054 HTTP/2" 200 0 "-" "meta-externalagent/1.1 (+https://developers.facebook.com/docs/sharing/webmasters/crawler)"
66.249.71.197 - - [11/Jul/2025:19:55:01 +0700] "GET /furniture/interior/P536802077 HTTP/1.1" 200 20650 "-" "Mozilla/5.0 (Linux; Android 6.0.1; Nexus 5X Build/MMB29P) AppleWebKit/537.36 (KHTML, like Gecko) Chrome/137.0.7151.103 Mobile Safari/537.36 (compatible; Googlebot/2.1; +http://www.google.com/bot.html)"
66.249.71.197 - - [11/Jul/2025:19:55:04 +0700] "POST /get-message-notify HTTP/1.1" 200 20494 "https://shielddoor.vn/gardening/arrangement/S5322418975" "Mozilla/5.0 (Linux; Android 6.0.1; Nexus 5X Build/MMB29P) AppleWebKit/537.36 (KHTML, like Gecko) Chrome/137.0.7151.119 Mobile Safari/537.36 (compatible; Googlebot/2.1; +http://www.google.com/bot.html)"
57.141.2.28 - - [11/Jul/2025:19:55:06 +0700] "GET /outdoor/fishing/T529530937 HTTP/2" 200 0 "-" "meta-externalagent/1.1 (+https://developers.facebook.com/docs/sharing/webmasters/crawler)"
57.141.2.27 - - [11/Jul/2025:19:55:08 +0700] "GET /toys/comics/W5301655825 HTTP/2" 200 0 "-" "meta-externalagent/1.1 (+https://developers.facebook.com/docs/sharing/webmasters/crawler)"
57.141.2.14 - - [11/Jul/2025:19:55:08 +0700] "GET /motorcycles/motorcycles/V5381135242 HTTP/2" 200 0 "-" "meta-externalagent/1.1 (+https://developers.facebook.com/docs/sharing/webmasters/crawler)"
57.141.2.6 - - [11/Jul/2025:19:55:08 +0700] "GET /art/keyboard-instruments/Z535752006 HTTP/2" 200 0 "-" "meta-externalagent/1.1 (+https://developers.facebook.com/docs/sharing/webmasters/crawler)"
66.249.71.197 - - [11/Jul/2025:19:55:07 +0700] "GET /cars/parts/V538320542 HTTP/1.1" 200 21140 "-" "Mozilla/5.0 (Linux; Android 6.0.1; Nexus 5X Build/MMB29P) AppleWebKit/537.36 (KHTML, like Gecko) Chrome/137.0.7151.103 Mobile Safari/537.36 (compatible; Googlebot/2.1; +http://www.google.com/bot.html)"
66.249.70.165 - - [11/Jul/2025:19:55:09 +0700] "POST /get-message-notify HTTP/1.1" 200 20511 "https://shielddoor.vn/sports/golf/D5341510617" "Mozilla/5.0 (Linux; Android 6.0.1; Nexus 5X Build/MMB29P) AppleWebKit/537.36 (KHTML, like Gecko) Chrome/137.0.7151.119 Mobile Safari/537.36 (compatible; Googlebot/2.1; +http://www.google.com/bot.html)"
57.141.2.19 - - [11/Jul/2025:19:55:12 +0700] "GET /outdoor/rods/E533933413 HTTP/2" 200 0 "-" "meta-externalagent/1.1 (+https://developers.facebook.com/docs/sharing/webmasters/crawler)"
66.249.70.165 - - [11/Jul/2025:19:55:11 +0700] "GET /audio/audio-equipment/B5372307128 HTTP/1.1" 200 20802 "-" "Mozilla/5.0 (Linux; Android 6.0.1; Nexus 5X Build/MMB29P) AppleWebKit/537.36 (KHTML, like Gecko) Chrome/137.0.7151.103 Mobile Safari/537.36 (compatible; Googlebot/2.1; +http://www.google.com/bot.html)"
57.141.2.23 - - [11/Jul/2025:19:55:15 +0700] "GET /smartphones/mobile-phone/L5373471626 HTTP/2" 200 0 "-" "meta-externalagent/1.1 (+https://developers.facebook.com/docs/sharing/webmasters/crawler)"
57.141.2.26 - - [11/Jul/2025:19:55:17 +0700] "GET /travel-supplies/outdoors/V5313348163 HTTP/2" 200 0 "-" "meta-externalagent/1.1 (+https://developers.facebook.com/docs/sharing/webmasters/crawler)"
66.249.70.165 - - [11/Jul/2025:19:55:16 +0700] "POST /get-message-notify HTTP/1.1" 200 20488 "https://shielddoor.vn/audio/audio-equipment/B5372307128" "Mozilla/5.0 (Linux; Android 6.0.1; Nexus 5X Build/MMB29P) AppleWebKit/537.36 (KHTML, like Gecko) Chrome/137.0.7151.119 Mobile Safari/537.36 (compatible; Googlebot/2.1; +http://www.google.com/bot.html)"
57.141.2.9 - - [11/Jul/2025:19:55:21 +0700] "GET /bicycles/parts/T529687989 HTTP/2" 200 0 "-" "meta-externalagent/1.1 (+https://developers.facebook.com/docs/sharing/webmasters/crawler)"
66.249.71.197 - - [11/Jul/2025:19:55:22 +0700] "GET /audio/digital-cameras/Q5312901268 HTTP/1.1" 200 20991 "-" "Mozilla/5.0 (Linux; Android 6.0.1; Nexus 5X Build/MMB29P) AppleWebKit/537.36 (KHTML, like Gecko) Chrome/137.0.7151.103 Mobile Safari/537.36 (compatible; Googlebot/2.1; +http://www.google.com/bot.html)"
57.141.2.7 - - [11/Jul/2025:19:54:48 +0700] "GET /sports/rackets/I5313452608 HTTP/2" 200 0 "-" "meta-externalagent/1.1 (+https://developers.facebook.com/docs/sharing/webmasters/crawler)"
57.141.2.1 - - [11/Jul/2025:19:54:50 +0700] "GET /musical-instruments/cosplay-costumes/I5312095644 HTTP/2" 200 0 "-" "meta-externalagent/1.1 (+https://developers.facebook.com/docs/sharing/webmasters/crawler)"
57.141.2.13 - - [11/Jul/2025:19:54:50 +0700] "GET /goods/pokemon-card-games/K5322160581 HTTP/2" 200 0 "-" "meta-externalagent/1.1 (+https://developers.facebook.com/docs/sharing/webmasters/crawler)"
57.141.2.23 - - [11/Jul/2025:19:54:58 +0700] "GET /hobbies/crafts/B5332455894 HTTP/2" 200 0 "-" "meta-externalagent/1.1 (+https://developers.facebook.com/docs/sharing/webmasters/crawler)"
66.249.70.166 - - [11/Jul/2025:19:54:58 +0700] "GET /outdoor/outdoors/K5311539995 HTTP/1.1" 200 20683 "-" "Mozilla/5.0 (Linux; Android 6.0.1; Nexus 5X Build/MMB29P) AppleWebKit/537.36 (KHTML, like Gecko) Chrome/137.0.7151.103 Mobile Safari/537.36 (compatible; Googlebot/2.1; +http://www.google.com/bot.html)"
57.141.2.30 - - [11/Jul/2025:19:55:05 +0700] "GET /decor/tables/S5311015347 HTTP/2" 200 0 "-" "meta-externalagent/1.1 (+https://developers.facebook.com/docs/sharing/webmasters/crawler)"
57.141.2.10 - - [11/Jul/2025:19:55:06 +0700] "GET /audio/earphones/Z5341434335 HTTP/2" 200 0 "-" "meta-externalagent/1.1 (+https://developers.facebook.com/docs/sharing/webmasters/crawler)"
57.141.2.27 - - [11/Jul/2025:19:55:06 +0700] "GET /cosmetics/women-perfume/E5332320156 HTTP/2" 200 0 "-" "meta-externalagent/1.1 (+https://developers.facebook.com/docs/sharing/webmasters/crawler)"
57.141.2.9 - - [11/Jul/2025:19:55:07 +0700] "GET /home-appliances/appliances/U5361270044 HTTP/2" 200 0 "-" "meta-externalagent/1.1 (+https://developers.facebook.com/docs/sharing/webmasters/crawler)"
57.141.2.2 - - [11/Jul/2025:19:55:07 +0700] "GET /db.php/shopdetail/fashion-tops/H5321059533 HTTP/2" 200 39 "-" "meta-externalagent/1.1 (+https://developers.facebook.com/docs/sharing/webmasters/crawler)"
57.141.2.25 - - [11/Jul/2025:19:55:08 +0700] "GET /db.php/shopdetail/fashion-outerwear/V538418666 HTTP/2" 200 39 "-" "meta-externalagent/1.1 (+https://developers.facebook.com/docs/sharing/webmasters/crawler)"
57.141.2.19 - - [11/Jul/2025:19:55:09 +0700] "GET /musical-instruments/crafts/R5331108901 HTTP/2" 200 0 "-" "meta-externalagent/1.1 (+https://developers.facebook.com/docs/sharing/webmasters/crawler)"
57.141.2.26 - - [11/Jul/2025:19:55:16 +0700] "GET /fashion/jackets/I532793622 HTTP/2" 200 0 "-" "meta-externalagent/1.1 (+https://developers.facebook.com/docs/sharing/webmasters/crawler)"
57.141.2.8 - - [11/Jul/2025:19:55:17 +0700] "GET /db.php/shopdetail/pet-supplies-dog-food/I5383029635 HTTP/2" 200 39 "-" "meta-externalagent/1.1 (+https://developers.facebook.com/docs/sharing/webmasters/crawler)"
57.141.2.2 - - [11/Jul/2025:19:55:20 +0700] "GET /fashion/bags/B5361227710 HTTP/2" 200 0 "-" "meta-externalagent/1.1 (+https://developers.facebook.com/docs/sharing/webmasters/crawler)"
57.141.2.27 - - [11/Jul/2025:19:55:22 +0700] "GET /db.php/shopdetail/tv-cameras/D5313864741 HTTP/2" 200 39 "-" "meta-externalagent/1.1 (+https://developers.facebook.com/docs/sharing/webmasters/crawler)"
57.141.2.8 - - [11/Jul/2025:19:55:22 +0700] "GET /beauty/shampoo/I5373246583 HTTP/2" 200 0 "-" "meta-externalagent/1.1 (+https://developers.facebook.com/docs/sharing/webmasters/crawler)"
57.141.2.15 - - [11/Jul/2025:19:55:23 +0700] "GET /sports/winter-sports/Y5292038936 HTTP/2" 200 0 "-" "meta-externalagent/1.1 (+https://developers.facebook.com/docs/sharing/webmasters/crawler)"
57.141.2.9 - - [11/Jul/2025:19:55:26 +0700] "GET /db.php/shopdetail/kitchen-writing-implements/F5382697869 HTTP/2" 200 39 "-" "meta-externalagent/1.1 (+https://developers.facebook.com/docs/sharing/webmasters/crawler)"
57.141.2.15 - - [11/Jul/2025:19:55:27 +0700] "GET /fashion/dresses/V5343649880 HTTP/2" 200 0 "-" "meta-externalagent/1.1 (+https://developers.facebook.com/docs/sharing/webmasters/crawler)"
66.249.70.165 - - [11/Jul/2025:19:55:25 +0700] "GET /daily-necessities/bulk-sales/D5381692222 HTTP/1.1" 200 20441 "-" "Mozilla/5.0 (Linux; Android 6.0.1; Nexus 5X Build/MMB29P) AppleWebKit/537.36 (KHTML, like Gecko) Chrome/137.0.7151.103 Mobile Safari/537.36 (compatible; Googlebot/2.1; +http://www.google.com/bot.html)"
66.249.70.165 - - [11/Jul/2025:19:55:30 +0700] "GET /dvds/japanese-music/X5311849105 HTTP/1.1" 200 20510 "-" "Mozilla/5.0 (Linux; Android 6.0.1; Nexus 5X Build/MMB29P) AppleWebKit/537.36 (KHTML, like Gecko) Chrome/137.0.7151.103 Mobile Safari/537.36 (compatible; Googlebot/2.1; +http://www.google.com/bot.html)"
57.141.2.18 - - [11/Jul/2025:19:55:32 +0700] "GET /db.php/shopdetail/smartphones-smartphones/L530311115 HTTP/2" 200 39 "-" "meta-externalagent/1.1 (+https://developers.facebook.com/docs/sharing/webmasters/crawler)"
57.141.2.6 - - [11/Jul/2025:19:55:35 +0700] "GET /db.php/shopdetail/toys-key-chains/T5313880226 HTTP/2" 200 39 "-" "meta-externalagent/1.1 (+https://developers.facebook.com/docs/sharing/webmasters/crawler)"
66.249.70.165 - - [11/Jul/2025:19:55:35 +0700] "GET /audio/digital-cameras/I5371479556 HTTP/1.1" 200 21112 "-" "Mozilla/5.0 (Linux; Android 6.0.1; Nexus 5X Build/MMB29P) AppleWebKit/537.36 (KHTML, like Gecko) Chrome/137.0.7151.103 Mobile Safari/537.36 (compatible; Googlebot/2.1; +http://www.google.com/bot.html)"
57.141.2.26 - - [11/Jul/2025:19:55:37 +0700] "GET /daily-necessities/others/A5342135397 HTTP/2" 200 0 "-" "meta-externalagent/1.1 (+https://developers.facebook.com/docs/sharing/webmasters/crawler)"
57.141.2.27 - - [11/Jul/2025:19:55:37 +0700] "GET /db.php/shopdetail/cosmetics-toothpaste/Z5363713981 HTTP/2" 200 39 "-" "meta-externalagent/1.1 (+https://developers.facebook.com/docs/sharing/webmasters/crawler)"
57.141.2.19 - - [11/Jul/2025:19:55:38 +0700] "GET /tablets/ipads/H5353211966 HTTP/2" 200 0 "-" "meta-externalagent/1.1 (+https://developers.facebook.com/docs/sharing/webmasters/crawler)"
66.249.70.165 - - [11/Jul/2025:19:55:37 +0700] "POST /get-message-notify HTTP/1.1" 200 20494 "https://shielddoor.vn/dvds/japanese-music/X5311849105" "Mozilla/5.0 (Linux; Android 6.0.1; Nexus 5X Build/MMB29P) AppleWebKit/537.36 (KHTML, like Gecko) Chrome/137.0.7151.119 Mobile Safari/537.36 (compatible; Googlebot/2.1; +http://www.google.com/bot.html)"
57.141.2.20 - - [11/Jul/2025:19:55:40 +0700] "GET /flowers/houseplants/D532804809 HTTP/2" 200 0 "-" "meta-externalagent/1.1 (+https://developers.facebook.com/docs/sharing/webmasters/crawler)"
66.249.70.165 - - [11/Jul/2025:19:55:39 +0700] "GET /handicrafts/plush-toys/K5351905921 HTTP/1.1" 200 20679 "-" "Mozilla/5.0 (Linux; Android 6.0.1; Nexus 5X Build/MMB29P) AppleWebKit/537.36 (KHTML, like Gecko) Chrome/137.0.7151.103 Mobile Safari/537.36 (compatible; Googlebot/2.1; +http://www.google.com/bot.html)"
57.141.2.26 - - [11/Jul/2025:19:55:44 +0700] "GET /db.php/shopdetail/computers-activity-tracker-units/U5342492150 HTTP/2" 200 39 "-" "meta-externalagent/1.1 (+https://developers.facebook.com/docs/sharing/webmasters/crawler)"
66.249.70.165 - - [11/Jul/2025:19:55:44 +0700] "GET /outdoor/outdoors/W5293143526 HTTP/1.1" 200 20437 "-" "Mozilla/5.0 (Linux; Android 6.0.1; Nexus 5X Build/MMB29P) AppleWebKit/537.36 (KHTML, like Gecko) Chrome/137.0.7151.103 Mobile Safari/537.36 (compatible; Googlebot/2.1; +http://www.google.com/bot.html)"
66.249.70.166 - - [11/Jul/2025:19:55:50 +0700] "GET /sports/skiing/Q5311258564 HTTP/1.1" 200 20539 "-" "Mozilla/5.0 (Linux; Android 6.0.1; Nexus 5X Build/MMB29P) AppleWebKit/537.36 (KHTML, like Gecko) Chrome/137.0.7151.103 Mobile Safari/537.36 (compatible; Googlebot/2.1; +http://www.google.com/bot.html)"
57.141.2.8 - - [11/Jul/2025:19:55:52 +0700] "GET /handmade/handbags/S5354153075 HTTP/2" 200 0 "-" "meta-externalagent/1.1 (+https://developers.facebook.com/docs/sharing/webmasters/crawler)"
57.141.2.13 - - [11/Jul/2025:19:55:33 +0700] "GET /outdoor/lures/B5371047906 HTTP/2" 200 0 "-" "meta-externalagent/1.1 (+https://developers.facebook.com/docs/sharing/webmasters/crawler)"
66.249.71.197 - - [11/Jul/2025:19:55:32 +0700] "GET /smartphones/gaming-pcs/E5301079805 HTTP/1.1" 200 21145 "-" "Mozilla/5.0 (Linux; Android 6.0.1; Nexus 5X Build/MMB29P) AppleWebKit/537.36 (KHTML, like Gecko) Chrome/137.0.7151.103 Mobile Safari/537.36 (compatible; Googlebot/2.1; +http://www.google.com/bot.html)"
57.141.2.5 - - [11/Jul/2025:19:55:34 +0700] "GET /db.php/shopdetail/fashion-outerwear/K5292427212 HTTP/2" 200 39 "-" "meta-externalagent/1.1 (+https://developers.facebook.com/docs/sharing/webmasters/crawler)"
57.141.2.6 - - [11/Jul/2025:19:55:35 +0700] "GET /toys/nintendo-switch/B5351913844 HTTP/2" 200 0 "-" "meta-externalagent/1.1 (+https://developers.facebook.com/docs/sharing/webmasters/crawler)"
57.141.2.28 - - [11/Jul/2025:19:55:37 +0700] "GET /db.php/shopdetail/flowers-deciduous-trees/J5381033647 HTTP/2" 200 39 "-" "meta-externalagent/1.1 (+https://developers.facebook.com/docs/sharing/webmasters/crawler)"
66.249.71.197 - - [11/Jul/2025:19:55:36 +0700] "POST /get-message-notify HTTP/1.1" 200 20492 "https://shielddoor.vn/smartphones/gaming-pcs/E5301079805" "Mozilla/5.0 (Linux; Android 6.0.1; Nexus 5X Build/MMB29P) AppleWebKit/537.36 (KHTML, like Gecko) Chrome/137.0.7151.119 Mobile Safari/537.36 (compatible; Googlebot/2.1; +http://www.google.com/bot.html)"
57.141.2.7 - - [11/Jul/2025:19:55:38 +0700] "GET /db.php/shopdetail/art-equipment/B5371268607 HTTP/2" 200 39 "-" "meta-externalagent/1.1 (+https://developers.facebook.com/docs/sharing/webmasters/crawler)"
57.141.2.27 - - [11/Jul/2025:19:55:40 +0700] "GET /tv/player/Y5372836865 HTTP/2" 200 0 "-" "meta-externalagent/1.1 (+https://developers.facebook.com/docs/sharing/webmasters/crawler)"
57.141.2.18 - - [11/Jul/2025:19:55:41 +0700] "GET /tickets/discount-coupons/J5372691873 HTTP/2" 200 0 "-" "meta-externalagent/1.1 (+https://developers.facebook.com/docs/sharing/webmasters/crawler)"
57.141.2.19 - - [11/Jul/2025:19:55:42 +0700] "GET /db.php/shopdetail/fishing-lures/A5342321474 HTTP/2" 200 39 "-" "meta-externalagent/1.1 (+https://developers.facebook.com/docs/sharing/webmasters/crawler)"
57.141.2.25 - - [11/Jul/2025:19:55:45 +0700] "GET /sports/golf/X5292462364 HTTP/2" 200 0 "-" "meta-externalagent/1.1 (+https://developers.facebook.com/docs/sharing/webmasters/crawler)"
57.141.2.27 - - [11/Jul/2025:19:55:48 +0700] "GET /blu-ray/dvd/A5322915534 HTTP/2" 200 0 "-" "meta-externalagent/1.1 (+https://developers.facebook.com/docs/sharing/webmasters/crawler)"
57.141.2.19 - - [11/Jul/2025:19:55:49 +0700] "GET /decor/lighting/Z5301163449 HTTP/2" 200 0 "-" "meta-externalagent/1.1 (+https://developers.facebook.com/docs/sharing/webmasters/crawler)"
66.249.70.166 - - [11/Jul/2025:19:55:48 +0700] "POST /get-message-notify HTTP/1.1" 200 20482 "https://shielddoor.vn/daily-necessities/bulk-sales/D5381692222" "Mozilla/5.0 (Linux; Android 6.0.1; Nexus 5X Build/MMB29P) AppleWebKit/537.36 (KHTML, like Gecko) Chrome/137.0.7151.119 Mobile Safari/537.36 (compatible; Googlebot/2.1; +http://www.google.com/bot.html)"
57.141.2.5 - - [11/Jul/2025:19:55:50 +0700] "GET /db.php/shopdetail/pet-supplies-dog-food/K5291317842 HTTP/2" 200 39 "-" "meta-externalagent/1.1 (+https://developers.facebook.com/docs/sharing/webmasters/crawler)"
66.249.70.165 - - [11/Jul/2025:19:55:51 +0700] "POST /get-message-notify HTTP/1.1" 200 20514 "https://shielddoor.vn/furniture/chairs/N5322646532" "Mozilla/5.0 (Linux; Android 6.0.1; Nexus 5X Build/MMB29P) AppleWebKit/537.36 (KHTML, like Gecko) Chrome/137.0.7151.119 Mobile Safari/537.36 (compatible; Googlebot/2.1; +http://www.google.com/bot.html)"
57.141.2.24 - - [11/Jul/2025:19:55:52 +0700] "GET /audio/cameras/U5314023664 HTTP/2" 200 0 "-" "meta-externalagent/1.1 (+https://developers.facebook.com/docs/sharing/webmasters/crawler)"
57.141.2.18 - - [11/Jul/2025:19:55:25 +0700] "GET /db.php/shopdetail/fashion-tops/E5343107420 HTTP/2" 200 39 "-" "meta-externalagent/1.1 (+https://developers.facebook.com/docs/sharing/webmasters/crawler)"
57.141.2.18 - - [11/Jul/2025:19:55:27 +0700] "GET /sports/winter-sports/T5363641467 HTTP/2" 200 0 "-" "meta-externalagent/1.1 (+https://developers.facebook.com/docs/sharing/webmasters/crawler)"
57.141.2.18 - - [11/Jul/2025:19:55:27 +0700] "GET /cars/motorcycles/G5371055753 HTTP/2" 200 0 "-" "meta-externalagent/1.1 (+https://developers.facebook.com/docs/sharing/webmasters/crawler)"
57.141.2.22 - - [11/Jul/2025:19:55:28 +0700] "GET /home-appliances/appliances/U5321167765 HTTP/2" 200 0 "-" "meta-externalagent/1.1 (+https://developers.facebook.com/docs/sharing/webmasters/crawler)"
57.141.2.15 - - [11/Jul/2025:19:55:31 +0700] "GET /daily-necessities/tableware/F531857893 HTTP/2" 200 0 "-" "meta-externalagent/1.1 (+https://developers.facebook.com/docs/sharing/webmasters/crawler)"
57.141.2.13 - - [11/Jul/2025:19:55:31 +0700] "GET /db.php/shopdetail/interior-trinket-boxes/E5363946894 HTTP/2" 200 39 "-" "meta-externalagent/1.1 (+https://developers.facebook.com/docs/sharing/webmasters/crawler)"
57.141.2.1 - - [11/Jul/2025:19:55:35 +0700] "GET /travel-supplies/fishing/C5312673528 HTTP/2" 200 0 "-" "meta-externalagent/1.1 (+https://developers.facebook.com/docs/sharing/webmasters/crawler)"
57.141.2.8 - - [11/Jul/2025:19:55:36 +0700] "GET /tickets/amusement-parks/B536364380 HTTP/2" 200 0 "-" "meta-externalagent/1.1 (+https://developers.facebook.com/docs/sharing/webmasters/crawler)"
57.141.2.18 - - [11/Jul/2025:19:55:41 +0700] "GET /decor/tables/K5292309452 HTTP/2" 200 0 "-" "meta-externalagent/1.1 (+https://developers.facebook.com/docs/sharing/webmasters/crawler)"
57.141.2.3 - - [11/Jul/2025:19:55:43 +0700] "GET /pet-supplies/fish-supplies/T5293610045 HTTP/2" 200 0 "-" "meta-externalagent/1.1 (+https://developers.facebook.com/docs/sharing/webmasters/crawler)"
57.141.2.14 - - [11/Jul/2025:19:55:45 +0700] "GET /db.php/shopdetail/tools-cutting-machines/G5343606737 HTTP/2" 200 39 "-" "meta-externalagent/1.1 (+https://developers.facebook.com/docs/sharing/webmasters/crawler)"
57.141.2.5 - - [11/Jul/2025:19:55:45 +0700] "GET /db.php/shopdetail/diy-spray-guns/M537875720 HTTP/2" 200 39 "-" "meta-externalagent/1.1 (+https://developers.facebook.com/docs/sharing/webmasters/crawler)"
66.249.71.198 - - [11/Jul/2025:19:55:44 +0700] "POST /get-message-notify HTTP/1.1" 200 20505 "https://shielddoor.vn/handicrafts/plush-toys/K5351905921" "Mozilla/5.0 (Linux; Android 6.0.1; Nexus 5X Build/MMB29P) AppleWebKit/537.36 (KHTML, like Gecko) Chrome/137.0.7151.119 Mobile Safari/537.36 (compatible; Googlebot/2.1; +http://www.google.com/bot.html)"
66.249.71.198 - - [11/Jul/2025:19:55:46 +0700] "GET /furniture/chairs/N5322646532 HTTP/1.1" 200 20458 "-" "Mozilla/5.0 (Linux; Android 6.0.1; Nexus 5X Build/MMB29P) AppleWebKit/537.36 (KHTML, like Gecko) Chrome/137.0.7151.103 Mobile Safari/537.36 (compatible; Googlebot/2.1; +http://www.google.com/bot.html)"
57.141.2.5 - - [11/Jul/2025:19:55:50 +0700] "GET /fashion/womens/P5322587939 HTTP/2" 200 0 "-" "meta-externalagent/1.1 (+https://developers.facebook.com/docs/sharing/webmasters/crawler)"
57.141.2.21 - - [11/Jul/2025:19:55:52 +0700] "GET /sports/men-shoes/Y5372074224 HTTP/2" 200 0 "-" "meta-externalagent/1.1 (+https://developers.facebook.com/docs/sharing/webmasters/crawler)"
57.141.2.13 - - [11/Jul/2025:19:55:54 +0700] "GET /tablets/smartphones/G5341316781 HTTP/2" 200 0 "-" "meta-externalagent/1.1 (+https://developers.facebook.com/docs/sharing/webmasters/crawler)"
57.141.2.6 - - [11/Jul/2025:19:55:55 +0700] "GET /diy/electrical-materials/Z5301502765 HTTP/2" 200 0 "-" "meta-externalagent/1.1 (+https://developers.facebook.com/docs/sharing/webmasters/crawler)"
57.141.2.24 - - [11/Jul/2025:19:55:55 +0700] "GET /musical-instruments/accessories/T5302081646 HTTP/2" 200 0 "-" "meta-externalagent/1.1 (+https://developers.facebook.com/docs/sharing/webmasters/crawler)"
66.249.71.197 - - [11/Jul/2025:19:55:52 +0700] "GET /tablets/mobile-phone/E5303487006 HTTP/1.1" 200 20129 "-" "Mozilla/5.0 (Linux; Android 6.0.1; Nexus 5X Build/MMB29P) AppleWebKit/537.36 (KHTML, like Gecko) Chrome/137.0.7151.103 Mobile Safari/537.36 (compatible; Googlebot/2.1; +http://www.google.com/bot.html)"
57.141.2.29 - - [11/Jul/2025:19:55:54 +0700] "GET /sports/american-football/T5371033634 HTTP/2" 200 0 "-" "meta-externalagent/1.1 (+https://developers.facebook.com/docs/sharing/webmasters/crawler)"
57.141.2.30 - - [11/Jul/2025:19:55:54 +0700] "GET /db.php/shopdetail/handmade-fashion/F534855214 HTTP/2" 200 39 "-" "meta-externalagent/1.1 (+https://developers.facebook.com/docs/sharing/webmasters/crawler)"
66.249.70.166 - - [11/Jul/2025:19:55:54 +0700] "GET /toys/toys/I5371962715 HTTP/1.1" 200 21281 "-" "Mozilla/5.0 (Linux; Android 6.0.1; Nexus 5X Build/MMB29P) AppleWebKit/537.36 (KHTML, like Gecko) Chrome/137.0.7151.103 Mobile Safari/537.36 (compatible; Googlebot/2.1; +http://www.google.com/bot.html)"
57.141.2.13 - - [11/Jul/2025:19:56:01 +0700] "GET /db.php/shopdetail/fashion-accessories/R5304234834 HTTP/2" 200 39 "-" "meta-externalagent/1.1 (+https://developers.facebook.com/docs/sharing/webmasters/crawler)"
57.141.2.2 - - [11/Jul/2025:19:56:02 +0700] "GET /fashion/womens/U5301210913 HTTP/2" 200 0 "-" "meta-externalagent/1.1 (+https://developers.facebook.com/docs/sharing/webmasters/crawler)"
57.141.2.23 - - [11/Jul/2025:19:56:04 +0700] "GET /tablets/mobile-phone/P5291735521 HTTP/2" 200 0 "-" "meta-externalagent/1.1 (+https://developers.facebook.com/docs/sharing/webmasters/crawler)"
57.141.2.14 - - [11/Jul/2025:19:56:07 +0700] "GET /cameras/cameras/Z5313614936 HTTP/2" 200 0 "-" "meta-externalagent/1.1 (+https://developers.facebook.com/docs/sharing/webmasters/crawler)"
66.249.70.165 - - [11/Jul/2025:19:56:09 +0700] "GET /hobbies/guitars/C5322001349 HTTP/1.1" 200 20525 "-" "Mozilla/5.0 (Linux; Android 6.0.1; Nexus 5X Build/MMB29P) AppleWebKit/537.36 (KHTML, like Gecko) Chrome/137.0.7151.103 Mobile Safari/537.36 (compatible; Googlebot/2.1; +http://www.google.com/bot.html)"
57.141.2.28 - - [11/Jul/2025:19:56:12 +0700] "GET /db.php/shopdetail/fashion-womens/E532968972 HTTP/2" 200 39 "-" "meta-externalagent/1.1 (+https://developers.facebook.com/docs/sharing/webmasters/crawler)"
57.141.2.27 - - [11/Jul/2025:19:56:15 +0700] "GET /tablets/notebook/O5371452965 HTTP/2" 200 0 "-" "meta-externalagent/1.1 (+https://developers.facebook.com/docs/sharing/webmasters/crawler)"
57.141.2.23 - - [11/Jul/2025:19:56:16 +0700] "GET /db.php/shopdetail/books-young-adult-manga/R5311089927 HTTP/2" 200 39 "-" "meta-externalagent/1.1 (+https://developers.facebook.com/docs/sharing/webmasters/crawler)"
57.141.2.23 - - [11/Jul/2025:19:56:17 +0700] "GET /audio/cameras/S5292763170 HTTP/2" 200 0 "-" "meta-externalagent/1.1 (+https://developers.facebook.com/docs/sharing/webmasters/crawler)"
57.141.2.4 - - [11/Jul/2025:19:56:19 +0700] "GET /outdoor/outdoor-bedding/A5313557024 HTTP/2" 200 0 "-" "meta-externalagent/1.1 (+https://developers.facebook.com/docs/sharing/webmasters/crawler)"
57.141.2.30 - - [11/Jul/2025:19:56:20 +0700] "GET /computers/smartphones/Y535351118 HTTP/2" 200 0 "-" "meta-externalagent/1.1 (+https://developers.facebook.com/docs/sharing/webmasters/crawler)"
57.141.2.27 - - [11/Jul/2025:19:56:21 +0700] "GET /fashion/hair-accessories/T530868252 HTTP/2" 200 0 "-" "meta-externalagent/1.1 (+https://developers.facebook.com/docs/sharing/webmasters/crawler)"
66.249.70.165 - - [11/Jul/2025:19:56:20 +0700] "GET /blu-ray/dvd/U5291791881 HTTP/1.1" 200 20950 "-" "Mozilla/5.0 (Linux; Android 6.0.1; Nexus 5X Build/MMB29P) AppleWebKit/537.36 (KHTML, like Gecko) Chrome/137.0.7151.103 Mobile Safari/537.36 (compatible; Googlebot/2.1; +http://www.google.com/bot.html)"
57.141.2.29 - - [11/Jul/2025:19:56:23 +0700] "GET /db.php/shopdetail/tickets-fireworks/R5372075522 HTTP/2" 200 39 "-" "meta-externalagent/1.1 (+https://developers.facebook.com/docs/sharing/webmasters/crawler)"
57.141.2.20 - - [11/Jul/2025:19:55:54 +0700] "GET /tickets/fitness-clubs/Z5332133664 HTTP/2" 200 0 "-" "meta-externalagent/1.1 (+https://developers.facebook.com/docs/sharing/webmasters/crawler)"
57.141.2.18 - - [11/Jul/2025:19:55:55 +0700] "GET /db.php/shopdetail/daily-necessities-bulk-sales/D530553001 HTTP/2" 200 39 "-" "meta-externalagent/1.1 (+https://developers.facebook.com/docs/sharing/webmasters/crawler)"
57.141.2.26 - - [11/Jul/2025:19:55:56 +0700] "GET /tickets/shareholder-benefits/E5291376641 HTTP/2" 200 0 "-" "meta-externalagent/1.1 (+https://developers.facebook.com/docs/sharing/webmasters/crawler)"
57.141.2.7 - - [11/Jul/2025:19:55:59 +0700] "GET /db.php/shopdetail/outdoor-rods/G5381248533 HTTP/2" 200 39 "-" "meta-externalagent/1.1 (+https://developers.facebook.com/docs/sharing/webmasters/crawler)"
