66.249.79.72 - - [22/Jul/2025:18:24:58 +0700] "GET /recollection.php?shopdetail/345235012 HTTP/1.1" 200 19300 "-" "Mozilla/5.0 (Linux; Android 6.0.1; Nexus 5X Build/MMB29P) AppleWebKit/537.36 (KHTML, like Gecko) Chrome/137.0.7151.103 Mobile Safari/537.36 (compatible; Googlebot/2.1; +http://www.google.com/bot.html)"
66.249.79.72 - - [22/Jul/2025:18:25:00 +0700] "GET /app2025-04-14/t%E1%BA%A3i-stick-war-legacy-2.html HTTP/1.1" 200 19854 "-" "Mozilla/5.0 (Linux; Android 6.0.1; Nexus 5X Build/MMB29P) AppleWebKit/537.36 (KHTML, like Gecko) Chrome/137.0.7151.103 Mobile Safari/537.36 (compatible; Googlebot/2.1; +http://www.google.com/bot.html)"
66.249.79.71 - - [22/Jul/2025:18:25:11 +0700] "GET /recollection.php?shopdetail/214026412 HTTP/1.1" 200 20708 "-" "Mozilla/5.0 (Linux; Android 6.0.1; Nexus 5X Build/MMB29P) AppleWebKit/537.36 (KHTML, like Gecko) Chrome/137.0.7151.103 Mobile Safari/537.36 (compatible; Googlebot/2.1; +http://www.google.com/bot.html)"
66.249.79.71 - - [22/Jul/2025:18:25:12 +0700] "POST /get-message-notify HTTP/1.1" 200 19363 "https://bodieukhiencuacuon.vn/game2025-04-14/w88-tips.html" "Mozilla/5.0 (Linux; Android 6.0.1; Nexus 5X Build/MMB29P) AppleWebKit/537.36 (KHTML, like Gecko) Chrome/137.0.7151.119 Mobile Safari/537.36 (compatible; Googlebot/2.1; +http://www.google.com/bot.html)"
66.249.79.71 - - [22/Jul/2025:18:25:16 +0700] "GET /product/edit/28709916 HTTP/1.1" 200 19928 "-" "Mozilla/5.0 (Linux; Android 6.0.1; Nexus 5X Build/MMB29P) AppleWebKit/537.36 (KHTML, like Gecko) Chrome/137.0.7151.103 Mobile Safari/537.36 (compatible; Googlebot/2.1; +http://www.google.com/bot.html)"
66.249.79.71 - - [22/Jul/2025:18:24:38 +0700] "GET /?ID=X%2Fd%C6%B0%C6%A1ng-v%E1%BA%ADt-gi%E1%BA%A3-%C4%91eo.shtml HTTP/1.1" 200 20594 "-" "Mozilla/5.0 (Linux; Android 6.0.1; Nexus 5X Build/MMB29P) AppleWebKit/537.36 (KHTML, like Gecko) Chrome/137.0.7151.103 Mobile Safari/537.36 (compatible; Googlebot/2.1; +http://www.google.com/bot.html)"
66.249.79.71 - - [22/Jul/2025:18:24:39 +0700] "POST /get-message-notify HTTP/1.1" 200 19363 "https://bodieukhiencuacuon.vn/mobile20250413/n%E1%BA%B1m-m%C6%A1-nh%C6%B0ng-kh%C3%B4ng-nh%E1%BB%9B-%C4%91%C3%A1nh-con-g%C3%AC.html" "Mozilla/5.0 (Linux; Android 6.0.1; Nexus 5X Build/MMB29P) AppleWebKit/537.36 (KHTML, like Gecko) Chrome/137.0.7151.119 Mobile Safari/537.36 (compatible; Googlebot/2.1; +http://www.google.com/bot.html)"
66.249.79.71 - - [22/Jul/2025:18:24:45 +0700] "POST /get-message-notify HTTP/1.1" 200 19363 "https://bodieukhiencuacuon.vn/app20250323/d%E1%BB%B1-%C4%91o%C3%A1n-x%E1%BB%95-s%E1%BB%91-kon-tum-ng%C3%A0y-h%C3%B4m-nay.html" "Mozilla/5.0 (Linux; Android 6.0.1; Nexus 5X Build/MMB29P) AppleWebKit/537.36 (KHTML, like Gecko) Chrome/137.0.7151.119 Mobile Safari/537.36 (compatible; Googlebot/2.1; +http://www.google.com/bot.html)"
66.249.79.71 - - [22/Jul/2025:18:24:47 +0700] "GET /shopdetail/46005512 HTTP/1.1" 200 20383 "-" "Mozilla/5.0 (Linux; Android 6.0.1; Nexus 5X Build/MMB29P) AppleWebKit/537.36 (KHTML, like Gecko) Chrome/137.0.7151.103 Mobile Safari/537.36 (compatible; Googlebot/2.1; +http://www.google.com/bot.html)"
66.249.79.72 - - [22/Jul/2025:18:25:31 +0700] "GET /shopdetail/250304212 HTTP/1.1" 200 20153 "-" "Mozilla/5.0 (Linux; Android 6.0.1; Nexus 5X Build/MMB29P) AppleWebKit/537.36 (KHTML, like Gecko) Chrome/137.0.7151.103 Mobile Safari/537.36 (compatible; Googlebot/2.1; +http://www.google.com/bot.html)"
66.249.79.72 - - [22/Jul/2025:18:25:32 +0700] "GET /game20250414/w88-vip-gold.html HTTP/1.1" 200 20297 "-" "Mozilla/5.0 (Linux; Android 6.0.1; Nexus 5X Build/MMB29P) AppleWebKit/537.36 (KHTML, like Gecko) Chrome/137.0.7151.103 Mobile Safari/537.36 (compatible; Googlebot/2.1; +http://www.google.com/bot.html)"
66.249.79.71 - - [22/Jul/2025:18:25:35 +0700] "POST /get-message-notify HTTP/1.1" 200 19363 "https://bodieukhiencuacuon.vn/shopdetail/55578312" "Mozilla/5.0 (Linux; Android 6.0.1; Nexus 5X Build/MMB29P) AppleWebKit/537.36 (KHTML, like Gecko) Chrome/137.0.7151.119 Mobile Safari/537.36 (compatible; Googlebot/2.1; +http://www.google.com/bot.html)"
66.249.79.72 - - [22/Jul/2025:18:25:40 +0700] "GET /shopdetail/130129612 HTTP/1.1" 200 20073 "-" "Mozilla/5.0 (Linux; Android 6.0.1; Nexus 5X Build/MMB29P) AppleWebKit/537.36 (KHTML, like Gecko) Chrome/137.0.7151.103 Mobile Safari/537.36 (compatible; Googlebot/2.1; +http://www.google.com/bot.html)"
66.249.79.72 - - [22/Jul/2025:18:25:41 +0700] "GET /shopdetail/121104612 HTTP/1.1" 200 20070 "-" "Mozilla/5.0 (Linux; Android 6.0.1; Nexus 5X Build/MMB29P) AppleWebKit/537.36 (KHTML, like Gecko) Chrome/137.0.7151.103 Mobile Safari/537.36 (compatible; Googlebot/2.1; +http://www.google.com/bot.html)"
66.249.79.72 - - [22/Jul/2025:18:25:42 +0700] "GET /product/edit/31159902 HTTP/1.1" 200 20786 "-" "Mozilla/5.0 (Linux; Android 6.0.1; Nexus 5X Build/MMB29P) AppleWebKit/537.36 (KHTML, like Gecko) Chrome/137.0.7151.103 Mobile Safari/537.36 (compatible; Googlebot/2.1; +http://www.google.com/bot.html)"
52.167.144.191 - - [22/Jul/2025:18:25:43 +0700] "GET /news/5091274/ HTTP/2" 200 19794 "-" "Mozilla/5.0 AppleWebKit/537.36 (KHTML, like Gecko; compatible; bingbot/2.0; +http://www.bing.com/bingbot.htm) Chrome/116.0.1938.76 Safari/537.36"
66.249.79.73 - - [22/Jul/2025:18:25:49 +0700] "POST /get-message-notify HTTP/1.1" 200 19363 "https://bodieukhiencuacuon.vn/product/edit/31159902" "Mozilla/5.0 (Linux; Android 6.0.1; Nexus 5X Build/MMB29P) AppleWebKit/537.36 (KHTML, like Gecko) Chrome/137.0.7151.119 Mobile Safari/537.36 (compatible; Googlebot/2.1; +http://www.google.com/bot.html)"
66.249.79.71 - - [22/Jul/2025:18:25:05 +0700] "POST /get-message-notify HTTP/1.1" 200 19363 "https://bodieukhiencuacuon.vn/?ID=bQ3%2Fd%C3%B2-v%C3%A9-s%E1%BB%91-ng%C3%A0y.shtml" "Mozilla/5.0 (Linux; Android 6.0.1; Nexus 5X Build/MMB29P) AppleWebKit/537.36 (KHTML, like Gecko) Chrome/137.0.7151.119 Mobile Safari/537.36 (compatible; Googlebot/2.1; +http://www.google.com/bot.html)"
66.249.79.71 - - [22/Jul/2025:18:25:09 +0700] "GET /shopdetail/113503312 HTTP/1.1" 200 20450 "-" "Mozilla/5.0 (Linux; Android 6.0.1; Nexus 5X Build/MMB29P) AppleWebKit/537.36 (KHTML, like Gecko) Chrome/137.0.7151.103 Mobile Safari/537.36 (compatible; Googlebot/2.1; +http://www.google.com/bot.html)"
66.249.79.71 - - [22/Jul/2025:18:25:10 +0700] "POST /get-message-notify HTTP/1.1" 200 19363 "https://bodieukhiencuacuon.vn/news2025-04-02/download-888b.html" "Mozilla/5.0 (Linux; Android 6.0.1; Nexus 5X Build/MMB29P) AppleWebKit/537.36 (KHTML, like Gecko) Chrome/137.0.7151.119 Mobile Safari/537.36 (compatible; Googlebot/2.1; +http://www.google.com/bot.html)"
66.249.79.71 - - [22/Jul/2025:18:25:11 +0700] "GET /order2025-04-14/game-iwin-club-ne.html HTTP/1.1" 200 19615 "-" "Mozilla/5.0 (Linux; Android 6.0.1; Nexus 5X Build/MMB29P) AppleWebKit/537.36 (KHTML, like Gecko) Chrome/137.0.7151.103 Mobile Safari/537.36 (compatible; Googlebot/2.1; +http://www.google.com/bot.html)"
66.249.79.71 - - [22/Jul/2025:18:25:21 +0700] "POST /get-message-notify HTTP/1.1" 200 19363 "https://bodieukhiencuacuon.vn/recollection.php?shopdetail/214026412" "Mozilla/5.0 (Linux; Android 6.0.1; Nexus 5X Build/MMB29P) AppleWebKit/537.36 (KHTML, like Gecko) Chrome/137.0.7151.119 Mobile Safari/537.36 (compatible; Googlebot/2.1; +http://www.google.com/bot.html)"
66.249.79.71 - - [22/Jul/2025:18:25:22 +0700] "GET /recollection.php?shopdetail/268673512 HTTP/1.1" 200 20048 "-" "Mozilla/5.0 (Linux; Android 6.0.1; Nexus 5X Build/MMB29P) AppleWebKit/537.36 (KHTML, like Gecko) Chrome/137.0.7151.103 Mobile Safari/537.36 (compatible; Googlebot/2.1; +http://www.google.com/bot.html)"
66.249.79.71 - - [22/Jul/2025:18:25:23 +0700] "GET /shopdetail/55578312 HTTP/1.1" 200 21783 "-" "Mozilla/5.0 (Linux; Android 6.0.1; Nexus 5X Build/MMB29P) AppleWebKit/537.36 (KHTML, like Gecko) Chrome/137.0.7151.103 Mobile Safari/537.36 (compatible; Googlebot/2.1; +http://www.google.com/bot.html)"
66.249.79.71 - - [22/Jul/2025:18:25:24 +0700] "GET /shopdetail/28884312 HTTP/1.1" 200 19316 "-" "Mozilla/5.0 (Linux; Android 6.0.1; Nexus 5X Build/MMB29P) AppleWebKit/537.36 (KHTML, like Gecko) Chrome/137.0.7151.103 Mobile Safari/537.36 (compatible; Googlebot/2.1; +http://www.google.com/bot.html)"
66.249.79.71 - - [22/Jul/2025:18:25:34 +0700] "GET /shopdetail/182362212 HTTP/1.1" 200 19782 "-" "Mozilla/5.0 (Linux; Android 6.0.1; Nexus 5X Build/MMB29P) AppleWebKit/537.36 (KHTML, like Gecko) Chrome/137.0.7151.103 Mobile Safari/537.36 (compatible; Googlebot/2.1; +http://www.google.com/bot.html)"
66.249.79.72 - - [22/Jul/2025:18:25:43 +0700] "GET /news2025-04-15/k%C3%A8o-ch%C3%A2u-%C3%A1-w88.html HTTP/1.1" 200 19542 "-" "Mozilla/5.0 (Linux; Android 6.0.1; Nexus 5X Build/MMB29P) AppleWebKit/537.36 (KHTML, like Gecko) Chrome/137.0.7151.103 Mobile Safari/537.36 (compatible; Googlebot/2.1; +http://www.google.com/bot.html)"
66.249.79.72 - - [22/Jul/2025:18:25:44 +0700] "GET /shopdetail/189517012 HTTP/1.1" 200 21548 "-" "Mozilla/5.0 (Linux; Android 6.0.1; Nexus 5X Build/MMB29P) AppleWebKit/537.36 (KHTML, like Gecko) Chrome/137.0.7151.103 Mobile Safari/537.36 (compatible; Googlebot/2.1; +http://www.google.com/bot.html)"
66.249.79.72 - - [22/Jul/2025:18:25:57 +0700] "GET /MMINT-PE-Universel-Z-line-changeur-Thermique-Interm-diaire/68680 HTTP/1.1" 200 20524 "-" "Mozilla/5.0 (Linux; Android 6.0.1; Nexus 5X Build/MMB29P) AppleWebKit/537.36 (KHTML, like Gecko) Chrome/137.0.7151.103 Mobile Safari/537.36 (compatible; Googlebot/2.1; +http://www.google.com/bot.html)"
66.249.79.71 - - [22/Jul/2025:18:25:20 +0700] "GET /app20250403/ww88-ww88-hi88.html HTTP/1.1" 200 19891 "-" "Mozilla/5.0 (Linux; Android 6.0.1; Nexus 5X Build/MMB29P) AppleWebKit/537.36 (KHTML, like Gecko) Chrome/137.0.7151.103 Mobile Safari/537.36 (compatible; Googlebot/2.1; +http://www.google.com/bot.html)"
66.249.79.71 - - [22/Jul/2025:18:25:22 +0700] "GET /?ID=Rb1I%2Fch%C6%A1i-game-b%E1%BA%AFn-s%C3%BAng.shtml HTTP/1.1" 200 20705 "-" "Mozilla/5.0 (Linux; Android 6.0.1; Nexus 5X Build/MMB29P) AppleWebKit/537.36 (KHTML, like Gecko) Chrome/137.0.7151.103 Mobile Safari/537.36 (compatible; Googlebot/2.1; +http://www.google.com/bot.html)"
66.249.79.71 - - [22/Jul/2025:18:25:23 +0700] "GET /?ID=lY%2Fvesovn-game.shtml HTTP/1.1" 200 20930 "-" "Mozilla/5.0 (Linux; Android 6.0.1; Nexus 5X Build/MMB29P) AppleWebKit/537.36 (KHTML, like Gecko) Chrome/137.0.7151.103 Mobile Safari/537.36 (compatible; Googlebot/2.1; +http://www.google.com/bot.html)"
66.249.79.71 - - [22/Jul/2025:18:25:23 +0700] "GET /?ID=DUJm3%2Fwin55-group.shtml HTTP/1.1" 200 20739 "-" "Mozilla/5.0 (Linux; Android 6.0.1; Nexus 5X Build/MMB29P) AppleWebKit/537.36 (KHTML, like Gecko) Chrome/137.0.7151.103 Mobile Safari/537.36 (compatible; Googlebot/2.1; +http://www.google.com/bot.html)"
66.249.79.71 - - [22/Jul/2025:18:25:44 +0700] "POST /get-message-notify HTTP/1.1" 200 19363 "https://bodieukhiencuacuon.vn/?ID=DUJm3%2Fwin55-group.shtml" "Mozilla/5.0 (Linux; Android 6.0.1; Nexus 5X Build/MMB29P) AppleWebKit/537.36 (KHTML, like Gecko) Chrome/137.0.7151.119 Mobile Safari/537.36 (compatible; Googlebot/2.1; +http://www.google.com/bot.html)"
66.249.79.71 - - [22/Jul/2025:18:25:44 +0700] "GET /shopdetail/75486912 HTTP/1.1" 200 19700 "-" "Mozilla/5.0 (Linux; Android 6.0.1; Nexus 5X Build/MMB29P) AppleWebKit/537.36 (KHTML, like Gecko) Chrome/137.0.7151.103 Mobile Safari/537.36 (compatible; Googlebot/2.1; +http://www.google.com/bot.html)"
66.249.79.71 - - [22/Jul/2025:18:25:46 +0700] "POST /get-message-notify HTTP/1.1" 200 19363 "https://bodieukhiencuacuon.vn/shopdetail/130129612" "Mozilla/5.0 (Linux; Android 6.0.1; Nexus 5X Build/MMB29P) AppleWebKit/537.36 (KHTML, like Gecko) Chrome/137.0.7151.119 Mobile Safari/537.36 (compatible; Googlebot/2.1; +http://www.google.com/bot.html)"
66.249.79.71 - - [22/Jul/2025:18:25:47 +0700] "GET /recollection.php?shopdetail/371017912 HTTP/1.1" 200 20771 "-" "Mozilla/5.0 (Linux; Android 6.0.1; Nexus 5X Build/MMB29P) AppleWebKit/537.36 (KHTML, like Gecko) Chrome/137.0.7151.103 Mobile Safari/537.36 (compatible; Googlebot/2.1; +http://www.google.com/bot.html)"
66.249.79.71 - - [22/Jul/2025:18:25:51 +0700] "GET /shopdetail/92100412 HTTP/1.1" 200 20439 "-" "Mozilla/5.0 (Linux; Android 6.0.1; Nexus 5X Build/MMB29P) AppleWebKit/537.36 (KHTML, like Gecko) Chrome/137.0.7151.103 Mobile Safari/537.36 (compatible; Googlebot/2.1; +http://www.google.com/bot.html)"
66.249.79.71 - - [22/Jul/2025:18:25:55 +0700] "GET /shopdetail/97641012 HTTP/1.1" 200 19108 "-" "Mozilla/5.0 (Linux; Android 6.0.1; Nexus 5X Build/MMB29P) AppleWebKit/537.36 (KHTML, like Gecko) Chrome/137.0.7151.103 Mobile Safari/537.36 (compatible; Googlebot/2.1; +http://www.google.com/bot.html)"
66.249.79.72 - - [22/Jul/2025:18:26:05 +0700] "GET /news2025-04-03/giochi-slot.html HTTP/1.1" 200 20101 "-" "Mozilla/5.0 (Linux; Android 6.0.1; Nexus 5X Build/MMB29P) AppleWebKit/537.36 (KHTML, like Gecko) Chrome/137.0.7151.103 Mobile Safari/537.36 (compatible; Googlebot/2.1; +http://www.google.com/bot.html)"
66.249.79.72 - - [22/Jul/2025:18:26:09 +0700] "POST /get-message-notify HTTP/1.1" 200 19363 "https://bodieukhiencuacuon.vn/order2025-04-14/game-iwin-club-ne.html" "Mozilla/5.0 (Linux; Android 6.0.1; Nexus 5X Build/MMB29P) AppleWebKit/537.36 (KHTML, like Gecko) Chrome/137.0.7151.119 Mobile Safari/537.36 (compatible; Googlebot/2.1; +http://www.google.com/bot.html)"
66.249.79.72 - - [22/Jul/2025:18:26:10 +0700] "POST /get-message-notify HTTP/1.1" 200 19363 "https://bodieukhiencuacuon.vn/shopdetail/93870012" "Mozilla/5.0 (Linux; Android 6.0.1; Nexus 5X Build/MMB29P) AppleWebKit/537.36 (KHTML, like Gecko) Chrome/137.0.7151.119 Mobile Safari/537.36 (compatible; Googlebot/2.1; +http://www.google.com/bot.html)"
66.249.79.71 - - [22/Jul/2025:18:26:14 +0700] "GET /shopdetail/6616112 HTTP/1.1" 200 20490 "-" "Mozilla/5.0 (Linux; Android 6.0.1; Nexus 5X Build/MMB29P) AppleWebKit/537.36 (KHTML, like Gecko) Chrome/137.0.7151.103 Mobile Safari/537.36 (compatible; Googlebot/2.1; +http://www.google.com/bot.html)"
66.249.79.71 - - [22/Jul/2025:18:26:15 +0700] "GET /?ID=m%2Fth%E1%BB%83-thao-superwin68.shtml HTTP/1.1" 200 19936 "-" "Mozilla/5.0 (Linux; Android 6.0.1; Nexus 5X Build/MMB29P) AppleWebKit/537.36 (KHTML, like Gecko) Chrome/137.0.7151.103 Mobile Safari/537.36 (compatible; Googlebot/2.1; +http://www.google.com/bot.html)"
66.249.79.71 - - [22/Jul/2025:18:26:15 +0700] "GET /shopdetail/137056312 HTTP/1.1" 200 19707 "-" "Mozilla/5.0 (Linux; Android 6.0.1; Nexus 5X Build/MMB29P) AppleWebKit/537.36 (KHTML, like Gecko) Chrome/137.0.7151.103 Mobile Safari/537.36 (compatible; Googlebot/2.1; +http://www.google.com/bot.html)"
66.249.79.71 - - [22/Jul/2025:18:26:19 +0700] "GET /?new789-games-r%C3%BAt-ti%E1%BB%81n_shtml HTTP/1.1" 200 20340 "-" "Mozilla/5.0 (Linux; Android 6.0.1; Nexus 5X Build/MMB29P) AppleWebKit/537.36 (KHTML, like Gecko) Chrome/137.0.7151.103 Mobile Safari/537.36 (compatible; Googlebot/2.1; +http://www.google.com/bot.html)"
66.249.79.71 - - [22/Jul/2025:18:26:21 +0700] "POST /get-message-notify HTTP/1.1" 200 19363 "https://bodieukhiencuacuon.vn/?ID=m%2Fth%E1%BB%83-thao-superwin68.shtml" "Mozilla/5.0 (Linux; Android 6.0.1; Nexus 5X Build/MMB29P) AppleWebKit/537.36 (KHTML, like Gecko) Chrome/137.0.7151.119 Mobile Safari/537.36 (compatible; Googlebot/2.1; +http://www.google.com/bot.html)"
66.249.79.71 - - [22/Jul/2025:18:26:22 +0700] "GET /shopdetail/136581012 HTTP/1.1" 200 20283 "-" "Mozilla/5.0 (Linux; Android 6.0.1; Nexus 5X Build/MMB29P) AppleWebKit/537.36 (KHTML, like Gecko) Chrome/137.0.7151.103 Mobile Safari/537.36 (compatible; Googlebot/2.1; +http://www.google.com/bot.html)"
66.249.79.71 - - [22/Jul/2025:18:26:24 +0700] "GET /shopdetail/4286712 HTTP/1.1" 200 20494 "-" "Mozilla/5.0 (Linux; Android 6.0.1; Nexus 5X Build/MMB29P) AppleWebKit/537.36 (KHTML, like Gecko) Chrome/137.0.7151.103 Mobile Safari/537.36 (compatible; Googlebot/2.1; +http://www.google.com/bot.html)"
66.249.79.72 - - [22/Jul/2025:18:26:30 +0700] "GET /shopdetail/30072412 HTTP/1.1" 200 20202 "-" "Mozilla/5.0 (Linux; Android 6.0.1; Nexus 5X Build/MMB29P) AppleWebKit/537.36 (KHTML, like Gecko) Chrome/137.0.7151.103 Mobile Safari/537.36 (compatible; Googlebot/2.1; +http://www.google.com/bot.html)"
66.249.79.71 - - [22/Jul/2025:18:26:32 +0700] "GET /shopdetail/12044812 HTTP/1.1" 200 20204 "-" "Mozilla/5.0 (Linux; Android 6.0.1; Nexus 5X Build/MMB29P) AppleWebKit/537.36 (KHTML, like Gecko) Chrome/137.0.7151.103 Mobile Safari/537.36 (compatible; Googlebot/2.1; +http://www.google.com/bot.html)"
66.249.79.71 - - [22/Jul/2025:18:26:33 +0700] "GET /?ID=Paff%2Fx%C3%B3c-%C4%91%C4%A9a-bongvip.shtml HTTP/1.1" 200 20991 "-" "Mozilla/5.0 (Linux; Android 6.0.1; Nexus 5X Build/MMB29P) AppleWebKit/537.36 (KHTML, like Gecko) Chrome/137.0.7151.103 Mobile Safari/537.36 (compatible; Googlebot/2.1; +http://www.google.com/bot.html)"
66.249.79.71 - - [22/Jul/2025:18:26:40 +0700] "GET /shopdetail/35760312 HTTP/1.1" 200 20624 "-" "Mozilla/5.0 (Linux; Android 6.0.1; Nexus 5X Build/MMB29P) AppleWebKit/537.36 (KHTML, like Gecko) Chrome/137.0.7151.103 Mobile Safari/537.36 (compatible; Googlebot/2.1; +http://www.google.com/bot.html)"
66.249.79.72 - - [22/Jul/2025:18:26:45 +0700] "GET /order/soi-keo-m88.html HTTP/1.1" 200 21248 "-" "Mozilla/5.0 (Linux; Android 6.0.1; Nexus 5X Build/MMB29P) AppleWebKit/537.36 (KHTML, like Gecko) Chrome/137.0.7151.103 Mobile Safari/537.36 (compatible; Googlebot/2.1; +http://www.google.com/bot.html)"
66.249.79.73 - - [22/Jul/2025:18:25:51 +0700] "GET /mobile/for88-S%E1%BB%A9c-m%E1%BA%A1nh.html HTTP/1.1" 200 19279 "-" "Mozilla/5.0 (Linux; Android 6.0.1; Nexus 5X Build/MMB29P) AppleWebKit/537.36 (KHTML, like Gecko) Chrome/137.0.7151.103 Mobile Safari/537.36 (compatible; Googlebot/2.1; +http://www.google.com/bot.html)"
66.249.79.73 - - [22/Jul/2025:18:25:52 +0700] "GET /mobile20250414/188bet-c%C3%A1-c%C6%B0%E1%BB%A3c-th%E1%BB%83-thao.html HTTP/1.1" 200 19884 "-" "Mozilla/5.0 (Linux; Android 6.0.1; Nexus 5X Build/MMB29P) AppleWebKit/537.36 (KHTML, like Gecko) Chrome/137.0.7151.103 Mobile Safari/537.36 (compatible; Googlebot/2.1; +http://www.google.com/bot.html)"
66.249.79.72 - - [22/Jul/2025:18:26:37 +0700] "POST /get-message-notify HTTP/1.1" 200 19363 "https://bodieukhiencuacuon.vn/shopdetail/4286712" "Mozilla/5.0 (Linux; Android 6.0.1; Nexus 5X Build/MMB29P) AppleWebKit/537.36 (KHTML, like Gecko) Chrome/137.0.7151.119 Mobile Safari/537.36 (compatible; Googlebot/2.1; +http://www.google.com/bot.html)"
66.249.79.72 - - [22/Jul/2025:18:26:40 +0700] "GET /product/edit/31722132 HTTP/1.1" 200 20136 "-" "Mozilla/5.0 (Linux; Android 6.0.1; Nexus 5X Build/MMB29P) AppleWebKit/537.36 (KHTML, like Gecko) Chrome/137.0.7151.103 Mobile Safari/537.36 (compatible; Googlebot/2.1; +http://www.google.com/bot.html)"
66.249.79.72 - - [22/Jul/2025:18:26:42 +0700] "GET /shopdetail/16502312 HTTP/1.1" 200 19772 "-" "Mozilla/5.0 (Linux; Android 6.0.1; Nexus 5X Build/MMB29P) AppleWebKit/537.36 (KHTML, like Gecko) Chrome/137.0.7151.103 Mobile Safari/537.36 (compatible; Googlebot/2.1; +http://www.google.com/bot.html)"
66.249.79.72 - - [22/Jul/2025:18:26:43 +0700] "GET /?ID=W095%2Fbsport-bet-%C4%91%C3%A1nh-gi%C3%A1.shtml HTTP/1.1" 200 20449 "-" "Mozilla/5.0 (Linux; Android 6.0.1; Nexus 5X Build/MMB29P) AppleWebKit/537.36 (KHTML, like Gecko) Chrome/137.0.7151.103 Mobile Safari/537.36 (compatible; Googlebot/2.1; +http://www.google.com/bot.html)"
66.249.79.72 - - [22/Jul/2025:18:26:44 +0700] "GET /shopdetail/76624012 HTTP/1.1" 200 19069 "-" "Mozilla/5.0 (Linux; Android 6.0.1; Nexus 5X Build/MMB29P) AppleWebKit/537.36 (KHTML, like Gecko) Chrome/137.0.7151.103 Mobile Safari/537.36 (compatible; Googlebot/2.1; +http://www.google.com/bot.html)"
66.249.79.72 - - [22/Jul/2025:18:26:44 +0700] "GET /mobile/w88-club-login.html HTTP/1.1" 200 20143 "-" "Mozilla/5.0 (Linux; Android 6.0.1; Nexus 5X Build/MMB29P) AppleWebKit/537.36 (KHTML, like Gecko) Chrome/137.0.7151.103 Mobile Safari/537.36 (compatible; Googlebot/2.1; +http://www.google.com/bot.html)"
52.167.144.191 - - [22/Jul/2025:18:26:44 +0700] "GET /game/4251039/ HTTP/2" 200 20735 "-" "Mozilla/5.0 AppleWebKit/537.36 (KHTML, like Gecko; compatible; bingbot/2.0; +http://www.bing.com/bingbot.htm) Chrome/116.0.1938.76 Safari/537.36"
66.249.79.72 - - [22/Jul/2025:18:26:45 +0700] "POST /get-message-notify HTTP/1.1" 200 19363 "https://bodieukhiencuacuon.vn/news2025-04-06/link-v%C3%A0o-fun88-hay.html" "Mozilla/5.0 (Linux; Android 6.0.1; Nexus 5X Build/MMB29P) AppleWebKit/537.36 (KHTML, like Gecko) Chrome/137.0.7151.119 Mobile Safari/537.36 (compatible; Googlebot/2.1; +http://www.google.com/bot.html)"
66.249.79.72 - - [22/Jul/2025:18:26:49 +0700] "GET /shopdetail/150876712 HTTP/1.1" 200 20664 "-" "Mozilla/5.0 (Linux; Android 6.0.1; Nexus 5X Build/MMB29P) AppleWebKit/537.36 (KHTML, like Gecko) Chrome/137.0.7151.103 Mobile Safari/537.36 (compatible; Googlebot/2.1; +http://www.google.com/bot.html)"
66.249.79.72 - - [22/Jul/2025:18:27:04 +0700] "POST /get-message-notify HTTP/1.1" 200 19363 "https://bodieukhiencuacuon.vn/shopdetail/150876712" "Mozilla/5.0 (Linux; Android 6.0.1; Nexus 5X Build/MMB29P) AppleWebKit/537.36 (KHTML, like Gecko) Chrome/137.0.7151.119 Mobile Safari/537.36 (compatible; Googlebot/2.1; +http://www.google.com/bot.html)"
66.249.79.71 - - [22/Jul/2025:18:26:02 +0700] "GET /shopdetail/93870012 HTTP/1.1" 200 20888 "-" "Mozilla/5.0 (Linux; Android 6.0.1; Nexus 5X Build/MMB29P) AppleWebKit/537.36 (KHTML, like Gecko) Chrome/137.0.7151.103 Mobile Safari/537.36 (compatible; Googlebot/2.1; +http://www.google.com/bot.html)"
66.249.79.72 - - [22/Jul/2025:18:26:02 +0700] "GET /shopdetail/130417412 HTTP/1.1" 200 20835 "-" "Mozilla/5.0 (Linux; Android 6.0.1; Nexus 5X Build/MMB29P) AppleWebKit/537.36 (KHTML, like Gecko) Chrome/137.0.7151.103 Mobile Safari/537.36 (compatible; Googlebot/2.1; +http://www.google.com/bot.html)"
40.77.167.48 - - [22/Jul/2025:18:26:03 +0700] "GET /?nh%E1%BA%A1c%20m%E1%BB%9Bi%20nh%E1%BA%A5t.aspx HTTP/2" 200 20497 "-" "Mozilla/5.0 AppleWebKit/537.36 (KHTML, like Gecko; compatible; bingbot/2.0; +http://www.bing.com/bingbot.htm) Chrome/116.0.1938.76 Safari/537.36"
66.249.79.72 - - [22/Jul/2025:18:26:05 +0700] "POST /get-message-notify HTTP/1.1" 200 19363 "https://bodieukhiencuacuon.vn/news2025-04-15/k%C3%A8o-ch%C3%A2u-%C3%A1-w88.html" "Mozilla/5.0 (Linux; Android 6.0.1; Nexus 5X Build/MMB29P) AppleWebKit/537.36 (KHTML, like Gecko) Chrome/137.0.7151.119 Mobile Safari/537.36 (compatible; Googlebot/2.1; +http://www.google.com/bot.html)"
66.249.79.71 - - [22/Jul/2025:18:26:21 +0700] "GET /shopdetail/179297412 HTTP/1.1" 200 20073 "-" "Mozilla/5.0 (Linux; Android 6.0.1; Nexus 5X Build/MMB29P) AppleWebKit/537.36 (KHTML, like Gecko) Chrome/137.0.7151.103 Mobile Safari/537.36 (compatible; Googlebot/2.1; +http://www.google.com/bot.html)"
66.249.79.71 - - [22/Jul/2025:18:26:39 +0700] "POST /get-message-notify HTTP/1.1" 200 19363 "https://bodieukhiencuacuon.vn/MMINT-PE-Universel-Z-line-changeur-Thermique-Interm-diaire/68680" "Mozilla/5.0 (Linux; Android 6.0.1; Nexus 5X Build/MMB29P) AppleWebKit/537.36 (KHTML, like Gecko) Chrome/137.0.7151.119 Mobile Safari/537.36 (compatible; Googlebot/2.1; +http://www.google.com/bot.html)"
66.249.79.71 - - [22/Jul/2025:18:26:40 +0700] "GET /shopdetail/129504312 HTTP/1.1" 200 20267 "-" "Mozilla/5.0 (Linux; Android 6.0.1; Nexus 5X Build/MMB29P) AppleWebKit/537.36 (KHTML, like Gecko) Chrome/137.0.7151.103 Mobile Safari/537.36 (compatible; Googlebot/2.1; +http://www.google.com/bot.html)"
66.249.79.72 - - [22/Jul/2025:18:26:51 +0700] "POST /get-message-notify HTTP/1.1" 200 19363 "https://bodieukhiencuacuon.vn/game20250414/w88-vip-gold.html" "Mozilla/5.0 (Linux; Android 6.0.1; Nexus 5X Build/MMB29P) AppleWebKit/537.36 (KHTML, like Gecko) Chrome/137.0.7151.119 Mobile Safari/537.36 (compatible; Googlebot/2.1; +http://www.google.com/bot.html)"
66.249.79.72 - - [22/Jul/2025:18:26:58 +0700] "POST /get-message-notify HTTP/1.1" 200 19363 "https://bodieukhiencuacuon.vn/shopdetail/16502312" "Mozilla/5.0 (Linux; Android 6.0.1; Nexus 5X Build/MMB29P) AppleWebKit/537.36 (KHTML, like Gecko) Chrome/137.0.7151.119 Mobile Safari/537.36 (compatible; Googlebot/2.1; +http://www.google.com/bot.html)"
66.249.79.73 - - [22/Jul/2025:18:26:59 +0700] "GET /shopdetail/91162012 HTTP/1.1" 200 21084 "-" "Mozilla/5.0 (Linux; Android 6.0.1; Nexus 5X Build/MMB29P) AppleWebKit/537.36 (KHTML, like Gecko) Chrome/137.0.7151.103 Mobile Safari/537.36 (compatible; Googlebot/2.1; +http://www.google.com/bot.html)"
66.249.79.71 - - [22/Jul/2025:18:27:17 +0700] "GET /shopdetail/139920912 HTTP/1.1" 200 21308 "-" "Mozilla/5.0 (Linux; Android 6.0.1; Nexus 5X Build/MMB29P) AppleWebKit/537.36 (KHTML, like Gecko) Chrome/137.0.7151.103 Mobile Safari/537.36 (compatible; Googlebot/2.1; +http://www.google.com/bot.html)"
66.249.79.71 - - [22/Jul/2025:18:27:21 +0700] "GET /?ID=5jhl%2Fsm66-bet.shtml HTTP/1.1" 200 19532 "-" "Mozilla/5.0 (Linux; Android 6.0.1; Nexus 5X Build/MMB29P) AppleWebKit/537.36 (KHTML, like Gecko) Chrome/137.0.7151.103 Mobile Safari/537.36 (compatible; Googlebot/2.1; +http://www.google.com/bot.html)"
40.77.167.48 - - [22/Jul/2025:18:27:24 +0700] "GET /game/2358190/ HTTP/2" 200 20525 "-" "Mozilla/5.0 AppleWebKit/537.36 (KHTML, like Gecko; compatible; bingbot/2.0; +http://www.bing.com/bingbot.htm) Chrome/116.0.1938.76 Safari/537.36"
66.249.79.72 - - [22/Jul/2025:18:27:06 +0700] "GET /game/m88-casino-l%E1%BB%ABa-%C4%91%E1%BA%A3o-kh%C3%A1ch-ch%C6%A1i-b%C3%A0i.html HTTP/1.1" 200 19934 "-" "Mozilla/5.0 (Linux; Android 6.0.1; Nexus 5X Build/MMB29P) AppleWebKit/537.36 (KHTML, like Gecko) Chrome/137.0.7151.103 Mobile Safari/537.36 (compatible; Googlebot/2.1; +http://www.google.com/bot.html)"
66.249.79.71 - - [22/Jul/2025:18:27:06 +0700] "GET /shopdetail/164838612 HTTP/1.1" 200 19805 "-" "Mozilla/5.0 (Linux; Android 6.0.1; Nexus 5X Build/MMB29P) AppleWebKit/537.36 (KHTML, like Gecko) Chrome/137.0.7151.103 Mobile Safari/537.36 (compatible; Googlebot/2.1; +http://www.google.com/bot.html)"
66.249.79.71 - - [22/Jul/2025:18:27:10 +0700] "GET /news20250415/link-w88-pc.html HTTP/1.1" 200 19828 "-" "Mozilla/5.0 (Linux; Android 6.0.1; Nexus 5X Build/MMB29P) AppleWebKit/537.36 (KHTML, like Gecko) Chrome/137.0.7151.103 Mobile Safari/537.36 (compatible; Googlebot/2.1; +http://www.google.com/bot.html)"
66.249.79.71 - - [22/Jul/2025:18:27:11 +0700] "GET /product/edit/63033021 HTTP/1.1" 200 20376 "-" "Mozilla/5.0 (Linux; Android 6.0.1; Nexus 5X Build/MMB29P) AppleWebKit/537.36 (KHTML, like Gecko) Chrome/137.0.7151.103 Mobile Safari/537.36 (compatible; Googlebot/2.1; +http://www.google.com/bot.html)"
66.249.79.71 - - [22/Jul/2025:18:27:11 +0700] "GET /order2025-04-15/hi88-1.html HTTP/1.1" 200 19923 "-" "Mozilla/5.0 (Linux; Android 6.0.1; Nexus 5X Build/MMB29P) AppleWebKit/537.36 (KHTML, like Gecko) Chrome/137.0.7151.103 Mobile Safari/537.36 (compatible; Googlebot/2.1; +http://www.google.com/bot.html)"
66.249.79.71 - - [22/Jul/2025:18:27:13 +0700] "GET /?Twitter-0S6%2Fi888_bet_aspx HTTP/1.1" 200 20202 "-" "Mozilla/5.0 (Linux; Android 6.0.1; Nexus 5X Build/MMB29P) AppleWebKit/537.36 (KHTML, like Gecko) Chrome/137.0.7151.103 Mobile Safari/537.36 (compatible; Googlebot/2.1; +http://www.google.com/bot.html)"
66.249.79.71 - - [22/Jul/2025:18:27:16 +0700] "GET /app2025-04-13/d%E1%BB%B1-%C4%91o%C3%A1n-x%E1%BB%95-s%E1%BB%91-kh%C3%A1nh-h%C3%B2a-888.html HTTP/1.1" 200 19855 "-" "Mozilla/5.0 (Linux; Android 6.0.1; Nexus 5X Build/MMB29P) AppleWebKit/537.36 (KHTML, like Gecko) Chrome/137.0.7151.103 Mobile Safari/537.36 (compatible; Googlebot/2.1; +http://www.google.com/bot.html)"
66.249.79.72 - - [22/Jul/2025:18:27:29 +0700] "POST /get-message-notify HTTP/1.1" 200 19363 "https://bodieukhiencuacuon.vn/shopdetail/121453112" "Mozilla/5.0 (Linux; Android 6.0.1; Nexus 5X Build/MMB29P) AppleWebKit/537.36 (KHTML, like Gecko) Chrome/137.0.7151.119 Mobile Safari/537.36 (compatible; Googlebot/2.1; +http://www.google.com/bot.html)"
66.249.79.71 - - [22/Jul/2025:18:27:31 +0700] "GET /shopdetail/172491512 HTTP/1.1" 200 20383 "-" "Mozilla/5.0 (Linux; Android 6.0.1; Nexus 5X Build/MMB29P) AppleWebKit/537.36 (KHTML, like Gecko) Chrome/137.0.7151.103 Mobile Safari/537.36 (compatible; Googlebot/2.1; +http://www.google.com/bot.html)"
66.249.79.72 - - [22/Jul/2025:18:27:32 +0700] "POST /get-message-notify HTTP/1.1" 200 19363 "https://bodieukhiencuacuon.vn/news20250415/link-w88-pc.html" "Mozilla/5.0 (Linux; Android 6.0.1; Nexus 5X Build/MMB29P) AppleWebKit/537.36 (KHTML, like Gecko) Chrome/137.0.7151.119 Mobile Safari/537.36 (compatible; Googlebot/2.1; +http://www.google.com/bot.html)"
66.249.79.71 - - [22/Jul/2025:18:27:43 +0700] "GET /shopdetail/150884612 HTTP/1.1" 200 20813 "-" "Mozilla/5.0 (Linux; Android 6.0.1; Nexus 5X Build/MMB29P) AppleWebKit/537.36 (KHTML, like Gecko) Chrome/137.0.7151.103 Mobile Safari/537.36 (compatible; Googlebot/2.1; +http://www.google.com/bot.html)"
66.249.79.71 - - [22/Jul/2025:18:27:44 +0700] "POST /get-message-notify HTTP/1.1" 200 19363 "https://bodieukhiencuacuon.vn/shopdetail/172491512" "Mozilla/5.0 (Linux; Android 6.0.1; Nexus 5X Build/MMB29P) AppleWebKit/537.36 (KHTML, like Gecko) Chrome/137.0.7151.119 Mobile Safari/537.36 (compatible; Googlebot/2.1; +http://www.google.com/bot.html)"
66.249.79.73 - - [22/Jul/2025:18:26:47 +0700] "GET /mobile2025-04-15/12bet-65.html HTTP/1.1" 200 19960 "-" "Mozilla/5.0 (Linux; Android 6.0.1; Nexus 5X Build/MMB29P) AppleWebKit/537.36 (KHTML, like Gecko) Chrome/137.0.7151.103 Mobile Safari/537.36 (compatible; Googlebot/2.1; +http://www.google.com/bot.html)"
66.249.79.73 - - [22/Jul/2025:18:26:49 +0700] "POST /get-message-notify HTTP/1.1" 200 19363 "https://bodieukhiencuacuon.vn/?ID=Paff%2Fx%C3%B3c-%C4%91%C4%A9a-bongvip.shtml" "Mozilla/5.0 (Linux; Android 6.0.1; Nexus 5X Build/MMB29P) AppleWebKit/537.36 (KHTML, like Gecko) Chrome/137.0.7151.119 Mobile Safari/537.36 (compatible; Googlebot/2.1; +http://www.google.com/bot.html)"
66.249.79.73 - - [22/Jul/2025:18:26:53 +0700] "POST /get-message-notify HTTP/1.1" 200 19363 "https://bodieukhiencuacuon.vn/shopdetail/35760312" "Mozilla/5.0 (Linux; Android 6.0.1; Nexus 5X Build/MMB29P) AppleWebKit/537.36 (KHTML, like Gecko) Chrome/137.0.7151.119 Mobile Safari/537.36 (compatible; Googlebot/2.1; +http://www.google.com/bot.html)"
66.249.79.72 - - [22/Jul/2025:18:26:58 +0700] "POST /get-message-notify HTTP/1.1" 200 19363 "https://bodieukhiencuacuon.vn/?ID=W095%2Fbsport-bet-%C4%91%C3%A1nh-gi%C3%A1.shtml" "Mozilla/5.0 (Linux; Android 6.0.1; Nexus 5X Build/MMB29P) AppleWebKit/537.36 (KHTML, like Gecko) Chrome/137.0.7151.119 Mobile Safari/537.36 (compatible; Googlebot/2.1; +http://www.google.com/bot.html)"
66.249.79.73 - - [22/Jul/2025:18:26:58 +0700] "POST /get-message-notify HTTP/1.1" 200 19363 "https://bodieukhiencuacuon.vn/shopdetail/76624012" "Mozilla/5.0 (Linux; Android 6.0.1; Nexus 5X Build/MMB29P) AppleWebKit/537.36 (KHTML, like Gecko) Chrome/137.0.7151.119 Mobile Safari/537.36 (compatible; Googlebot/2.1; +http://www.google.com/bot.html)"
40.77.167.48 - - [22/Jul/2025:18:27:03 +0700] "GET /mobile/69431/ HTTP/2" 200 22771 "-" "Mozilla/5.0 AppleWebKit/537.36 (KHTML, like Gecko; compatible; bingbot/2.0; +http://www.bing.com/bingbot.htm) Chrome/116.0.1938.76 Safari/537.36"
66.249.79.72 - - [22/Jul/2025:18:27:07 +0700] "GET /shopdetail/121453112 HTTP/1.1" 200 19680 "-" "Mozilla/5.0 (Linux; Android 6.0.1; Nexus 5X Build/MMB29P) AppleWebKit/537.36 (KHTML, like Gecko) Chrome/137.0.7151.103 Mobile Safari/537.36 (compatible; Googlebot/2.1; +http://www.google.com/bot.html)"
66.249.79.71 - - [22/Jul/2025:18:27:11 +0700] "GET /hot2025-04-13/soi-c%E1%BA%A7u-7777-mi%E1%BB%81n-b%E1%BA%AFc-h%C3%B4m-nay.html HTTP/1.1" 200 19862 "-" "Mozilla/5.0 (Linux; Android 6.0.1; Nexus 5X Build/MMB29P) AppleWebKit/537.36 (KHTML, like Gecko) Chrome/137.0.7151.103 Mobile Safari/537.36 (compatible; Googlebot/2.1; +http://www.google.com/bot.html)"
66.249.79.71 - - [22/Jul/2025:18:27:25 +0700] "GET /shopdetail/161382112 HTTP/1.1" 200 22512 "-" "Mozilla/5.0 (Linux; Android 6.0.1; Nexus 5X Build/MMB29P) AppleWebKit/537.36 (KHTML, like Gecko) Chrome/137.0.7151.103 Mobile Safari/537.36 (compatible; Googlebot/2.1; +http://www.google.com/bot.html)"
66.249.79.71 - - [22/Jul/2025:18:27:27 +0700] "GET /game20250413/%C4%90i%E1%BB%81u-kho%E1%BA%A3n-%C4%91i%E1%BB%81u-ki%E1%BB%87n-ok99.html HTTP/1.1" 200 20511 "-" "Mozilla/5.0 (Linux; Android 6.0.1; Nexus 5X Build/MMB29P) AppleWebKit/537.36 (KHTML, like Gecko) Chrome/137.0.7151.103 Mobile Safari/537.36 (compatible; Googlebot/2.1; +http://www.google.com/bot.html)"
66.249.79.71 - - [22/Jul/2025:18:27:31 +0700] "GET /news20250414/t%E1%BA%A3i-game-b%E1%BA%AFn-c%C3%A1-fishing-diary.html HTTP/1.1" 200 23048 "-" "Mozilla/5.0 (Linux; Android 6.0.1; Nexus 5X Build/MMB29P) AppleWebKit/537.36 (KHTML, like Gecko) Chrome/137.0.7151.103 Mobile Safari/537.36 (compatible; Googlebot/2.1; +http://www.google.com/bot.html)"
66.249.79.72 - - [22/Jul/2025:18:27:42 +0700] "POST /get-message-notify HTTP/1.1" 200 19363 "https://bodieukhiencuacuon.vn/game2025-04-15/loto188-th%C3%B9y-linh.html" "Mozilla/5.0 (Linux; Android 6.0.1; Nexus 5X Build/MMB29P) AppleWebKit/537.36 (KHTML, like Gecko) Chrome/137.0.7151.119 Mobile Safari/537.36 (compatible; Googlebot/2.1; +http://www.google.com/bot.html)"
66.249.79.71 - - [22/Jul/2025:18:27:44 +0700] "GET /shopdetail/193120712 HTTP/1.1" 200 19670 "-" "Mozilla/5.0 (Linux; Android 6.0.1; Nexus 5X Build/MMB29P) AppleWebKit/537.36 (KHTML, like Gecko) Chrome/137.0.7151.103 Mobile Safari/537.36 (compatible; Googlebot/2.1; +http://www.google.com/bot.html)"
66.249.79.71 - - [22/Jul/2025:18:27:54 +0700] "POST /get-message-notify HTTP/1.1" 200 19363 "https://bodieukhiencuacuon.vn/mobile20250403/l%C3%B4-ch%C6%A1i-nhi%E1%BB%81u-nh%E1%BA%A5t-ng%C3%A0y-mai.html" "Mozilla/5.0 (Linux; Android 6.0.1; Nexus 5X Build/MMB29P) AppleWebKit/537.36 (KHTML, like Gecko) Chrome/137.0.7151.119 Mobile Safari/537.36 (compatible; Googlebot/2.1; +http://www.google.com/bot.html)"
66.249.79.71 - - [22/Jul/2025:18:27:55 +0700] "POST /get-message-notify HTTP/1.1" 200 19363 "https://bodieukhiencuacuon.vn/shopdetail/150884612" "Mozilla/5.0 (Linux; Android 6.0.1; Nexus 5X Build/MMB29P) AppleWebKit/537.36 (KHTML, like Gecko) Chrome/137.0.7151.119 Mobile Safari/537.36 (compatible; Googlebot/2.1; +http://www.google.com/bot.html)"
66.249.79.71 - - [22/Jul/2025:18:27:58 +0700] "GET /shopdetail/237128812 HTTP/1.1" 200 20021 "-" "Mozilla/5.0 (Linux; Android 6.0.1; Nexus 5X Build/MMB29P) AppleWebKit/537.36 (KHTML, like Gecko) Chrome/137.0.7151.103 Mobile Safari/537.36 (compatible; Googlebot/2.1; +http://www.google.com/bot.html)"
66.249.79.73 - - [22/Jul/2025:18:28:01 +0700] "POST /get-message-notify HTTP/1.1" 200 19363 "https://bodieukhiencuacuon.vn/shopdetail/256548212" "Mozilla/5.0 (Linux; Android 6.0.1; Nexus 5X Build/MMB29P) AppleWebKit/537.36 (KHTML, like Gecko) Chrome/137.0.7151.119 Mobile Safari/537.36 (compatible; Googlebot/2.1; +http://www.google.com/bot.html)"
66.249.79.71 - - [22/Jul/2025:18:28:02 +0700] "GET /shopdetail/24909312 HTTP/1.1" 200 20392 "-" "Mozilla/5.0 (Linux; Android 6.0.1; Nexus 5X Build/MMB29P) AppleWebKit/537.36 (KHTML, like Gecko) Chrome/137.0.7151.103 Mobile Safari/537.36 (compatible; Googlebot/2.1; +http://www.google.com/bot.html)"
66.249.79.71 - - [22/Jul/2025:18:28:10 +0700] "GET /shopdetail/213910612 HTTP/1.1" 200 21357 "-" "Mozilla/5.0 (Linux; Android 6.0.1; Nexus 5X Build/MMB29P) AppleWebKit/537.36 (KHTML, like Gecko) Chrome/137.0.7151.103 Mobile Safari/537.36 (compatible; Googlebot/2.1; +http://www.google.com/bot.html)"
66.249.79.71 - - [22/Jul/2025:18:28:28 +0700] "GET /mobile2025-04-15/r%E1%BB%93ng-b%E1%BA%A1ch-kim-soi-c%E1%BA%A7u-mi%E1%BB%81n-b%E1%BA%AFc.html HTTP/1.1" 200 19889 "-" "Mozilla/5.0 (Linux; Android 6.0.1; Nexus 5X Build/MMB29P) AppleWebKit/537.36 (KHTML, like Gecko) Chrome/137.0.7151.103 Mobile Safari/537.36 (compatible; Googlebot/2.1; +http://www.google.com/bot.html)"
66.249.79.71 - - [22/Jul/2025:18:28:29 +0700] "GET /shopdetail/266252412 HTTP/1.1" 200 19856 "-" "Mozilla/5.0 (Linux; Android 6.0.1; Nexus 5X Build/MMB29P) AppleWebKit/537.36 (KHTML, like Gecko) Chrome/137.0.7151.103 Mobile Safari/537.36 (compatible; Googlebot/2.1; +http://www.google.com/bot.html)"
66.249.79.71 - - [22/Jul/2025:18:28:39 +0700] "GET /shopdetail/182903912 HTTP/1.1" 200 20966 "-" "Mozilla/5.0 (Linux; Android 6.0.1; Nexus 5X Build/MMB29P) AppleWebKit/537.36 (KHTML, like Gecko) Chrome/137.0.7151.103 Mobile Safari/537.36 (compatible; Googlebot/2.1; +http://www.google.com/bot.html)"
66.249.79.71 - - [22/Jul/2025:18:28:40 +0700] "GET /?ID=dNZz%2F88cbf.shtml HTTP/1.1" 200 19908 "-" "Mozilla/5.0 (Linux; Android 6.0.1; Nexus 5X Build/MMB29P) AppleWebKit/537.36 (KHTML, like Gecko) Chrome/137.0.7151.103 Mobile Safari/537.36 (compatible; Googlebot/2.1; +http://www.google.com/bot.html)"
66.249.79.71 - - [22/Jul/2025:18:28:49 +0700] "GET /game20250413/kinh-nghi%E1%BB%87m-l%C3%B4-%C4%91%E1%BB%81-mi%E1%BB%81n-b%E1%BA%AFc.html HTTP/1.1" 200 21106 "-" "Mozilla/5.0 (Linux; Android 6.0.1; Nexus 5X Build/MMB29P) AppleWebKit/537.36 (KHTML, like Gecko) Chrome/137.0.7151.103 Mobile Safari/537.36 (compatible; Googlebot/2.1; +http://www.google.com/bot.html)"
66.249.79.71 - - [22/Jul/2025:18:27:24 +0700] "POST /get-message-notify HTTP/1.1" 200 19363 "https://bodieukhiencuacuon.vn/product/edit/63033021" "Mozilla/5.0 (Linux; Android 6.0.1; Nexus 5X Build/MMB29P) AppleWebKit/537.36 (KHTML, like Gecko) Chrome/137.0.7151.119 Mobile Safari/537.36 (compatible; Googlebot/2.1; +http://www.google.com/bot.html)"
66.249.79.71 - - [22/Jul/2025:18:27:31 +0700] "GET /game2025-04-15/loto188-th%C3%B9y-linh.html HTTP/1.1" 200 19896 "-" "Mozilla/5.0 (Linux; Android 6.0.1; Nexus 5X Build/MMB29P) AppleWebKit/537.36 (KHTML, like Gecko) Chrome/137.0.7151.103 Mobile Safari/537.36 (compatible; Googlebot/2.1; +http://www.google.com/bot.html)"
66.249.79.71 - - [22/Jul/2025:18:27:35 +0700] "GET /hot20250401/%C4%91%C3%A1nh-b%C3%A0i-happyluke.html HTTP/1.1" 200 20932 "-" "Mozilla/5.0 (Linux; Android 6.0.1; Nexus 5X Build/MMB29P) AppleWebKit/537.36 (KHTML, like Gecko) Chrome/137.0.7151.103 Mobile Safari/537.36 (compatible; Googlebot/2.1; +http://www.google.com/bot.html)"
66.249.79.71 - - [22/Jul/2025:18:27:36 +0700] "POST /get-message-notify HTTP/1.1" 200 19363 "https://bodieukhiencuacuon.vn/hot2025-04-13/soi-c%E1%BA%A7u-7777-mi%E1%BB%81n-b%E1%BA%AFc-h%C3%B4m-nay.html" "Mozilla/5.0 (Linux; Android 6.0.1; Nexus 5X Build/MMB29P) AppleWebKit/537.36 (KHTML, like Gecko) Chrome/137.0.7151.119 Mobile Safari/537.36 (compatible; Googlebot/2.1; +http://www.google.com/bot.html)"
66.249.79.72 - - [22/Jul/2025:18:27:42 +0700] "GET /shopdetail/226466212 HTTP/1.1" 200 20318 "-" "Mozilla/5.0 (Linux; Android 6.0.1; Nexus 5X Build/MMB29P) AppleWebKit/537.36 (KHTML, like Gecko) Chrome/137.0.7151.103 Mobile Safari/537.36 (compatible; Googlebot/2.1; +http://www.google.com/bot.html)"
66.249.79.71 - - [22/Jul/2025:18:27:43 +0700] "GET /mobile20250403/l%C3%B4-ch%C6%A1i-nhi%E1%BB%81u-nh%E1%BA%A5t-ng%C3%A0y-mai.html HTTP/1.1" 200 20068 "-" "Mozilla/5.0 (Linux; Android 6.0.1; Nexus 5X Build/MMB29P) AppleWebKit/537.36 (KHTML, like Gecko) Chrome/137.0.7151.103 Mobile Safari/537.36 (compatible; Googlebot/2.1; +http://www.google.com/bot.html)"
66.249.79.71 - - [22/Jul/2025:18:27:45 +0700] "GET /mobile20250414/aruba-3810m-24g-poe--1-slot-switch.html HTTP/1.1" 200 21305 "-" "Mozilla/5.0 (Linux; Android 6.0.1; Nexus 5X Build/MMB29P) AppleWebKit/537.36 (KHTML, like Gecko) Chrome/137.0.7151.103 Mobile Safari/537.36 (compatible; Googlebot/2.1; +http://www.google.com/bot.html)"
66.249.79.71 - - [22/Jul/2025:18:27:48 +0700] "GET /shopdetail/256548212 HTTP/1.1" 200 22371 "-" "Mozilla/5.0 (Linux; Android 6.0.1; Nexus 5X Build/MMB29P) AppleWebKit/537.36 (KHTML, like Gecko) Chrome/137.0.7151.103 Mobile Safari/537.36 (compatible; Googlebot/2.1; +http://www.google.com/bot.html)"
66.249.79.71 - - [22/Jul/2025:18:28:18 +0700] "GET /shopdetail/269031312 HTTP/1.1" 200 19661 "-" "Mozilla/5.0 (Linux; Android 6.0.1; Nexus 5X Build/MMB29P) AppleWebKit/537.36 (KHTML, like Gecko) Chrome/137.0.7151.103 Mobile Safari/537.36 (compatible; Googlebot/2.1; +http://www.google.com/bot.html)"
66.249.79.71 - - [22/Jul/2025:18:28:19 +0700] "GET /?ID=1GPf%2Ft%C3%A9l%C3%A9charger-melbet.shtml HTTP/1.1" 200 21767 "-" "Mozilla/5.0 (Linux; Android 6.0.1; Nexus 5X Build/MMB29P) AppleWebKit/537.36 (KHTML, like Gecko) Chrome/137.0.7151.103 Mobile Safari/537.36 (compatible; Googlebot/2.1; +http://www.google.com/bot.html)"
66.249.79.71 - - [22/Jul/2025:18:28:20 +0700] "GET /mobile2025-04-15/t%E1%BA%A3i-game-b%E1%BA%AFn-c%C3%A1-%C4%91%E1%BB%95i-th%C6%B0%E1%BB%9Fng-2019.html HTTP/1.1" 200 21629 "-" "Mozilla/5.0 (Linux; Android 6.0.1; Nexus 5X Build/MMB29P) AppleWebKit/537.36 (KHTML, like Gecko) Chrome/137.0.7151.103 Mobile Safari/537.36 (compatible; Googlebot/2.1; +http://www.google.com/bot.html)"
66.249.79.72 - - [22/Jul/2025:18:28:49 +0700] "POST /get-message-notify HTTP/1.1" 200 19363 "https://bodieukhiencuacuon.vn/shopdetail/246890512" "Mozilla/5.0 (Linux; Android 6.0.1; Nexus 5X Build/MMB29P) AppleWebKit/537.36 (KHTML, like Gecko) Chrome/137.0.7151.119 Mobile Safari/537.36 (compatible; Googlebot/2.1; +http://www.google.com/bot.html)"
66.249.79.71 - - [22/Jul/2025:18:28:50 +0700] "GET /hot2025-04-06/happyluke-tang-100k.html HTTP/1.1" 200 19480 "-" "Mozilla/5.0 (Linux; Android 6.0.1; Nexus 5X Build/MMB29P) AppleWebKit/537.36 (KHTML, like Gecko) Chrome/137.0.7151.103 Mobile Safari/537.36 (compatible; Googlebot/2.1; +http://www.google.com/bot.html)"
66.249.79.71 - - [22/Jul/2025:18:28:51 +0700] "GET /shopdetail/26487112 HTTP/1.1" 200 21430 "-" "Mozilla/5.0 (Linux; Android 6.0.1; Nexus 5X Build/MMB29P) AppleWebKit/537.36 (KHTML, like Gecko) Chrome/137.0.7151.103 Mobile Safari/537.36 (compatible; Googlebot/2.1; +http://www.google.com/bot.html)"
66.249.79.71 - - [22/Jul/2025:18:28:53 +0700] "POST /get-message-notify HTTP/1.1" 200 19363 "https://bodieukhiencuacuon.vn/?ID=dNZz%2F88cbf.shtml" "Mozilla/5.0 (Linux; Android 6.0.1; Nexus 5X Build/MMB29P) AppleWebKit/537.36 (KHTML, like Gecko) Chrome/137.0.7151.119 Mobile Safari/537.36 (compatible; Googlebot/2.1; +http://www.google.com/bot.html)"
66.249.79.72 - - [22/Jul/2025:18:28:53 +0700] "GET /shopdetail/9606212 HTTP/1.1" 200 19748 "-" "Mozilla/5.0 (Linux; Android 6.0.1; Nexus 5X Build/MMB29P) AppleWebKit/537.36 (KHTML, like Gecko) Chrome/137.0.7151.103 Mobile Safari/537.36 (compatible; Googlebot/2.1; +http://www.google.com/bot.html)"
66.249.79.71 - - [22/Jul/2025:18:29:00 +0700] "POST /get-message-notify HTTP/1.1" 200 19363 "https://bodieukhiencuacuon.vn/shopdetail/26487112" "Mozilla/5.0 (Linux; Android 6.0.1; Nexus 5X Build/MMB29P) AppleWebKit/537.36 (KHTML, like Gecko) Chrome/137.0.7151.119 Mobile Safari/537.36 (compatible; Googlebot/2.1; +http://www.google.com/bot.html)"
66.249.79.71 - - [22/Jul/2025:18:29:03 +0700] "GET /?ID=WeY%2Fsky88-residence.shtml HTTP/1.1" 200 20176 "-" "Mozilla/5.0 (Linux; Android 6.0.1; Nexus 5X Build/MMB29P) AppleWebKit/537.36 (KHTML, like Gecko) Chrome/137.0.7151.103 Mobile Safari/537.36 (compatible; Googlebot/2.1; +http://www.google.com/bot.html)"
66.249.79.71 - - [22/Jul/2025:18:29:04 +0700] "GET /order20250413/8xbet-o-net.html HTTP/1.1" 200 19698 "-" "Mozilla/5.0 (Linux; Android 6.0.1; Nexus 5X Build/MMB29P) AppleWebKit/537.36 (KHTML, like Gecko) Chrome/137.0.7151.103 Mobile Safari/537.36 (compatible; Googlebot/2.1; +http://www.google.com/bot.html)"
66.249.79.71 - - [22/Jul/2025:18:29:06 +0700] "GET /shopdetail/56282212 HTTP/1.1" 200 19408 "-" "Mozilla/5.0 (Linux; Android 6.0.1; Nexus 5X Build/MMB29P) AppleWebKit/537.36 (KHTML, like Gecko) Chrome/137.0.7151.103 Mobile Safari/537.36 (compatible; Googlebot/2.1; +http://www.google.com/bot.html)"
66.249.79.71 - - [22/Jul/2025:18:29:07 +0700] "GET /game2025-04-13/tai-3king-apk.html HTTP/1.1" 200 20089 "-" "Mozilla/5.0 (Linux; Android 6.0.1; Nexus 5X Build/MMB29P) AppleWebKit/537.36 (KHTML, like Gecko) Chrome/137.0.7151.103 Mobile Safari/537.36 (compatible; Googlebot/2.1; +http://www.google.com/bot.html)"
66.249.79.71 - - [22/Jul/2025:18:29:09 +0700] "GET /zhHant/product/surugaya/18181315?campaign_uid=f64d716db5e979ed2f947dbaf4296895b951ae7f HTTP/1.1" 200 19472 "-" "Mozilla/5.0 (Linux; Android 6.0.1; Nexus 5X Build/MMB29P) AppleWebKit/537.36 (KHTML, like Gecko) Chrome/137.0.7151.103 Mobile Safari/537.36 (compatible; Googlebot/2.1; +http://www.google.com/bot.html)"
66.249.79.71 - - [22/Jul/2025:18:29:13 +0700] "GET /shopdetail/133332012 HTTP/1.1" 200 19803 "-" "Mozilla/5.0 (Linux; Android 6.0.1; Nexus 5X Build/MMB29P) AppleWebKit/537.36 (KHTML, like Gecko) Chrome/137.0.7151.103 Mobile Safari/537.36 (compatible; Googlebot/2.1; +http://www.google.com/bot.html)"
66.249.79.71 - - [22/Jul/2025:18:29:14 +0700] "POST /get-message-notify HTTP/1.1" 200 19363 "https://bodieukhiencuacuon.vn/shopdetail/56282212" "Mozilla/5.0 (Linux; Android 6.0.1; Nexus 5X Build/MMB29P) AppleWebKit/537.36 (KHTML, like Gecko) Chrome/137.0.7151.119 Mobile Safari/537.36 (compatible; Googlebot/2.1; +http://www.google.com/bot.html)"
66.249.79.73 - - [22/Jul/2025:18:27:47 +0700] "GET /game20250413/h%C3%ACnh-n%E1%BB%81n-g%C3%A0-%C4%91%C3%A1.html HTTP/1.1" 200 19685 "-" "Mozilla/5.0 (Linux; Android 6.0.1; Nexus 5X Build/MMB29P) AppleWebKit/537.36 (KHTML, like Gecko) Chrome/137.0.7151.103 Mobile Safari/537.36 (compatible; Googlebot/2.1; +http://www.google.com/bot.html)"
66.249.79.72 - - [22/Jul/2025:18:27:53 +0700] "GET /shopdetail/100598312 HTTP/1.1" 200 19771 "-" "Mozilla/5.0 (Linux; Android 6.0.1; Nexus 5X Build/MMB29P) AppleWebKit/537.36 (KHTML, like Gecko) Chrome/137.0.7151.103 Mobile Safari/537.36 (compatible; Googlebot/2.1; +http://www.google.com/bot.html)"
66.249.79.72 - - [22/Jul/2025:18:28:04 +0700] "POST /get-message-notify HTTP/1.1" 200 19363 "https://bodieukhiencuacuon.vn/game20250413/h%C3%ACnh-n%E1%BB%81n-g%C3%A0-%C4%91%C3%A1.html" "Mozilla/5.0 (Linux; Android 6.0.1; Nexus 5X Build/MMB29P) AppleWebKit/537.36 (KHTML, like Gecko) Chrome/137.0.7151.119 Mobile Safari/537.36 (compatible; Googlebot/2.1; +http://www.google.com/bot.html)"
66.249.79.71 - - [22/Jul/2025:18:28:19 +0700] "GET /shopdetail/181314112 HTTP/1.1" 200 19927 "-" "Mozilla/5.0 (Linux; Android 6.0.1; Nexus 5X Build/MMB29P) AppleWebKit/537.36 (KHTML, like Gecko) Chrome/137.0.7151.103 Mobile Safari/537.36 (compatible; Googlebot/2.1; +http://www.google.com/bot.html)"
66.249.79.71 - - [22/Jul/2025:18:28:30 +0700] "GET /shopdetail/202730312 HTTP/1.1" 200 20669 "-" "Mozilla/5.0 (Linux; Android 6.0.1; Nexus 5X Build/MMB29P) AppleWebKit/537.36 (KHTML, like Gecko) Chrome/137.0.7151.103 Mobile Safari/537.36 (compatible; Googlebot/2.1; +http://www.google.com/bot.html)"
66.249.79.71 - - [22/Jul/2025:18:28:31 +0700] "GET /shopdetail/211565812 HTTP/1.1" 200 21316 "-" "Mozilla/5.0 (Linux; Android 6.0.1; Nexus 5X Build/MMB29P) AppleWebKit/537.36 (KHTML, like Gecko) Chrome/137.0.7151.103 Mobile Safari/537.36 (compatible; Googlebot/2.1; +http://www.google.com/bot.html)"
66.249.79.71 - - [22/Jul/2025:18:28:41 +0700] "GET /shopdetail/246890512 HTTP/1.1" 200 19740 "-" "Mozilla/5.0 (Linux; Android 6.0.1; Nexus 5X Build/MMB29P) AppleWebKit/537.36 (KHTML, like Gecko) Chrome/137.0.7151.103 Mobile Safari/537.36 (compatible; Googlebot/2.1; +http://www.google.com/bot.html)"
66.249.79.71 - - [22/Jul/2025:18:29:04 +0700] "GET /shopdetail/150975312 HTTP/1.1" 200 21282 "-" "Mozilla/5.0 (Linux; Android 6.0.1; Nexus 5X Build/MMB29P) AppleWebKit/537.36 (KHTML, like Gecko) Chrome/137.0.7151.103 Mobile Safari/537.36 (compatible; Googlebot/2.1; +http://www.google.com/bot.html)"
66.249.79.71 - - [22/Jul/2025:18:29:06 +0700] "POST /get-message-notify HTTP/1.1" 200 19363 "https://bodieukhiencuacuon.vn/mobile/6738291/" "Mozilla/5.0 (Linux; Android 6.0.1; Nexus 5X Build/MMB29P) AppleWebKit/537.36 (KHTML, like Gecko) Chrome/137.0.7151.119 Mobile Safari/537.36 (compatible; Googlebot/2.1; +http://www.google.com/bot.html)"
66.249.79.71 - - [22/Jul/2025:18:29:05 +0700] "GET /shopdetail/17933112 HTTP/1.1" 200 20111 "-" "Mozilla/5.0 (Linux; Android 6.0.1; Nexus 5X Build/MMB29P) AppleWebKit/537.36 (KHTML, like Gecko) Chrome/137.0.7151.103 Mobile Safari/537.36 (compatible; Googlebot/2.1; +http://www.google.com/bot.html)"
66.249.79.71 - - [22/Jul/2025:18:29:09 +0700] "GET /news20250403/game-%C4%91%C3%A1nh-b%C3%A0i-online-bigkool.html HTTP/1.1" 200 19995 "-" "Mozilla/5.0 (Linux; Android 6.0.1; Nexus 5X Build/MMB29P) AppleWebKit/537.36 (KHTML, like Gecko) Chrome/137.0.7151.103 Mobile Safari/537.36 (compatible; Googlebot/2.1; +http://www.google.com/bot.html)"
66.249.79.71 - - [22/Jul/2025:18:29:13 +0700] "POST /get-message-notify HTTP/1.1" 200 19363 "https://bodieukhiencuacuon.vn/?ID=WeY%2Fsky88-residence.shtml" "Mozilla/5.0 (Linux; Android 6.0.1; Nexus 5X Build/MMB29P) AppleWebKit/537.36 (KHTML, like Gecko) Chrome/137.0.7151.119 Mobile Safari/537.36 (compatible; Googlebot/2.1; +http://www.google.com/bot.html)"
66.249.79.71 - - [22/Jul/2025:18:29:18 +0700] "POST /get-message-notify HTTP/1.1" 200 19363 "https://bodieukhiencuacuon.vn/shopdetail/202730312" "Mozilla/5.0 (Linux; Android 6.0.1; Nexus 5X Build/MMB29P) AppleWebKit/537.36 (KHTML, like Gecko) Chrome/137.0.7151.119 Mobile Safari/537.36 (compatible; Googlebot/2.1; +http://www.google.com/bot.html)"
66.249.79.71 - - [22/Jul/2025:18:29:25 +0700] "GET /shopdetail/208165012 HTTP/1.1" 200 20420 "-" "Mozilla/5.0 (Linux; Android 6.0.1; Nexus 5X Build/MMB29P) AppleWebKit/537.36 (KHTML, like Gecko) Chrome/137.0.7151.103 Mobile Safari/537.36 (compatible; Googlebot/2.1; +http://www.google.com/bot.html)"
66.249.79.72 - - [22/Jul/2025:18:29:26 +0700] "GET /shopdetail/63532912 HTTP/1.1" 200 19648 "-" "Mozilla/5.0 (Linux; Android 6.0.1; Nexus 5X Build/MMB29P) AppleWebKit/537.36 (KHTML, like Gecko) Chrome/137.0.7151.103 Mobile Safari/537.36 (compatible; Googlebot/2.1; +http://www.google.com/bot.html)"
