47.128.111.1 - - [22/Jul/2025:18:58:37 +0700] "GET /wp-content/themes/flatsome-child/style.css?ver=3.11.3 HTTP/2" 200 4237 "https://onesmart.com.vn/CasinoPukboyVD/" "Mozilla/5.0 (Linux; Android 5.0) AppleWebKit/537.36 (KHTML, like Gecko) Mobile Safari/537.36 (compatible; TikTokSpider; ttspider-feedback@tiktok.com)"
47.128.111.1 - - [22/Jul/2025:18:58:37 +0700] "GET /wp-content/themes/flatsome/assets/css/flatsome-shop.css?ver=3.17.7 HTTP/2" 200 5385 "https://onesmart.com.vn/CasinoPukboyVD/" "Mozilla/5.0 (Linux; Android 5.0) AppleWebKit/537.36 (KHTML, like Gecko) Mobile Safari/537.36 (compatible; TikTokSpider; ttspider-feedback@tiktok.com)"
47.128.111.1 - - [22/Jul/2025:18:58:37 +0700] "GET /wp-content/plugins/woocommerce/assets/client/blocks/wc-blocks.css?ver=wc-10.0.3 HTTP/2" 200 2357 "https://onesmart.com.vn/CasinoPukboyVD/" "Mozilla/5.0 (Linux; Android 5.0) AppleWebKit/537.36 (KHTML, like Gecko) Mobile Safari/537.36 (compatible; TikTokSpider; ttspider-feedback@tiktok.com)"
207.46.13.155 - - [22/Jul/2025:19:00:58 +0700] "GET /news/6301589/ HTTP/2" 404 14122 "-" "Mozilla/5.0 AppleWebKit/537.36 (KHTML, like Gecko; compatible; bingbot/2.0; +http://www.bing.com/bingbot.htm) Chrome/116.0.1938.76 Safari/537.36"
66.249.79.65 - - [22/Jul/2025:19:01:07 +0700] "GET /wp-content/plugins/wordpress-popular-posts/assets/js/wpp.min.js?ver=7.3.3 HTTP/1.1" 200 1321 "https://onesmart.com.vn/cua_hang/" "Mozilla/5.0 (Linux; Android 6.0.1; Nexus 5X Build/MMB29P) AppleWebKit/537.36 (KHTML, like Gecko) Chrome/137.0.7151.119 Mobile Safari/537.36 (compatible; Googlebot/2.1; +http://www.google.com/bot.html)"
66.249.79.64 - - [22/Jul/2025:19:01:16 +0700] "GET /hot/79king-%C4%91%C4%83ng-k%C3%BD-nh%E1%BA%ADn-100k.html HTTP/1.1" 404 10777 "-" "Mozilla/5.0 (Linux; Android 6.0.1; Nexus 5X Build/MMB29P) AppleWebKit/537.36 (KHTML, like Gecko) Chrome/137.0.7151.103 Mobile Safari/537.36 (compatible; Googlebot/2.1; +http://www.google.com/bot.html)"
52.167.144.169 - - [22/Jul/2025:19:01:20 +0700] "GET /game/n%E1%BA%B1m-m%C6%A1-th%E1%BA%A5y-ng%C6%B0%E1%BB%9Di-ta-cho-v%C3%A9-s%E1%BB%91.html HTTP/2" 301 0 "-" "Mozilla/5.0 AppleWebKit/537.36 (KHTML, like Gecko; compatible; bingbot/2.0; +http://www.bing.com/bingbot.htm) Chrome/116.0.1938.76 Safari/537.36"
66.249.79.66 - - [22/Jul/2025:19:06:05 +0700] "GET /order2025-03-21/v%C3%A0o-fun88.html HTTP/1.1" 404 10761 "-" "Mozilla/5.0 (Linux; Android 6.0.1; Nexus 5X Build/MMB29P) AppleWebKit/537.36 (KHTML, like Gecko) Chrome/137.0.7151.103 Mobile Safari/537.36 (compatible; Googlebot/2.1; +http://www.google.com/bot.html)"
52.167.144.137 - - [22/Jul/2025:19:07:00 +0700] "GET /app/6720958/ HTTP/2" 404 14119 "-" "Mozilla/5.0 AppleWebKit/537.36 (KHTML, like Gecko; compatible; bingbot/2.0; +http://www.bing.com/bingbot.htm) Chrome/116.0.1938.76 Safari/537.36"
66.249.79.64 - - [22/Jul/2025:19:08:20 +0700] "GET /news20250324/w88-hip-hop.html HTTP/1.1" 404 10743 "-" "Mozilla/5.0 (Linux; Android 6.0.1; Nexus 5X Build/MMB29P) AppleWebKit/537.36 (KHTML, like Gecko) Chrome/137.0.7151.103 Mobile Safari/537.36 (compatible; Googlebot/2.1; +http://www.google.com/bot.html)"
66.249.79.64 - - [22/Jul/2025:19:08:22 +0700] "GET /news2025-03-20/sky88.html HTTP/1.1" 404 10734 "-" "Mozilla/5.0 (Linux; Android 6.0.1; Nexus 5X Build/MMB29P) AppleWebKit/537.36 (KHTML, like Gecko) Chrome/137.0.7151.103 Mobile Safari/537.36 (compatible; Googlebot/2.1; +http://www.google.com/bot.html)"
66.249.79.64 - - [22/Jul/2025:19:08:50 +0700] "GET /news20250321/12bet-vao.html HTTP/1.1" 404 10731 "-" "Mozilla/5.0 (Linux; Android 6.0.1; Nexus 5X Build/MMB29P) AppleWebKit/537.36 (KHTML, like Gecko) Chrome/137.0.7151.103 Mobile Safari/537.36 (compatible; Googlebot/2.1; +http://www.google.com/bot.html)"
66.249.79.65 - - [22/Jul/2025:19:07:14 +0700] "GET /game2025-03-23/con-g%C3%A0-%C4%91%C3%A1.html HTTP/1.1" 404 10731 "-" "Mozilla/5.0 (Linux; Android 6.0.1; Nexus 5X Build/MMB29P) AppleWebKit/537.36 (KHTML, like Gecko) Chrome/137.0.7151.103 Mobile Safari/537.36 (compatible; Googlebot/2.1; +http://www.google.com/bot.html)"
103.57.221.79 - - [22/Jul/2025:19:08:50 +0700] "POST /wp-cron.php?doing_wp_cron=1753186130.8897941112518310546875 HTTP/1.1" 200 0 "-" "WordPress/6.8.2; https://onesmart.com.vn"
52.167.144.204 - - [22/Jul/2025:19:08:51 +0700] "GET /news/5320498/ HTTP/2" 404 14121 "-" "Mozilla/5.0 AppleWebKit/537.36 (KHTML, like Gecko; compatible; bingbot/2.0; +http://www.bing.com/bingbot.htm) Chrome/116.0.1938.76 Safari/537.36"
66.249.79.64 - - [22/Jul/2025:19:01:11 +0700] "GET /wp-content/litespeed/js/27a252954836fc0b4dc47add86c7f356.js?ver=95972 HTTP/1.1" 200 60943 "https://onesmart.com.vn/cua_hang/" "Mozilla/5.0 (Linux; Android 6.0.1; Nexus 5X Build/MMB29P) AppleWebKit/537.36 (KHTML, like Gecko) Chrome/137.0.7151.119 Mobile Safari/537.36 (compatible; Googlebot/2.1; +http://www.google.com/bot.html)"
66.249.79.64 - - [22/Jul/2025:19:01:15 +0700] "POST /?wc-ajax=get_refreshed_fragments HTTP/1.1" 200 329 "https://onesmart.com.vn/cua_hang/" "Mozilla/5.0 (Linux; Android 6.0.1; Nexus 5X Build/MMB29P) AppleWebKit/537.36 (KHTML, like Gecko) Chrome/137.0.7151.119 Mobile Safari/537.36 (compatible; Googlebot/2.1; +http://www.google.com/bot.html)"
40.77.167.48 - - [22/Jul/2025:19:01:30 +0700] "GET /news/quay-th%C3%A1%C2%BB%C2%AD-mt-168 HTTP/2" 301 0 "-" "Mozilla/5.0 AppleWebKit/537.36 (KHTML, like Gecko; compatible; bingbot/2.0; +http://www.bing.com/bingbot.htm) Chrome/116.0.1938.76 Safari/537.36"
66.249.79.65 - - [22/Jul/2025:19:02:03 +0700] "GET /app2025-03-20/789bet-789b.win.html HTTP/1.1" 404 10750 "-" "Mozilla/5.0 (Linux; Android 6.0.1; Nexus 5X Build/MMB29P) AppleWebKit/537.36 (KHTML, like Gecko) Chrome/137.0.7151.103 Mobile Safari/537.36 (compatible; Googlebot/2.1; +http://www.google.com/bot.html)"
207.46.13.51 - - [22/Jul/2025:19:02:10 +0700] "GET /news/5712368/ HTTP/2" 301 0 "-" "Mozilla/5.0 AppleWebKit/537.36 (KHTML, like Gecko; compatible; bingbot/2.0; +http://www.bing.com/bingbot.htm) Chrome/116.0.1938.76 Safari/537.36"
40.77.167.68 - - [22/Jul/2025:19:03:30 +0700] "GET /news/6815037/ HTTP/2" 404 14114 "-" "Mozilla/5.0 AppleWebKit/537.36 (KHTML, like Gecko; compatible; bingbot/2.0; +http://www.bing.com/bingbot.htm) Chrome/116.0.1938.76 Safari/537.36"
40.77.167.68 - - [22/Jul/2025:19:05:20 +0700] "GET /game/3572068/ HTTP/2" 404 14126 "-" "Mozilla/5.0 AppleWebKit/537.36 (KHTML, like Gecko; compatible; bingbot/2.0; +http://www.bing.com/bingbot.htm) Chrome/116.0.1938.76 Safari/537.36"
66.180.141.30 - - [22/Jul/2025:19:07:13 +0700] "GET /app-ads.txt HTTP/1.1" 404 15960 "-" "Mozilla/5.0 (Macintosh; Intel Mac OS X 10_15_7) AppleWebKit/537.36 (KHTML, like Gecko) Chrome/124.0.0.0 Safari/537.36"
103.57.221.79 - - [22/Jul/2025:19:07:56 +0700] "POST /wp-cron.php?doing_wp_cron=1753186075.8337171077728271484375 HTTP/1.1" 200 0 "-" "WordPress/6.8.2; https://onesmart.com.vn"
66.249.79.64 - - [22/Jul/2025:19:07:55 +0700] "GET /news20250321/quay-th%E1%BB%AD-x%E1%BB%95-s%E1%BB%91-an-giang-666.html HTTP/1.1" 404 10791 "-" "Mozilla/5.0 (Linux; Android 6.0.1; Nexus 5X Build/MMB29P) AppleWebKit/537.36 (KHTML, like Gecko) Chrome/137.0.7151.103 Mobile Safari/537.36 (compatible; Googlebot/2.1; +http://www.google.com/bot.html)"
157.55.39.60 - - [22/Jul/2025:19:13:30 +0700] "GET /news/%C4%91%C3%A1-g%C3%A0-theo-m%C3%B9a.html HTTP/2" 404 14176 "-" "Mozilla/5.0 AppleWebKit/537.36 (KHTML, like Gecko; compatible; bingbot/2.0; +http://www.bing.com/bingbot.htm) Chrome/116.0.1938.76 Safari/537.36"
66.249.79.64 - - [22/Jul/2025:19:15:31 +0700] "GET /news20250319/mobiblog-bet.html HTTP/1.1" 404 10722 "-" "Mozilla/5.0 (Linux; Android 6.0.1; Nexus 5X Build/MMB29P) AppleWebKit/537.36 (KHTML, like Gecko) Chrome/137.0.7151.103 Mobile Safari/537.36 (compatible; Googlebot/2.1; +http://www.google.com/bot.html)"
103.57.221.79 - - [22/Jul/2025:19:17:40 +0700] "POST /wp-cron.php?doing_wp_cron=1753186660.0733439922332763671875 HTTP/1.1" 200 0 "-" "WordPress/6.8.2; https://onesmart.com.vn"
103.57.221.79 - - [22/Jul/2025:19:17:51 +0700] "POST /wp-cron.php?doing_wp_cron=1753186671.5328280925750732421875 HTTP/1.1" 200 0 "-" "WordPress/6.8.2; https://onesmart.com.vn"
52.167.144.22 - - [22/Jul/2025:19:18:11 +0700] "GET /news/d%C3%A0n-%C4%91%E1%BB%81-20-s%E1%BB%91-h%C3%B4m-nay HTTP/2" 301 0 "-" "Mozilla/5.0 AppleWebKit/537.36 (KHTML, like Gecko; compatible; bingbot/2.0; +http://www.bing.com/bingbot.htm) Chrome/116.0.1938.76 Safari/537.36"
103.57.221.79 - - [22/Jul/2025:19:20:08 +0700] "POST /wp-cron.php?doing_wp_cron=1753186808.4229500293731689453125 HTTP/1.1" 200 0 "-" "WordPress/6.8.2; https://onesmart.com.vn"
66.249.79.66 - - [22/Jul/2025:19:20:08 +0700] "GET /hot20250323/xsmn-23-11-2024.html HTTP/1.1" 404 10740 "-" "Mozilla/5.0 (Linux; Android 6.0.1; Nexus 5X Build/MMB29P) AppleWebKit/537.36 (KHTML, like Gecko) Chrome/137.0.7151.103 Mobile Safari/537.36 (compatible; Googlebot/2.1; +http://www.google.com/bot.html)"
103.57.221.79 - - [22/Jul/2025:19:20:39 +0700] "POST /wp-cron.php?doing_wp_cron=1753186839.0181970596313476562500 HTTP/1.1" 200 0 "-" "WordPress/6.8.2; https://onesmart.com.vn"
103.57.221.79 - - [22/Jul/2025:19:22:03 +0700] "POST /wp-cron.php?doing_wp_cron=1753186923.5953609943389892578125 HTTP/1.1" 200 0 "-" "WordPress/6.8.2; https://onesmart.com.vn"
66.249.79.65 - - [22/Jul/2025:19:22:03 +0700] "GET /order20250320/soi-c%E1%BA%A7u-r%E1%BB%93ng-b%E1%BA%A1ch-kim-999.html HTTP/1.1" 404 10755 "-" "Mozilla/5.0 (Linux; Android 6.0.1; Nexus 5X Build/MMB29P) AppleWebKit/537.36 (KHTML, like Gecko) Chrome/137.0.7151.103 Mobile Safari/537.36 (compatible; Googlebot/2.1; +http://www.google.com/bot.html)"
103.57.221.79 - - [22/Jul/2025:19:22:40 +0700] "POST /wp-cron.php?doing_wp_cron=1753186960.3015120029449462890625 HTTP/1.1" 200 0 "-" "WordPress/6.8.2; https://onesmart.com.vn"
66.249.79.64 - - [22/Jul/2025:19:22:42 +0700] "GET /hot20250320/%E1%BB%A9ng-d%E1%BB%A5ng-fb88-dangkybet88.html HTTP/1.1" 404 10795 "-" "Mozilla/5.0 (Linux; Android 6.0.1; Nexus 5X Build/MMB29P) AppleWebKit/537.36 (KHTML, like Gecko) Chrome/137.0.7151.103 Mobile Safari/537.36 (compatible; Googlebot/2.1; +http://www.google.com/bot.html)"
52.167.144.215 - - [22/Jul/2025:19:24:31 +0700] "GET /app/8971254/ HTTP/2" 301 0 "-" "Mozilla/5.0 AppleWebKit/537.36 (KHTML, like Gecko; compatible; bingbot/2.0; +http://www.bing.com/bingbot.htm) Chrome/116.0.1938.76 Safari/537.36"
103.57.221.79 - - [22/Jul/2025:19:24:35 +0700] "POST /wp-cron.php?doing_wp_cron=1753187075.2029080390930175781250 HTTP/1.1" 200 0 "-" "WordPress/6.8.2; https://onesmart.com.vn"
66.249.79.64 - - [22/Jul/2025:19:24:35 +0700] "GET /order20250324/cach-dat-cuoc-bang-tien-thuong-happyluke.html HTTP/1.1" 404 10767 "-" "Mozilla/5.0 (Linux; Android 6.0.1; Nexus 5X Build/MMB29P) AppleWebKit/537.36 (KHTML, like Gecko) Chrome/137.0.7151.103 Mobile Safari/537.36 (compatible; Googlebot/2.1; +http://www.google.com/bot.html)"
66.249.79.64 - - [22/Jul/2025:19:25:11 +0700] "GET /app20250322/33win-%C3%A9-confi%C3%A1vel.html HTTP/1.1" 404 10743 "-" "Mozilla/5.0 (Linux; Android 6.0.1; Nexus 5X Build/MMB29P) AppleWebKit/537.36 (KHTML, like Gecko) Chrome/137.0.7151.103 Mobile Safari/537.36 (compatible; Googlebot/2.1; +http://www.google.com/bot.html)"
66.249.79.64 - - [22/Jul/2025:19:14:40 +0700] "GET /app2025-03-22/qh88-qh88.vet.html HTTP/1.1" 404 10745 "-" "Mozilla/5.0 (Linux; Android 6.0.1; Nexus 5X Build/MMB29P) AppleWebKit/537.36 (KHTML, like Gecko) Chrome/137.0.7151.103 Mobile Safari/537.36 (compatible; Googlebot/2.1; +http://www.google.com/bot.html)"
103.57.221.79 - - [22/Jul/2025:19:15:31 +0700] "POST /wp-cron.php?doing_wp_cron=1753186531.5722050666809082031250 HTTP/1.1" 200 0 "-" "WordPress/6.8.2; https://onesmart.com.vn"
103.57.221.79 - - [22/Jul/2025:19:16:34 +0700] "POST /wp-cron.php?doing_wp_cron=1753186594.2685759067535400390625 HTTP/1.1" 200 0 "-" "WordPress/6.8.2; https://onesmart.com.vn"
66.249.79.64 - - [22/Jul/2025:19:17:21 +0700] "GET /hot2025-03-23/R%C3%BAt-ti%E1%BB%81n-K8.html HTTP/1.1" 404 10752 "-" "Mozilla/5.0 (Linux; Android 6.0.1; Nexus 5X Build/MMB29P) AppleWebKit/537.36 (KHTML, like Gecko) Chrome/137.0.7151.103 Mobile Safari/537.36 (compatible; Googlebot/2.1; +http://www.google.com/bot.html)"
47.128.96.161 - - [22/Jul/2025:19:17:39 +0700] "GET /Video_gvbdNn/ HTTP/2" 404 10734 "-" "Mozilla/5.0 (Linux; Android 5.0) AppleWebKit/537.36 (KHTML, like Gecko) Mobile Safari/537.36 (compatible; TikTokSpider; ttspider-feedback@tiktok.com)"
47.128.96.161 - - [22/Jul/2025:19:17:40 +0700] "POST /wp-content/plugins/litespeed-cache/guest.vary.php HTTP/2" 200 20 "https://onesmart.com.vn/Video_gvbdNn/" "Mozilla/5.0 (Linux; Android 5.0) AppleWebKit/537.36 (KHTML, like Gecko) Mobile Safari/537.36 (compatible; TikTokSpider; ttspider-feedback@tiktok.com)"
47.128.96.161 - - [22/Jul/2025:19:17:40 +0700] "GET /Video_gvbdNn/ HTTP/2" 404 18362 "https://onesmart.com.vn/Video_gvbdNn/" "Mozilla/5.0 (Linux; Android 5.0) AppleWebKit/537.36 (KHTML, like Gecko) Mobile Safari/537.36 (compatible; TikTokSpider; ttspider-feedback@tiktok.com)"
103.57.221.79 - - [22/Jul/2025:19:22:55 +0700] "POST /wp-cron.php?doing_wp_cron=1753186975.0839259624481201171875 HTTP/1.1" 200 0 "-" "WordPress/6.8.2; https://onesmart.com.vn"
66.249.79.64 - - [22/Jul/2025:19:22:54 +0700] "GET /news2025-03-23/Esports-Jun88 HTTP/1.1" 404 10728 "-" "Mozilla/5.0 (Linux; Android 6.0.1; Nexus 5X Build/MMB29P) AppleWebKit/537.36 (KHTML, like Gecko) Chrome/137.0.7151.103 Mobile Safari/537.36 (compatible; Googlebot/2.1; +http://www.google.com/bot.html)"
157.55.39.200 - - [22/Jul/2025:19:24:11 +0700] "GET /news/6138279/ HTTP/2" 301 0 "-" "Mozilla/5.0 AppleWebKit/537.36 (KHTML, like Gecko; compatible; bingbot/2.0; +http://www.bing.com/bingbot.htm) Chrome/116.0.1938.76 Safari/537.36"
66.249.79.65 - - [22/Jul/2025:19:24:25 +0700] "GET /mobile20250319/12bet-promo-h%C3%A0-n%E1%BB%99i.html HTTP/1.1" 404 10756 "-" "Mozilla/5.0 (Linux; Android 6.0.1; Nexus 5X Build/MMB29P) AppleWebKit/537.36 (KHTML, like Gecko) Chrome/137.0.7151.103 Mobile Safari/537.36 (compatible; Googlebot/2.1; +http://www.google.com/bot.html)"
103.57.221.79 - - [22/Jul/2025:19:25:05 +0700] "POST /wp-cron.php?doing_wp_cron=1753187105.0217039585113525390625 HTTP/1.1" 200 0 "-" "WordPress/6.8.2; https://onesmart.com.vn"
66.249.79.64 - - [22/Jul/2025:19:25:41 +0700] "GET /mobile2025-03-21/mmlive.html HTTP/1.1" 404 10752 "-" "Mozilla/5.0 (Linux; Android 6.0.1; Nexus 5X Build/MMB29P) AppleWebKit/537.36 (KHTML, like Gecko) Chrome/137.0.7151.103 Mobile Safari/537.36 (compatible; Googlebot/2.1; +http://www.google.com/bot.html)"
66.249.79.64 - - [22/Jul/2025:19:25:20 +0700] "GET /news20250321/kubet-11-mba.html HTTP/1.1" 404 10756 "-" "Mozilla/5.0 (Linux; Android 6.0.1; Nexus 5X Build/MMB29P) AppleWebKit/537.36 (KHTML, like Gecko) Chrome/137.0.7151.103 Mobile Safari/537.36 (compatible; Googlebot/2.1; +http://www.google.com/bot.html)"
103.57.221.79 - - [22/Jul/2025:19:25:41 +0700] "POST /wp-cron.php?doing_wp_cron=1753187141.3880269527435302734375 HTTP/1.1" 200 0 "-" "WordPress/6.8.2; https://onesmart.com.vn"
103.57.221.79 - - [22/Jul/2025:19:13:30 +0700] "POST /wp-cron.php?doing_wp_cron=1753186410.5819969177246093750000 HTTP/1.1" 200 0 "-" "WordPress/6.8.2; https://onesmart.com.vn"
52.167.144.172 - - [22/Jul/2025:19:13:31 +0700] "GET /news/0176854/ HTTP/2" 301 0 "-" "Mozilla/5.0 AppleWebKit/537.36 (KHTML, like Gecko; compatible; bingbot/2.0; +http://www.bing.com/bingbot.htm) Chrome/116.0.1938.76 Safari/537.36"
103.57.221.79 - - [22/Jul/2025:19:14:40 +0700] "POST /wp-cron.php?doing_wp_cron=1753186480.2399039268493652343750 HTTP/1.1" 200 0 "-" "WordPress/6.8.2; https://onesmart.com.vn"
66.249.79.66 - - [22/Jul/2025:19:16:34 +0700] "GET /news2025-03-22/8bet-login-eswatini.html HTTP/1.1" 404 10735 "-" "Mozilla/5.0 (Linux; Android 6.0.1; Nexus 5X Build/MMB29P) AppleWebKit/537.36 (KHTML, like Gecko) Chrome/137.0.7151.103 Mobile Safari/537.36 (compatible; Googlebot/2.1; +http://www.google.com/bot.html)"
103.57.221.79 - - [22/Jul/2025:19:17:21 +0700] "POST /wp-cron.php?doing_wp_cron=1753186641.4073400497436523437500 HTTP/1.1" 200 0 "-" "WordPress/6.8.2; https://onesmart.com.vn"
52.167.144.172 - - [22/Jul/2025:19:17:51 +0700] "GET /news/68-game-b%C3%A0i-top-ai-blogs.html HTTP/2" 301 0 "-" "Mozilla/5.0 AppleWebKit/537.36 (KHTML, like Gecko; compatible; bingbot/2.0; +http://www.bing.com/bingbot.htm) Chrome/116.0.1938.76 Safari/537.36"
66.249.79.65 - - [22/Jul/2025:19:20:38 +0700] "GET /mobile2025-03-20/tai-win88.html HTTP/1.1" 404 10753 "-" "Mozilla/5.0 (Linux; Android 6.0.1; Nexus 5X Build/MMB29P) AppleWebKit/537.36 (KHTML, like Gecko) Chrome/137.0.7151.103 Mobile Safari/537.36 (compatible; Googlebot/2.1; +http://www.google.com/bot.html)"
66.249.79.65 - - [22/Jul/2025:19:22:40 +0700] "GET /hot20250321/8kbet-c%C3%B3.html HTTP/1.1" 404 10763 "-" "Mozilla/5.0 (Linux; Android 6.0.1; Nexus 5X Build/MMB29P) AppleWebKit/537.36 (KHTML, like Gecko) Chrome/137.0.7151.103 Mobile Safari/537.36 (compatible; Googlebot/2.1; +http://www.google.com/bot.html)"
103.57.221.79 - - [22/Jul/2025:19:22:42 +0700] "POST /wp-cron.php?doing_wp_cron=1753186962.7500948905944824218750 HTTP/1.1" 200 0 "-" "WordPress/6.8.2; https://onesmart.com.vn"
103.57.221.79 - - [22/Jul/2025:19:23:52 +0700] "POST /wp-cron.php?doing_wp_cron=1753187032.4134860038757324218750 HTTP/1.1" 200 0 "-" "WordPress/6.8.2; https://onesmart.com.vn"
66.249.79.64 - - [22/Jul/2025:19:23:52 +0700] "GET /game2025-03-20/t%E1%BA%A3i-telesafe-w88.html HTTP/1.1" 404 10742 "-" "Mozilla/5.0 (Linux; Android 6.0.1; Nexus 5X Build/MMB29P) AppleWebKit/537.36 (KHTML, like Gecko) Chrome/137.0.7151.103 Mobile Safari/537.36 (compatible; Googlebot/2.1; +http://www.google.com/bot.html)"
66.249.79.64 - - [22/Jul/2025:19:24:41 +0700] "GET /news2025-03-15/fun88-ipl-betting-sign-up.html HTTP/1.1" 404 10751 "-" "Mozilla/5.0 (Linux; Android 6.0.1; Nexus 5X Build/MMB29P) AppleWebKit/537.36 (KHTML, like Gecko) Chrome/137.0.7151.103 Mobile Safari/537.36 (compatible; Googlebot/2.1; +http://www.google.com/bot.html)"
66.249.79.64 - - [22/Jul/2025:19:25:04 +0700] "GET /order2025-03-15/telesale-88vin.html HTTP/1.1" 404 10741 "-" "Mozilla/5.0 (Linux; Android 6.0.1; Nexus 5X Build/MMB29P) AppleWebKit/537.36 (KHTML, like Gecko) Chrome/137.0.7151.103 Mobile Safari/537.36 (compatible; Googlebot/2.1; +http://www.google.com/bot.html)"
103.57.221.79 - - [22/Jul/2025:19:26:21 +0700] "POST /wp-cron.php?doing_wp_cron=1753187181.4363479614257812500000 HTTP/1.1" 200 0 "-" "WordPress/6.8.2; https://onesmart.com.vn"
157.55.39.8 - - [22/Jul/2025:19:26:21 +0700] "GET /game/7053649/ HTTP/2" 404 14151 "-" "Mozilla/5.0 AppleWebKit/537.36 (KHTML, like Gecko; compatible; bingbot/2.0; +http://www.bing.com/bingbot.htm) Chrome/116.0.1938.76 Safari/537.36"
66.249.79.64 - - [22/Jul/2025:19:27:27 +0700] "GET /mobile2025-03-16/iwin-t%E1%BA%B7ng-68.html HTTP/1.1" 404 10755 "-" "Mozilla/5.0 (Linux; Android 6.0.1; Nexus 5X Build/MMB29P) AppleWebKit/537.36 (KHTML, like Gecko) Chrome/137.0.7151.103 Mobile Safari/537.36 (compatible; Googlebot/2.1; +http://www.google.com/bot.html)"
207.46.13.78 - - [22/Jul/2025:19:28:01 +0700] "GET /order2025-03-31/nha-trang-kynu.html HTTP/2" 301 0 "-" "Mozilla/5.0 AppleWebKit/537.36 (KHTML, like Gecko; compatible; bingbot/2.0; +http://www.bing.com/bingbot.htm) Chrome/116.0.1938.76 Safari/537.36"
66.249.79.66 - - [22/Jul/2025:19:28:31 +0700] "GET /game2025-03-21/fun88-167.92.html HTTP/1.1" 404 10728 "-" "Mozilla/5.0 (Linux; Android 6.0.1; Nexus 5X Build/MMB29P) AppleWebKit/537.36 (KHTML, like Gecko) Chrome/137.0.7151.103 Mobile Safari/537.36 (compatible; Googlebot/2.1; +http://www.google.com/bot.html)"
103.57.221.79 - - [22/Jul/2025:19:28:57 +0700] "POST /wp-cron.php?doing_wp_cron=1753187337.1345961093902587890625 HTTP/1.1" 200 0 "-" "WordPress/6.8.2; https://onesmart.com.vn"
66.249.79.64 - - [22/Jul/2025:19:29:40 +0700] "GET /mobile20250322/12bet-fen.html HTTP/1.1" 404 10735 "-" "Mozilla/5.0 (Linux; Android 6.0.1; Nexus 5X Build/MMB29P) AppleWebKit/537.36 (KHTML, like Gecko) Chrome/137.0.7151.103 Mobile Safari/537.36 (compatible; Googlebot/2.1; +http://www.google.com/bot.html)"
66.249.79.64 - - [22/Jul/2025:19:31:23 +0700] "GET /order2025-03-21/w88---link-v%C3%A0o-w88-th%E1%BB%83-thao.html HTTP/1.1" 404 10802 "-" "Mozilla/5.0 (Linux; Android 6.0.1; Nexus 5X Build/MMB29P) AppleWebKit/537.36 (KHTML, like Gecko) Chrome/137.0.7151.103 Mobile Safari/537.36 (compatible; Googlebot/2.1; +http://www.google.com/bot.html)"
103.57.221.79 - - [22/Jul/2025:19:31:32 +0700] "POST /wp-cron.php?doing_wp_cron=1753187492.2586638927459716796875 HTTP/1.1" 200 0 "-" "WordPress/6.8.2; https://onesmart.com.vn"
66.249.79.64 - - [22/Jul/2025:19:31:42 +0700] "GET /game20250321/777-winning-slots-free-coins.html HTTP/1.1" 404 10736 "-" "Mozilla/5.0 (Linux; Android 6.0.1; Nexus 5X Build/MMB29P) AppleWebKit/537.36 (KHTML, like Gecko) Chrome/137.0.7151.103 Mobile Safari/537.36 (compatible; Googlebot/2.1; +http://www.google.com/bot.html)"
40.77.167.70 - - [22/Jul/2025:19:31:53 +0700] "GET /news/9641250/ HTTP/2" 404 14145 "-" "Mozilla/5.0 AppleWebKit/537.36 (KHTML, like Gecko; compatible; bingbot/2.0; +http://www.bing.com/bingbot.htm) Chrome/116.0.1938.76 Safari/537.36"
66.249.79.64 - - [22/Jul/2025:19:32:00 +0700] "GET /app2025-03-14/w88-go HTTP/1.1" 404 10730 "-" "Mozilla/5.0 (Linux; Android 6.0.1; Nexus 5X Build/MMB29P) AppleWebKit/537.36 (KHTML, like Gecko) Chrome/137.0.7151.103 Mobile Safari/537.36 (compatible; Googlebot/2.1; +http://www.google.com/bot.html)"
66.249.79.64 - - [22/Jul/2025:19:32:01 +0700] "GET /app20250323/8kbet-com-8kbet-vip.html HTTP/1.1" 404 10727 "-" "Mozilla/5.0 (Linux; Android 6.0.1; Nexus 5X Build/MMB29P) AppleWebKit/537.36 (KHTML, like Gecko) Chrome/137.0.7151.103 Mobile Safari/537.36 (compatible; Googlebot/2.1; +http://www.google.com/bot.html)"
66.249.79.64 - - [22/Jul/2025:19:32:02 +0700] "GET /app2025-03-22/house-of-fun-slots-free-coins.html HTTP/1.1" 404 10744 "-" "Mozilla/5.0 (Linux; Android 6.0.1; Nexus 5X Build/MMB29P) AppleWebKit/537.36 (KHTML, like Gecko) Chrome/137.0.7151.103 Mobile Safari/537.36 (compatible; Googlebot/2.1; +http://www.google.com/bot.html)"
103.57.221.79 - - [22/Jul/2025:19:33:43 +0700] "POST /wp-cron.php?doing_wp_cron=1753187623.7066559791564941406250 HTTP/1.1" 200 0 "-" "WordPress/6.8.2; https://onesmart.com.vn"
40.77.167.243 - - [22/Jul/2025:19:33:43 +0700] "GET /news/9567342/ HTTP/2" 404 14121 "-" "Mozilla/5.0 AppleWebKit/537.36 (KHTML, like Gecko; compatible; bingbot/2.0; +http://www.bing.com/bingbot.htm) Chrome/116.0.1938.76 Safari/537.36"
103.57.221.79 - - [22/Jul/2025:19:33:51 +0700] "POST /wp-cron.php?doing_wp_cron=1753187631.0563039779663085937500 HTTP/1.1" 200 0 "-" "WordPress/6.8.2; https://onesmart.com.vn"
103.57.221.79 - - [22/Jul/2025:19:27:21 +0700] "POST /wp-cron.php?doing_wp_cron=1753187241.2230811119079589843750 HTTP/1.1" 200 0 "-" "WordPress/6.8.2; https://onesmart.com.vn"
52.167.144.215 - - [22/Jul/2025:19:27:21 +0700] "GET /news/7190658/ HTTP/2" 301 0 "-" "Mozilla/5.0 AppleWebKit/537.36 (KHTML, like Gecko; compatible; bingbot/2.0; +http://www.bing.com/bingbot.htm) Chrome/116.0.1938.76 Safari/537.36"
103.57.221.79 - - [22/Jul/2025:19:27:42 +0700] "POST /wp-cron.php?doing_wp_cron=1753187262.2105000019073486328125 HTTP/1.1" 200 0 "-" "WordPress/6.8.2; https://onesmart.com.vn"
103.57.221.79 - - [22/Jul/2025:19:28:02 +0700] "POST /wp-cron.php?doing_wp_cron=1753187282.1882300376892089843750 HTTP/1.1" 200 0 "-" "WordPress/6.8.2; https://onesmart.com.vn"
40.77.167.44 - - [22/Jul/2025:19:29:14 +0700] "GET /news/9254186/ HTTP/2" 301 0 "-" "Mozilla/5.0 AppleWebKit/537.36 (KHTML, like Gecko; compatible; bingbot/2.0; +http://www.bing.com/bingbot.htm) Chrome/116.0.1938.76 Safari/537.36"
103.57.221.79 - - [22/Jul/2025:19:29:53 +0700] "POST /wp-cron.php?doing_wp_cron=1753187393.4304850101470947265625 HTTP/1.1" 200 0 "-" "WordPress/6.8.2; https://onesmart.com.vn"
103.57.221.79 - - [22/Jul/2025:19:30:32 +0700] "POST /wp-cron.php?doing_wp_cron=1753187432.8186290264129638671875 HTTP/1.1" 200 0 "-" "WordPress/6.8.2; https://onesmart.com.vn"
66.249.79.65 - - [22/Jul/2025:19:30:32 +0700] "GET /mobile20250321/security-1xbet-com.html HTTP/1.1" 404 10764 "-" "Mozilla/5.0 (Linux; Android 6.0.1; Nexus 5X Build/MMB29P) AppleWebKit/537.36 (KHTML, like Gecko) Chrome/137.0.7151.103 Mobile Safari/537.36 (compatible; Googlebot/2.1; +http://www.google.com/bot.html)"
66.249.79.64 - - [22/Jul/2025:19:30:37 +0700] "GET /game20250316/voucher-777-bet.html HTTP/1.1" 404 10726 "-" "Mozilla/5.0 (Linux; Android 6.0.1; Nexus 5X Build/MMB29P) AppleWebKit/537.36 (KHTML, like Gecko) Chrome/137.0.7151.103 Mobile Safari/537.36 (compatible; Googlebot/2.1; +http://www.google.com/bot.html)"
66.249.79.64 - - [22/Jul/2025:19:30:41 +0700] "GET /news20250322/quay-th%E1%BB%AD-mt-168.html HTTP/1.1" 404 10759 "-" "Mozilla/5.0 (Linux; Android 6.0.1; Nexus 5X Build/MMB29P) AppleWebKit/537.36 (KHTML, like Gecko) Chrome/137.0.7151.103 Mobile Safari/537.36 (compatible; Googlebot/2.1; +http://www.google.com/bot.html)"
103.57.221.79 - - [22/Jul/2025:19:31:43 +0700] "POST /wp-cron.php?doing_wp_cron=1753187503.1366090774536132812500 HTTP/1.1" 200 0 "-" "WordPress/6.8.2; https://onesmart.com.vn"
103.57.221.79 - - [22/Jul/2025:19:31:53 +0700] "POST /wp-cron.php?doing_wp_cron=1753187513.3723959922790527343750 HTTP/1.1" 200 0 "-" "WordPress/6.8.2; https://onesmart.com.vn"
66.249.79.64 - - [22/Jul/2025:19:32:10 +0700] "GET /hot/k%C3%A8o-b%C3%B3ng-m88.html HTTP/1.1" 404 10735 "-" "Mozilla/5.0 (Linux; Android 6.0.1; Nexus 5X Build/MMB29P) AppleWebKit/537.36 (KHTML, like Gecko) Chrome/137.0.7151.103 Mobile Safari/537.36 (compatible; Googlebot/2.1; +http://www.google.com/bot.html)"
66.249.79.64 - - [22/Jul/2025:19:32:19 +0700] "GET /hot20250322/12bet-12-betus.com.html HTTP/1.1" 404 10715 "-" "Mozilla/5.0 (Linux; Android 6.0.1; Nexus 5X Build/MMB29P) AppleWebKit/537.36 (KHTML, like Gecko) Chrome/137.0.7151.103 Mobile Safari/537.36 (compatible; Googlebot/2.1; +http://www.google.com/bot.html)"
103.57.221.79 - - [22/Jul/2025:19:33:40 +0700] "POST /wp-cron.php?doing_wp_cron=1753187620.0900120735168457031250 HTTP/1.1" 200 0 "-" "WordPress/6.8.2; https://onesmart.com.vn"
66.249.79.65 - - [22/Jul/2025:19:33:39 +0700] "GET /app20250325/tai-iwin-iwinapklink.html HTTP/1.1" 404 10775 "-" "Mozilla/5.0 (Linux; Android 6.0.1; Nexus 5X Build/MMB29P) AppleWebKit/537.36 (KHTML, like Gecko) Chrome/137.0.7151.103 Mobile Safari/537.36 (compatible; Googlebot/2.1; +http://www.google.com/bot.html)"
103.57.221.79 - - [22/Jul/2025:19:36:45 +0700] "POST /wp-cron.php?doing_wp_cron=1753187805.2149848937988281250000 HTTP/1.1" 200 0 "-" "WordPress/6.8.2; https://onesmart.com.vn"
47.128.121.116 - - [22/Jul/2025:19:27:42 +0700] "GET /CasinocwarS/ HTTP/2" 404 10744 "-" "Mozilla/5.0 (Linux; Android 5.0) AppleWebKit/537.36 (KHTML, like Gecko) Mobile Safari/537.36 (compatible; TikTokSpider; ttspider-feedback@tiktok.com)"
47.128.121.116 - - [22/Jul/2025:19:27:42 +0700] "POST /wp-content/plugins/litespeed-cache/guest.vary.php HTTP/2" 200 20 "https://onesmart.com.vn/CasinocwarS/" "Mozilla/5.0 (Linux; Android 5.0) AppleWebKit/537.36 (KHTML, like Gecko) Mobile Safari/537.36 (compatible; TikTokSpider; ttspider-feedback@tiktok.com)"
47.128.121.116 - - [22/Jul/2025:19:27:42 +0700] "GET /CasinocwarS/ HTTP/2" 404 18401 "https://onesmart.com.vn/CasinocwarS/" "Mozilla/5.0 (Linux; Android 5.0) AppleWebKit/537.36 (KHTML, like Gecko) Mobile Safari/537.36 (compatible; TikTokSpider; ttspider-feedback@tiktok.com)"
66.249.79.64 - - [22/Jul/2025:19:28:56 +0700] "GET /mobile2025-03-16/xem-gi%E1%BA%A3i-g%C3%A0-%C4%91%C3%A1.html HTTP/1.1" 404 10778 "-" "Mozilla/5.0 (Linux; Android 6.0.1; Nexus 5X Build/MMB29P) AppleWebKit/537.36 (KHTML, like Gecko) Chrome/137.0.7151.103 Mobile Safari/537.36 (compatible; Googlebot/2.1; +http://www.google.com/bot.html)"
103.57.221.79 - - [22/Jul/2025:19:29:40 +0700] "POST /wp-cron.php?doing_wp_cron=1753187380.7017550468444824218750 HTTP/1.1" 200 0 "-" "WordPress/6.8.2; https://onesmart.com.vn"
66.249.79.65 - - [22/Jul/2025:19:29:53 +0700] "GET /order2025-03-21/1xbet-link-v%C3%A0o.html HTTP/1.1" 404 10719 "-" "Mozilla/5.0 (Linux; Android 6.0.1; Nexus 5X Build/MMB29P) AppleWebKit/537.36 (KHTML, like Gecko) Chrome/137.0.7151.103 Mobile Safari/537.36 (compatible; Googlebot/2.1; +http://www.google.com/bot.html)"
103.57.221.79 - - [22/Jul/2025:19:31:11 +0700] "POST /wp-cron.php?doing_wp_cron=1753187471.4610080718994140625000 HTTP/1.1" 200 0 "-" "WordPress/6.8.2; https://onesmart.com.vn"
66.249.79.65 - - [22/Jul/2025:19:31:11 +0700] "GET /news20250321/79king-com-%C4%91%C4%83ng-nh%E1%BA%ADp79king.html HTTP/1.1" 404 10772 "-" "Mozilla/5.0 (Linux; Android 6.0.1; Nexus 5X Build/MMB29P) AppleWebKit/537.36 (KHTML, like Gecko) Chrome/137.0.7151.103 Mobile Safari/537.36 (compatible; Googlebot/2.1; +http://www.google.com/bot.html)"
207.46.13.78 - - [22/Jul/2025:19:31:32 +0700] "GET /news/4732815/xsmn-thu-4-minh-ngoc-hang-tuan HTTP/2" 301 0 "-" "Mozilla/5.0 AppleWebKit/537.36 (KHTML, like Gecko; compatible; bingbot/2.0; +http://www.bing.com/bingbot.htm) Chrome/116.0.1938.76 Safari/537.36"
40.77.167.44 - - [22/Jul/2025:19:34:34 +0700] "GET /news/Esports-vn88.html HTTP/2" 301 0 "-" "Mozilla/5.0 AppleWebKit/537.36 (KHTML, like Gecko; compatible; bingbot/2.0; +http://www.bing.com/bingbot.htm) Chrome/116.0.1938.76 Safari/537.36"
103.57.221.79 - - [22/Jul/2025:19:35:14 +0700] "POST /wp-cron.php?doing_wp_cron=1753187714.6296520233154296875000 HTTP/1.1" 200 0 "-" "WordPress/6.8.2; https://onesmart.com.vn"
40.77.167.73 - - [22/Jul/2025:19:35:14 +0700] "GET /app/7439812/ HTTP/2" 404 14117 "-" "Mozilla/5.0 AppleWebKit/537.36 (KHTML, like Gecko; compatible; bingbot/2.0; +http://www.bing.com/bingbot.htm) Chrome/116.0.1938.76 Safari/537.36"
40.77.167.73 - - [22/Jul/2025:19:35:15 +0700] "GET /app/6508239/ HTTP/2" 404 14104 "-" "Mozilla/5.0 AppleWebKit/537.36 (KHTML, like Gecko; compatible; bingbot/2.0; +http://www.bing.com/bingbot.htm) Chrome/116.0.1938.76 Safari/537.36"
66.249.79.65 - - [22/Jul/2025:19:36:27 +0700] "GET /news2025-03-15/qh88-yog HTTP/1.1" 404 10714 "-" "Mozilla/5.0 (Linux; Android 6.0.1; Nexus 5X Build/MMB29P) AppleWebKit/537.36 (KHTML, like Gecko) Chrome/137.0.7151.103 Mobile Safari/537.36 (compatible; Googlebot/2.1; +http://www.google.com/bot.html)"
66.249.79.65 - - [22/Jul/2025:19:36:29 +0700] "GET /mobile20250320/T%E1%BA%A3i-X8-Game-B%C3%A0i-N%E1%BB%95-H%C5%A9-Uy-T%C3%ADn.html HTTP/1.1" 404 10782 "-" "Mozilla/5.0 (Linux; Android 6.0.1; Nexus 5X Build/MMB29P) AppleWebKit/537.36 (KHTML, like Gecko) Chrome/137.0.7151.103 Mobile Safari/537.36 (compatible; Googlebot/2.1; +http://www.google.com/bot.html)"
66.249.79.64 - - [22/Jul/2025:19:33:50 +0700] "GET /mobile2025-03-16/789club-bi HTTP/1.1" 404 10731 "-" "Mozilla/5.0 (Linux; Android 6.0.1; Nexus 5X Build/MMB29P) AppleWebKit/537.36 (KHTML, like Gecko) Chrome/137.0.7151.103 Mobile Safari/537.36 (compatible; Googlebot/2.1; +http://www.google.com/bot.html)"
66.249.79.64 - - [22/Jul/2025:19:34:04 +0700] "GET /news2025-03-23/web-789bet.html HTTP/1.1" 404 10748 "-" "Mozilla/5.0 (Linux; Android 6.0.1; Nexus 5X Build/MMB29P) AppleWebKit/537.36 (KHTML, like Gecko) Chrome/137.0.7151.103 Mobile Safari/537.36 (compatible; Googlebot/2.1; +http://www.google.com/bot.html)"
103.57.221.79 - - [22/Jul/2025:19:34:34 +0700] "POST /wp-cron.php?doing_wp_cron=1753187674.5891671180725097656250 HTTP/1.1" 200 0 "-" "WordPress/6.8.2; https://onesmart.com.vn"
103.57.221.79 - - [22/Jul/2025:19:36:27 +0700] "POST /wp-cron.php?doing_wp_cron=1753187787.9729518890380859375000 HTTP/1.1" 200 0 "-" "WordPress/6.8.2; https://onesmart.com.vn"
66.249.79.64 - - [22/Jul/2025:19:36:45 +0700] "GET /order2025-03-22/W8888-Khu-gi%E1%BA%A3i-tr%C3%AD-c%E1%BB%95-%C4%91i%E1%BB%83n-%C4%91%E1%BA%A1i-ph%C3%A1t-88.html HTTP/1.1" 404 10783 "-" "Mozilla/5.0 (Linux; Android 6.0.1; Nexus 5X Build/MMB29P) AppleWebKit/537.36 (KHTML, like Gecko) Chrome/137.0.7151.103 Mobile Safari/537.36 (compatible; Googlebot/2.1; +http://www.google.com/bot.html)"
40.77.167.73 - - [22/Jul/2025:19:37:23 +0700] "GET /game/9702834/ HTTP/2" 404 14099 "-" "Mozilla/5.0 AppleWebKit/537.36 (KHTML, like Gecko; compatible; bingbot/2.0; +http://www.bing.com/bingbot.htm) Chrome/116.0.1938.76 Safari/537.36"
40.77.167.73 - - [22/Jul/2025:19:37:25 +0700] "GET /game/soi-c%E1%BA%A7u-247-n%C3%A9t.html HTTP/2" 404 14177 "-" "Mozilla/5.0 AppleWebKit/537.36 (KHTML, like Gecko; compatible; bingbot/2.0; +http://www.bing.com/bingbot.htm) Chrome/116.0.1938.76 Safari/537.36"
40.77.167.73 - - [22/Jul/2025:19:38:52 +0700] "GET /order/5217689/ HTTP/2" 404 14116 "-" "Mozilla/5.0 AppleWebKit/537.36 (KHTML, like Gecko; compatible; bingbot/2.0; +http://www.bing.com/bingbot.htm) Chrome/116.0.1938.76 Safari/537.36"
66.249.79.64 - - [22/Jul/2025:19:39:32 +0700] "GET /news2025-03-23/7m-com-cn-ma-cao HTTP/1.1" 404 10733 "-" "Mozilla/5.0 (Linux; Android 6.0.1; Nexus 5X Build/MMB29P) AppleWebKit/537.36 (KHTML, like Gecko) Chrome/137.0.7151.103 Mobile Safari/537.36 (compatible; Googlebot/2.1; +http://www.google.com/bot.html)"
40.77.167.46 - - [22/Jul/2025:19:40:33 +0700] "GET /news/1856974/ HTTP/2" 301 0 "-" "Mozilla/5.0 AppleWebKit/537.36 (KHTML, like Gecko; compatible; bingbot/2.0; +http://www.bing.com/bingbot.htm) Chrome/116.0.1938.76 Safari/537.36"
40.77.167.36 - - [22/Jul/2025:19:41:15 +0700] "GET /app/7521430/ HTTP/2" 404 14110 "-" "Mozilla/5.0 AppleWebKit/537.36 (KHTML, like Gecko; compatible; bingbot/2.0; +http://www.bing.com/bingbot.htm) Chrome/116.0.1938.76 Safari/537.36"
103.57.221.79 - - [22/Jul/2025:19:42:06 +0700] "POST /wp-cron.php?doing_wp_cron=1753188126.5282120704650878906250 HTTP/1.1" 200 0 "-" "WordPress/6.8.2; https://onesmart.com.vn"
66.249.68.66 - - [22/Jul/2025:19:42:06 +0700] "GET /order/v%C3%B2ng-quay-v%C3%B4-c%E1%BB%B1c-ph%E1%BA%A7n-1 HTTP/1.1" 301 0 "-" "Mozilla/5.0 (Linux; Android 6.0.1; Nexus 5X Build/MMB29P) AppleWebKit/537.36 (KHTML, like Gecko) Chrome/137.0.7151.103 Mobile Safari/537.36 (compatible; Googlebot/2.1; +http://www.google.com/bot.html)"
66.249.79.66 - - [22/Jul/2025:19:42:29 +0700] "GET /order/v%C3%B2ng-quay-v%C3%B4-c%E1%BB%B1c-ph%E1%BA%A7n-1 HTTP/1.1" 404 10763 "-" "Mozilla/5.0 (Linux; Android 6.0.1; Nexus 5X Build/MMB29P) AppleWebKit/537.36 (KHTML, like Gecko) Chrome/137.0.7151.103 Mobile Safari/537.36 (compatible; Googlebot/2.1; +http://www.google.com/bot.html)"
66.249.79.65 - - [22/Jul/2025:19:42:42 +0700] "GET /news20250321/c%C3%A1ch-%C4%91%E1%BA%B7t-c%C6%B0%E1%BB%A3c-fb88.html HTTP/1.1" 404 10759 "-" "Mozilla/5.0 (Linux; Android 6.0.1; Nexus 5X Build/MMB29P) AppleWebKit/537.36 (KHTML, like Gecko) Chrome/137.0.7151.103 Mobile Safari/537.36 (compatible; Googlebot/2.1; +http://www.google.com/bot.html)"
66.249.79.64 - - [22/Jul/2025:19:36:45 +0700] "GET /sitemap_index.xml HTTP/1.1" 200 339 "-" "Mozilla/5.0 (compatible; Googlebot/2.1; +http://www.google.com/bot.html)"
103.57.221.79 - - [22/Jul/2025:19:37:12 +0700] "POST /wp-cron.php?doing_wp_cron=1753187832.5453810691833496093750 HTTP/1.1" 200 0 "-" "WordPress/6.8.2; https://onesmart.com.vn"
207.46.13.78 - - [22/Jul/2025:19:37:12 +0700] "GET /app/mu88.app.html HTTP/2" 301 0 "-" "Mozilla/5.0 AppleWebKit/537.36 (KHTML, like Gecko; compatible; bingbot/2.0; +http://www.bing.com/bingbot.htm) Chrome/116.0.1938.76 Safari/537.36"
103.57.221.79 - - [22/Jul/2025:19:40:00 +0700] "POST /wp-cron.php?doing_wp_cron=1753188000.9310040473937988281250 HTTP/1.1" 200 0 "-" "WordPress/6.8.2; https://onesmart.com.vn"
66.249.79.65 - - [22/Jul/2025:19:40:00 +0700] "GET /game2025-03-23/79king-com-vn HTTP/1.1" 404 10734 "-" "Mozilla/5.0 (Linux; Android 6.0.1; Nexus 5X Build/MMB29P) AppleWebKit/537.36 (KHTML, like Gecko) Chrome/137.0.7151.103 Mobile Safari/537.36 (compatible; Googlebot/2.1; +http://www.google.com/bot.html)"
103.57.221.79 - - [22/Jul/2025:19:40:33 +0700] "POST /wp-cron.php?doing_wp_cron=1753188033.4576210975646972656250 HTTP/1.1" 200 0 "-" "WordPress/6.8.2; https://onesmart.com.vn"
103.57.221.79 - - [22/Jul/2025:19:41:07 +0700] "POST /wp-cron.php?doing_wp_cron=1753188067.4443891048431396484375 HTTP/1.1" 200 0 "-" "WordPress/6.8.2; https://onesmart.com.vn"
103.57.221.79 - - [22/Jul/2025:19:42:42 +0700] "POST /wp-cron.php?doing_wp_cron=1753188162.6033780574798583984375 HTTP/1.1" 200 0 "-" "WordPress/6.8.2; https://onesmart.com.vn"
66.249.79.64 - - [22/Jul/2025:19:42:48 +0700] "GET /hot2025-03-21/soi-cau-du-doan-xsmb-minh-ngoc HTTP/1.1" 404 10739 "-" "Mozilla/5.0 (Linux; Android 6.0.1; Nexus 5X Build/MMB29P) AppleWebKit/537.36 (KHTML, like Gecko) Chrome/137.0.7151.103 Mobile Safari/537.36 (compatible; Googlebot/2.1; +http://www.google.com/bot.html)"
207.46.13.154 - - [22/Jul/2025:19:43:02 +0700] "GET /news/3840269/ HTTP/2" 404 14127 "-" "Mozilla/5.0 AppleWebKit/537.36 (KHTML, like Gecko; compatible; bingbot/2.0; +http://www.bing.com/bingbot.htm) Chrome/116.0.1938.76 Safari/537.36"
66.249.79.64 - - [22/Jul/2025:19:44:14 +0700] "GET /game20250321/win88-club-win88.html HTTP/1.1" 404 10738 "-" "Mozilla/5.0 (Linux; Android 6.0.1; Nexus 5X Build/MMB29P) AppleWebKit/537.36 (KHTML, like Gecko) Chrome/137.0.7151.103 Mobile Safari/537.36 (compatible; Googlebot/2.1; +http://www.google.com/bot.html)"
103.57.221.79 - - [22/Jul/2025:19:44:51 +0700] "POST /wp-cron.php?doing_wp_cron=1753188291.6825969219207763671875 HTTP/1.1" 200 0 "-" "WordPress/6.8.2; https://onesmart.com.vn"
47.128.32.11 - - [22/Jul/2025:19:46:39 +0700] "GET /VideodLcwhux/ HTTP/2" 404 10717 "-" "Mozilla/5.0 (Linux; Android 5.0) AppleWebKit/537.36 (KHTML, like Gecko) Mobile Safari/537.36 (compatible; TikTokSpider; ttspider-feedback@tiktok.com)"
47.128.32.11 - - [22/Jul/2025:19:46:40 +0700] "POST /wp-content/plugins/litespeed-cache/guest.vary.php HTTP/2" 200 20 "https://onesmart.com.vn/VideodLcwhux/" "Mozilla/5.0 (Linux; Android 5.0) AppleWebKit/537.36 (KHTML, like Gecko) Mobile Safari/537.36 (compatible; TikTokSpider; ttspider-feedback@tiktok.com)"
47.128.32.11 - - [22/Jul/2025:19:46:41 +0700] "GET /VideodLcwhux/ HTTP/2" 404 18373 "https://onesmart.com.vn/VideodLcwhux/" "Mozilla/5.0 (Linux; Android 5.0) AppleWebKit/537.36 (KHTML, like Gecko) Mobile Safari/537.36 (compatible; TikTokSpider; ttspider-feedback@tiktok.com)"
103.57.221.79 - - [22/Jul/2025:19:49:22 +0700] "POST /wp-cron.php?doing_wp_cron=1753188562.6376659870147705078125 HTTP/1.1" 200 0 "-" "WordPress/6.8.2; https://onesmart.com.vn"
66.249.79.65 - - [22/Jul/2025:19:50:11 +0700] "GET /mobile2025-03-23/%C4%91%C3%A1-g%C3%A0-888.com.html HTTP/1.1" 404 10753 "-" "Mozilla/5.0 (Linux; Android 6.0.1; Nexus 5X Build/MMB29P) AppleWebKit/537.36 (KHTML, like Gecko) Chrome/137.0.7151.103 Mobile Safari/537.36 (compatible; Googlebot/2.1; +http://www.google.com/bot.html)"
103.57.221.79 - - [22/Jul/2025:19:38:52 +0700] "POST /wp-cron.php?doing_wp_cron=1753187932.9714651107788085937500 HTTP/1.1" 200 0 "-" "WordPress/6.8.2; https://onesmart.com.vn"
207.46.13.154 - - [22/Jul/2025:19:39:31 +0700] "GET /san-pham/cua-cuon-khe-thoang-onedoor-x6/ HTTP/2" 200 24694 "-" "Mozilla/5.0 AppleWebKit/537.36 (KHTML, like Gecko; compatible; bingbot/2.0; +http://www.bing.com/bingbot.htm) Chrome/116.0.1938.76 Safari/537.36"
103.57.221.79 - - [22/Jul/2025:19:39:32 +0700] "POST /wp-cron.php?doing_wp_cron=1753187972.1700100898742675781250 HTTP/1.1" 200 0 "-" "WordPress/6.8.2; https://onesmart.com.vn"
66.249.79.65 - - [22/Jul/2025:19:40:11 +0700] "GET /hot2025-03-23/http-78win.html HTTP/1.1" 404 10758 "-" "Mozilla/5.0 (Linux; Android 6.0.1; Nexus 5X Build/MMB29P) AppleWebKit/537.36 (KHTML, like Gecko) Chrome/137.0.7151.103 Mobile Safari/537.36 (compatible; Googlebot/2.1; +http://www.google.com/bot.html)"
66.249.79.66 - - [22/Jul/2025:19:41:07 +0700] "GET /app2025-03-23/j88-asia.html HTTP/1.1" 404 10724 "-" "Mozilla/5.0 (Linux; Android 6.0.1; Nexus 5X Build/MMB29P) AppleWebKit/537.36 (KHTML, like Gecko) Chrome/137.0.7151.103 Mobile Safari/537.36 (compatible; Googlebot/2.1; +http://www.google.com/bot.html)"
103.57.221.79 - - [22/Jul/2025:19:43:01 +0700] "POST /wp-cron.php?doing_wp_cron=1753188181.2703649997711181640625 HTTP/1.1" 200 0 "-" "WordPress/6.8.2; https://onesmart.com.vn"
103.57.221.79 - - [22/Jul/2025:19:44:14 +0700] "POST /wp-cron.php?doing_wp_cron=1753188254.9084870815277099609375 HTTP/1.1" 200 0 "-" "WordPress/6.8.2; https://onesmart.com.vn"
103.57.221.79 - - [22/Jul/2025:19:46:40 +0700] "POST /wp-cron.php?doing_wp_cron=1753188400.0387430191040039062500 HTTP/1.1" 200 0 "-" "WordPress/6.8.2; https://onesmart.com.vn"
103.57.221.79 - - [22/Jul/2025:19:47:15 +0700] "POST /wp-cron.php?doing_wp_cron=1753188435.4488890171051025390625 HTTP/1.1" 200 0 "-" "WordPress/6.8.2; https://onesmart.com.vn"
52.167.144.169 - - [22/Jul/2025:19:47:15 +0700] "GET /app/0438579/ HTTP/2" 301 0 "-" "Mozilla/5.0 AppleWebKit/537.36 (KHTML, like Gecko; compatible; bingbot/2.0; +http://www.bing.com/bingbot.htm) Chrome/116.0.1938.76 Safari/537.36"
103.57.221.79 - - [22/Jul/2025:19:47:54 +0700] "POST /wp-cron.php?doing_wp_cron=1753188474.1780459880828857421875 HTTP/1.1" 200 0 "-" "WordPress/6.8.2; https://onesmart.com.vn"
40.77.167.6 - - [22/Jul/2025:19:47:54 +0700] "GET /news/0891653/ HTTP/2" 404 14139 "-" "Mozilla/5.0 AppleWebKit/537.36 (KHTML, like Gecko; compatible; bingbot/2.0; +http://www.bing.com/bingbot.htm) Chrome/116.0.1938.76 Safari/537.36"
66.249.79.66 - - [22/Jul/2025:19:49:22 +0700] "GET /app20250318/cakhia-tv-tr%E1%BB%B1c-ti%E1%BA%BFp-tr%E1%BB%B1c-ti%E1%BA%BFp-b%C3%B3ng-%C4%91%C3%A1.html HTTP/1.1" 404 10796 "-" "Mozilla/5.0 (Linux; Android 6.0.1; Nexus 5X Build/MMB29P) AppleWebKit/537.36 (KHTML, like Gecko) Chrome/137.0.7151.103 Mobile Safari/537.36 (compatible; Googlebot/2.1; +http://www.google.com/bot.html)"
103.57.221.79 - - [22/Jul/2025:19:49:53 +0700] "POST /wp-cron.php?doing_wp_cron=1753188593.1647529602050781250000 HTTP/1.1" 200 0 "-" "WordPress/6.8.2; https://onesmart.com.vn"
40.77.167.55 - - [22/Jul/2025:19:53:15 +0700] "GET /news/huong-dan-ca-cuoc-bong-da-m88.html HTTP/2" 404 14165 "-" "Mozilla/5.0 AppleWebKit/537.36 (KHTML, like Gecko; compatible; bingbot/2.0; +http://www.bing.com/bingbot.htm) Chrome/116.0.1938.76 Safari/537.36"
103.131.71.25 - - [22/Jul/2025:19:54:42 +0700] "GET /wp-content/uploads/2024/12/Chat-luong-5-sao.png HTTP/1.1" 304 0 "-" "Mozilla/5.0 (compatible; coccocbot-image/1.0; +http://help.coccoc.com/searchengine)"
103.57.221.79 - - [22/Jul/2025:19:57:24 +0700] "POST /wp-cron.php?doing_wp_cron=1753189044.1140620708465576171875 HTTP/1.1" 200 0 "-" "WordPress/6.8.2; https://onesmart.com.vn"
66.249.79.66 - - [22/Jul/2025:19:43:00 +0700] "GET /order2025-03-23/win88-macau.com.html HTTP/1.1" 404 10749 "-" "Mozilla/5.0 (Linux; Android 6.0.1; Nexus 5X Build/MMB29P) AppleWebKit/537.36 (KHTML, like Gecko) Chrome/137.0.7151.103 Mobile Safari/537.36 (compatible; Googlebot/2.1; +http://www.google.com/bot.html)"
66.249.79.64 - - [22/Jul/2025:19:44:51 +0700] "GET /app2025-03-21/tai-iwin-ko-dc.html HTTP/1.1" 404 10740 "-" "Mozilla/5.0 (Linux; Android 6.0.1; Nexus 5X Build/MMB29P) AppleWebKit/537.36 (KHTML, like Gecko) Chrome/137.0.7151.103 Mobile Safari/537.36 (compatible; Googlebot/2.1; +http://www.google.com/bot.html)"
207.46.13.151 - - [22/Jul/2025:19:45:23 +0700] "GET /news/iwin-68-icu.html HTTP/2" 301 0 "-" "Mozilla/5.0 AppleWebKit/537.36 (KHTML, like Gecko; compatible; bingbot/2.0; +http://www.bing.com/bingbot.htm) Chrome/116.0.1938.76 Safari/537.36"
103.57.221.79 - - [22/Jul/2025:19:46:09 +0700] "POST /wp-cron.php?doing_wp_cron=1753188369.8496301174163818359375 HTTP/1.1" 200 0 "-" "WordPress/6.8.2; https://onesmart.com.vn"
66.249.79.65 - - [22/Jul/2025:19:46:09 +0700] "GET /news20250321/11bet-l%E1%BB%8Bch-s%E1%BB%AD.html HTTP/1.1" 404 10772 "-" "Mozilla/5.0 (Linux; Android 6.0.1; Nexus 5X Build/MMB29P) AppleWebKit/537.36 (KHTML, like Gecko) Chrome/137.0.7151.103 Mobile Safari/537.36 (compatible; Googlebot/2.1; +http://www.google.com/bot.html)"
52.167.144.218 - - [22/Jul/2025:19:48:24 +0700] "GET /news/3908416/ HTTP/2" 301 0 "-" "Mozilla/5.0 AppleWebKit/537.36 (KHTML, like Gecko; compatible; bingbot/2.0; +http://www.bing.com/bingbot.htm) Chrome/116.0.1938.76 Safari/537.36"
157.55.39.57 - - [22/Jul/2025:19:49:53 +0700] "GET /dieu-khien-cua-cuon-qua-dien-thoai.htm HTTP/2" 404 14107 "-" "Mozilla/5.0 AppleWebKit/537.36 (KHTML, like Gecko; compatible; bingbot/2.0; +http://www.bing.com/bingbot.htm) Chrome/116.0.1938.76 Safari/537.36"
47.128.96.183 - - [22/Jul/2025:19:50:39 +0700] "GET /VideoEnVDkfI/ HTTP/2" 404 10744 "-" "Mozilla/5.0 (Linux; Android 5.0) AppleWebKit/537.36 (KHTML, like Gecko) Mobile Safari/537.36 (compatible; TikTokSpider; ttspider-feedback@tiktok.com)"
47.128.96.183 - - [22/Jul/2025:19:50:41 +0700] "POST /wp-content/plugins/litespeed-cache/guest.vary.php HTTP/2" 200 20 "https://onesmart.com.vn/VideoEnVDkfI/" "Mozilla/5.0 (Linux; Android 5.0) AppleWebKit/537.36 (KHTML, like Gecko) Mobile Safari/537.36 (compatible; TikTokSpider; ttspider-feedback@tiktok.com)"
47.128.96.183 - - [22/Jul/2025:19:50:41 +0700] "GET /VideoEnVDkfI/ HTTP/2" 404 18376 "https://onesmart.com.vn/VideoEnVDkfI/" "Mozilla/5.0 (Linux; Android 5.0) AppleWebKit/537.36 (KHTML, like Gecko) Mobile Safari/537.36 (compatible; TikTokSpider; ttspider-feedback@tiktok.com)"
66.249.79.66 - - [22/Jul/2025:19:56:24 +0700] "GET /hot/for88-Sang-tr%E1%BB%8Dng.html HTTP/1.1" 404 10746 "-" "Mozilla/5.0 (Linux; Android 6.0.1; Nexus 5X Build/MMB29P) AppleWebKit/537.36 (KHTML, like Gecko) Chrome/137.0.7151.103 Mobile Safari/537.36 (compatible; Googlebot/2.1; +http://www.google.com/bot.html)"
66.249.68.64 - - [22/Jul/2025:19:57:26 +0700] "GET /app/gladiator-slot-review HTTP/1.1" 301 0 "-" "Mozilla/5.0 (Linux; Android 6.0.1; Nexus 5X Build/MMB29P) AppleWebKit/537.36 (KHTML, like Gecko) Chrome/137.0.7151.103 Mobile Safari/537.36 (compatible; Googlebot/2.1; +http://www.google.com/bot.html)"
66.249.79.65 - - [22/Jul/2025:19:57:54 +0700] "GET /app/gladiator-slot-review HTTP/1.1" 404 10737 "-" "Mozilla/5.0 (Linux; Android 6.0.1; Nexus 5X Build/MMB29P) AppleWebKit/537.36 (KHTML, like Gecko) Chrome/137.0.7151.103 Mobile Safari/537.36 (compatible; Googlebot/2.1; +http://www.google.com/bot.html)"
103.57.221.79 - - [22/Jul/2025:20:02:08 +0700] "POST /wp-cron.php?doing_wp_cron=1753189328.8308269977569580078125 HTTP/1.1" 200 0 "-" "WordPress/6.8.2; https://onesmart.com.vn"
103.57.221.79 - - [22/Jul/2025:20:02:49 +0700] "POST /wp-cron.php?doing_wp_cron=1753189369.5645339488983154296875 HTTP/1.1" 200 0 "-" "WordPress/6.8.2; https://onesmart.com.vn"