D7net
Home
Console
Upload
information
Create File
Create Folder
About
Tools
:
/
home
/
fhblmjlrhosting
/
access-logs
/
Filename :
onesmart.com.vn.gsqqgwvb.000web.xyz-ssl_log
back
Copy
103.57.221.79 - - [22/Jul/2025:17:59:08 +0700] "POST /wp-cron.php?doing_wp_cron=1753181948.0583798885345458984375 HTTP/1.1" 200 0 "-" "WordPress/6.8.2; https://onesmart.com.vn"
103.57.221.79 - - [22/Jul/2025:18:03:44 +0700] "POST /wp-cron.php?doing_wp_cron=1753182224.0440969467163085937500 HTTP/1.1" 200 0 "-" "WordPress/6.8.2; https://onesmart.com.vn"
40.77.167.62 - - [22/Jul/2025:18:05:34 +0700] "GET /news/33.win HTTP/2" 301 0 "-" "Mozilla/5.0 AppleWebKit/537.36 (KHTML, like Gecko; compatible; bingbot/2.0; +http://www.bing.com/bingbot.htm) Chrome/116.0.1938.76 Safari/537.36"
103.57.221.79 - - [22/Jul/2025:18:05:45 +0700] "POST /wp-cron.php?doing_wp_cron=1753182345.3997199535369873046875 HTTP/1.1" 200 0 "-" "WordPress/6.8.2; https://onesmart.com.vn"
40.77.167.19 - - [22/Jul/2025:18:05:45 +0700] "GET /news/hayhonet.html HTTP/2" 301 0 "-" "Mozilla/5.0 AppleWebKit/537.36 (KHTML, like Gecko; compatible; bingbot/2.0; +http://www.bing.com/bingbot.htm) Chrome/116.0.1938.76 Safari/537.36"
207.46.13.116 - - [22/Jul/2025:18:07:24 +0700] "GET /news/6328049/ HTTP/2" 301 0 "-" "Mozilla/5.0 AppleWebKit/537.36 (KHTML, like Gecko; compatible; bingbot/2.0; +http://www.bing.com/bingbot.htm) Chrome/116.0.1938.76 Safari/537.36"
103.57.221.79 - - [22/Jul/2025:18:07:43 +0700] "POST /wp-cron.php?doing_wp_cron=1753182463.8521060943603515625000 HTTP/1.1" 200 0 "-" "WordPress/6.8.2; https://onesmart.com.vn"
103.57.221.79 - - [22/Jul/2025:18:08:26 +0700] "POST /wp-cron.php?doing_wp_cron=1753182506.4568769931793212890625 HTTP/1.1" 200 0 "-" "WordPress/6.8.2; https://onesmart.com.vn"
40.77.167.62 - - [22/Jul/2025:18:09:14 +0700] "GET /news/du-doan-kqxsmb-ngay-mai.html HTTP/2" 301 0 "-" "Mozilla/5.0 AppleWebKit/537.36 (KHTML, like Gecko; compatible; bingbot/2.0; +http://www.bing.com/bingbot.htm) Chrome/116.0.1938.76 Safari/537.36"
68.163.47.122 - - [22/Jul/2025:18:09:27 +0700] "GET /wp-login.php HTTP/2" 200 3119 "http://onesmart.com.vn/wp-login.php" "Mozilla/5.0 (Windows NT 10.0; Win64; x64; rv:137.0) Gecko/20100101 Firefox/137.0"
68.163.47.122 - - [22/Jul/2025:18:09:29 +0700] "POST /wp-login.php HTTP/2" 200 3306 "https://onesmart.com.vn/wp-login.php?redirect_to=https%3A%2F%2Fonesmart.com.vn%2Fwp-admin%2F" "Mozilla/5.0 (Windows NT 10.0; Win64; x64; rv:137.0) Gecko/20100101 Firefox/137.0"
72.14.199.130 - - [22/Jul/2025:18:09:59 +0700] "GET /chinh-sach-su-dung HTTP/1.1" 404 14145 "-" "PlayStore-Google"
72.14.199.130 - - [22/Jul/2025:18:10:01 +0700] "GET /chinh-sach-su-dung HTTP/1.1" 404 14137 "-" "PlayStore-Google"
72.14.199.130 - - [22/Jul/2025:18:10:03 +0700] "GET /wp-content/themes/flatsome/assets/js/chunk.slider.js?ver=3.17.7 HTTP/1.1" 200 12985 "https://onesmart.com.vn/chinh-sach-su-dung" "PlayStore-Google"
72.14.199.130 - - [22/Jul/2025:18:10:03 +0700] "GET /wp-content/themes/flatsome/assets/js/chunk.tooltips.js?ver=3.17.7 HTTP/1.1" 200 9748 "https://onesmart.com.vn/chinh-sach-su-dung" "PlayStore-Google"
72.14.199.128 - - [22/Jul/2025:18:10:03 +0700] "GET /wp-content/themes/flatsome/assets/js/chunk.popups.js?ver=3.17.7 HTTP/1.1" 200 6941 "https://onesmart.com.vn/chinh-sach-su-dung" "PlayStore-Google"
72.14.199.128 - - [22/Jul/2025:18:10:04 +0700] "GET /wp-content/themes/flatsome/assets/js/flatsome.js?ver=43f05e0ca79aa585a6aa HTTP/1.1" 200 15832 "https://onesmart.com.vn/chinh-sach-su-dung" "PlayStore-Google"
72.14.199.128 - - [22/Jul/2025:18:10:04 +0700] "GET /wp-content/litespeed/css/ee70df8611db0998be340c6cdba234cb.css?ver=95972 HTTP/1.1" 200 71468 "https://onesmart.com.vn/chinh-sach-su-dung" "PlayStore-Google"
72.14.199.128 - - [22/Jul/2025:18:10:06 +0700] "GET /wp-content/plugins/wordpress-popular-posts/assets/js/wpp.min.js?ver=7.3.3 HTTP/1.1" 200 1321 "https://onesmart.com.vn/chinh-sach-su-dung" "PlayStore-Google"
72.14.199.128 - - [22/Jul/2025:18:10:06 +0700] "GET /wp-includes/js/jquery/jquery.min.js?ver=3.7.1 HTTP/1.1" 200 29744 "https://onesmart.com.vn/chinh-sach-su-dung" "PlayStore-Google"
103.57.221.79 - - [22/Jul/2025:17:57:05 +0700] "POST /wp-cron.php?doing_wp_cron=1753181825.6847960948944091796875 HTTP/1.1" 200 0 "-" "WordPress/6.8.2; https://onesmart.com.vn"
52.167.144.156 - - [22/Jul/2025:17:57:05 +0700] "GET /news/4573028/ HTTP/2" 404 14125 "-" "Mozilla/5.0 AppleWebKit/537.36 (KHTML, like Gecko; compatible; bingbot/2.0; +http://www.bing.com/bingbot.htm) Chrome/116.0.1938.76 Safari/537.36"
103.57.221.79 - - [22/Jul/2025:17:57:53 +0700] "POST /wp-cron.php?doing_wp_cron=1753181873.2384860515594482421875 HTTP/1.1" 200 0 "-" "WordPress/6.8.2; https://onesmart.com.vn"
52.167.144.156 - - [22/Jul/2025:17:57:53 +0700] "GET /tu-khoa-san-pham/nha-thong-minh/ HTTP/2" 200 17060 "-" "Mozilla/5.0 AppleWebKit/537.36 (KHTML, like Gecko; compatible; bingbot/2.0; +http://www.bing.com/bingbot.htm) Chrome/116.0.1938.76 Safari/537.36"
66.249.79.66 - - [22/Jul/2025:17:59:07 +0700] "GET /mobile2025-03-25/d%E1%BB%B1-%C4%91o%C3%A1n-xsmn-vip.html HTTP/1.1" 404 10747 "-" "Mozilla/5.0 (Linux; Android 6.0.1; Nexus 5X Build/MMB29P) AppleWebKit/537.36 (KHTML, like Gecko) Chrome/137.0.7151.103 Mobile Safari/537.36 (compatible; Googlebot/2.1; +http://www.google.com/bot.html)"
66.249.79.64 - - [22/Jul/2025:17:59:20 +0700] "GET /app2025-03-25/12bet-linz.html HTTP/1.1" 404 10736 "-" "Mozilla/5.0 (Linux; Android 6.0.1; Nexus 5X Build/MMB29P) AppleWebKit/537.36 (KHTML, like Gecko) Chrome/137.0.7151.103 Mobile Safari/537.36 (compatible; Googlebot/2.1; +http://www.google.com/bot.html)"
103.57.221.79 - - [22/Jul/2025:18:01:45 +0700] "POST /wp-cron.php?doing_wp_cron=1753182105.3888731002807617187500 HTTP/1.1" 200 0 "-" "WordPress/6.8.2; https://onesmart.com.vn"
52.167.144.198 - - [22/Jul/2025:18:01:45 +0700] "GET /app/1697320/ HTTP/2" 404 14120 "-" "Mozilla/5.0 AppleWebKit/537.36 (KHTML, like Gecko; compatible; bingbot/2.0; +http://www.bing.com/bingbot.htm) Chrome/116.0.1938.76 Safari/537.36"
157.55.39.59 - - [22/Jul/2025:18:02:42 +0700] "GET /game/7583014/ HTTP/2" 404 14134 "-" "Mozilla/5.0 AppleWebKit/537.36 (KHTML, like Gecko; compatible; bingbot/2.0; +http://www.bing.com/bingbot.htm) Chrome/116.0.1938.76 Safari/537.36"
103.116.9.154 - - [22/Jul/2025:18:02:44 +0700] "GET / HTTP/1.1" 200 31253 "-" "Mozilla/5.0 (ZZ; Linux x86_64) AppleWebKit/537.36 (KHTML, like Gecko) Chrome/119.0.0.0 Safari/537.36"
157.55.39.59 - - [22/Jul/2025:18:04:43 +0700] "GET /game/2516834/ HTTP/2" 404 14145 "-" "Mozilla/5.0 AppleWebKit/537.36 (KHTML, like Gecko; compatible; bingbot/2.0; +http://www.bing.com/bingbot.htm) Chrome/116.0.1938.76 Safari/537.36"
103.57.221.79 - - [22/Jul/2025:18:05:34 +0700] "POST /wp-cron.php?doing_wp_cron=1753182334.7970418930053710937500 HTTP/1.1" 200 0 "-" "WordPress/6.8.2; https://onesmart.com.vn"
40.77.167.58 - - [22/Jul/2025:18:07:43 +0700] "GET /door/64/5/Cai-Dat-Them-Moi-Thiet-Bi-Dieu-Khien-Cua-Cuon-Bang-Dien-Thoai HTTP/2" 404 14172 "-" "Mozilla/5.0 AppleWebKit/537.36 (KHTML, like Gecko; compatible; bingbot/2.0; +http://www.bing.com/bingbot.htm) Chrome/116.0.1938.76 Safari/537.36"
40.77.167.58 - - [22/Jul/2025:18:08:26 +0700] "GET /news/1094856/ HTTP/2" 404 14141 "-" "Mozilla/5.0 AppleWebKit/537.36 (KHTML, like Gecko; compatible; bingbot/2.0; +http://www.bing.com/bingbot.htm) Chrome/116.0.1938.76 Safari/537.36"
103.57.221.79 - - [22/Jul/2025:18:09:15 +0700] "POST /wp-cron.php?doing_wp_cron=1753182555.1267490386962890625000 HTTP/1.1" 200 0 "-" "WordPress/6.8.2; https://onesmart.com.vn"
103.57.221.79 - - [22/Jul/2025:18:10:59 +0700] "POST /wp-cron.php?doing_wp_cron=1753182659.4434559345245361328125 HTTP/1.1" 200 0 "-" "WordPress/6.8.2; https://onesmart.com.vn"
40.77.167.62 - - [22/Jul/2025:18:11:26 +0700] "GET /news/xsmb-tu%E1%BA%A7n-th%C3%A1ng HTTP/2" 301 0 "-" "Mozilla/5.0 AppleWebKit/537.36 (KHTML, like Gecko; compatible; bingbot/2.0; +http://www.bing.com/bingbot.htm) Chrome/116.0.1938.76 Safari/537.36"
66.249.79.65 - - [22/Jul/2025:17:57:57 +0700] "GET /mobile2025-03-24/ae888-meta.html HTTP/1.1" 404 10726 "-" "Mozilla/5.0 (Linux; Android 6.0.1; Nexus 5X Build/MMB29P) AppleWebKit/537.36 (KHTML, like Gecko) Chrome/137.0.7151.103 Mobile Safari/537.36 (compatible; Googlebot/2.1; +http://www.google.com/bot.html)"
103.57.221.79 - - [22/Jul/2025:17:59:53 +0700] "POST /wp-cron.php?doing_wp_cron=1753181993.8454411029815673828125 HTTP/1.1" 200 0 "-" "WordPress/6.8.2; https://onesmart.com.vn"
40.77.167.19 - - [22/Jul/2025:17:59:53 +0700] "GET /news/0524937/ HTTP/2" 301 0 "-" "Mozilla/5.0 AppleWebKit/537.36 (KHTML, like Gecko; compatible; bingbot/2.0; +http://www.bing.com/bingbot.htm) Chrome/116.0.1938.76 Safari/537.36"
103.57.221.79 - - [22/Jul/2025:18:02:42 +0700] "POST /wp-cron.php?doing_wp_cron=1753182162.9620471000671386718750 HTTP/1.1" 200 0 "-" "WordPress/6.8.2; https://onesmart.com.vn"
207.46.13.116 - - [22/Jul/2025:18:03:43 +0700] "GET /news/tai-vin-88 HTTP/2" 301 0 "-" "Mozilla/5.0 AppleWebKit/537.36 (KHTML, like Gecko; compatible; bingbot/2.0; +http://www.bing.com/bingbot.htm) Chrome/116.0.1938.76 Safari/537.36"
103.57.221.79 - - [22/Jul/2025:18:04:43 +0700] "POST /wp-cron.php?doing_wp_cron=1753182283.8744521141052246093750 HTTP/1.1" 200 0 "-" "WordPress/6.8.2; https://onesmart.com.vn"
103.57.221.79 - - [22/Jul/2025:18:07:24 +0700] "POST /wp-cron.php?doing_wp_cron=1753182444.4703030586242675781250 HTTP/1.1" 200 0 "-" "WordPress/6.8.2; https://onesmart.com.vn"
103.57.221.79 - - [22/Jul/2025:18:09:44 +0700] "POST /wp-cron.php?doing_wp_cron=1753182584.9449939727783203125000 HTTP/1.1" 200 0 "-" "WordPress/6.8.2; https://onesmart.com.vn"
52.167.144.187 - - [22/Jul/2025:18:09:44 +0700] "GET /mobile2025-03-20/uw88-biz.html HTTP/2" 404 14151 "-" "Mozilla/5.0 AppleWebKit/537.36 (KHTML, like Gecko; compatible; bingbot/2.0; +http://www.bing.com/bingbot.htm) Chrome/116.0.1938.76 Safari/537.36"
103.57.221.79 - - [22/Jul/2025:18:09:59 +0700] "POST /wp-cron.php?doing_wp_cron=1753182599.9913630485534667968750 HTTP/1.1" 200 0 "-" "WordPress/6.8.2; https://onesmart.com.vn"
72.14.199.129 - - [22/Jul/2025:18:10:04 +0700] "GET /wp-content/themes/flatsome/assets/js/woocommerce.js?ver=1a392523165907adee6a HTTP/1.1" 200 6674 "https://onesmart.com.vn/chinh-sach-su-dung" "PlayStore-Google"
72.14.199.129 - - [22/Jul/2025:18:10:05 +0700] "POST /wp-content/plugins/litespeed-cache/guest.vary.php HTTP/1.1" 200 6 "https://onesmart.com.vn/chinh-sach-su-dung" "PlayStore-Google"
72.14.199.129 - - [22/Jul/2025:18:10:05 +0700] "GET /wp-content/uploads/2019/05/arrow.png HTTP/1.1" 404 14155 "https://onesmart.com.vn/wp-content/litespeed/css/ee70df8611db0998be340c6cdba234cb.css?ver=95972" "PlayStore-Google"
103.57.221.79 - - [22/Jul/2025:18:11:25 +0700] "POST /wp-cron.php?doing_wp_cron=1753182685.0886430740356445312500 HTTP/1.1" 200 0 "-" "WordPress/6.8.2; https://onesmart.com.vn"
52.167.144.136 - - [22/Jul/2025:18:11:35 +0700] "GET /news/1xbet-hack-aviator HTTP/2" 404 14145 "-" "Mozilla/5.0 AppleWebKit/537.36 (KHTML, like Gecko; compatible; bingbot/2.0; +http://www.bing.com/bingbot.htm) Chrome/116.0.1938.76 Safari/537.36"
103.57.221.79 - - [22/Jul/2025:18:12:06 +0700] "POST /wp-cron.php?doing_wp_cron=1753182726.7959690093994140625000 HTTP/1.1" 200 0 "-" "WordPress/6.8.2; https://onesmart.com.vn"
66.249.79.65 - - [22/Jul/2025:18:12:08 +0700] "GET /app2025-03-18/game-iwin-casino.link.html HTTP/1.1" 404 10714 "-" "Mozilla/5.0 (Linux; Android 6.0.1; Nexus 5X Build/MMB29P) AppleWebKit/537.36 (KHTML, like Gecko) Chrome/137.0.7151.103 Mobile Safari/537.36 (compatible; Googlebot/2.1; +http://www.google.com/bot.html)"
40.77.167.58 - - [22/Jul/2025:18:12:06 +0700] "GET /news/188bet-link-du-phong.html HTTP/2" 404 14128 "-" "Mozilla/5.0 AppleWebKit/537.36 (KHTML, like Gecko; compatible; bingbot/2.0; +http://www.bing.com/bingbot.htm) Chrome/116.0.1938.76 Safari/537.36"
103.57.221.79 - - [22/Jul/2025:18:12:37 +0700] "POST /wp-cron.php?doing_wp_cron=1753182757.7701210975646972656250 HTTP/1.1" 200 0 "-" "WordPress/6.8.2; https://onesmart.com.vn"
72.14.199.128 - - [22/Jul/2025:18:10:07 +0700] "GET /wp-content/litespeed/js/716fc3fbd3018e59aad54ad1201088c5.js?ver=95972 HTTP/1.1" 200 49160 "https://onesmart.com.vn/chinh-sach-su-dung" "PlayStore-Google"
72.14.199.128 - - [22/Jul/2025:18:10:08 +0700] "POST /?wc-ajax=get_refreshed_fragments HTTP/1.1" 200 329 "https://onesmart.com.vn/chinh-sach-su-dung" "PlayStore-Google"
207.46.13.141 - - [22/Jul/2025:18:10:24 +0700] "GET /app/6857149/ HTTP/2" 301 0 "-" "Mozilla/5.0 AppleWebKit/537.36 (KHTML, like Gecko; compatible; bingbot/2.0; +http://www.bing.com/bingbot.htm) Chrome/116.0.1938.76 Safari/537.36"
66.249.79.64 - - [22/Jul/2025:18:10:59 +0700] "GET /order2025-03-21/12bet-vui.html HTTP/1.1" 404 10734 "-" "Mozilla/5.0 (Linux; Android 6.0.1; Nexus 5X Build/MMB29P) AppleWebKit/537.36 (KHTML, like Gecko) Chrome/137.0.7151.103 Mobile Safari/537.36 (compatible; Googlebot/2.1; +http://www.google.com/bot.html)"
40.77.167.58 - - [22/Jul/2025:18:11:24 +0700] "GET /app/4257109/ HTTP/2" 404 14136 "-" "Mozilla/5.0 AppleWebKit/537.36 (KHTML, like Gecko; compatible; bingbot/2.0; +http://www.bing.com/bingbot.htm) Chrome/116.0.1938.76 Safari/537.36"
103.57.221.79 - - [22/Jul/2025:18:11:35 +0700] "POST /wp-cron.php?doing_wp_cron=1753182695.7309470176696777343750 HTTP/1.1" 200 0 "-" "WordPress/6.8.2; https://onesmart.com.vn"
103.57.221.79 - - [22/Jul/2025:18:11:47 +0700] "POST /wp-cron.php?doing_wp_cron=1753182707.0004100799560546875000 HTTP/1.1" 200 0 "-" "WordPress/6.8.2; https://onesmart.com.vn"
40.77.167.17 - - [22/Jul/2025:18:11:46 +0700] "GET /game/hentai-futa-club HTTP/2" 301 0 "-" "Mozilla/5.0 AppleWebKit/537.36 (KHTML, like Gecko; compatible; bingbot/2.0; +http://www.bing.com/bingbot.htm) Chrome/116.0.1938.76 Safari/537.36"
66.249.79.65 - - [22/Jul/2025:18:12:37 +0700] "GET /news2025-03-21/Nh%C3%A0-C%C3%A1i-K8vn.html HTTP/1.1" 404 10750 "-" "Mozilla/5.0 (Linux; Android 6.0.1; Nexus 5X Build/MMB29P) AppleWebKit/537.36 (KHTML, like Gecko) Chrome/137.0.7151.103 Mobile Safari/537.36 (compatible; Googlebot/2.1; +http://www.google.com/bot.html)"
103.57.221.79 - - [22/Jul/2025:18:14:37 +0700] "POST /wp-cron.php?doing_wp_cron=1753182877.1418259143829345703125 HTTP/1.1" 200 0 "-" "WordPress/6.8.2; https://onesmart.com.vn"
66.249.79.66 - - [22/Jul/2025:18:14:36 +0700] "GET /app20250321/188bet-hip-hop.html HTTP/1.1" 404 10735 "-" "Mozilla/5.0 (Linux; Android 6.0.1; Nexus 5X Build/MMB29P) AppleWebKit/537.36 (KHTML, like Gecko) Chrome/137.0.7151.103 Mobile Safari/537.36 (compatible; Googlebot/2.1; +http://www.google.com/bot.html)"
103.57.221.79 - - [22/Jul/2025:18:14:51 +0700] "POST /wp-cron.php?doing_wp_cron=1753182891.6697630882263183593750 HTTP/1.1" 200 0 "-" "WordPress/6.8.2; https://onesmart.com.vn"
103.57.221.79 - - [22/Jul/2025:18:16:00 +0700] "POST /wp-cron.php?doing_wp_cron=1753182960.2128539085388183593750 HTTP/1.1" 200 0 "-" "WordPress/6.8.2; https://onesmart.com.vn"
40.77.167.36 - - [22/Jul/2025:18:16:05 +0700] "GET /game/2619347/ HTTP/2" 404 14127 "-" "Mozilla/5.0 AppleWebKit/537.36 (KHTML, like Gecko; compatible; bingbot/2.0; +http://www.bing.com/bingbot.htm) Chrome/116.0.1938.76 Safari/537.36"
40.77.167.36 - - [22/Jul/2025:18:16:07 +0700] "GET /danh-muc-san-pham/bo-dieu-khien-cua-cuon/ HTTP/2" 200 17378 "-" "Mozilla/5.0 AppleWebKit/537.36 (KHTML, like Gecko; compatible; bingbot/2.0; +http://www.bing.com/bingbot.htm) Chrome/116.0.1938.76 Safari/537.36"
103.57.221.79 - - [22/Jul/2025:18:16:55 +0700] "POST /wp-cron.php?doing_wp_cron=1753183015.9804689884185791015625 HTTP/1.1" 200 0 "-" "WordPress/6.8.2; https://onesmart.com.vn"
66.249.79.65 - - [22/Jul/2025:18:14:51 +0700] "GET /app20250322/B%E1%BA%AFn-c%C3%A1-12Play.html HTTP/1.1" 404 10756 "-" "Mozilla/5.0 (Linux; Android 6.0.1; Nexus 5X Build/MMB29P) AppleWebKit/537.36 (KHTML, like Gecko) Chrome/137.0.7151.103 Mobile Safari/537.36 (compatible; Googlebot/2.1; +http://www.google.com/bot.html)"
40.77.167.149 - - [22/Jul/2025:18:16:05 +0700] "GET /news/1xbet-es-confiable.html HTTP/2" 301 0 "-" "Mozilla/5.0 AppleWebKit/537.36 (KHTML, like Gecko; compatible; bingbot/2.0; +http://www.bing.com/bingbot.htm) Chrome/116.0.1938.76 Safari/537.36"
40.77.167.36 - - [22/Jul/2025:18:16:23 +0700] "GET /wp-content/plugins/litespeed-cache/guest.vary.php HTTP/2" 200 6 "-" "Mozilla/5.0 AppleWebKit/537.36 (KHTML, like Gecko; compatible; bingbot/2.0; +http://www.bing.com/bingbot.htm) Chrome/116.0.1938.76 Safari/537.36"
207.46.13.31 - - [22/Jul/2025:18:16:27 +0700] "GET /wp-content/themes/flatsome/assets/js/chunk.slider.js?ver=3.17.7 HTTP/2" 200 12985 "-" "Mozilla/5.0 AppleWebKit/537.36 (KHTML, like Gecko; compatible; bingbot/2.0; +http://www.bing.com/bingbot.htm) Chrome/116.0.1938.76 Safari/537.36"
66.249.79.65 - - [22/Jul/2025:18:16:55 +0700] "GET /game20250320/%C4%91%C3%A1-g%C3%A0%C2%A0az88.html HTTP/1.1" 404 10750 "-" "Mozilla/5.0 (Linux; Android 6.0.1; Nexus 5X Build/MMB29P) AppleWebKit/537.36 (KHTML, like Gecko) Chrome/137.0.7151.103 Mobile Safari/537.36 (compatible; Googlebot/2.1; +http://www.google.com/bot.html)"
103.57.221.79 - - [22/Jul/2025:18:23:06 +0700] "POST /wp-cron.php?doing_wp_cron=1753183386.4323499202728271484375 HTTP/1.1" 200 0 "-" "WordPress/6.8.2; https://onesmart.com.vn"
66.249.79.66 - - [22/Jul/2025:18:16:00 +0700] "GET /news20250319/bk8-kinrara.html HTTP/1.1" 404 10744 "-" "Mozilla/5.0 (Linux; Android 6.0.1; Nexus 5X Build/MMB29P) AppleWebKit/537.36 (KHTML, like Gecko) Chrome/137.0.7151.103 Mobile Safari/537.36 (compatible; Googlebot/2.1; +http://www.google.com/bot.html)"
66.249.79.64 - - [22/Jul/2025:18:17:23 +0700] "GET /hot2025-03-20/hi88-fm.html HTTP/1.1" 404 10725 "-" "Mozilla/5.0 (Linux; Android 6.0.1; Nexus 5X Build/MMB29P) AppleWebKit/537.36 (KHTML, like Gecko) Chrome/137.0.7151.103 Mobile Safari/537.36 (compatible; Googlebot/2.1; +http://www.google.com/bot.html)"
103.57.221.79 - - [22/Jul/2025:18:22:04 +0700] "POST /wp-cron.php?doing_wp_cron=1753183324.5271620750427246093750 HTTP/1.1" 200 0 "-" "WordPress/6.8.2; https://onesmart.com.vn"
66.249.79.65 - - [22/Jul/2025:18:22:04 +0700] "GET /hot2025-03-25/mb66-h%E1%BB%93-ch%C3%AD-minh.html HTTP/1.1" 404 10754 "-" "Mozilla/5.0 (Linux; Android 6.0.1; Nexus 5X Build/MMB29P) AppleWebKit/537.36 (KHTML, like Gecko) Chrome/137.0.7151.103 Mobile Safari/537.36 (compatible; Googlebot/2.1; +http://www.google.com/bot.html)"
66.249.79.65 - - [22/Jul/2025:18:23:06 +0700] "GET /news2025-03-22/12-cung-hoang-dao-tu-vi-hang-ngay.html HTTP/1.1" 404 10758 "-" "Mozilla/5.0 (Linux; Android 6.0.1; Nexus 5X Build/MMB29P) AppleWebKit/537.36 (KHTML, like Gecko) Chrome/137.0.7151.103 Mobile Safari/537.36 (compatible; Googlebot/2.1; +http://www.google.com/bot.html)"
40.77.167.36 - - [22/Jul/2025:18:25:24 +0700] "GET /news/0916275/ HTTP/2" 404 14108 "-" "Mozilla/5.0 AppleWebKit/537.36 (KHTML, like Gecko; compatible; bingbot/2.0; +http://www.bing.com/bingbot.htm) Chrome/116.0.1938.76 Safari/537.36"
40.77.167.7 - - [22/Jul/2025:18:25:46 +0700] "GET /news/socolive-b%E1%BB%8B-ch%E1%BA%B7n.html HTTP/2" 301 0 "-" "Mozilla/5.0 AppleWebKit/537.36 (KHTML, like Gecko; compatible; bingbot/2.0; +http://www.bing.com/bingbot.htm) Chrome/116.0.1938.76 Safari/537.36"
66.249.79.65 - - [22/Jul/2025:18:28:51 +0700] "GET /hot20250321/c%C3%A1ch-r%C3%BAt-ti%E1%BB%81n-v9bet.html HTTP/1.1" 404 10740 "-" "Mozilla/5.0 (Linux; Android 6.0.1; Nexus 5X Build/MMB29P) AppleWebKit/537.36 (KHTML, like Gecko) Chrome/137.0.7151.103 Mobile Safari/537.36 (compatible; Googlebot/2.1; +http://www.google.com/bot.html)"
52.167.144.212 - - [22/Jul/2025:18:29:57 +0700] "GET /news/game-fan-club HTTP/2" 404 14135 "-" "Mozilla/5.0 AppleWebKit/537.36 (KHTML, like Gecko; compatible; bingbot/2.0; +http://www.bing.com/bingbot.htm) Chrome/116.0.1938.76 Safari/537.36"
103.57.221.79 - - [22/Jul/2025:18:30:58 +0700] "POST /wp-cron.php?doing_wp_cron=1753183858.5436460971832275390625 HTTP/1.1" 200 0 "-" "WordPress/6.8.2; https://onesmart.com.vn"
52.167.144.212 - - [22/Jul/2025:18:30:58 +0700] "GET /app/3904687/ HTTP/2" 404 14112 "-" "Mozilla/5.0 AppleWebKit/537.36 (KHTML, like Gecko; compatible; bingbot/2.0; +http://www.bing.com/bingbot.htm) Chrome/116.0.1938.76 Safari/537.36"
52.167.144.212 - - [22/Jul/2025:18:31:16 +0700] "GET /game/4317952/ HTTP/2" 404 14146 "-" "Mozilla/5.0 AppleWebKit/537.36 (KHTML, like Gecko; compatible; bingbot/2.0; +http://www.bing.com/bingbot.htm) Chrome/116.0.1938.76 Safari/537.36"
66.249.79.66 - - [22/Jul/2025:18:31:25 +0700] "GET /news/d%E1%BB%B1-%C4%91o%C3%A1n-x%E1%BB%95-s%E1%BB%91-ki%C3%AAn-giang-123 HTTP/1.1" 404 10764 "-" "Mozilla/5.0 (Linux; Android 6.0.1; Nexus 5X Build/MMB29P) AppleWebKit/537.36 (KHTML, like Gecko) Chrome/137.0.7151.103 Mobile Safari/537.36 (compatible; Googlebot/2.1; +http://www.google.com/bot.html)"
103.57.221.79 - - [22/Jul/2025:18:33:55 +0700] "POST /wp-cron.php?doing_wp_cron=1753184035.4648909568786621093750 HTTP/1.1" 200 0 "-" "WordPress/6.8.2; https://onesmart.com.vn"
66.249.79.65 - - [22/Jul/2025:18:34:08 +0700] "GET /news2025-03-16/88online-4.html HTTP/1.1" 404 10752 "-" "Mozilla/5.0 (Linux; Android 6.0.1; Nexus 5X Build/MMB29P) AppleWebKit/537.36 (KHTML, like Gecko) Chrome/137.0.7151.103 Mobile Safari/537.36 (compatible; Googlebot/2.1; +http://www.google.com/bot.html)"
52.167.144.137 - - [22/Jul/2025:18:24:26 +0700] "GET /news/3142605/ HTTP/2" 301 0 "-" "Mozilla/5.0 AppleWebKit/537.36 (KHTML, like Gecko; compatible; bingbot/2.0; +http://www.bing.com/bingbot.htm) Chrome/116.0.1938.76 Safari/537.36"
66.249.79.64 - - [22/Jul/2025:18:24:28 +0700] "GET /app/game-b%C3%A0i-%C4%91%E1%BB%95i-th%C6%B0%E1%BB%9Fng-online HTTP/1.1" 404 10746 "-" "Mozilla/5.0 (Linux; Android 6.0.1; Nexus 5X Build/MMB29P) AppleWebKit/537.36 (KHTML, like Gecko) Chrome/137.0.7151.103 Mobile Safari/537.36 (compatible; Googlebot/2.1; +http://www.google.com/bot.html)"
103.57.221.79 - - [22/Jul/2025:18:27:09 +0700] "POST /wp-cron.php?doing_wp_cron=1753183629.6800611019134521484375 HTTP/1.1" 200 0 "-" "WordPress/6.8.2; https://onesmart.com.vn"
103.57.221.79 - - [22/Jul/2025:18:28:51 +0700] "POST /wp-cron.php?doing_wp_cron=1753183731.7637560367584228515625 HTTP/1.1" 200 0 "-" "WordPress/6.8.2; https://onesmart.com.vn"
66.249.68.65 - - [22/Jul/2025:18:30:59 +0700] "GET /news/d%E1%BB%B1-%C4%91o%C3%A1n-x%E1%BB%95-s%E1%BB%91-ki%C3%AAn-giang-123 HTTP/1.1" 301 0 "-" "Mozilla/5.0 (Linux; Android 6.0.1; Nexus 5X Build/MMB29P) AppleWebKit/537.36 (KHTML, like Gecko) Chrome/137.0.7151.103 Mobile Safari/537.36 (compatible; Googlebot/2.1; +http://www.google.com/bot.html)"
103.57.221.79 - - [22/Jul/2025:18:23:55 +0700] "POST /wp-cron.php?doing_wp_cron=1753183435.7508831024169921875000 HTTP/1.1" 200 0 "-" "WordPress/6.8.2; https://onesmart.com.vn"
157.55.39.10 - - [22/Jul/2025:18:23:55 +0700] "GET /order/ktat-cpc HTTP/2" 301 0 "-" "Mozilla/5.0 AppleWebKit/537.36 (KHTML, like Gecko; compatible; bingbot/2.0; +http://www.bing.com/bingbot.htm) Chrome/116.0.1938.76 Safari/537.36"
103.57.221.79 - - [22/Jul/2025:18:25:25 +0700] "POST /wp-cron.php?doing_wp_cron=1753183525.0644450187683105468750 HTTP/1.1" 200 0 "-" "WordPress/6.8.2; https://onesmart.com.vn"
103.57.221.79 - - [22/Jul/2025:18:25:46 +0700] "POST /wp-cron.php?doing_wp_cron=1753183546.4142389297485351562500 HTTP/1.1" 200 0 "-" "WordPress/6.8.2; https://onesmart.com.vn"
103.57.221.79 - - [22/Jul/2025:18:26:11 +0700] "POST /wp-cron.php?doing_wp_cron=1753183571.3044209480285644531250 HTTP/1.1" 200 0 "-" "WordPress/6.8.2; https://onesmart.com.vn"
66.249.79.64 - - [22/Jul/2025:18:26:11 +0700] "GET /news20250321/t%C3%A1c-gi%E1%BA%A3-tr%E1%BA%A7n-th%E1%BB%8B-nh%C6%B0-%C3%BD-oxbet.html HTTP/1.1" 404 10765 "-" "Mozilla/5.0 (Linux; Android 6.0.1; Nexus 5X Build/MMB29P) AppleWebKit/537.36 (KHTML, like Gecko) Chrome/137.0.7151.103 Mobile Safari/537.36 (compatible; Googlebot/2.1; +http://www.google.com/bot.html)"
40.77.167.7 - - [22/Jul/2025:18:27:09 +0700] "GET /news/3462718/ HTTP/2" 301 0 "-" "Mozilla/5.0 AppleWebKit/537.36 (KHTML, like Gecko; compatible; bingbot/2.0; +http://www.bing.com/bingbot.htm) Chrome/116.0.1938.76 Safari/537.36"
40.77.167.7 - - [22/Jul/2025:18:27:27 +0700] "GET /game/slot-machine HTTP/2" 301 0 "-" "Mozilla/5.0 AppleWebKit/537.36 (KHTML, like Gecko; compatible; bingbot/2.0; +http://www.bing.com/bingbot.htm) Chrome/116.0.1938.76 Safari/537.36"
103.57.221.79 - - [22/Jul/2025:18:29:57 +0700] "POST /wp-cron.php?doing_wp_cron=1753183797.6208360195159912109375 HTTP/1.1" 200 0 "-" "WordPress/6.8.2; https://onesmart.com.vn"
103.57.221.79 - - [22/Jul/2025:18:32:06 +0700] "POST /wp-cron.php?doing_wp_cron=1753183926.0143868923187255859375 HTTP/1.1" 200 0 "-" "WordPress/6.8.2; https://onesmart.com.vn"
157.55.39.203 - - [22/Jul/2025:18:32:05 +0700] "GET /news/b%C3%B3ng-r%E1%BB%95-%C4%91%C6%B0%E1%BB%9Dng-ph%E1%BB%91-truy%E1%BB%87n-tranh.html HTTP/2" 404 14196 "-" "Mozilla/5.0 AppleWebKit/537.36 (KHTML, like Gecko; compatible; bingbot/2.0; +http://www.bing.com/bingbot.htm) Chrome/116.0.1938.76 Safari/537.36"
66.249.79.66 - - [22/Jul/2025:18:33:55 +0700] "GET /hot/m88-the-thao HTTP/1.1" 404 10716 "-" "Mozilla/5.0 (Linux; Android 6.0.1; Nexus 5X Build/MMB29P) AppleWebKit/537.36 (KHTML, like Gecko) Chrome/137.0.7151.103 Mobile Safari/537.36 (compatible; Googlebot/2.1; +http://www.google.com/bot.html)"
103.57.221.79 - - [22/Jul/2025:18:34:56 +0700] "POST /wp-cron.php?doing_wp_cron=1753184096.8362009525299072265625 HTTP/1.1" 200 0 "-" "WordPress/6.8.2; https://onesmart.com.vn"
66.249.79.65 - - [22/Jul/2025:18:36:46 +0700] "GET /game20250322/app-kubet-vn.com.html HTTP/1.1" 404 10741 "-" "Mozilla/5.0 (Linux; Android 6.0.1; Nexus 5X Build/MMB29P) AppleWebKit/537.36 (KHTML, like Gecko) Chrome/137.0.7151.103 Mobile Safari/537.36 (compatible; Googlebot/2.1; +http://www.google.com/bot.html)"
103.57.221.79 - - [22/Jul/2025:18:38:47 +0700] "POST /wp-cron.php?doing_wp_cron=1753184327.4936571121215820312500 HTTP/1.1" 200 0 "-" "WordPress/6.8.2; https://onesmart.com.vn"
103.57.221.79 - - [22/Jul/2025:18:39:06 +0700] "POST /wp-cron.php?doing_wp_cron=1753184346.7836859226226806640625 HTTP/1.1" 200 0 "-" "WordPress/6.8.2; https://onesmart.com.vn"
103.57.221.79 - - [22/Jul/2025:18:39:49 +0700] "POST /wp-cron.php?doing_wp_cron=1753184389.2931320667266845703125 HTTP/1.1" 200 0 "-" "WordPress/6.8.2; https://onesmart.com.vn"
103.57.221.79 - - [22/Jul/2025:18:34:36 +0700] "POST /wp-cron.php?doing_wp_cron=1753184076.7187728881835937500000 HTTP/1.1" 200 0 "-" "WordPress/6.8.2; https://onesmart.com.vn"
207.46.13.7 - - [22/Jul/2025:18:34:36 +0700] "GET /hot/di%E1%BB%85n-%C4%91%C3%A0n-th%E1%BA%A3o-lu%E1%BA%ADn-x%E1%BB%95-s%E1%BB%91.html HTTP/2" 404 14206 "-" "Mozilla/5.0 AppleWebKit/537.36 (KHTML, like Gecko; compatible; bingbot/2.0; +http://www.bing.com/bingbot.htm) Chrome/116.0.1938.76 Safari/537.36"
157.55.39.60 - - [22/Jul/2025:18:34:56 +0700] "GET /news20250320/7m-cn-live-macao.html HTTP/2" 301 0 "-" "Mozilla/5.0 AppleWebKit/537.36 (KHTML, like Gecko; compatible; bingbot/2.0; +http://www.bing.com/bingbot.htm) Chrome/116.0.1938.76 Safari/537.36"
103.57.221.79 - - [22/Jul/2025:18:36:47 +0700] "POST /wp-cron.php?doing_wp_cron=1753184207.0065100193023681640625 HTTP/1.1" 200 0 "-" "WordPress/6.8.2; https://onesmart.com.vn"
157.55.39.60 - - [22/Jul/2025:18:38:47 +0700] "GET /hot2025-03-29/nap-tien-vao-fb88-bao-lau-moi-vao-tk HTTP/2" 301 0 "-" "Mozilla/5.0 AppleWebKit/537.36 (KHTML, like Gecko; compatible; bingbot/2.0; +http://www.bing.com/bingbot.htm) Chrome/116.0.1938.76 Safari/537.36"
157.55.39.60 - - [22/Jul/2025:18:39:06 +0700] "GET /news/9782351/ HTTP/2" 301 0 "-" "Mozilla/5.0 AppleWebKit/537.36 (KHTML, like Gecko; compatible; bingbot/2.0; +http://www.bing.com/bingbot.htm) Chrome/116.0.1938.76 Safari/537.36"
40.77.167.33 - - [22/Jul/2025:18:39:49 +0700] "GET /news/8913625/ HTTP/2" 301 0 "-" "Mozilla/5.0 AppleWebKit/537.36 (KHTML, like Gecko; compatible; bingbot/2.0; +http://www.bing.com/bingbot.htm) Chrome/116.0.1938.76 Safari/537.36"
103.57.221.79 - - [22/Jul/2025:18:44:14 +0700] "POST /wp-cron.php?doing_wp_cron=1753184654.1601350307464599609375 HTTP/1.1" 200 0 "-" "WordPress/6.8.2; https://onesmart.com.vn"
40.77.167.33 - - [22/Jul/2025:18:44:19 +0700] "GET /app/4957632/ HTTP/2" 301 0 "-" "Mozilla/5.0 AppleWebKit/537.36 (KHTML, like Gecko; compatible; bingbot/2.0; +http://www.bing.com/bingbot.htm) Chrome/116.0.1938.76 Safari/537.36"
157.55.39.194 - - [22/Jul/2025:18:46:48 +0700] "GET /news/8376954/ HTTP/2" 301 0 "-" "Mozilla/5.0 AppleWebKit/537.36 (KHTML, like Gecko; compatible; bingbot/2.0; +http://www.bing.com/bingbot.htm) Chrome/116.0.1938.76 Safari/537.36"
103.57.221.79 - - [22/Jul/2025:18:42:28 +0700] "POST /wp-cron.php?doing_wp_cron=1753184548.4019150733947753906250 HTTP/1.1" 200 0 "-" "WordPress/6.8.2; https://onesmart.com.vn"
52.167.144.22 - - [22/Jul/2025:18:42:28 +0700] "GET /game/1853264/ HTTP/2" 404 14149 "-" "Mozilla/5.0 AppleWebKit/537.36 (KHTML, like Gecko; compatible; bingbot/2.0; +http://www.bing.com/bingbot.htm) Chrome/116.0.1938.76 Safari/537.36"
66.249.79.66 - - [22/Jul/2025:18:42:50 +0700] "GET /news/s%E1%BA%A3nh-b%E1%BA%A1ch-kim-188bet.html HTTP/1.1" 404 10762 "-" "Mozilla/5.0 (Linux; Android 6.0.1; Nexus 5X Build/MMB29P) AppleWebKit/537.36 (KHTML, like Gecko) Chrome/137.0.7151.103 Mobile Safari/537.36 (compatible; Googlebot/2.1; +http://www.google.com/bot.html)"
103.57.221.79 - - [22/Jul/2025:18:43:41 +0700] "POST /wp-cron.php?doing_wp_cron=1753184621.7139010429382324218750 HTTP/1.1" 200 0 "-" "WordPress/6.8.2; https://onesmart.com.vn"
66.249.79.64 - - [22/Jul/2025:18:43:41 +0700] "GET /news2025-03-21/ti%E1%BA%BFn-l%C3%AAn-mi%E1%BB%81n-nam-xo88.html HTTP/1.1" 404 10766 "-" "Mozilla/5.0 (Linux; Android 6.0.1; Nexus 5X Build/MMB29P) AppleWebKit/537.36 (KHTML, like Gecko) Chrome/137.0.7151.103 Mobile Safari/537.36 (compatible; Googlebot/2.1; +http://www.google.com/bot.html)"
103.57.221.79 - - [22/Jul/2025:18:46:07 +0700] "POST /wp-cron.php?doing_wp_cron=1753184767.1480560302734375000000 HTTP/1.1" 200 0 "-" "WordPress/6.8.2; https://onesmart.com.vn"
103.57.221.79 - - [22/Jul/2025:18:42:50 +0700] "POST /wp-cron.php?doing_wp_cron=1753184570.7671329975128173828125 HTTP/1.1" 200 0 "-" "WordPress/6.8.2; https://onesmart.com.vn"
66.249.79.64 - - [22/Jul/2025:18:44:13 +0700] "GET /news2025-03-20/m88-2021.html HTTP/1.1" 404 10749 "-" "Mozilla/5.0 (Linux; Android 6.0.1; Nexus 5X Build/MMB29P) AppleWebKit/537.36 (KHTML, like Gecko) Chrome/137.0.7151.103 Mobile Safari/537.36 (compatible; Googlebot/2.1; +http://www.google.com/bot.html)"
40.77.167.33 - - [22/Jul/2025:18:46:06 +0700] "GET /news/3629078/ HTTP/2" 301 0 "-" "Mozilla/5.0 AppleWebKit/537.36 (KHTML, like Gecko; compatible; bingbot/2.0; +http://www.bing.com/bingbot.htm) Chrome/116.0.1938.76 Safari/537.36"
103.57.221.79 - - [22/Jul/2025:18:46:48 +0700] "POST /wp-cron.php?doing_wp_cron=1753184808.2760469913482666015625 HTTP/1.1" 200 0 "-" "WordPress/6.8.2; https://onesmart.com.vn"
103.57.221.79 - - [22/Jul/2025:18:47:52 +0700] "POST /wp-cron.php?doing_wp_cron=1753184872.1356279850006103515625 HTTP/1.1" 200 0 "-" "WordPress/6.8.2; https://onesmart.com.vn"
52.167.144.22 - - [22/Jul/2025:18:49:07 +0700] "GET /app/9750841/ HTTP/2" 404 14125 "-" "Mozilla/5.0 AppleWebKit/537.36 (KHTML, like Gecko; compatible; bingbot/2.0; +http://www.bing.com/bingbot.htm) Chrome/116.0.1938.76 Safari/537.36"
66.249.79.64 - - [22/Jul/2025:18:51:40 +0700] "GET /news2025-03-20/8xbet-tr%E1%BB%B1c-ti%E1%BA%BFp-b%C3%B3ng-%C4%91%C3%A1.html HTTP/1.1" 404 10777 "-" "Mozilla/5.0 (Linux; Android 6.0.1; Nexus 5X Build/MMB29P) AppleWebKit/537.36 (KHTML, like Gecko) Chrome/137.0.7151.103 Mobile Safari/537.36 (compatible; Googlebot/2.1; +http://www.google.com/bot.html)"
66.249.79.64 - - [22/Jul/2025:18:51:42 +0700] "GET /app20250320/game-iwin-clud-net.html HTTP/1.1" 404 10726 "-" "Mozilla/5.0 (Linux; Android 6.0.1; Nexus 5X Build/MMB29P) AppleWebKit/537.36 (KHTML, like Gecko) Chrome/137.0.7151.103 Mobile Safari/537.36 (compatible; Googlebot/2.1; +http://www.google.com/bot.html)"
66.249.79.66 - - [22/Jul/2025:18:52:15 +0700] "GET /mobile2025-03-20/1xbet-ukraine HTTP/1.1" 404 10720 "-" "Mozilla/5.0 (Linux; Android 6.0.1; Nexus 5X Build/MMB29P) AppleWebKit/537.36 (KHTML, like Gecko) Chrome/137.0.7151.103 Mobile Safari/537.36 (compatible; Googlebot/2.1; +http://www.google.com/bot.html)"
103.57.221.79 - - [22/Jul/2025:18:52:40 +0700] "POST /wp-cron.php?doing_wp_cron=1753185160.3948240280151367187500 HTTP/1.1" 200 0 "-" "WordPress/6.8.2; https://onesmart.com.vn"
207.46.13.6 - - [22/Jul/2025:18:47:27 +0700] "GET /hot/3590627/ HTTP/2" 404 14149 "-" "Mozilla/5.0 AppleWebKit/537.36 (KHTML, like Gecko; compatible; bingbot/2.0; +http://www.bing.com/bingbot.htm) Chrome/116.0.1938.76 Safari/537.36"
66.249.79.65 - - [22/Jul/2025:18:51:26 +0700] "GET /game20250314/fb88-ki.com.html HTTP/1.1" 404 10761 "-" "Mozilla/5.0 (Linux; Android 6.0.1; Nexus 5X Build/MMB29P) AppleWebKit/537.36 (KHTML, like Gecko) Chrome/137.0.7151.103 Mobile Safari/537.36 (compatible; Googlebot/2.1; +http://www.google.com/bot.html)"
103.57.221.79 - - [22/Jul/2025:18:51:42 +0700] "POST /wp-cron.php?doing_wp_cron=1753185102.4056310653686523437500 HTTP/1.1" 200 0 "-" "WordPress/6.8.2; https://onesmart.com.vn"
103.57.221.79 - - [22/Jul/2025:18:52:15 +0700] "POST /wp-cron.php?doing_wp_cron=1753185135.5457770824432373046875 HTTP/1.1" 200 0 "-" "WordPress/6.8.2; https://onesmart.com.vn"
66.249.79.64 - - [22/Jul/2025:18:52:40 +0700] "GET /mobile20250320/c%C3%A1ch-%C4%91%C3%A1nh-t%C3%A0i-x%E1%BB%89u-68-game-b%C3%A0i.html HTTP/1.1" 404 10773 "-" "Mozilla/5.0 (Linux; Android 6.0.1; Nexus 5X Build/MMB29P) AppleWebKit/537.36 (KHTML, like Gecko) Chrome/137.0.7151.103 Mobile Safari/537.36 (compatible; Googlebot/2.1; +http://www.google.com/bot.html)"
103.57.221.79 - - [22/Jul/2025:18:47:14 +0700] "POST /wp-cron.php?doing_wp_cron=1753184834.9226009845733642578125 HTTP/1.1" 200 0 "-" "WordPress/6.8.2; https://onesmart.com.vn"
66.249.79.65 - - [22/Jul/2025:18:47:14 +0700] "GET /order20250319/789bet-789bett.html HTTP/1.1" 404 10746 "-" "Mozilla/5.0 (Linux; Android 6.0.1; Nexus 5X Build/MMB29P) AppleWebKit/537.36 (KHTML, like Gecko) Chrome/137.0.7151.103 Mobile Safari/537.36 (compatible; Googlebot/2.1; +http://www.google.com/bot.html)"
66.249.79.64 - - [22/Jul/2025:18:47:51 +0700] "GET /order2025-03-20/w88-dir.html HTTP/1.1" 404 10749 "-" "Mozilla/5.0 (Linux; Android 6.0.1; Nexus 5X Build/MMB29P) AppleWebKit/537.36 (KHTML, like Gecko) Chrome/137.0.7151.103 Mobile Safari/537.36 (compatible; Googlebot/2.1; +http://www.google.com/bot.html)"
66.249.79.64 - - [22/Jul/2025:18:48:14 +0700] "GET /game20250316/link-v%C3%A0o-12bet-nhanh.html HTTP/1.1" 404 10744 "-" "Mozilla/5.0 (Linux; Android 6.0.1; Nexus 5X Build/MMB29P) AppleWebKit/537.36 (KHTML, like Gecko) Chrome/137.0.7151.103 Mobile Safari/537.36 (compatible; Googlebot/2.1; +http://www.google.com/bot.html)"
103.57.221.79 - - [22/Jul/2025:18:49:07 +0700] "POST /wp-cron.php?doing_wp_cron=1753184947.9681029319763183593750 HTTP/1.1" 200 0 "-" "WordPress/6.8.2; https://onesmart.com.vn"
66.249.79.66 - - [22/Jul/2025:18:51:12 +0700] "GET /app20250319/g%C3%A0-%C4%91%C3%A1-%C4%83n-tr%C6%B0%E1%BB%9Dng-v%C3%B5.html HTTP/1.1" 404 10771 "-" "Mozilla/5.0 (Linux; Android 6.0.1; Nexus 5X Build/MMB29P) AppleWebKit/537.36 (KHTML, like Gecko) Chrome/137.0.7151.103 Mobile Safari/537.36 (compatible; Googlebot/2.1; +http://www.google.com/bot.html)"
66.249.79.64 - - [22/Jul/2025:18:51:23 +0700] "GET /news2025-03-20/188bet-s%C3%A2n-ch%C6%A1i-c%C3%A1-c%C6%B0%E1%BB%A3c-188bet.html HTTP/1.1" 404 10772 "-" "Mozilla/5.0 (Linux; Android 6.0.1; Nexus 5X Build/MMB29P) AppleWebKit/537.36 (KHTML, like Gecko) Chrome/137.0.7151.103 Mobile Safari/537.36 (compatible; Googlebot/2.1; +http://www.google.com/bot.html)"
66.249.79.64 - - [22/Jul/2025:18:51:27 +0700] "GET /news20250320/m99-%C4%91%C3%A1-g%C3%A0.html HTTP/1.1" 404 10748 "-" "Mozilla/5.0 (Linux; Android 6.0.1; Nexus 5X Build/MMB29P) AppleWebKit/537.36 (KHTML, like Gecko) Chrome/137.0.7151.103 Mobile Safari/537.36 (compatible; Googlebot/2.1; +http://www.google.com/bot.html)"
103.57.221.79 - - [22/Jul/2025:18:51:41 +0700] "POST /wp-cron.php?doing_wp_cron=1753185101.1102828979492187500000 HTTP/1.1" 200 0 "-" "WordPress/6.8.2; https://onesmart.com.vn"
66.249.79.64 - - [22/Jul/2025:18:52:30 +0700] "GET /hot/9617043/ HTTP/1.1" 404 10711 "-" "Mozilla/5.0 (Linux; Android 6.0.1; Nexus 5X Build/MMB29P) AppleWebKit/537.36 (KHTML, like Gecko) Chrome/137.0.7151.103 Mobile Safari/537.36 (compatible; Googlebot/2.1; +http://www.google.com/bot.html)"
66.249.79.64 - - [22/Jul/2025:18:52:40 +0700] "GET /app2025-03-20/123b-gg.html HTTP/1.1" 404 17907 "-" "Mozilla/5.0 (Linux; Android 6.0.1; Nexus 5X Build/MMB29P) AppleWebKit/537.36 (KHTML, like Gecko) Chrome/137.0.7151.103 Mobile Safari/537.36 (compatible; Googlebot/2.1; +http://www.google.com/bot.html)"
66.249.79.65 - - [22/Jul/2025:18:53:55 +0700] "GET /hot20250322/xsmb-800-ng%C3%A0y.html HTTP/1.1" 404 10730 "-" "Mozilla/5.0 (Linux; Android 6.0.1; Nexus 5X Build/MMB29P) AppleWebKit/537.36 (KHTML, like Gecko) Chrome/137.0.7151.103 Mobile Safari/537.36 (compatible; Googlebot/2.1; +http://www.google.com/bot.html)"
162.142.125.44 - - [22/Jul/2025:18:54:27 +0700] "GET /favicon.ico HTTP/1.1" 406 779 "-" "Mozilla/5.0 (compatible; CensysInspect/1.1; +https://about.censys.io/)"
162.142.125.44 - - [22/Jul/2025:18:54:59 +0700] "GET /wiki HTTP/1.1" 200 973 "-" "Mozilla/5.0 (compatible; CensysInspect/1.1; +https://about.censys.io/)"
40.77.167.48 - - [22/Jul/2025:18:57:29 +0700] "GET /news/6941823/ HTTP/2" 301 0 "-" "Mozilla/5.0 AppleWebKit/537.36 (KHTML, like Gecko; compatible; bingbot/2.0; +http://www.bing.com/bingbot.htm) Chrome/116.0.1938.76 Safari/537.36"
103.57.221.79 - - [22/Jul/2025:18:57:49 +0700] "POST /wp-cron.php?doing_wp_cron=1753185469.1109380722045898437500 HTTP/1.1" 200 0 "-" "WordPress/6.8.2; https://onesmart.com.vn"
52.167.144.169 - - [22/Jul/2025:18:57:49 +0700] "GET /news/v-slot-2040.html HTTP/2" 301 0 "-" "Mozilla/5.0 AppleWebKit/537.36 (KHTML, like Gecko; compatible; bingbot/2.0; +http://www.bing.com/bingbot.htm) Chrome/116.0.1938.76 Safari/537.36"
103.57.221.79 - - [22/Jul/2025:18:58:17 +0700] "POST /wp-cron.php?doing_wp_cron=1753185497.4799830913543701171875 HTTP/1.1" 200 0 "-" "WordPress/6.8.2; https://onesmart.com.vn"
66.249.79.66 - - [22/Jul/2025:18:58:18 +0700] "GET /news20250320/d%E1%BB%B1-%C4%91o%C3%A1n-tr%C3%BAng-th%C6%B0%E1%BB%9Fng-mi%E1%BB%81n-nam.html HTTP/1.1" 404 10754 "-" "Mozilla/5.0 (Linux; Android 6.0.1; Nexus 5X Build/MMB29P) AppleWebKit/537.36 (KHTML, like Gecko) Chrome/137.0.7151.103 Mobile Safari/537.36 (compatible; Googlebot/2.1; +http://www.google.com/bot.html)"
66.249.79.64 - - [22/Jul/2025:18:58:32 +0700] "GET /app20250320/big-win-777-login-app.html HTTP/1.1" 404 10768 "-" "Mozilla/5.0 (Linux; Android 6.0.1; Nexus 5X Build/MMB29P) AppleWebKit/537.36 (KHTML, like Gecko) Chrome/137.0.7151.103 Mobile Safari/537.36 (compatible; Googlebot/2.1; +http://www.google.com/bot.html)"
47.128.111.1 - - [22/Jul/2025:18:58:35 +0700] "GET /CasinoPukboyVD/ HTTP/2" 404 10723 "-" "Mozilla/5.0 (Linux; Android 5.0) AppleWebKit/537.36 (KHTML, like Gecko) Mobile Safari/537.36 (compatible; TikTokSpider; ttspider-feedback@tiktok.com)"
47.128.111.1 - - [22/Jul/2025:18:58:36 +0700] "GET /wp-content/litespeed/css/ee70df8611db0998be340c6cdba234cb.css?ver=95972 HTTP/2" 200 71468 "https://onesmart.com.vn/CasinoPukboyVD/" "Mozilla/5.0 (Linux; Android 5.0) AppleWebKit/537.36 (KHTML, like Gecko) Mobile Safari/537.36 (compatible; TikTokSpider; ttspider-feedback@tiktok.com)"
47.128.111.1 - - [22/Jul/2025:18:58:36 +0700] "POST /wp-content/plugins/litespeed-cache/guest.vary.php HTTP/2" 200 20 "https://onesmart.com.vn/CasinoPukboyVD/" "Mozilla/5.0 (Linux; Android 5.0) AppleWebKit/537.36 (KHTML, like Gecko) Mobile Safari/537.36 (compatible; TikTokSpider; ttspider-feedback@tiktok.com)"
47.128.111.1 - - [22/Jul/2025:18:58:36 +0700] "GET /CasinoPukboyVD/ HTTP/2" 404 18378 "https://onesmart.com.vn/CasinoPukboyVD/" "Mozilla/5.0 (Linux; Android 5.0) AppleWebKit/537.36 (KHTML, like Gecko) Mobile Safari/537.36 (compatible; TikTokSpider; ttspider-feedback@tiktok.com)"
47.128.111.1 - - [22/Jul/2025:18:58:37 +0700] "GET /wp-content/plugins/contact-form-7/includes/css/styles.css?ver=6.1 HTTP/2" 200 899 "https://onesmart.com.vn/CasinoPukboyVD/" "Mozilla/5.0 (Linux; Android 5.0) AppleWebKit/537.36 (KHTML, like Gecko) Mobile Safari/537.36 (compatible; TikTokSpider; ttspider-feedback@tiktok.com)"
47.128.111.1 - - [22/Jul/2025:18:58:37 +0700] "GET /wp-content/plugins/related-posts-by-taxonomy/includes/assets/css/styles.css?ver=6.8.2 HTTP/2" 200 225 "https://onesmart.com.vn/CasinoPukboyVD/" "Mozilla/5.0 (Linux; Android 5.0) AppleWebKit/537.36 (KHTML, like Gecko) Mobile Safari/537.36 (compatible; TikTokSpider; ttspider-feedback@tiktok.com)"
103.57.221.79 - - [22/Jul/2025:18:53:38 +0700] "POST /wp-cron.php?doing_wp_cron=1753185218.2119870185852050781250 HTTP/1.1" 200 0 "-" "WordPress/6.8.2; https://onesmart.com.vn"
103.57.221.79 - - [22/Jul/2025:18:56:26 +0700] "POST /wp-cron.php?doing_wp_cron=1753185386.9383640289306640625000 HTTP/1.1" 200 0 "-" "WordPress/6.8.2; https://onesmart.com.vn"
66.249.79.65 - - [22/Jul/2025:18:56:26 +0700] "GET /app20250325/game-b%E1%BA%AFn-c%C3%A1-ph%C3%A1t-ph%C3%A1t-ph%C3%A1t.html HTTP/1.1" 404 10757 "-" "Mozilla/5.0 (Linux; Android 6.0.1; Nexus 5X Build/MMB29P) AppleWebKit/537.36 (KHTML, like Gecko) Chrome/137.0.7151.103 Mobile Safari/537.36 (compatible; Googlebot/2.1; +http://www.google.com/bot.html)"
207.46.13.155 - - [22/Jul/2025:18:57:28 +0700] "GET /app20250319/iwin-cho-may-tinh-moi-nhat.html HTTP/2" 404 14187 "-" "Mozilla/5.0 AppleWebKit/537.36 (KHTML, like Gecko; compatible; bingbot/2.0; +http://www.bing.com/bingbot.htm) Chrome/116.0.1938.76 Safari/537.36"
66.249.79.65 - - [22/Jul/2025:18:58:28 +0700] "GET /hot2025-03-20/88vin-phi%C3%AAn-b%E1%BA%A3n-m%E1%BB%9Bi-nh%E1%BA%A5t.html HTTP/1.1" 404 10785 "-" "Mozilla/5.0 (Linux; Android 6.0.1; Nexus 5X Build/MMB29P) AppleWebKit/537.36 (KHTML, like Gecko) Chrome/137.0.7151.103 Mobile Safari/537.36 (compatible; Googlebot/2.1; +http://www.google.com/bot.html)"
103.57.221.79 - - [22/Jul/2025:18:58:32 +0700] "POST /wp-cron.php?doing_wp_cron=1753185512.8377830982208251953125 HTTP/1.1" 200 0 "-" "WordPress/6.8.2; https://onesmart.com.vn"
103.57.221.79 - - [22/Jul/2025:18:58:42 +0700] "POST /wp-cron.php?doing_wp_cron=1753185522.7301549911499023437500 HTTP/1.1" 200 0 "-" "WordPress/6.8.2; https://onesmart.com.vn"
66.249.79.65 - - [22/Jul/2025:19:00:51 +0700] "GET /cua_hang/ HTTP/1.1" 200 15393 "-" "Mozilla/5.0 (Linux; Android 6.0.1; Nexus 5X Build/MMB29P) AppleWebKit/537.36 (KHTML, like Gecko) Chrome/137.0.7151.103 Mobile Safari/537.36 (compatible; Googlebot/2.1; +http://www.google.com/bot.html)"
66.249.79.65 - - [22/Jul/2025:19:01:00 +0700] "GET /wp-content/themes/flatsome/assets/js/chunk.popups.js?ver=3.17.7 HTTP/1.1" 200 6941 "https://onesmart.com.vn/cua_hang/" "Mozilla/5.0 (Linux; Android 6.0.1; Nexus 5X Build/MMB29P) AppleWebKit/537.36 (KHTML, like Gecko) Chrome/137.0.7151.119 Mobile Safari/537.36 (compatible; Googlebot/2.1; +http://www.google.com/bot.html)"
66.249.79.64 - - [22/Jul/2025:19:01:01 +0700] "GET /wp-content/themes/flatsome/assets/js/chunk.tooltips.js?ver=3.17.7 HTTP/1.1" 200 9748 "https://onesmart.com.vn/cua_hang/" "Mozilla/5.0 (Linux; Android 6.0.1; Nexus 5X Build/MMB29P) AppleWebKit/537.36 (KHTML, like Gecko) Chrome/137.0.7151.119 Mobile Safari/537.36 (compatible; Googlebot/2.1; +http://www.google.com/bot.html)"
66.249.79.64 - - [22/Jul/2025:19:01:01 +0700] "GET /wp-content/themes/flatsome/assets/js/woocommerce.js?ver=1a392523165907adee6a HTTP/1.1" 200 6674 "https://onesmart.com.vn/cua_hang/" "Mozilla/5.0 (Linux; Android 6.0.1; Nexus 5X Build/MMB29P) AppleWebKit/537.36 (KHTML, like Gecko) Chrome/137.0.7151.119 Mobile Safari/537.36 (compatible; Googlebot/2.1; +http://www.google.com/bot.html)"
66.249.79.64 - - [22/Jul/2025:19:01:01 +0700] "GET /wp-content/themes/flatsome/assets/js/chunk.slider.js?ver=3.17.7 HTTP/1.1" 200 12985 "https://onesmart.com.vn/cua_hang/" "Mozilla/5.0 (Linux; Android 6.0.1; Nexus 5X Build/MMB29P) AppleWebKit/537.36 (KHTML, like Gecko) Chrome/137.0.7151.119 Mobile Safari/537.36 (compatible; Googlebot/2.1; +http://www.google.com/bot.html)"
66.249.79.64 - - [22/Jul/2025:19:01:02 +0700] "POST /wp-content/plugins/litespeed-cache/guest.vary.php HTTP/1.1" 200 6 "https://onesmart.com.vn/cua_hang/" "Mozilla/5.0 (Linux; Android 6.0.1; Nexus 5X Build/MMB29P) AppleWebKit/537.36 (KHTML, like Gecko) Chrome/137.0.7151.119 Mobile Safari/537.36 (compatible; Googlebot/2.1; +http://www.google.com/bot.html)"
162.142.125.44 - - [22/Jul/2025:18:53:07 +0700] "GET / HTTP/1.1" 200 973 "-" "Mozilla/5.0 (compatible; CensysInspect/1.1; +https://about.censys.io/)"
207.46.13.51 - - [22/Jul/2025:18:53:38 +0700] "GET /app/4982057/ HTTP/2" 301 0 "-" "Mozilla/5.0 AppleWebKit/537.36 (KHTML, like Gecko; compatible; bingbot/2.0; +http://www.bing.com/bingbot.htm) Chrome/116.0.1938.76 Safari/537.36"
103.57.221.79 - - [22/Jul/2025:18:53:55 +0700] "POST /wp-cron.php?doing_wp_cron=1753185235.4952189922332763671875 HTTP/1.1" 200 0 "-" "WordPress/6.8.2; https://onesmart.com.vn"
103.57.221.79 - - [22/Jul/2025:18:55:50 +0700] "POST /wp-cron.php?doing_wp_cron=1753185350.6822299957275390625000 HTTP/1.1" 200 0 "-" "WordPress/6.8.2; https://onesmart.com.vn"
40.77.167.68 - - [22/Jul/2025:18:55:50 +0700] "GET /news/9104528/ HTTP/2" 404 14123 "-" "Mozilla/5.0 AppleWebKit/537.36 (KHTML, like Gecko; compatible; bingbot/2.0; +http://www.bing.com/bingbot.htm) Chrome/116.0.1938.76 Safari/537.36"
103.57.221.79 - - [22/Jul/2025:18:57:28 +0700] "POST /wp-cron.php?doing_wp_cron=1753185448.8618459701538085937500 HTTP/1.1" 200 0 "-" "WordPress/6.8.2; https://onesmart.com.vn"
207.46.13.155 - - [22/Jul/2025:18:57:48 +0700] "GET /app/8329750/ HTTP/2" 404 14118 "-" "Mozilla/5.0 AppleWebKit/537.36 (KHTML, like Gecko; compatible; bingbot/2.0; +http://www.bing.com/bingbot.htm) Chrome/116.0.1938.76 Safari/537.36"
66.249.79.64 - - [22/Jul/2025:18:58:17 +0700] "GET /order/8174290/ HTTP/1.1" 404 10698 "-" "Mozilla/5.0 (Linux; Android 6.0.1; Nexus 5X Build/MMB29P) AppleWebKit/537.36 (KHTML, like Gecko) Chrome/137.0.7151.103 Mobile Safari/537.36 (compatible; Googlebot/2.1; +http://www.google.com/bot.html)"
66.249.79.64 - - [22/Jul/2025:18:58:42 +0700] "GET /mobile20250324/%C4%91%C3%A1-g%C3%A0-tr%E1%BB%B1c-ti%E1%BA%BFp-tr%C6%B0%E1%BB%9Dng-68.html HTTP/1.1" 404 10805 "-" "Mozilla/5.0 (Linux; Android 6.0.1; Nexus 5X Build/MMB29P) AppleWebKit/537.36 (KHTML, like Gecko) Chrome/137.0.7151.103 Mobile Safari/537.36 (compatible; Googlebot/2.1; +http://www.google.com/bot.html)"
103.57.221.79 - - [22/Jul/2025:19:00:51 +0700] "POST /wp-cron.php?doing_wp_cron=1753185651.9285991191864013671875 HTTP/1.1" 200 0 "-" "WordPress/6.8.2; https://onesmart.com.vn"
66.249.79.66 - - [22/Jul/2025:19:01:01 +0700] "GET /wp-content/themes/flatsome/assets/js/flatsome.js?ver=43f05e0ca79aa585a6aa HTTP/1.1" 200 15832 "https://onesmart.com.vn/cua_hang/" "Mozilla/5.0 (Linux; Android 6.0.1; Nexus 5X Build/MMB29P) AppleWebKit/537.36 (KHTML, like Gecko) Chrome/137.0.7151.119 Mobile Safari/537.36 (compatible; Googlebot/2.1; +http://www.google.com/bot.html)"
103.57.221.79 - - [22/Jul/2025:19:02:03 +0700] "POST /wp-cron.php?doing_wp_cron=1753185723.4708900451660156250000 HTTP/1.1" 200 0 "-" "WordPress/6.8.2; https://onesmart.com.vn"
103.57.221.79 - - [22/Jul/2025:19:03:30 +0700] "POST /wp-cron.php?doing_wp_cron=1753185810.8046700954437255859375 HTTP/1.1" 200 0 "-" "WordPress/6.8.2; https://onesmart.com.vn"
103.57.221.79 - - [22/Jul/2025:19:05:20 +0700] "POST /wp-cron.php?doing_wp_cron=1753185920.4460299015045166015625 HTTP/1.1" 200 0 "-" "WordPress/6.8.2; https://onesmart.com.vn"
103.57.221.79 - - [22/Jul/2025:19:06:06 +0700] "POST /wp-cron.php?doing_wp_cron=1753185966.0749750137329101562500 HTTP/1.1" 200 0 "-" "WordPress/6.8.2; https://onesmart.com.vn"
103.57.221.79 - - [22/Jul/2025:19:06:35 +0700] "POST /wp-cron.php?doing_wp_cron=1753185995.1519310474395751953125 HTTP/1.1" 200 0 "-" "WordPress/6.8.2; https://onesmart.com.vn"
66.249.79.64 - - [22/Jul/2025:19:06:34 +0700] "GET /hot20250321/m88-m.the-thao.html HTTP/1.1" 404 10755 "-" "Mozilla/5.0 (Linux; Android 6.0.1; Nexus 5X Build/MMB29P) AppleWebKit/537.36 (KHTML, like Gecko) Chrome/137.0.7151.103 Mobile Safari/537.36 (compatible; Googlebot/2.1; +http://www.google.com/bot.html)"
103.57.221.79 - - [22/Jul/2025:19:07:00 +0700] "POST /wp-cron.php?doing_wp_cron=1753186020.4944779872894287109375 HTTP/1.1" 200 0 "-" "WordPress/6.8.2; https://onesmart.com.vn"
47.128.111.1 - - [22/Jul/2025:18:58:37 +0700] "GET /wp-content/plugins/Simple-Contact//assets/css/style.css?ver=6.8.2 HTTP/2" 200 16591 "https://onesmart.com.vn/CasinoPukboyVD/" "Mozilla/5.0 (Linux; Android 5.0) AppleWebKit/537.36 (KHTML, like Gecko) Mobile Safari/537.36 (compatible; TikTokSpider; ttspider-feedback@tiktok.com)"
47.128.111.1 - - [22/Jul/2025:18:58:37 +0700] "GET /wp-content/plugins/woocommerce/assets/css/brands.css?ver=10.0.3 HTTP/2" 200 579 "https://onesmart.com.vn/CasinoPukboyVD/" "Mozilla/5.0 (Linux; Android 5.0) AppleWebKit/537.36 (KHTML, like Gecko) Mobile Safari/537.36 (compatible; TikTokSpider; ttspider-feedback@tiktok.com)"
47.128.111.1 - - [22/Jul/2025:18:58:37 +0700] "GET /wp-content/plugins/wordpress-popular-posts/assets/css/wpp.css?ver=7.3.3 HTTP/2" 200 520 "https://onesmart.com.vn/CasinoPukboyVD/" "Mozilla/5.0 (Linux; Android 5.0) AppleWebKit/537.36 (KHTML, like Gecko) Mobile Safari/537.36 (compatible; TikTokSpider; ttspider-feedback@tiktok.com)"
47.128.111.1 - - [22/Jul/2025:18:58:37 +0700] "GET /wp-content/themes/flatsome/assets/css/flatsome.css?ver=3.17.7 HTTP/2" 200 28041 "https://onesmart.com.vn/CasinoPukboyVD/" "Mozilla/5.0 (Linux; Android 5.0) AppleWebKit/537.36 (KHTML, like Gecko) Mobile Safari/537.36 (compatible; TikTokSpider; ttspider-feedback@tiktok.com)"
