52.167.144.209 - - [22/Jul/2025:18:08:52 +0700] "GET /barbadiandwq.xml HTTP/2" 200 33863 "-" "Mozilla/5.0 AppleWebKit/537.36 (KHTML, like Gecko; compatible; bingbot/2.0; +http://www.bing.com/bingbot.htm) Chrome/116.0.1938.76 Safari/537.36"
57.141.2.30 - - [22/Jul/2025:18:08:55 +0700] "GET /db.php/shopdetail/fashion-mens/U534770337 HTTP/2" 200 39 "-" "meta-externalagent/1.1 (+https://developers.facebook.com/docs/sharing/webmasters/crawler)"
57.141.2.30 - - [22/Jul/2025:18:08:55 +0700] "GET /cameras/cameras/S5291225071 HTTP/2" 200 0 "-" "meta-externalagent/1.1 (+https://developers.facebook.com/docs/sharing/webmasters/crawler)"
52.167.144.209 - - [22/Jul/2025:18:08:55 +0700] "GET /deutantbq.xml HTTP/2" 200 33553 "-" "Mozilla/5.0 AppleWebKit/537.36 (KHTML, like Gecko; compatible; bingbot/2.0; +http://www.bing.com/bingbot.htm) Chrome/116.0.1938.76 Safari/537.36"
57.141.2.10 - - [22/Jul/2025:18:08:48 +0700] "GET /db.php/shopdetail/diy-plastics/Q5302808534 HTTP/2" 200 39 "-" "meta-externalagent/1.1 (+https://developers.facebook.com/docs/sharing/webmasters/crawler)"
66.249.79.197 - - [22/Jul/2025:18:08:47 +0700] "GET /food/sweets/M5353519564 HTTP/1.1" 200 20581 "-" "Mozilla/5.0 (Linux; Android 6.0.1; Nexus 5X Build/MMB29P) AppleWebKit/537.36 (KHTML, like Gecko) Chrome/137.0.7151.103 Mobile Safari/537.36 (compatible; Googlebot/2.1; +http://www.google.com/bot.html)"
57.141.2.29 - - [22/Jul/2025:18:08:49 +0700] "GET /db.php/shopdetail/handicrafts-plates/C537700211 HTTP/2" 200 39 "-" "meta-externalagent/1.1 (+https://developers.facebook.com/docs/sharing/webmasters/crawler)"
57.141.2.29 - - [22/Jul/2025:18:08:49 +0700] "GET /food/drinks/T5381619486 HTTP/2" 200 0 "-" "meta-externalagent/1.1 (+https://developers.facebook.com/docs/sharing/webmasters/crawler)"
66.249.79.197 - - [22/Jul/2025:18:08:48 +0700] "GET /cameras/cameras/V5364189282 HTTP/1.1" 200 21017 "-" "Mozilla/5.0 (Linux; Android 6.0.1; Nexus 5X Build/MMB29P) AppleWebKit/537.36 (KHTML, like Gecko) Chrome/137.0.7151.103 Mobile Safari/537.36 (compatible; Googlebot/2.1; +http://www.google.com/bot.html)"
57.141.2.15 - - [22/Jul/2025:18:08:50 +0700] "GET /smartphones/notebook/T533379619 HTTP/2" 200 0 "-" "meta-externalagent/1.1 (+https://developers.facebook.com/docs/sharing/webmasters/crawler)"
66.249.79.197 - - [22/Jul/2025:18:08:51 +0700] "GET /alcohol/drinks/E5361511084 HTTP/1.1" 200 21167 "-" "Mozilla/5.0 (Linux; Android 6.0.1; Nexus 5X Build/MMB29P) AppleWebKit/537.36 (KHTML, like Gecko) Chrome/137.0.7151.103 Mobile Safari/537.36 (compatible; Googlebot/2.1; +http://www.google.com/bot.html)"
57.141.2.17 - - [22/Jul/2025:18:08:53 +0700] "GET /cameras/cameras/N5384054527 HTTP/2" 200 0 "-" "meta-externalagent/1.1 (+https://developers.facebook.com/docs/sharing/webmasters/crawler)"
57.141.2.11 - - [22/Jul/2025:18:08:53 +0700] "GET /smartphones/smartphone/T5311600783 HTTP/2" 200 0 "-" "meta-externalagent/1.1 (+https://developers.facebook.com/docs/sharing/webmasters/crawler)"
57.141.2.15 - - [22/Jul/2025:18:08:53 +0700] "GET /sports/golf/K536869956 HTTP/2" 200 0 "-" "meta-externalagent/1.1 (+https://developers.facebook.com/docs/sharing/webmasters/crawler)"
57.141.2.29 - - [22/Jul/2025:18:08:53 +0700] "GET /beauty/skincare/J5332263821 HTTP/2" 200 0 "-" "meta-externalagent/1.1 (+https://developers.facebook.com/docs/sharing/webmasters/crawler)"
66.249.79.197 - - [22/Jul/2025:18:08:53 +0700] "GET /tv/cameras/K5371633843 HTTP/1.1" 200 20701 "-" "Mozilla/5.0 (Linux; Android 6.0.1; Nexus 5X Build/MMB29P) AppleWebKit/537.36 (KHTML, like Gecko) Chrome/137.0.7151.103 Mobile Safari/537.36 (compatible; Googlebot/2.1; +http://www.google.com/bot.html)"
57.141.2.4 - - [22/Jul/2025:18:08:56 +0700] "GET /db.php/shopdetail/food-whiskey/H5381151833 HTTP/2" 200 39 "-" "meta-externalagent/1.1 (+https://developers.facebook.com/docs/sharing/webmasters/crawler)"
52.167.144.163 - - [22/Jul/2025:18:08:54 +0700] "GET /cronospjr.xml HTTP/2" 200 33658 "-" "Mozilla/5.0 AppleWebKit/537.36 (KHTML, like Gecko; compatible; bingbot/2.0; +http://www.bing.com/bingbot.htm) Chrome/116.0.1938.76 Safari/537.36"
66.249.79.197 - - [22/Jul/2025:18:08:55 +0700] "GET /interior/kitchen-storage/G5322309708 HTTP/1.1" 200 20787 "-" "Mozilla/5.0 (Linux; Android 6.0.1; Nexus 5X Build/MMB29P) AppleWebKit/537.36 (KHTML, like Gecko) Chrome/137.0.7151.103 Mobile Safari/537.36 (compatible; Googlebot/2.1; +http://www.google.com/bot.html)"
57.141.2.20 - - [22/Jul/2025:18:08:56 +0700] "GET /fishing/others/F5361802115 HTTP/2" 200 0 "-" "meta-externalagent/1.1 (+https://developers.facebook.com/docs/sharing/webmasters/crawler)"
66.249.79.198 - - [22/Jul/2025:18:08:55 +0700] "POST /get-message-notify HTTP/1.1" 200 20506 "https://shielddoor.vn/audio/digital-cameras/X5312135628" "Mozilla/5.0 (Linux; Android 6.0.1; Nexus 5X Build/MMB29P) AppleWebKit/537.36 (KHTML, like Gecko) Chrome/137.0.7151.119 Mobile Safari/537.36 (compatible; Googlebot/2.1; +http://www.google.com/bot.html)"
66.249.79.197 - - [22/Jul/2025:18:08:43 +0700] "GET /fashion/womens/G5301166427 HTTP/1.1" 200 20416 "-" "Mozilla/5.0 (Linux; Android 6.0.1; Nexus 5X Build/MMB29P) AppleWebKit/537.36 (KHTML, like Gecko) Chrome/137.0.7151.103 Mobile Safari/537.36 (compatible; Googlebot/2.1; +http://www.google.com/bot.html)"
57.141.2.10 - - [22/Jul/2025:18:08:46 +0700] "GET /db.php/shopdetail/musical-instruments-others/U5313759783 HTTP/2" 200 39 "-" "meta-externalagent/1.1 (+https://developers.facebook.com/docs/sharing/webmasters/crawler)"
52.167.144.16 - - [22/Jul/2025:18:08:46 +0700] "GET /eyelastooa.xml HTTP/2" 200 33886 "-" "Mozilla/5.0 AppleWebKit/537.36 (KHTML, like Gecko; compatible; bingbot/2.0; +http://www.bing.com/bingbot.htm) Chrome/116.0.1938.76 Safari/537.36"
57.141.2.27 - - [22/Jul/2025:18:08:48 +0700] "GET /decor/interior/K532750003 HTTP/2" 200 0 "-" "meta-externalagent/1.1 (+https://developers.facebook.com/docs/sharing/webmasters/crawler)"
66.249.79.197 - - [22/Jul/2025:18:08:47 +0700] "GET /air-conditioning/appliances/O5372064241 HTTP/1.1" 200 20626 "-" "Mozilla/5.0 (Linux; Android 6.0.1; Nexus 5X Build/MMB29P) AppleWebKit/537.36 (KHTML, like Gecko) Chrome/137.0.7151.103 Mobile Safari/537.36 (compatible; Googlebot/2.1; +http://www.google.com/bot.html)"
57.141.2.11 - - [22/Jul/2025:18:08:51 +0700] "GET /travel-supplies/clothing/H5362620250 HTTP/2" 200 0 "-" "meta-externalagent/1.1 (+https://developers.facebook.com/docs/sharing/webmasters/crawler)"
66.249.79.197 - - [22/Jul/2025:18:08:50 +0700] "GET /tv/earphones/R5323160802 HTTP/1.1" 200 21545 "-" "Mozilla/5.0 (Linux; Android 6.0.1; Nexus 5X Build/MMB29P) AppleWebKit/537.36 (KHTML, like Gecko) Chrome/137.0.7151.103 Mobile Safari/537.36 (compatible; Googlebot/2.1; +http://www.google.com/bot.html)"
57.141.2.15 - - [22/Jul/2025:18:08:52 +0700] "GET /motorcycles/motorcycle-wear/H5352594802 HTTP/2" 200 0 "-" "meta-externalagent/1.1 (+https://developers.facebook.com/docs/sharing/webmasters/crawler)"
57.141.2.11 - - [22/Jul/2025:18:08:54 +0700] "GET /smartphones/mobile-phone/F5353762539 HTTP/2" 200 0 "-" "meta-externalagent/1.1 (+https://developers.facebook.com/docs/sharing/webmasters/crawler)"
66.249.79.197 - - [22/Jul/2025:18:08:53 +0700] "POST /get-message-notify HTTP/1.1" 200 20508 "https://shielddoor.vn/cameras/cameras/V5364189282" "Mozilla/5.0 (Linux; Android 6.0.1; Nexus 5X Build/MMB29P) AppleWebKit/537.36 (KHTML, like Gecko) Chrome/137.0.7151.119 Mobile Safari/537.36 (compatible; Googlebot/2.1; +http://www.google.com/bot.html)"
57.141.2.19 - - [22/Jul/2025:18:08:55 +0700] "GET /db.php/shopdetail/diet-placenta/G5362593616 HTTP/2" 200 39 "-" "meta-externalagent/1.1 (+https://developers.facebook.com/docs/sharing/webmasters/crawler)"
57.141.2.14 - - [22/Jul/2025:18:08:55 +0700] "GET /motorcycles/cars/Z5353346706 HTTP/2" 200 0 "-" "meta-externalagent/1.1 (+https://developers.facebook.com/docs/sharing/webmasters/crawler)"
57.141.2.22 - - [22/Jul/2025:18:08:57 +0700] "GET /dvds/tv-dramas/Y5293659042 HTTP/2" 200 0 "-" "meta-externalagent/1.1 (+https://developers.facebook.com/docs/sharing/webmasters/crawler)"
57.141.2.8 - - [22/Jul/2025:18:08:57 +0700] "GET /kitchen/tableware/U5333464836 HTTP/2" 200 0 "-" "meta-externalagent/1.1 (+https://developers.facebook.com/docs/sharing/webmasters/crawler)"
66.249.79.197 - - [22/Jul/2025:18:08:56 +0700] "POST /get-message-notify HTTP/1.1" 200 20518 "https://shielddoor.vn/tablets/smartphone/A5304076265" "Mozilla/5.0 (Linux; Android 6.0.1; Nexus 5X Build/MMB29P) AppleWebKit/537.36 (KHTML, like Gecko) Chrome/137.0.7151.119 Mobile Safari/537.36 (compatible; Googlebot/2.1; +http://www.google.com/bot.html)"
57.141.2.24 - - [22/Jul/2025:18:08:59 +0700] "GET /motorcycles/cars/N532250177 HTTP/2" 200 0 "-" "meta-externalagent/1.1 (+https://developers.facebook.com/docs/sharing/webmasters/crawler)"
57.141.2.14 - - [22/Jul/2025:18:09:02 +0700] "GET /fishing/reels/W5313754561 HTTP/2" 200 0 "-" "meta-externalagent/1.1 (+https://developers.facebook.com/docs/sharing/webmasters/crawler)"
66.249.79.198 - - [22/Jul/2025:18:08:56 +0700] "GET /sports/skiing/A5352807358 HTTP/1.1" 200 20545 "-" "Mozilla/5.0 (Linux; Android 6.0.1; Nexus 5X Build/MMB29P) AppleWebKit/537.36 (KHTML, like Gecko) Chrome/137.0.7151.103 Mobile Safari/537.36 (compatible; Googlebot/2.1; +http://www.google.com/bot.html)"
52.167.144.163 - - [22/Jul/2025:18:08:57 +0700] "GET /golochnpq.xml HTTP/2" 200 33709 "-" "Mozilla/5.0 AppleWebKit/537.36 (KHTML, like Gecko; compatible; bingbot/2.0; +http://www.bing.com/bingbot.htm) Chrome/116.0.1938.76 Safari/537.36"
57.141.2.13 - - [22/Jul/2025:18:08:59 +0700] "GET /diy/screwdrivers/U5371705329 HTTP/2" 200 0 "-" "meta-externalagent/1.1 (+https://developers.facebook.com/docs/sharing/webmasters/crawler)"
57.141.2.30 - - [22/Jul/2025:18:09:00 +0700] "GET /db.php/shopdetail/bicycles-motorcycle-wear/B5353773784 HTTP/2" 200 39 "-" "meta-externalagent/1.1 (+https://developers.facebook.com/docs/sharing/webmasters/crawler)"
57.141.2.25 - - [22/Jul/2025:18:09:01 +0700] "GET /fashion/mens/J5303552192 HTTP/2" 200 0 "-" "meta-externalagent/1.1 (+https://developers.facebook.com/docs/sharing/webmasters/crawler)"
57.141.2.19 - - [22/Jul/2025:18:09:01 +0700] "GET /smartphones/tablet/U5351688347 HTTP/2" 200 0 "-" "meta-externalagent/1.1 (+https://developers.facebook.com/docs/sharing/webmasters/crawler)"
57.141.2.14 - - [22/Jul/2025:18:09:02 +0700] "GET /fashion/womens/M536337032 HTTP/2" 200 0 "-" "meta-externalagent/1.1 (+https://developers.facebook.com/docs/sharing/webmasters/crawler)"
66.249.79.198 - - [22/Jul/2025:18:09:03 +0700] "GET /audio/speakers/U5351831958 HTTP/1.1" 200 20854 "-" "Mozilla/5.0 (Linux; Android 6.0.1; Nexus 5X Build/MMB29P) AppleWebKit/537.36 (KHTML, like Gecko) Chrome/137.0.7151.103 Mobile Safari/537.36 (compatible; Googlebot/2.1; +http://www.google.com/bot.html)"
66.249.79.199 - - [22/Jul/2025:18:09:04 +0700] "GET /category/10041/listing HTTP/1.1" 200 21613 "-" "Mozilla/5.0 (Linux; Android 6.0.1; Nexus 5X Build/MMB29P) AppleWebKit/537.36 (KHTML, like Gecko) Chrome/137.0.7151.103 Mobile Safari/537.36 (compatible; Googlebot/2.1; +http://www.google.com/bot.html)"
66.249.79.198 - - [22/Jul/2025:18:09:05 +0700] "GET /tv/cameras/V5342135493 HTTP/1.1" 200 20600 "-" "Mozilla/5.0 (Linux; Android 6.0.1; Nexus 5X Build/MMB29P) AppleWebKit/537.36 (KHTML, like Gecko) Chrome/137.0.7151.103 Mobile Safari/537.36 (compatible; Googlebot/2.1; +http://www.google.com/bot.html)"
66.249.79.198 - - [22/Jul/2025:18:09:06 +0700] "GET /health/relaxation/A5321044558 HTTP/1.1" 200 21298 "-" "Mozilla/5.0 (Linux; Android 6.0.1; Nexus 5X Build/MMB29P) AppleWebKit/537.36 (KHTML, like Gecko) Chrome/137.0.7151.103 Mobile Safari/537.36 (compatible; Googlebot/2.1; +http://www.google.com/bot.html)"
66.249.79.199 - - [22/Jul/2025:18:09:06 +0700] "GET /diy/measurement/Q5331473875 HTTP/1.1" 200 20669 "-" "Mozilla/5.0 (Linux; Android 6.0.1; Nexus 5X Build/MMB29P) AppleWebKit/537.36 (KHTML, like Gecko) Chrome/137.0.7151.103 Mobile Safari/537.36 (compatible; Googlebot/2.1; +http://www.google.com/bot.html)"
57.141.2.21 - - [22/Jul/2025:18:09:08 +0700] "GET /travel-supplies/outdoors/N5333017869 HTTP/2" 200 0 "-" "meta-externalagent/1.1 (+https://developers.facebook.com/docs/sharing/webmasters/crawler)"
57.141.2.10 - - [22/Jul/2025:18:09:08 +0700] "GET /cameras/audio-equipment/K537499954 HTTP/2" 200 0 "-" "meta-externalagent/1.1 (+https://developers.facebook.com/docs/sharing/webmasters/crawler)"
66.249.79.197 - - [22/Jul/2025:18:09:08 +0700] "POST /get-message-notify HTTP/1.1" 200 20494 "https://shielddoor.vn/home-appliances/appliances/Q5361927044" "Mozilla/5.0 (Linux; Android 6.0.1; Nexus 5X Build/MMB29P) AppleWebKit/537.36 (KHTML, like Gecko) Chrome/137.0.7151.119 Mobile Safari/537.36 (compatible; Googlebot/2.1; +http://www.google.com/bot.html)"
57.141.2.2 - - [22/Jul/2025:18:09:10 +0700] "GET /db.php/shopdetail/flowers-other-succulents/A5321092846 HTTP/2" 200 39 "-" "meta-externalagent/1.1 (+https://developers.facebook.com/docs/sharing/webmasters/crawler)"
57.141.2.20 - - [22/Jul/2025:18:09:03 +0700] "GET /fashion/pants/B5323546596 HTTP/2" 200 0 "-" "meta-externalagent/1.1 (+https://developers.facebook.com/docs/sharing/webmasters/crawler)"
57.141.2.28 - - [22/Jul/2025:18:09:03 +0700] "GET /toys/idols/N535425283 HTTP/2" 200 0 "-" "meta-externalagent/1.1 (+https://developers.facebook.com/docs/sharing/webmasters/crawler)"
66.249.79.197 - - [22/Jul/2025:18:09:03 +0700] "GET /diy/floor-tiles/I5383849390 HTTP/1.1" 200 20729 "-" "Mozilla/5.0 (Linux; Android 6.0.1; Nexus 5X Build/MMB29P) AppleWebKit/537.36 (KHTML, like Gecko) Chrome/137.0.7151.103 Mobile Safari/537.36 (compatible; Googlebot/2.1; +http://www.google.com/bot.html)"
57.141.2.27 - - [22/Jul/2025:18:09:05 +0700] "GET /tickets/pools/A5373481626 HTTP/2" 200 0 "-" "meta-externalagent/1.1 (+https://developers.facebook.com/docs/sharing/webmasters/crawler)"
57.141.2.5 - - [22/Jul/2025:18:09:06 +0700] "GET /audio/cameras/S5371169721 HTTP/2" 200 0 "-" "meta-externalagent/1.1 (+https://developers.facebook.com/docs/sharing/webmasters/crawler)"
66.249.79.197 - - [22/Jul/2025:18:09:05 +0700] "POST /get-message-notify HTTP/1.1" 200 20489 "https://shielddoor.vn/alcohol/drinks/E5361511084" "Mozilla/5.0 (Linux; Android 6.0.1; Nexus 5X Build/MMB29P) AppleWebKit/537.36 (KHTML, like Gecko) Chrome/137.0.7151.119 Mobile Safari/537.36 (compatible; Googlebot/2.1; +http://www.google.com/bot.html)"
57.141.2.10 - - [22/Jul/2025:18:09:07 +0700] "GET /fishing/outdoor-wear/U5313722868 HTTP/2" 200 0 "-" "meta-externalagent/1.1 (+https://developers.facebook.com/docs/sharing/webmasters/crawler)"
57.141.2.4 - - [22/Jul/2025:18:09:07 +0700] "GET /db.php/shopdetail/daily-necessities-spoons/C538679032 HTTP/2" 200 39 "-" "meta-externalagent/1.1 (+https://developers.facebook.com/docs/sharing/webmasters/crawler)"
57.141.2.20 - - [22/Jul/2025:18:09:07 +0700] "GET /db.php/shopdetail/daily-necessities-bulk-sales/K5383036382 HTTP/2" 200 39 "-" "meta-externalagent/1.1 (+https://developers.facebook.com/docs/sharing/webmasters/crawler)"
66.249.79.197 - - [22/Jul/2025:18:09:07 +0700] "GET /cds/western/L5313198626 HTTP/1.1" 200 20735 "-" "Mozilla/5.0 (Linux; Android 6.0.1; Nexus 5X Build/MMB29P) AppleWebKit/537.36 (KHTML, like Gecko) Chrome/137.0.7151.103 Mobile Safari/537.36 (compatible; Googlebot/2.1; +http://www.google.com/bot.html)"
57.141.2.6 - - [22/Jul/2025:18:09:09 +0700] "GET /hobbies/crafts/K5362803730 HTTP/2" 200 0 "-" "meta-externalagent/1.1 (+https://developers.facebook.com/docs/sharing/webmasters/crawler)"
57.141.2.1 - - [22/Jul/2025:18:09:09 +0700] "GET /db.php/shopdetail/health-others/M5344231023 HTTP/2" 200 39 "-" "meta-externalagent/1.1 (+https://developers.facebook.com/docs/sharing/webmasters/crawler)"
57.141.2.22 - - [22/Jul/2025:18:09:10 +0700] "GET /cars/motorcycles/C5314207914 HTTP/2" 200 0 "-" "meta-externalagent/1.1 (+https://developers.facebook.com/docs/sharing/webmasters/crawler)"
57.141.2.19 - - [22/Jul/2025:18:09:16 +0700] "GET /db.php/shopdetail/toys-pokemon-card-games/S533545237 HTTP/2" 200 39 "-" "meta-externalagent/1.1 (+https://developers.facebook.com/docs/sharing/webmasters/crawler)"
57.141.2.5 - - [22/Jul/2025:18:09:17 +0700] "GET /fashion/womens/B5374218372 HTTP/2" 200 0 "-" "meta-externalagent/1.1 (+https://developers.facebook.com/docs/sharing/webmasters/crawler)"
57.141.2.14 - - [22/Jul/2025:18:09:18 +0700] "GET /health/health-accessories/M5293549240 HTTP/2" 200 0 "-" "meta-externalagent/1.1 (+https://developers.facebook.com/docs/sharing/webmasters/crawler)"
57.141.2.6 - - [22/Jul/2025:18:09:19 +0700] "GET /db.php/shopdetail/travel-supplies-tarps/P5352685888 HTTP/2" 200 39 "-" "meta-externalagent/1.1 (+https://developers.facebook.com/docs/sharing/webmasters/crawler)"
57.141.2.10 - - [22/Jul/2025:18:09:19 +0700] "GET /motorcycles/accessories/X534794787 HTTP/2" 200 0 "-" "meta-externalagent/1.1 (+https://developers.facebook.com/docs/sharing/webmasters/crawler)"
57.141.2.21 - - [22/Jul/2025:18:09:11 +0700] "GET /db.php/shopdetail/computers-smartphones/M5303935432 HTTP/2" 200 39 "-" "meta-externalagent/1.1 (+https://developers.facebook.com/docs/sharing/webmasters/crawler)"
66.249.79.197 - - [22/Jul/2025:18:09:10 +0700] "POST /get-message-notify HTTP/1.1" 200 20502 "https://shielddoor.vn/sports/skiing/A5352807358" "Mozilla/5.0 AppleWebKit/537.36 (KHTML, like Gecko; compatible; Googlebot/2.1; +http://www.google.com/bot.html) Chrome/137.0.7151.119 Safari/537.36"
57.141.2.4 - - [22/Jul/2025:18:09:12 +0700] "GET /art/crafts/W538865235 HTTP/2" 200 0 "-" "meta-externalagent/1.1 (+https://developers.facebook.com/docs/sharing/webmasters/crawler)"
66.249.79.197 - - [22/Jul/2025:18:09:14 +0700] "GET /tickets/sports/V5351092353 HTTP/1.1" 200 20615 "-" "Mozilla/5.0 (Linux; Android 6.0.1; Nexus 5X Build/MMB29P) AppleWebKit/537.36 (KHTML, like Gecko) Chrome/137.0.7151.103 Mobile Safari/537.36 (compatible; Googlebot/2.1; +http://www.google.com/bot.html)"
66.249.79.197 - - [22/Jul/2025:18:09:15 +0700] "GET /home-appliances/stoves/M532845995 HTTP/1.1" 200 20988 "-" "Mozilla/5.0 (Linux; Android 6.0.1; Nexus 5X Build/MMB29P) AppleWebKit/537.36 (KHTML, like Gecko) Chrome/137.0.7151.103 Mobile Safari/537.36 (compatible; Googlebot/2.1; +http://www.google.com/bot.html)"
57.141.2.25 - - [22/Jul/2025:18:09:19 +0700] "GET /db.php/shopdetail/musical-instruments-equipment/O5381134331 HTTP/2" 200 39 "-" "meta-externalagent/1.1 (+https://developers.facebook.com/docs/sharing/webmasters/crawler)"
57.141.2.22 - - [22/Jul/2025:18:09:19 +0700] "GET /cameras/digital-cameras/T5354099492 HTTP/2" 200 0 "-" "meta-externalagent/1.1 (+https://developers.facebook.com/docs/sharing/webmasters/crawler)"
66.249.79.197 - - [22/Jul/2025:18:09:18 +0700] "POST /get-message-notify HTTP/1.1" 200 20496 "https://shielddoor.vn/beauty/face-creams/K5333224974" "Mozilla/5.0 (Linux; Android 6.0.1; Nexus 5X Build/MMB29P) AppleWebKit/537.36 (KHTML, like Gecko) Chrome/137.0.7151.119 Mobile Safari/537.36 (compatible; Googlebot/2.1; +http://www.google.com/bot.html)"
66.249.79.197 - - [22/Jul/2025:18:09:19 +0700] "POST /get-message-notify HTTP/1.1" 200 20503 "https://shielddoor.vn/diy/measurement/Q5331473875" "Mozilla/5.0 (Linux; Android 6.0.1; Nexus 5X Build/MMB29P) AppleWebKit/537.36 (KHTML, like Gecko) Chrome/137.0.7151.119 Mobile Safari/537.36 (compatible; Googlebot/2.1; +http://www.google.com/bot.html)"
57.141.2.24 - - [22/Jul/2025:18:09:22 +0700] "GET /furniture/chairs/U5323699392 HTTP/2" 200 0 "-" "meta-externalagent/1.1 (+https://developers.facebook.com/docs/sharing/webmasters/crawler)"
66.249.79.197 - - [22/Jul/2025:18:09:22 +0700] "POST /get-message-notify HTTP/1.1" 200 20495 "https://shielddoor.vn/fashion/womens/G5301166427" "Mozilla/5.0 (Linux; Android 6.0.1; Nexus 5X Build/MMB29P) AppleWebKit/537.36 (KHTML, like Gecko) Chrome/137.0.7151.119 Mobile Safari/537.36 (compatible; Googlebot/2.1; +http://www.google.com/bot.html)"
66.249.79.198 - - [22/Jul/2025:18:09:27 +0700] "GET /hobbies/dj-equipment/X5351744287 HTTP/1.1" 200 20765 "-" "Mozilla/5.0 (Linux; Android 6.0.1; Nexus 5X Build/MMB29P) AppleWebKit/537.36 (KHTML, like Gecko) Chrome/137.0.7151.103 Mobile Safari/537.36 (compatible; Googlebot/2.1; +http://www.google.com/bot.html)"
57.141.2.22 - - [22/Jul/2025:18:09:29 +0700] "GET /tools/drilling-machine/Z5302529305 HTTP/2" 200 0 "-" "meta-externalagent/1.1 (+https://developers.facebook.com/docs/sharing/webmasters/crawler)"
66.249.79.198 - - [22/Jul/2025:18:09:28 +0700] "POST /get-message-notify HTTP/1.1" 200 20492 "https://shielddoor.vn/cars/car-navigation-systems/X5362855776" "Mozilla/5.0 (Linux; Android 6.0.1; Nexus 5X Build/MMB29P) AppleWebKit/537.36 (KHTML, like Gecko) Chrome/137.0.7151.119 Mobile Safari/537.36 (compatible; Googlebot/2.1; +http://www.google.com/bot.html)"
57.141.2.6 - - [22/Jul/2025:18:08:57 +0700] "GET /sports/futsal/U5333298627 HTTP/2" 200 0 "-" "meta-externalagent/1.1 (+https://developers.facebook.com/docs/sharing/webmasters/crawler)"
66.249.79.197 - - [22/Jul/2025:18:08:56 +0700] "GET /interior/ornaments/T5324241371 HTTP/1.1" 200 20605 "-" "Mozilla/5.0 (Linux; Android 6.0.1; Nexus 5X Build/MMB29P) AppleWebKit/537.36 (KHTML, like Gecko) Chrome/137.0.7151.103 Mobile Safari/537.36 (compatible; Googlebot/2.1; +http://www.google.com/bot.html)"
57.141.2.16 - - [22/Jul/2025:18:09:03 +0700] "GET /db.php/shopdetail/fashion-outerwear/Q5324218968 HTTP/2" 200 39 "-" "meta-externalagent/1.1 (+https://developers.facebook.com/docs/sharing/webmasters/crawler)"
57.141.2.20 - - [22/Jul/2025:18:09:09 +0700] "GET /bicycles/safety/J5313360527 HTTP/2" 200 0 "-" "meta-externalagent/1.1 (+https://developers.facebook.com/docs/sharing/webmasters/crawler)"
52.167.144.209 - - [22/Jul/2025:18:09:09 +0700] "GET /tools/others/S5381021815 HTTP/2" 200 0 "-" "Mozilla/5.0 AppleWebKit/537.36 (KHTML, like Gecko; compatible; bingbot/2.0; +http://www.bing.com/bingbot.htm) Chrome/116.0.1938.76 Safari/537.36"
52.167.144.158 - - [22/Jul/2025:18:09:12 +0700] "GET /tools/materials/M5362032857 HTTP/2" 200 0 "-" "Mozilla/5.0 AppleWebKit/537.36 (KHTML, like Gecko; compatible; bingbot/2.0; +http://www.bing.com/bingbot.htm) Chrome/116.0.1938.76 Safari/537.36"
57.141.2.16 - - [22/Jul/2025:18:09:15 +0700] "GET /interior/ornaments/F530950794 HTTP/2" 200 0 "-" "meta-externalagent/1.1 (+https://developers.facebook.com/docs/sharing/webmasters/crawler)"
57.141.2.6 - - [22/Jul/2025:18:09:15 +0700] "GET /db.php/shopdetail/tools-construction-materials/M5383909183 HTTP/2" 200 39 "-" "meta-externalagent/1.1 (+https://developers.facebook.com/docs/sharing/webmasters/crawler)"
57.141.2.18 - - [22/Jul/2025:18:09:16 +0700] "GET /fishing/outdoor-wear/V533792061 HTTP/2" 200 0 "-" "meta-externalagent/1.1 (+https://developers.facebook.com/docs/sharing/webmasters/crawler)"
57.141.2.7 - - [22/Jul/2025:18:09:17 +0700] "GET /motorcycles/bicycles/U5311978784 HTTP/2" 200 0 "-" "meta-externalagent/1.1 (+https://developers.facebook.com/docs/sharing/webmasters/crawler)"
57.141.2.22 - - [22/Jul/2025:18:09:19 +0700] "GET /computers/multifunction-devices/J5373036054 HTTP/2" 200 0 "-" "meta-externalagent/1.1 (+https://developers.facebook.com/docs/sharing/webmasters/crawler)"
52.167.144.209 - - [22/Jul/2025:18:09:20 +0700] "GET /fashion/womens/D5332386162 HTTP/2" 200 0 "-" "Mozilla/5.0 AppleWebKit/537.36 (KHTML, like Gecko; compatible; bingbot/2.0; +http://www.bing.com/bingbot.htm) Chrome/116.0.1938.76 Safari/537.36"
57.141.2.29 - - [22/Jul/2025:18:09:21 +0700] "GET /cosmetics/eyebrows/T5312318493 HTTP/2" 200 0 "-" "meta-externalagent/1.1 (+https://developers.facebook.com/docs/sharing/webmasters/crawler)"
52.167.144.16 - - [22/Jul/2025:18:09:28 +0700] "GET /decor/chairs/C5341885494 HTTP/2" 200 0 "-" "Mozilla/5.0 AppleWebKit/537.36 (KHTML, like Gecko; compatible; bingbot/2.0; +http://www.bing.com/bingbot.htm) Chrome/116.0.1938.76 Safari/537.36"
57.141.2.5 - - [22/Jul/2025:18:09:29 +0700] "GET /db.php/shopdetail/fashion-womens/H5312194745 HTTP/2" 200 39 "-" "meta-externalagent/1.1 (+https://developers.facebook.com/docs/sharing/webmasters/crawler)"
57.141.2.29 - - [22/Jul/2025:18:09:30 +0700] "GET /db.php/shopdetail/audio-audio-equipment/E5341925216 HTTP/2" 200 39 "-" "meta-externalagent/1.1 (+https://developers.facebook.com/docs/sharing/webmasters/crawler)"
57.141.2.8 - - [22/Jul/2025:18:09:30 +0700] "GET /art/robots/F5362369921 HTTP/2" 200 0 "-" "meta-externalagent/1.1 (+https://developers.facebook.com/docs/sharing/webmasters/crawler)"
57.141.2.25 - - [22/Jul/2025:18:09:30 +0700] "GET /tickets/sports/H5332421187 HTTP/2" 200 0 "-" "meta-externalagent/1.1 (+https://developers.facebook.com/docs/sharing/webmasters/crawler)"
57.141.2.24 - - [22/Jul/2025:18:09:37 +0700] "GET /sports/golf/E5373652759 HTTP/2" 200 0 "-" "meta-externalagent/1.1 (+https://developers.facebook.com/docs/sharing/webmasters/crawler)"
66.249.79.198 - - [22/Jul/2025:18:09:29 +0700] "GET /tablets/smartphone/T5332050617 HTTP/1.1" 200 20761 "-" "Mozilla/5.0 (Linux; Android 6.0.1; Nexus 5X Build/MMB29P) AppleWebKit/537.36 (KHTML, like Gecko) Chrome/137.0.7151.103 Mobile Safari/537.36 (compatible; Googlebot/2.1; +http://www.google.com/bot.html)"
57.141.2.2 - - [22/Jul/2025:18:09:32 +0700] "GET /db.php/shopdetail/furniture-ornaments/S535591551 HTTP/2" 200 39 "-" "meta-externalagent/1.1 (+https://developers.facebook.com/docs/sharing/webmasters/crawler)"
57.141.2.25 - - [22/Jul/2025:18:09:38 +0700] "GET /db.php/shopdetail/handicrafts-fabrics/Y5311695698 HTTP/2" 200 39 "-" "meta-externalagent/1.1 (+https://developers.facebook.com/docs/sharing/webmasters/crawler)"
57.141.2.28 - - [22/Jul/2025:18:09:38 +0700] "GET /fashion/jackets/O532398589 HTTP/2" 200 0 "-" "meta-externalagent/1.1 (+https://developers.facebook.com/docs/sharing/webmasters/crawler)"
66.249.79.197 - - [22/Jul/2025:18:09:39 +0700] "POST /get-message-notify HTTP/1.1" 200 20506 "https://shielddoor.vn/tickets/events/P5312619664" "Mozilla/5.0 (Linux; Android 6.0.1; Nexus 5X Build/MMB29P) AppleWebKit/537.36 (KHTML, like Gecko) Chrome/137.0.7151.119 Mobile Safari/537.36 (compatible; Googlebot/2.1; +http://www.google.com/bot.html)"
57.141.2.27 - - [22/Jul/2025:18:09:41 +0700] "GET /cars/wheels/I5293287808 HTTP/2" 200 0 "-" "meta-externalagent/1.1 (+https://developers.facebook.com/docs/sharing/webmasters/crawler)"
57.141.2.22 - - [22/Jul/2025:18:09:45 +0700] "GET /hobbies/robots/B5361018155 HTTP/2" 200 0 "-" "meta-externalagent/1.1 (+https://developers.facebook.com/docs/sharing/webmasters/crawler)"
57.141.2.10 - - [22/Jul/2025:18:09:45 +0700] "GET /db.php/shopdetail/fashion-kimono/D5344132895 HTTP/2" 200 39 "-" "meta-externalagent/1.1 (+https://developers.facebook.com/docs/sharing/webmasters/crawler)"
57.141.2.8 - - [22/Jul/2025:18:09:45 +0700] "GET /furniture/desks/X5363431254 HTTP/2" 200 0 "-" "meta-externalagent/1.1 (+https://developers.facebook.com/docs/sharing/webmasters/crawler)"
57.141.2.19 - - [22/Jul/2025:18:09:46 +0700] "GET /sports/baseball/U538813774 HTTP/2" 200 0 "-" "meta-externalagent/1.1 (+https://developers.facebook.com/docs/sharing/webmasters/crawler)"
57.141.2.4 - - [22/Jul/2025:18:09:47 +0700] "GET /bicycles/tires/X530253103 HTTP/2" 200 0 "-" "meta-externalagent/1.1 (+https://developers.facebook.com/docs/sharing/webmasters/crawler)"
57.141.2.5 - - [22/Jul/2025:18:09:48 +0700] "GET /sports/baseball/Y532820526 HTTP/2" 200 0 "-" "meta-externalagent/1.1 (+https://developers.facebook.com/docs/sharing/webmasters/crawler)"
66.249.79.197 - - [22/Jul/2025:18:09:48 +0700] "GET /goods/sports/M5334132108 HTTP/1.1" 200 20812 "-" "Mozilla/5.0 (Linux; Android 6.0.1; Nexus 5X Build/MMB29P) AppleWebKit/537.36 (KHTML, like Gecko) Chrome/137.0.7151.103 Mobile Safari/537.36 (compatible; Googlebot/2.1; +http://www.google.com/bot.html)"
57.141.2.29 - - [22/Jul/2025:18:09:49 +0700] "GET /cds/anime/A5352769670 HTTP/2" 200 0 "-" "meta-externalagent/1.1 (+https://developers.facebook.com/docs/sharing/webmasters/crawler)"
66.249.79.197 - - [22/Jul/2025:18:09:48 +0700] "GET /fashion/womens/Z5303709733 HTTP/1.1" 200 20666 "-" "Mozilla/5.0 (Linux; Android 6.0.1; Nexus 5X Build/MMB29P) AppleWebKit/537.36 (KHTML, like Gecko) Chrome/137.0.7151.103 Mobile Safari/537.36 (compatible; Googlebot/2.1; +http://www.google.com/bot.html)"
66.249.79.197 - - [22/Jul/2025:18:09:49 +0700] "GET /blu-ray/anime/G5351304354 HTTP/1.1" 200 20750 "-" "Mozilla/5.0 (Linux; Android 6.0.1; Nexus 5X Build/MMB29P) AppleWebKit/537.36 (KHTML, like Gecko) Chrome/137.0.7151.103 Mobile Safari/537.36 (compatible; Googlebot/2.1; +http://www.google.com/bot.html)"
57.141.2.9 - - [22/Jul/2025:18:09:50 +0700] "GET /computers/smartphones/R5301461392 HTTP/2" 200 0 "-" "meta-externalagent/1.1 (+https://developers.facebook.com/docs/sharing/webmasters/crawler)"
57.141.2.1 - - [22/Jul/2025:18:09:23 +0700] "GET /games/military/K5381115827 HTTP/2" 200 0 "-" "meta-externalagent/1.1 (+https://developers.facebook.com/docs/sharing/webmasters/crawler)"
57.141.2.10 - - [22/Jul/2025:18:09:24 +0700] "GET /handmade/materials/M5352731332 HTTP/2" 200 0 "-" "meta-externalagent/1.1 (+https://developers.facebook.com/docs/sharing/webmasters/crawler)"
57.141.2.2 - - [22/Jul/2025:18:09:26 +0700] "GET /sports/softball/E5291557997 HTTP/2" 200 0 "-" "meta-externalagent/1.1 (+https://developers.facebook.com/docs/sharing/webmasters/crawler)"
57.141.2.4 - - [22/Jul/2025:18:09:26 +0700] "GET /db.php/shopdetail/outdoor-outdoor-wear/G5363246521 HTTP/2" 200 39 "-" "meta-externalagent/1.1 (+https://developers.facebook.com/docs/sharing/webmasters/crawler)"
57.141.2.23 - - [22/Jul/2025:18:09:31 +0700] "GET /bicycles/cars/K5373831542 HTTP/2" 200 0 "-" "meta-externalagent/1.1 (+https://developers.facebook.com/docs/sharing/webmasters/crawler)"
57.141.2.5 - - [22/Jul/2025:18:09:32 +0700] "GET /dvds/anime/Y529403230 HTTP/2" 200 0 "-" "meta-externalagent/1.1 (+https://developers.facebook.com/docs/sharing/webmasters/crawler)"
57.141.2.8 - - [22/Jul/2025:18:09:39 +0700] "GET /audio/cameras/A5322014272 HTTP/2" 200 0 "-" "meta-externalagent/1.1 (+https://developers.facebook.com/docs/sharing/webmasters/crawler)"
57.141.2.15 - - [22/Jul/2025:18:09:41 +0700] "GET /tablets/smartphone/V5291476935 HTTP/2" 200 0 "-" "meta-externalagent/1.1 (+https://developers.facebook.com/docs/sharing/webmasters/crawler)"
57.141.2.28 - - [22/Jul/2025:18:09:42 +0700] "GET /beauty/shampoo/Y5322684911 HTTP/2" 200 0 "-" "meta-externalagent/1.1 (+https://developers.facebook.com/docs/sharing/webmasters/crawler)"
57.141.2.29 - - [22/Jul/2025:18:09:43 +0700] "GET /smartphones/motherboards/U5323499133 HTTP/2" 200 0 "-" "meta-externalagent/1.1 (+https://developers.facebook.com/docs/sharing/webmasters/crawler)"
57.141.2.16 - - [22/Jul/2025:18:09:44 +0700] "GET /sports/women-clothing/X537266418 HTTP/2" 200 0 "-" "meta-externalagent/1.1 (+https://developers.facebook.com/docs/sharing/webmasters/crawler)"
57.141.2.14 - - [22/Jul/2025:18:09:46 +0700] "GET /outdoor/lures/A5363980090 HTTP/2" 200 0 "-" "meta-externalagent/1.1 (+https://developers.facebook.com/docs/sharing/webmasters/crawler)"
57.141.2.5 - - [22/Jul/2025:18:09:47 +0700] "GET /cars/motorcycles/L5293692250 HTTP/2" 200 0 "-" "meta-externalagent/1.1 (+https://developers.facebook.com/docs/sharing/webmasters/crawler)"
57.141.2.10 - - [22/Jul/2025:18:09:48 +0700] "GET /sports/fitness-machines/Q531712842 HTTP/2" 200 0 "-" "meta-externalagent/1.1 (+https://developers.facebook.com/docs/sharing/webmasters/crawler)"
66.249.79.197 - - [22/Jul/2025:18:09:49 +0700] "GET /sports/shoes/L5321331593 HTTP/1.1" 200 20768 "-" "Mozilla/5.0 (Linux; Android 6.0.1; Nexus 5X Build/MMB29P) AppleWebKit/537.36 (KHTML, like Gecko) Chrome/137.0.7151.103 Mobile Safari/537.36 (compatible; Googlebot/2.1; +http://www.google.com/bot.html)"
57.141.2.15 - - [22/Jul/2025:18:09:52 +0700] "GET /computers/smartphone/K5381583048 HTTP/2" 200 0 "-" "meta-externalagent/1.1 (+https://developers.facebook.com/docs/sharing/webmasters/crawler)"
66.249.79.198 - - [22/Jul/2025:18:09:52 +0700] "GET /fashion/accessories/V5301363725 HTTP/1.1" 200 20615 "-" "Mozilla/5.0 (Linux; Android 6.0.1; Nexus 5X Build/MMB29P) AppleWebKit/537.36 (KHTML, like Gecko) Chrome/137.0.7151.103 Mobile Safari/537.36 (compatible; Googlebot/2.1; +http://www.google.com/bot.html)"
57.141.2.12 - - [22/Jul/2025:18:09:54 +0700] "GET /computers/smartphone/R537275328 HTTP/2" 200 0 "-" "meta-externalagent/1.1 (+https://developers.facebook.com/docs/sharing/webmasters/crawler)"
66.249.79.198 - - [22/Jul/2025:18:09:54 +0700] "GET /alcohol/sweets/I5321588205 HTTP/1.1" 200 20642 "-" "Mozilla/5.0 (Linux; Android 6.0.1; Nexus 5X Build/MMB29P) AppleWebKit/537.36 (KHTML, like Gecko) Chrome/137.0.7151.103 Mobile Safari/537.36 (compatible; Googlebot/2.1; +http://www.google.com/bot.html)"
57.141.2.23 - - [22/Jul/2025:18:09:38 +0700] "GET /sports/fitness-machines/Q5301809266 HTTP/2" 200 0 "-" "meta-externalagent/1.1 (+https://developers.facebook.com/docs/sharing/webmasters/crawler)"
57.141.2.7 - - [22/Jul/2025:18:09:39 +0700] "GET /hobbies/collections/F5352661468 HTTP/2" 200 0 "-" "meta-externalagent/1.1 (+https://developers.facebook.com/docs/sharing/webmasters/crawler)"
66.249.79.198 - - [22/Jul/2025:18:09:38 +0700] "POST /get-message-notify HTTP/1.1" 200 20507 "https://shielddoor.vn/health/relaxation/A5321044558" "Mozilla/5.0 (Linux; Android 6.0.1; Nexus 5X Build/MMB29P) AppleWebKit/537.36 (KHTML, like Gecko) Chrome/137.0.7151.119 Mobile Safari/537.36 (compatible; Googlebot/2.1; +http://www.google.com/bot.html)"
57.141.2.22 - - [22/Jul/2025:18:09:40 +0700] "GET /cameras/audio-equipment/I5352983955 HTTP/2" 200 0 "-" "meta-externalagent/1.1 (+https://developers.facebook.com/docs/sharing/webmasters/crawler)"
57.141.2.4 - - [22/Jul/2025:18:09:43 +0700] "GET /smartphones/smartphones/Y5301207650 HTTP/2" 200 0 "-" "meta-externalagent/1.1 (+https://developers.facebook.com/docs/sharing/webmasters/crawler)"
57.141.2.18 - - [22/Jul/2025:18:09:45 +0700] "GET /dvds/kids/X5302311122 HTTP/2" 200 0 "-" "meta-externalagent/1.1 (+https://developers.facebook.com/docs/sharing/webmasters/crawler)"
57.141.2.2 - - [22/Jul/2025:18:09:51 +0700] "GET /tv/player/Y535397209 HTTP/2" 200 0 "-" "meta-externalagent/1.1 (+https://developers.facebook.com/docs/sharing/webmasters/crawler)"
57.141.2.15 - - [22/Jul/2025:18:09:53 +0700] "GET /beauty/beauty-appliances/Y5311154681 HTTP/2" 200 0 "-" "meta-externalagent/1.1 (+https://developers.facebook.com/docs/sharing/webmasters/crawler)"
57.141.2.14 - - [22/Jul/2025:18:09:54 +0700] "GET /furniture/cupboards/U536858793 HTTP/2" 200 0 "-" "meta-externalagent/1.1 (+https://developers.facebook.com/docs/sharing/webmasters/crawler)"
57.141.2.10 - - [22/Jul/2025:18:09:55 +0700] "GET /cars/accessories/T529409414 HTTP/2" 200 0 "-" "meta-externalagent/1.1 (+https://developers.facebook.com/docs/sharing/webmasters/crawler)"
66.249.79.198 - - [22/Jul/2025:18:09:54 +0700] "GET /alcohol/food/L5312596071 HTTP/1.1" 200 21165 "-" "Mozilla/5.0 (Linux; Android 6.0.1; Nexus 5X Build/MMB29P) AppleWebKit/537.36 (KHTML, like Gecko) Chrome/137.0.7151.103 Mobile Safari/537.36 (compatible; Googlebot/2.1; +http://www.google.com/bot.html)"
57.141.2.5 - - [22/Jul/2025:18:09:57 +0700] "GET /goods/idols/F5351997530 HTTP/2" 200 0 "-" "meta-externalagent/1.1 (+https://developers.facebook.com/docs/sharing/webmasters/crawler)"
66.249.79.198 - - [22/Jul/2025:18:09:56 +0700] "GET /home-appliances/appliances/S5292401638 HTTP/1.1" 200 20549 "-" "Mozilla/5.0 (Linux; Android 6.0.1; Nexus 5X Build/MMB29P) AppleWebKit/537.36 (KHTML, like Gecko) Chrome/137.0.7151.103 Mobile Safari/537.36 (compatible; Googlebot/2.1; +http://www.google.com/bot.html)"
57.141.2.21 - - [22/Jul/2025:18:09:58 +0700] "GET /fashion/accessories/T5382644191 HTTP/2" 200 0 "-" "meta-externalagent/1.1 (+https://developers.facebook.com/docs/sharing/webmasters/crawler)"
57.141.2.30 - - [22/Jul/2025:18:09:58 +0700] "GET /bicycles/parts/P5363174548 HTTP/2" 200 0 "-" "meta-externalagent/1.1 (+https://developers.facebook.com/docs/sharing/webmasters/crawler)"
66.249.79.199 - - [22/Jul/2025:18:09:58 +0700] "GET /smartphones/macbooks/S5372938282 HTTP/1.1" 200 20834 "-" "Mozilla/5.0 (Linux; Android 6.0.1; Nexus 5X Build/MMB29P) AppleWebKit/537.36 (KHTML, like Gecko) Chrome/137.0.7151.103 Mobile Safari/537.36 (compatible; Googlebot/2.1; +http://www.google.com/bot.html)"
57.141.2.19 - - [22/Jul/2025:18:10:00 +0700] "GET /goods/character/M5313944574 HTTP/2" 200 0 "-" "meta-externalagent/1.1 (+https://developers.facebook.com/docs/sharing/webmasters/crawler)"
66.249.79.197 - - [22/Jul/2025:18:09:58 +0700] "GET /fishing/outdoors/B5291836535 HTTP/1.1" 200 21136 "-" "Mozilla/5.0 (Linux; Android 6.0.1; Nexus 5X Build/MMB29P) AppleWebKit/537.36 (KHTML, like Gecko) Chrome/137.0.7151.103 Mobile Safari/537.36 (compatible; Googlebot/2.1; +http://www.google.com/bot.html)"
57.141.2.1 - - [22/Jul/2025:18:09:56 +0700] "GET /flowers/houseplants/I5363562503 HTTP/2" 200 0 "-" "meta-externalagent/1.1 (+https://developers.facebook.com/docs/sharing/webmasters/crawler)"
57.141.2.25 - - [22/Jul/2025:18:09:56 +0700] "GET /bicycles/motorcycles/H5341349716 HTTP/2" 200 0 "-" "meta-externalagent/1.1 (+https://developers.facebook.com/docs/sharing/webmasters/crawler)"
66.249.79.198 - - [22/Jul/2025:18:09:56 +0700] "GET /pet-supplies/fish-supplies/V5342400186 HTTP/1.1" 200 21081 "-" "Mozilla/5.0 (Linux; Android 6.0.1; Nexus 5X Build/MMB29P) AppleWebKit/537.36 (KHTML, like Gecko) Chrome/137.0.7151.103 Mobile Safari/537.36 (compatible; Googlebot/2.1; +http://www.google.com/bot.html)"
57.141.2.24 - - [22/Jul/2025:18:09:59 +0700] "GET /audio/digital-cameras/L5383558788 HTTP/2" 200 0 "-" "meta-externalagent/1.1 (+https://developers.facebook.com/docs/sharing/webmasters/crawler)"
57.141.2.15 - - [22/Jul/2025:18:10:00 +0700] "GET /goods/others/B5331346599 HTTP/2" 200 0 "-" "meta-externalagent/1.1 (+https://developers.facebook.com/docs/sharing/webmasters/crawler)"
57.141.2.1 - - [22/Jul/2025:18:10:01 +0700] "GET /fashion/dresses/X5323006488 HTTP/2" 200 0 "-" "meta-externalagent/1.1 (+https://developers.facebook.com/docs/sharing/webmasters/crawler)"
57.141.2.28 - - [22/Jul/2025:18:10:01 +0700] "GET /db.php/shopdetail/beauty-skincare/D5293600651 HTTP/2" 200 39 "-" "meta-externalagent/1.1 (+https://developers.facebook.com/docs/sharing/webmasters/crawler)"
66.249.79.199 - - [22/Jul/2025:18:10:00 +0700] "GET /motorcycles/tires/F5382978177 HTTP/1.1" 200 20716 "-" "Mozilla/5.0 (Linux; Android 6.0.1; Nexus 5X Build/MMB29P) AppleWebKit/537.36 (KHTML, like Gecko) Chrome/137.0.7151.103 Mobile Safari/537.36 (compatible; Googlebot/2.1; +http://www.google.com/bot.html)"
57.141.2.1 - - [22/Jul/2025:18:10:04 +0700] "GET /food/food/L534508745 HTTP/2" 200 0 "-" "meta-externalagent/1.1 (+https://developers.facebook.com/docs/sharing/webmasters/crawler)"
57.141.2.6 - - [22/Jul/2025:18:10:06 +0700] "GET /tv/television/D5363294597 HTTP/2" 200 0 "-" "meta-externalagent/1.1 (+https://developers.facebook.com/docs/sharing/webmasters/crawler)"
57.141.2.21 - - [22/Jul/2025:18:10:06 +0700] "GET /sports/skiing/G533813306 HTTP/2" 200 0 "-" "meta-externalagent/1.1 (+https://developers.facebook.com/docs/sharing/webmasters/crawler)"
52.167.144.16 - - [22/Jul/2025:18:10:07 +0700] "GET /manga/young-adult-manga/F5353633451 HTTP/2" 200 0 "-" "Mozilla/5.0 AppleWebKit/537.36 (KHTML, like Gecko; compatible; bingbot/2.0; +http://www.bing.com/bingbot.htm) Chrome/116.0.1938.76 Safari/537.36"
66.249.79.197 - - [22/Jul/2025:18:10:07 +0700] "GET /tablets/mobile-phones/I5294039707 HTTP/1.1" 200 20524 "-" "Mozilla/5.0 (Linux; Android 6.0.1; Nexus 5X Build/MMB29P) AppleWebKit/537.36 (KHTML, like Gecko) Chrome/137.0.7151.103 Mobile Safari/537.36 (compatible; Googlebot/2.1; +http://www.google.com/bot.html)"
57.141.2.13 - - [22/Jul/2025:18:10:09 +0700] "GET /computers/smartphone/U5292322701 HTTP/2" 200 0 "-" "meta-externalagent/1.1 (+https://developers.facebook.com/docs/sharing/webmasters/crawler)"
66.249.79.197 - - [22/Jul/2025:18:10:08 +0700] "GET /computers/ipads/N531435822 HTTP/1.1" 200 21057 "-" "Mozilla/5.0 (Linux; Android 6.0.1; Nexus 5X Build/MMB29P) AppleWebKit/537.36 (KHTML, like Gecko) Chrome/137.0.7151.103 Mobile Safari/537.36 (compatible; Googlebot/2.1; +http://www.google.com/bot.html)"
57.141.2.22 - - [22/Jul/2025:18:10:11 +0700] "GET /toys/tapestry/Z5363450739 HTTP/2" 200 0 "-" "meta-externalagent/1.1 (+https://developers.facebook.com/docs/sharing/webmasters/crawler)"
66.249.79.197 - - [22/Jul/2025:18:10:10 +0700] "GET /fashion/mens/O5383193596 HTTP/1.1" 200 20824 "-" "Mozilla/5.0 (Linux; Android 6.0.1; Nexus 5X Build/MMB29P) AppleWebKit/537.36 (KHTML, like Gecko) Chrome/137.0.7151.103 Mobile Safari/537.36 (compatible; Googlebot/2.1; +http://www.google.com/bot.html)"
66.249.79.197 - - [22/Jul/2025:18:09:49 +0700] "GET /tablets/others/E5352573525 HTTP/1.1" 200 21244 "-" "Mozilla/5.0 (Linux; Android 6.0.1; Nexus 5X Build/MMB29P) AppleWebKit/537.36 (KHTML, like Gecko) Chrome/137.0.7151.103 Mobile Safari/537.36 (compatible; Googlebot/2.1; +http://www.google.com/bot.html)"
57.141.2.1 - - [22/Jul/2025:18:09:52 +0700] "GET /cds/tv-dramas/J5373062101 HTTP/2" 200 0 "-" "meta-externalagent/1.1 (+https://developers.facebook.com/docs/sharing/webmasters/crawler)"
57.141.2.27 - - [22/Jul/2025:18:10:00 +0700] "GET /db.php/shopdetail/furniture-desk-chairs/Z5352819963 HTTP/2" 200 39 "-" "meta-externalagent/1.1 (+https://developers.facebook.com/docs/sharing/webmasters/crawler)"
66.249.79.197 - - [22/Jul/2025:18:09:59 +0700] "GET /fishing/outdoors/R529529649 HTTP/1.1" 200 20862 "-" "Mozilla/5.0 (Linux; Android 6.0.1; Nexus 5X Build/MMB29P) AppleWebKit/537.36 (KHTML, like Gecko) Chrome/137.0.7151.103 Mobile Safari/537.36 (compatible; Googlebot/2.1; +http://www.google.com/bot.html)"
57.141.2.18 - - [22/Jul/2025:18:10:05 +0700] "GET /db.php/shopdetail/pet-supplies-aquarium-supplies/R5292135448 HTTP/2" 200 39 "-" "meta-externalagent/1.1 (+https://developers.facebook.com/docs/sharing/webmasters/crawler)"
57.141.2.2 - - [22/Jul/2025:18:10:05 +0700] "GET /fashion/womens/F5362235240 HTTP/2" 200 0 "-" "meta-externalagent/1.1 (+https://developers.facebook.com/docs/sharing/webmasters/crawler)"
57.141.2.26 - - [22/Jul/2025:18:10:05 +0700] "GET /manga/others/I5311957761 HTTP/2" 200 0 "-" "meta-externalagent/1.1 (+https://developers.facebook.com/docs/sharing/webmasters/crawler)"
66.249.79.198 - - [22/Jul/2025:18:10:04 +0700] "GET /musical-instruments/objects/H5342208753 HTTP/1.1" 200 20660 "-" "Mozilla/5.0 (Linux; Android 6.0.1; Nexus 5X Build/MMB29P) AppleWebKit/537.36 (KHTML, like Gecko) Chrome/137.0.7151.103 Mobile Safari/537.36 (compatible; Googlebot/2.1; +http://www.google.com/bot.html)"
57.141.2.17 - - [22/Jul/2025:18:10:07 +0700] "GET /db.php/shopdetail/cars-cars/G5343008016 HTTP/2" 200 39 "-" "meta-externalagent/1.1 (+https://developers.facebook.com/docs/sharing/webmasters/crawler)"
57.141.2.9 - - [22/Jul/2025:18:10:13 +0700] "GET /bicycles/clothing/M5343220306 HTTP/2" 200 0 "-" "meta-externalagent/1.1 (+https://developers.facebook.com/docs/sharing/webmasters/crawler)"
57.141.2.9 - - [22/Jul/2025:18:10:19 +0700] "GET /manga/sports/F5341686359 HTTP/2" 200 0 "-" "meta-externalagent/1.1 (+https://developers.facebook.com/docs/sharing/webmasters/crawler)"
66.249.79.197 - - [22/Jul/2025:18:10:17 +0700] "POST /get-message-notify HTTP/1.1" 200 20509 "https://shielddoor.vn/fishing/outdoors/R529529649" "Mozilla/5.0 (Linux; Android 6.0.1; Nexus 5X Build/MMB29P) AppleWebKit/537.36 (KHTML, like Gecko) Chrome/137.0.7151.119 Mobile Safari/537.36 (compatible; Googlebot/2.1; +http://www.google.com/bot.html)"
52.167.144.209 - - [22/Jul/2025:18:10:21 +0700] "GET /tv/player/F5313932841 HTTP/2" 200 0 "-" "Mozilla/5.0 AppleWebKit/537.36 (KHTML, like Gecko; compatible; bingbot/2.0; +http://www.bing.com/bingbot.htm) Chrome/116.0.1938.76 Safari/537.36"
57.141.2.16 - - [22/Jul/2025:18:10:22 +0700] "GET /cars/bicycles/B5342044984 HTTP/2" 200 0 "-" "meta-externalagent/1.1 (+https://developers.facebook.com/docs/sharing/webmasters/crawler)"
57.141.2.24 - - [22/Jul/2025:18:10:23 +0700] "GET /daily-necessities/bulk-sales/X5371137017 HTTP/2" 200 0 "-" "meta-externalagent/1.1 (+https://developers.facebook.com/docs/sharing/webmasters/crawler)"
57.141.2.20 - - [22/Jul/2025:18:10:23 +0700] "GET /db.php/shopdetail/audio-audio-equipment/X5341160586 HTTP/2" 200 39 "-" "meta-externalagent/1.1 (+https://developers.facebook.com/docs/sharing/webmasters/crawler)"
66.249.79.197 - - [22/Jul/2025:18:10:22 +0700] "POST /get-message-notify HTTP/1.1" 200 20492 "https://shielddoor.vn/flowers/air-plants/K5303204271" "Mozilla/5.0 (Linux; Android 6.0.1; Nexus 5X Build/MMB29P) AppleWebKit/537.36 (KHTML, like Gecko) Chrome/137.0.7151.119 Mobile Safari/537.36 (compatible; Googlebot/2.1; +http://www.google.com/bot.html)"
57.141.2.12 - - [22/Jul/2025:18:10:15 +0700] "GET /db.php/shopdetail/handicrafts-kindergarten/R532322124 HTTP/2" 200 39 "-" "meta-externalagent/1.1 (+https://developers.facebook.com/docs/sharing/webmasters/crawler)"
57.141.2.11 - - [22/Jul/2025:18:10:16 +0700] "GET /smartphones/macbooks/R5352418800 HTTP/2" 200 0 "-" "meta-externalagent/1.1 (+https://developers.facebook.com/docs/sharing/webmasters/crawler)"
66.249.79.197 - - [22/Jul/2025:18:10:16 +0700] "POST /get-message-notify HTTP/1.1" 200 20509 "https://shielddoor.vn/smartphones/macbooks/S5372938282" "Mozilla/5.0 (Linux; Android 6.0.1; Nexus 5X Build/MMB29P) AppleWebKit/537.36 (KHTML, like Gecko) Chrome/137.0.7151.119 Mobile Safari/537.36 (compatible; Googlebot/2.1; +http://www.google.com/bot.html)"
57.141.2.17 - - [22/Jul/2025:18:10:17 +0700] "GET /hobbies/antiques/V5342600445 HTTP/2" 200 0 "-" "meta-externalagent/1.1 (+https://developers.facebook.com/docs/sharing/webmasters/crawler)"
66.249.79.197 - - [22/Jul/2025:18:10:17 +0700] "POST /get-message-notify HTTP/1.1" 200 20498 "https://shielddoor.vn/sports/round-equipment/S5293397371" "Mozilla/5.0 (Linux; Android 6.0.1; Nexus 5X Build/MMB29P) AppleWebKit/537.36 (KHTML, like Gecko) Chrome/137.0.7151.119 Mobile Safari/537.36 (compatible; Googlebot/2.1; +http://www.google.com/bot.html)"
57.141.2.26 - - [22/Jul/2025:18:10:19 +0700] "GET /diy/air-tools/S5363886074 HTTP/2" 200 0 "-" "meta-externalagent/1.1 (+https://developers.facebook.com/docs/sharing/webmasters/crawler)"
57.141.2.8 - - [22/Jul/2025:18:10:19 +0700] "GET /fashion/bags/D5333342771 HTTP/2" 200 0 "-" "meta-externalagent/1.1 (+https://developers.facebook.com/docs/sharing/webmasters/crawler)"
57.141.2.16 - - [22/Jul/2025:18:10:23 +0700] "GET /outdoor/outdoors/L5353077184 HTTP/2" 200 0 "-" "meta-externalagent/1.1 (+https://developers.facebook.com/docs/sharing/webmasters/crawler)"
57.141.2.10 - - [22/Jul/2025:18:10:25 +0700] "GET /home-appliances/appliances/N5293194691 HTTP/2" 200 0 "-" "meta-externalagent/1.1 (+https://developers.facebook.com/docs/sharing/webmasters/crawler)"
57.141.2.30 - - [22/Jul/2025:18:10:26 +0700] "GET /db.php/shopdetail/computers-windows-notebooks/A530991619 HTTP/2" 200 39 "-" "meta-externalagent/1.1 (+https://developers.facebook.com/docs/sharing/webmasters/crawler)"
57.141.2.29 - - [22/Jul/2025:18:10:27 +0700] "GET /db.php/shopdetail/audio-digital-cameras/R5313716241 HTTP/2" 200 39 "-" "meta-externalagent/1.1 (+https://developers.facebook.com/docs/sharing/webmasters/crawler)"
66.249.79.198 - - [22/Jul/2025:18:10:27 +0700] "POST /get-message-notify HTTP/1.1" 200 20502 "https://shielddoor.vn/sports/shoes/L5321331593" "Mozilla/5.0 (Linux; Android 6.0.1; Nexus 5X Build/MMB29P) AppleWebKit/537.36 (KHTML, like Gecko) Chrome/137.0.7151.119 Mobile Safari/537.36 (compatible; Googlebot/2.1; +http://www.google.com/bot.html)"
66.249.79.198 - - [22/Jul/2025:18:10:29 +0700] "POST /get-message-notify HTTP/1.1" 200 20491 "https://shielddoor.vn/musical-instruments/objects/H5342208753" "Mozilla/5.0 (Linux; Android 6.0.1; Nexus 5X Build/MMB29P) AppleWebKit/537.36 (KHTML, like Gecko) Chrome/137.0.7151.119 Mobile Safari/537.36 (compatible; Googlebot/2.1; +http://www.google.com/bot.html)"
57.141.2.6 - - [22/Jul/2025:18:10:30 +0700] "GET /fashion/shoes/A537536798 HTTP/2" 200 0 "-" "meta-externalagent/1.1 (+https://developers.facebook.com/docs/sharing/webmasters/crawler)"
57.141.2.25 - - [22/Jul/2025:18:10:31 +0700] "GET /db.php/shopdetail/fashion-mens/D5352785709 HTTP/2" 200 39 "-" "meta-externalagent/1.1 (+https://developers.facebook.com/docs/sharing/webmasters/crawler)"
57.141.2.9 - - [22/Jul/2025:18:10:31 +0700] "GET /db.php/shopdetail/tickets-sports/Q5353058774 HTTP/2" 200 39 "-" "meta-externalagent/1.1 (+https://developers.facebook.com/docs/sharing/webmasters/crawler)"
57.141.2.26 - - [22/Jul/2025:18:10:32 +0700] "GET /db.php/shopdetail/kitchen-children-day/M529855719 HTTP/2" 200 39 "-" "meta-externalagent/1.1 (+https://developers.facebook.com/docs/sharing/webmasters/crawler)"
66.249.79.198 - - [22/Jul/2025:18:10:00 +0700] "GET /art/pa/N5362634113 HTTP/1.1" 200 21160 "-" "Mozilla/5.0 (Linux; Android 6.0.1; Nexus 5X Build/MMB29P) AppleWebKit/537.36 (KHTML, like Gecko) Chrome/137.0.7151.103 Mobile Safari/537.36 (compatible; Googlebot/2.1; +http://www.google.com/bot.html)"
66.249.79.198 - - [22/Jul/2025:18:10:03 +0700] "GET /tablets/mobile-phone/H5353487278 HTTP/1.1" 200 20580 "-" "Mozilla/5.0 (Linux; Android 6.0.1; Nexus 5X Build/MMB29P) AppleWebKit/537.36 (KHTML, like Gecko) Chrome/137.0.7151.103 Mobile Safari/537.36 (compatible; Googlebot/2.1; +http://www.google.com/bot.html)"
57.141.2.11 - - [22/Jul/2025:18:10:05 +0700] "GET /outdoor/fishing/Z5362402040 HTTP/2" 200 0 "-" "meta-externalagent/1.1 (+https://developers.facebook.com/docs/sharing/webmasters/crawler)"
57.141.2.7 - - [22/Jul/2025:18:10:06 +0700] "GET /motorcycles/cars/G5383856730 HTTP/2" 200 0 "-" "meta-externalagent/1.1 (+https://developers.facebook.com/docs/sharing/webmasters/crawler)"
