57.141.2.15 - - [22/Jul/2025:18:20:57 +0700] "GET /toys/sports-cards/A5363001923 HTTP/2" 200 0 "-" "meta-externalagent/1.1 (+https://developers.facebook.com/docs/sharing/webmasters/crawler)"
57.141.2.1 - - [22/Jul/2025:18:20:57 +0700] "GET /tickets/female-idols/B5293878880 HTTP/2" 200 0 "-" "meta-externalagent/1.1 (+https://developers.facebook.com/docs/sharing/webmasters/crawler)"
57.141.2.11 - - [22/Jul/2025:18:20:57 +0700] "GET /db.php/shopdetail/fashion-accessories/M5372931158 HTTP/2" 200 39 "-" "meta-externalagent/1.1 (+https://developers.facebook.com/docs/sharing/webmasters/crawler)"
57.141.2.28 - - [22/Jul/2025:18:20:58 +0700] "GET /fashion/mens/M5351711152 HTTP/2" 200 0 "-" "meta-externalagent/1.1 (+https://developers.facebook.com/docs/sharing/webmasters/crawler)"
66.249.79.198 - - [22/Jul/2025:18:20:59 +0700] "GET /home-appliances/appliances/C5342115641 HTTP/1.1" 200 21878 "-" "Mozilla/5.0 (Linux; Android 6.0.1; Nexus 5X Build/MMB29P) AppleWebKit/537.36 (KHTML, like Gecko) Chrome/137.0.7151.103 Mobile Safari/537.36 (compatible; Googlebot/2.1; +http://www.google.com/bot.html)"
57.141.2.4 - - [22/Jul/2025:18:21:01 +0700] "GET /computers/smartphone/V5294071039 HTTP/2" 200 0 "-" "meta-externalagent/1.1 (+https://developers.facebook.com/docs/sharing/webmasters/crawler)"
66.249.79.198 - - [22/Jul/2025:18:21:01 +0700] "POST /get-message-notify HTTP/1.1" 200 20488 "https://shielddoor.vn/cars/tools/J536352631" "Mozilla/5.0 (Linux; Android 6.0.1; Nexus 5X Build/MMB29P) AppleWebKit/537.36 (KHTML, like Gecko) Chrome/137.0.7151.119 Mobile Safari/537.36 (compatible; Googlebot/2.1; +http://www.google.com/bot.html)"
57.141.2.17 - - [22/Jul/2025:18:21:02 +0700] "GET /blu-ray/music/S5364027004 HTTP/2" 200 0 "-" "meta-externalagent/1.1 (+https://developers.facebook.com/docs/sharing/webmasters/crawler)"
66.249.79.198 - - [22/Jul/2025:18:21:03 +0700] "POST /get-message-notify HTTP/1.1" 200 20508 "https://shielddoor.vn/cars/cars/U5372273855" "Mozilla/5.0 (Linux; Android 6.0.1; Nexus 5X Build/MMB29P) AppleWebKit/537.36 (KHTML, like Gecko) Chrome/137.0.7151.119 Mobile Safari/537.36 (compatible; Googlebot/2.1; +http://www.google.com/bot.html)"
57.141.2.25 - - [22/Jul/2025:18:21:04 +0700] "GET /tv/cameras/T5291478199 HTTP/2" 200 0 "-" "meta-externalagent/1.1 (+https://developers.facebook.com/docs/sharing/webmasters/crawler)"
57.141.2.10 - - [22/Jul/2025:18:21:04 +0700] "GET /games/others/M5291940372 HTTP/2" 200 0 "-" "meta-externalagent/1.1 (+https://developers.facebook.com/docs/sharing/webmasters/crawler)"
66.249.79.198 - - [22/Jul/2025:18:21:04 +0700] "GET /tablets/notebook/Y5343752354 HTTP/1.1" 200 21721 "-" "Mozilla/5.0 (Linux; Android 6.0.1; Nexus 5X Build/MMB29P) AppleWebKit/537.36 (KHTML, like Gecko) Chrome/137.0.7151.103 Mobile Safari/537.36 (compatible; Googlebot/2.1; +http://www.google.com/bot.html)"
66.249.79.198 - - [22/Jul/2025:18:21:05 +0700] "POST /get-message-notify HTTP/1.1" 200 20471 "https://shielddoor.vn/smartphones/smartphones/G532356224" "Mozilla/5.0 (Linux; Android 6.0.1; Nexus 5X Build/MMB29P) AppleWebKit/537.36 (KHTML, like Gecko) Chrome/137.0.7151.119 Mobile Safari/537.36 (compatible; Googlebot/2.1; +http://www.google.com/bot.html)"
66.249.79.198 - - [22/Jul/2025:18:21:07 +0700] "GET /manga/languages/U5322318781 HTTP/1.1" 200 21091 "-" "Mozilla/5.0 (Linux; Android 6.0.1; Nexus 5X Build/MMB29P) AppleWebKit/537.36 (KHTML, like Gecko) Chrome/137.0.7151.103 Mobile Safari/537.36 (compatible; Googlebot/2.1; +http://www.google.com/bot.html)"
57.141.2.11 - - [22/Jul/2025:18:21:11 +0700] "GET /travel-supplies/outdoors/D5382151784 HTTP/2" 200 0 "-" "meta-externalagent/1.1 (+https://developers.facebook.com/docs/sharing/webmasters/crawler)"
66.249.79.198 - - [22/Jul/2025:18:21:11 +0700] "GET /flowers/houseplants/W535427702 HTTP/1.1" 200 20779 "-" "Mozilla/5.0 (Linux; Android 6.0.1; Nexus 5X Build/MMB29P) AppleWebKit/537.36 (KHTML, like Gecko) Chrome/137.0.7151.103 Mobile Safari/537.36 (compatible; Googlebot/2.1; +http://www.google.com/bot.html)"
57.141.2.19 - - [22/Jul/2025:18:20:49 +0700] "GET /fashion/tops/D537905847 HTTP/2" 200 0 "-" "meta-externalagent/1.1 (+https://developers.facebook.com/docs/sharing/webmasters/crawler)"
57.141.2.6 - - [22/Jul/2025:18:20:52 +0700] "GET /dvds/anime/Y5293324646 HTTP/2" 200 0 "-" "meta-externalagent/1.1 (+https://developers.facebook.com/docs/sharing/webmasters/crawler)"
57.141.2.18 - - [22/Jul/2025:18:20:54 +0700] "GET /sports/flamenco/K5301264543 HTTP/2" 200 0 "-" "meta-externalagent/1.1 (+https://developers.facebook.com/docs/sharing/webmasters/crawler)"
57.141.2.23 - - [22/Jul/2025:18:20:55 +0700] "GET /books/children-books/M538249094 HTTP/2" 200 0 "-" "meta-externalagent/1.1 (+https://developers.facebook.com/docs/sharing/webmasters/crawler)"
57.141.2.21 - - [22/Jul/2025:18:21:00 +0700] "GET /home-appliances/air-conditioning/N5343845814 HTTP/2" 200 0 "-" "meta-externalagent/1.1 (+https://developers.facebook.com/docs/sharing/webmasters/crawler)"
66.249.79.199 - - [22/Jul/2025:18:20:58 +0700] "GET /pet-supplies/dog-food/W5362342012 HTTP/1.1" 200 20425 "-" "Mozilla/5.0 (Linux; Android 6.0.1; Nexus 5X Build/MMB29P) AppleWebKit/537.36 (KHTML, like Gecko) Chrome/137.0.7151.103 Mobile Safari/537.36 (compatible; Googlebot/2.1; +http://www.google.com/bot.html)"
66.249.79.199 - - [22/Jul/2025:18:21:00 +0700] "GET /home-appliances/freezer/V5351581653 HTTP/1.1" 200 20601 "-" "Mozilla/5.0 (Linux; Android 6.0.1; Nexus 5X Build/MMB29P) AppleWebKit/537.36 (KHTML, like Gecko) Chrome/137.0.7151.103 Mobile Safari/537.36 (compatible; Googlebot/2.1; +http://www.google.com/bot.html)"
66.249.79.197 - - [22/Jul/2025:18:21:01 +0700] "GET /tv/cameras/Y5353760085 HTTP/1.1" 200 20557 "-" "Mozilla/5.0 (Linux; Android 6.0.1; Nexus 5X Build/MMB29P) AppleWebKit/537.36 (KHTML, like Gecko) Chrome/137.0.7151.103 Mobile Safari/537.36 (compatible; Googlebot/2.1; +http://www.google.com/bot.html)"
66.249.79.197 - - [22/Jul/2025:18:21:05 +0700] "GET /bicycles/safety/K5302116126 HTTP/1.1" 200 21228 "-" "Mozilla/5.0 (Linux; Android 6.0.1; Nexus 5X Build/MMB29P) AppleWebKit/537.36 (KHTML, like Gecko) Chrome/137.0.7151.103 Mobile Safari/537.36 (compatible; Googlebot/2.1; +http://www.google.com/bot.html)"
66.249.79.197 - - [22/Jul/2025:18:21:05 +0700] "GET /cameras/video-equipment/S531661396 HTTP/1.1" 200 21147 "-" "Mozilla/5.0 (Linux; Android 6.0.1; Nexus 5X Build/MMB29P) AppleWebKit/537.36 (KHTML, like Gecko) Chrome/137.0.7151.103 Mobile Safari/537.36 (compatible; Googlebot/2.1; +http://www.google.com/bot.html)"
57.141.2.13 - - [22/Jul/2025:18:21:07 +0700] "GET /outdoor/tarps/L5293778848 HTTP/2" 200 0 "-" "meta-externalagent/1.1 (+https://developers.facebook.com/docs/sharing/webmasters/crawler)"
57.141.2.9 - - [22/Jul/2025:18:21:08 +0700] "GET /db.php/shopdetail/hobbies-brass-instruments/T537641129 HTTP/2" 200 39 "-" "meta-externalagent/1.1 (+https://developers.facebook.com/docs/sharing/webmasters/crawler)"
57.141.2.24 - - [22/Jul/2025:18:21:11 +0700] "GET /audio/lenses/D538264517 HTTP/2" 200 0 "-" "meta-externalagent/1.1 (+https://developers.facebook.com/docs/sharing/webmasters/crawler)"
57.141.2.29 - - [22/Jul/2025:18:21:13 +0700] "GET /db.php/shopdetail/beauty-hair-dryers/H5333234984 HTTP/2" 200 39 "-" "meta-externalagent/1.1 (+https://developers.facebook.com/docs/sharing/webmasters/crawler)"
57.141.2.15 - - [22/Jul/2025:18:21:16 +0700] "GET /db.php/shopdetail/toys-clear-files/U5301391658 HTTP/2" 200 39 "-" "meta-externalagent/1.1 (+https://developers.facebook.com/docs/sharing/webmasters/crawler)"
52.167.144.225 - - [22/Jul/2025:18:21:16 +0700] "GET /tools/storage-sheds/Z5372871984 HTTP/2" 200 0 "-" "Mozilla/5.0 AppleWebKit/537.36 (KHTML, like Gecko; compatible; bingbot/2.0; +http://www.bing.com/bingbot.htm) Chrome/116.0.1938.76 Safari/537.36"
52.167.144.225 - - [22/Jul/2025:18:21:16 +0700] "GET /diy/special-tools/U531823649 HTTP/2" 200 0 "-" "Mozilla/5.0 AppleWebKit/537.36 (KHTML, like Gecko; compatible; bingbot/2.0; +http://www.bing.com/bingbot.htm) Chrome/116.0.1938.76 Safari/537.36"
66.249.79.197 - - [22/Jul/2025:18:21:06 +0700] "GET /product/edit/55823330 HTTP/1.1" 200 20223 "-" "Mozilla/5.0 (Linux; Android 6.0.1; Nexus 5X Build/MMB29P) AppleWebKit/537.36 (KHTML, like Gecko) Chrome/137.0.7151.103 Mobile Safari/537.36 (compatible; Googlebot/2.1; +http://www.google.com/bot.html)"
57.141.2.22 - - [22/Jul/2025:18:21:08 +0700] "GET /tools/parts/P5372063380 HTTP/2" 200 0 "-" "meta-externalagent/1.1 (+https://developers.facebook.com/docs/sharing/webmasters/crawler)"
66.249.79.197 - - [22/Jul/2025:18:21:09 +0700] "GET /air-conditioning/air-purifiers/S5303810472 HTTP/1.1" 200 21103 "-" "Mozilla/5.0 (Linux; Android 6.0.1; Nexus 5X Build/MMB29P) AppleWebKit/537.36 (KHTML, like Gecko) Chrome/137.0.7151.103 Mobile Safari/537.36 (compatible; Googlebot/2.1; +http://www.google.com/bot.html)"
57.141.2.21 - - [22/Jul/2025:18:21:12 +0700] "GET /db.php/shopdetail/games-pokemon-card-games/U5343282446 HTTP/2" 200 39 "-" "meta-externalagent/1.1 (+https://developers.facebook.com/docs/sharing/webmasters/crawler)"
57.141.2.10 - - [22/Jul/2025:18:21:13 +0700] "GET /audio/video-equipment/T5333898436 HTTP/2" 200 0 "-" "meta-externalagent/1.1 (+https://developers.facebook.com/docs/sharing/webmasters/crawler)"
66.249.79.197 - - [22/Jul/2025:18:21:13 +0700] "GET /fashion/womens/R5383982589 HTTP/1.1" 200 20746 "-" "Mozilla/5.0 (Linux; Android 6.0.1; Nexus 5X Build/MMB29P) AppleWebKit/537.36 (KHTML, like Gecko) Chrome/137.0.7151.103 Mobile Safari/537.36 (compatible; Googlebot/2.1; +http://www.google.com/bot.html)"
57.141.2.1 - - [22/Jul/2025:18:21:16 +0700] "GET /outdoor/fishing/M5304213087 HTTP/2" 200 0 "-" "meta-externalagent/1.1 (+https://developers.facebook.com/docs/sharing/webmasters/crawler)"
66.249.79.198 - - [22/Jul/2025:18:21:15 +0700] "POST /get-message-notify HTTP/1.1" 200 20492 "https://shielddoor.vn/cameras/video-equipment/S531661396" "Mozilla/5.0 (Linux; Android 6.0.1; Nexus 5X Build/MMB29P) AppleWebKit/537.36 (KHTML, like Gecko) Chrome/137.0.7151.119 Mobile Safari/537.36 (compatible; Googlebot/2.1; +http://www.google.com/bot.html)"
66.249.79.197 - - [22/Jul/2025:18:21:15 +0700] "GET /drinks/wine/F530805858 HTTP/1.1" 200 20851 "-" "Mozilla/5.0 (Linux; Android 6.0.1; Nexus 5X Build/MMB29P) AppleWebKit/537.36 (KHTML, like Gecko) Chrome/137.0.7151.103 Mobile Safari/537.36 (compatible; Googlebot/2.1; +http://www.google.com/bot.html)"
66.249.79.198 - - [22/Jul/2025:18:21:15 +0700] "GET /tools/drivers/K5324121004 HTTP/1.1" 200 20766 "-" "Mozilla/5.0 (Linux; Android 6.0.1; Nexus 5X Build/MMB29P) AppleWebKit/537.36 (KHTML, like Gecko) Chrome/137.0.7151.103 Mobile Safari/537.36 (compatible; Googlebot/2.1; +http://www.google.com/bot.html)"
57.141.2.1 - - [22/Jul/2025:18:21:19 +0700] "GET /cameras/cameras/M5341355222 HTTP/2" 200 0 "-" "meta-externalagent/1.1 (+https://developers.facebook.com/docs/sharing/webmasters/crawler)"
66.249.79.197 - - [22/Jul/2025:18:21:20 +0700] "POST /get-message-notify HTTP/1.1" 200 20475 "https://shielddoor.vn/tv/cameras/Y5353760085" "Mozilla/5.0 (Linux; Android 6.0.1; Nexus 5X Build/MMB29P) AppleWebKit/537.36 (KHTML, like Gecko) Chrome/137.0.7151.119 Mobile Safari/537.36 (compatible; Googlebot/2.1; +http://www.google.com/bot.html)"
66.249.79.197 - - [22/Jul/2025:18:21:21 +0700] "POST /get-message-notify HTTP/1.1" 200 20489 "https://shielddoor.vn/drinks/wine/F530805858" "Mozilla/5.0 (Linux; Android 6.0.1; Nexus 5X Build/MMB29P) AppleWebKit/537.36 (KHTML, like Gecko) Chrome/137.0.7151.119 Mobile Safari/537.36 (compatible; Googlebot/2.1; +http://www.google.com/bot.html)"
57.141.2.23 - - [22/Jul/2025:18:21:22 +0700] "GET /fashion/bags/Y5304137865 HTTP/2" 200 0 "-" "meta-externalagent/1.1 (+https://developers.facebook.com/docs/sharing/webmasters/crawler)"
66.249.79.197 - - [22/Jul/2025:18:21:22 +0700] "GET /beauty/unisex-perfumes/Q5361514097 HTTP/1.1" 200 20516 "-" "Mozilla/5.0 (Linux; Android 6.0.1; Nexus 5X Build/MMB29P) AppleWebKit/537.36 (KHTML, like Gecko) Chrome/137.0.7151.103 Mobile Safari/537.36 (compatible; Googlebot/2.1; +http://www.google.com/bot.html)"
52.167.144.186 - - [22/Jul/2025:18:21:17 +0700] "GET /tools/drying-heaters/T5312755376 HTTP/2" 200 0 "-" "Mozilla/5.0 AppleWebKit/537.36 (KHTML, like Gecko; compatible; bingbot/2.0; +http://www.bing.com/bingbot.htm) Chrome/116.0.1938.76 Safari/537.36"
57.141.2.1 - - [22/Jul/2025:18:21:18 +0700] "GET /db.php/shopdetail/diy-sockets/Z5302189431 HTTP/2" 200 39 "-" "meta-externalagent/1.1 (+https://developers.facebook.com/docs/sharing/webmasters/crawler)"
66.249.79.197 - - [22/Jul/2025:18:21:21 +0700] "GET /audio/audio-equipment/A538505589 HTTP/1.1" 200 20447 "-" "Mozilla/5.0 (Linux; Android 6.0.1; Nexus 5X Build/MMB29P) AppleWebKit/537.36 (KHTML, like Gecko) Chrome/137.0.7151.103 Mobile Safari/537.36 (compatible; Googlebot/2.1; +http://www.google.com/bot.html)"
66.249.79.198 - - [22/Jul/2025:18:21:24 +0700] "GET /computers/ipads/V5303211918 HTTP/1.1" 200 20747 "-" "Mozilla/5.0 (Linux; Android 6.0.1; Nexus 5X Build/MMB29P) AppleWebKit/537.36 (KHTML, like Gecko) Chrome/137.0.7151.103 Mobile Safari/537.36 (compatible; Googlebot/2.1; +http://www.google.com/bot.html)"
66.249.79.198 - - [22/Jul/2025:18:21:24 +0700] "GET /art/robots/Y5352331614 HTTP/1.1" 200 20749 "-" "Mozilla/5.0 (Linux; Android 6.0.1; Nexus 5X Build/MMB29P) AppleWebKit/537.36 (KHTML, like Gecko) Chrome/137.0.7151.103 Mobile Safari/537.36 (compatible; Googlebot/2.1; +http://www.google.com/bot.html)"
40.77.167.54 - - [22/Jul/2025:18:21:26 +0700] "GET /air-conditioning/lighters/D5311138609 HTTP/2" 200 0 "-" "Mozilla/5.0 AppleWebKit/537.36 (KHTML, like Gecko; compatible; bingbot/2.0; +http://www.bing.com/bingbot.htm) Chrome/116.0.1938.76 Safari/537.36"
66.249.79.198 - - [22/Jul/2025:18:21:25 +0700] "GET /air-conditioning/appliances/H531635695 HTTP/1.1" 200 21177 "-" "Mozilla/5.0 (Linux; Android 6.0.1; Nexus 5X Build/MMB29P) AppleWebKit/537.36 (KHTML, like Gecko) Chrome/137.0.7151.103 Mobile Safari/537.36 (compatible; Googlebot/2.1; +http://www.google.com/bot.html)"
57.141.2.14 - - [22/Jul/2025:18:21:27 +0700] "GET /goods/others/Q5311246442 HTTP/2" 200 0 "-" "meta-externalagent/1.1 (+https://developers.facebook.com/docs/sharing/webmasters/crawler)"
57.141.2.26 - - [22/Jul/2025:18:21:27 +0700] "GET /games/sports/I5373253138 HTTP/2" 200 0 "-" "meta-externalagent/1.1 (+https://developers.facebook.com/docs/sharing/webmasters/crawler)"
66.249.79.198 - - [22/Jul/2025:18:21:28 +0700] "GET /goods/playstation5/O5313873052 HTTP/1.1" 200 20403 "-" "Mozilla/5.0 (Linux; Android 6.0.1; Nexus 5X Build/MMB29P) AppleWebKit/537.36 (KHTML, like Gecko) Chrome/137.0.7151.103 Mobile Safari/537.36 (compatible; Googlebot/2.1; +http://www.google.com/bot.html)"
57.141.2.5 - - [22/Jul/2025:18:21:29 +0700] "GET /tickets/music/D5323837102 HTTP/2" 200 0 "-" "meta-externalagent/1.1 (+https://developers.facebook.com/docs/sharing/webmasters/crawler)"
66.249.79.198 - - [22/Jul/2025:18:21:28 +0700] "POST /get-message-notify HTTP/1.1" 200 20496 "https://shielddoor.vn/cameras/audio-equipment/O5342764461" "Mozilla/5.0 (Linux; Android 6.0.1; Nexus 5X Build/MMB29P) AppleWebKit/537.36 (KHTML, like Gecko) Chrome/137.0.7151.119 Mobile Safari/537.36 (compatible; Googlebot/2.1; +http://www.google.com/bot.html)"
52.167.144.186 - - [22/Jul/2025:18:21:30 +0700] "GET /home-appliances/coffee-makers/E5292724197 HTTP/2" 200 0 "-" "Mozilla/5.0 AppleWebKit/537.36 (KHTML, like Gecko; compatible; bingbot/2.0; +http://www.bing.com/bingbot.htm) Chrome/116.0.1938.76 Safari/537.36"
52.167.144.186 - - [22/Jul/2025:18:21:31 +0700] "GET /pet-supplies/dog-supplies/K5332572312 HTTP/2" 200 0 "-" "Mozilla/5.0 AppleWebKit/537.36 (KHTML, like Gecko; compatible; bingbot/2.0; +http://www.bing.com/bingbot.htm) Chrome/116.0.1938.76 Safari/537.36"
57.141.2.9 - - [22/Jul/2025:18:21:32 +0700] "GET /fashion/womens/O5353736341 HTTP/2" 200 0 "-" "meta-externalagent/1.1 (+https://developers.facebook.com/docs/sharing/webmasters/crawler)"
66.249.79.198 - - [22/Jul/2025:18:21:14 +0700] "GET /fashion/accessories/W5302887307 HTTP/1.1" 200 20572 "-" "Mozilla/5.0 (Linux; Android 6.0.1; Nexus 5X Build/MMB29P) AppleWebKit/537.36 (KHTML, like Gecko) Chrome/137.0.7151.103 Mobile Safari/537.36 (compatible; Googlebot/2.1; +http://www.google.com/bot.html)"
57.141.2.27 - - [22/Jul/2025:18:21:18 +0700] "GET /db.php/shopdetail/travel-supplies-tents/W5333902300 HTTP/2" 200 39 "-" "meta-externalagent/1.1 (+https://developers.facebook.com/docs/sharing/webmasters/crawler)"
57.141.2.28 - - [22/Jul/2025:18:21:18 +0700] "GET /cosmetics/face-care/A5351510248 HTTP/2" 200 0 "-" "meta-externalagent/1.1 (+https://developers.facebook.com/docs/sharing/webmasters/crawler)"
52.167.144.158 - - [22/Jul/2025:18:21:18 +0700] "GET /smartphones/ipads/J5293351931 HTTP/2" 200 0 "-" "Mozilla/5.0 AppleWebKit/537.36 (KHTML, like Gecko; compatible; bingbot/2.0; +http://www.bing.com/bingbot.htm) Chrome/116.0.1938.76 Safari/537.36"
57.141.2.20 - - [22/Jul/2025:18:21:19 +0700] "GET /daily-necessities/bulk-sales/B5371809972 HTTP/2" 200 0 "-" "meta-externalagent/1.1 (+https://developers.facebook.com/docs/sharing/webmasters/crawler)"
57.141.2.19 - - [22/Jul/2025:18:21:21 +0700] "GET /db.php/shopdetail/alcohol-whiskey/Q537796986 HTTP/2" 200 39 "-" "meta-externalagent/1.1 (+https://developers.facebook.com/docs/sharing/webmasters/crawler)"
57.141.2.16 - - [22/Jul/2025:18:21:22 +0700] "GET /computers/laptop-body/X530882675 HTTP/2" 200 0 "-" "meta-externalagent/1.1 (+https://developers.facebook.com/docs/sharing/webmasters/crawler)"
57.141.2.10 - - [22/Jul/2025:18:21:22 +0700] "GET /outdoor/travel-supplies/B5323625138 HTTP/2" 200 0 "-" "meta-externalagent/1.1 (+https://developers.facebook.com/docs/sharing/webmasters/crawler)"
57.141.2.1 - - [22/Jul/2025:18:21:22 +0700] "GET /goods/sports/I5341959100 HTTP/2" 200 0 "-" "meta-externalagent/1.1 (+https://developers.facebook.com/docs/sharing/webmasters/crawler)"
57.141.2.21 - - [22/Jul/2025:18:21:23 +0700] "GET /fashion/bags/H5362660761 HTTP/2" 200 0 "-" "meta-externalagent/1.1 (+https://developers.facebook.com/docs/sharing/webmasters/crawler)"
57.141.2.2 - - [22/Jul/2025:18:21:24 +0700] "GET /db.php/shopdetail/motorcycles-parts/O5352295172 HTTP/2" 200 39 "-" "meta-externalagent/1.1 (+https://developers.facebook.com/docs/sharing/webmasters/crawler)"
66.249.79.199 - - [22/Jul/2025:18:21:25 +0700] "POST /get-message-notify HTTP/1.1" 200 20513 "https://shielddoor.vn/fashion/womens/R5383982589" "Mozilla/5.0 (Linux; Android 6.0.1; Nexus 5X Build/MMB29P) AppleWebKit/537.36 (KHTML, like Gecko) Chrome/137.0.7151.119 Mobile Safari/537.36 (compatible; Googlebot/2.1; +http://www.google.com/bot.html)"
57.141.2.10 - - [22/Jul/2025:18:21:27 +0700] "GET /tablets/apple-watches/Z5321780972 HTTP/2" 200 0 "-" "meta-externalagent/1.1 (+https://developers.facebook.com/docs/sharing/webmasters/crawler)"
57.141.2.12 - - [22/Jul/2025:18:21:30 +0700] "GET /food/shochu/X5312794889 HTTP/2" 200 0 "-" "meta-externalagent/1.1 (+https://developers.facebook.com/docs/sharing/webmasters/crawler)"
57.141.2.28 - - [22/Jul/2025:18:21:30 +0700] "GET /musical-instruments/collections/D5363031024 HTTP/2" 200 0 "-" "meta-externalagent/1.1 (+https://developers.facebook.com/docs/sharing/webmasters/crawler)"
57.141.2.2 - - [22/Jul/2025:18:21:32 +0700] "GET /fishing/rods/Y5383877700 HTTP/2" 200 0 "-" "meta-externalagent/1.1 (+https://developers.facebook.com/docs/sharing/webmasters/crawler)"
57.141.2.8 - - [22/Jul/2025:18:21:33 +0700] "GET /db.php/shopdetail/tools-cutting-tools/F5363567312 HTTP/2" 200 39 "-" "meta-externalagent/1.1 (+https://developers.facebook.com/docs/sharing/webmasters/crawler)"
57.141.2.9 - - [22/Jul/2025:18:21:34 +0700] "GET /furniture/interior/O5353878398 HTTP/2" 200 0 "-" "meta-externalagent/1.1 (+https://developers.facebook.com/docs/sharing/webmasters/crawler)"
57.141.2.20 - - [22/Jul/2025:18:21:39 +0700] "GET /tickets/shareholder-benefits/U5373437493 HTTP/2" 200 0 "-" "meta-externalagent/1.1 (+https://developers.facebook.com/docs/sharing/webmasters/crawler)"
57.141.2.10 - - [22/Jul/2025:18:21:24 +0700] "GET /fashion/outerwear/F5352615333 HTTP/2" 200 0 "-" "meta-externalagent/1.1 (+https://developers.facebook.com/docs/sharing/webmasters/crawler)"
57.141.2.9 - - [22/Jul/2025:18:21:25 +0700] "GET /db.php/shopdetail/smartphones-smartphones/W536703269 HTTP/2" 200 39 "-" "meta-externalagent/1.1 (+https://developers.facebook.com/docs/sharing/webmasters/crawler)"
57.141.2.19 - - [22/Jul/2025:18:21:25 +0700] "GET /tv/cameras/Z535662727 HTTP/2" 200 0 "-" "meta-externalagent/1.1 (+https://developers.facebook.com/docs/sharing/webmasters/crawler)"
57.141.2.8 - - [22/Jul/2025:18:21:29 +0700] "GET /sports/clubs/D5312893126 HTTP/2" 200 0 "-" "meta-externalagent/1.1 (+https://developers.facebook.com/docs/sharing/webmasters/crawler)"
57.141.2.4 - - [22/Jul/2025:18:21:33 +0700] "GET /goods/musicians/P5303772256 HTTP/2" 200 0 "-" "meta-externalagent/1.1 (+https://developers.facebook.com/docs/sharing/webmasters/crawler)"
57.141.2.6 - - [22/Jul/2025:18:21:35 +0700] "GET /diy/band-saw/O5302561099 HTTP/2" 200 0 "-" "meta-externalagent/1.1 (+https://developers.facebook.com/docs/sharing/webmasters/crawler)"
57.141.2.24 - - [22/Jul/2025:18:21:35 +0700] "GET /motorcycles/bicycles/E5371389657 HTTP/2" 200 0 "-" "meta-externalagent/1.1 (+https://developers.facebook.com/docs/sharing/webmasters/crawler)"
57.141.2.4 - - [22/Jul/2025:18:21:37 +0700] "GET /smartphones/keyboards/O5344186916 HTTP/2" 200 0 "-" "meta-externalagent/1.1 (+https://developers.facebook.com/docs/sharing/webmasters/crawler)"
57.141.2.21 - - [22/Jul/2025:18:21:38 +0700] "GET /furniture/dining-chairs/E5334176908 HTTP/2" 200 0 "-" "meta-externalagent/1.1 (+https://developers.facebook.com/docs/sharing/webmasters/crawler)"
57.141.2.6 - - [22/Jul/2025:18:21:40 +0700] "GET /fashion/outerwear/L5293519161 HTTP/2" 200 0 "-" "meta-externalagent/1.1 (+https://developers.facebook.com/docs/sharing/webmasters/crawler)"
57.141.2.19 - - [22/Jul/2025:18:21:40 +0700] "GET /motorcycles/clothing/I5373239333 HTTP/2" 200 0 "-" "meta-externalagent/1.1 (+https://developers.facebook.com/docs/sharing/webmasters/crawler)"
57.141.2.30 - - [22/Jul/2025:18:21:46 +0700] "GET /handicrafts/plush-toys/I5352472085 HTTP/2" 200 0 "-" "meta-externalagent/1.1 (+https://developers.facebook.com/docs/sharing/webmasters/crawler)"
57.141.2.27 - - [22/Jul/2025:18:21:46 +0700] "GET /smartphones/mobile-phone/J5291061554 HTTP/2" 200 0 "-" "meta-externalagent/1.1 (+https://developers.facebook.com/docs/sharing/webmasters/crawler)"
57.141.2.18 - - [22/Jul/2025:18:21:47 +0700] "GET /fashion/womens/X5321081844 HTTP/2" 200 0 "-" "meta-externalagent/1.1 (+https://developers.facebook.com/docs/sharing/webmasters/crawler)"
66.249.79.198 - - [22/Jul/2025:18:21:47 +0700] "GET /alcohol/sweets/X5363910143 HTTP/1.1" 200 20737 "-" "Mozilla/5.0 (Linux; Android 6.0.1; Nexus 5X Build/MMB29P) AppleWebKit/537.36 (KHTML, like Gecko) Chrome/137.0.7151.103 Mobile Safari/537.36 (compatible; Googlebot/2.1; +http://www.google.com/bot.html)"
57.141.2.17 - - [22/Jul/2025:18:21:49 +0700] "GET /fashion/womens/J538849354 HTTP/2" 200 0 "-" "meta-externalagent/1.1 (+https://developers.facebook.com/docs/sharing/webmasters/crawler)"
40.77.167.54 - - [22/Jul/2025:18:21:50 +0700] "GET /tools/others/E538362025 HTTP/2" 200 0 "-" "Mozilla/5.0 AppleWebKit/537.36 (KHTML, like Gecko; compatible; bingbot/2.0; +http://www.bing.com/bingbot.htm) Chrome/116.0.1938.76 Safari/537.36"
66.249.79.197 - - [22/Jul/2025:18:21:49 +0700] "POST /get-message-notify HTTP/1.1" 200 20503 "https://shielddoor.vn/cameras/radios/V5334236027" "Mozilla/5.0 (Linux; Android 6.0.1; Nexus 5X Build/MMB29P) AppleWebKit/537.36 (KHTML, like Gecko) Chrome/137.0.7151.119 Mobile Safari/537.36 (compatible; Googlebot/2.1; +http://www.google.com/bot.html)"
57.141.2.23 - - [22/Jul/2025:18:21:51 +0700] "GET /cars/parts/Q533984142 HTTP/2" 200 0 "-" "meta-externalagent/1.1 (+https://developers.facebook.com/docs/sharing/webmasters/crawler)"
66.249.79.199 - - [22/Jul/2025:18:21:32 +0700] "GET /diy/electrical-materials/Y5381585799 HTTP/1.1" 200 20309 "-" "Mozilla/5.0 (Linux; Android 6.0.1; Nexus 5X Build/MMB29P) AppleWebKit/537.36 (KHTML, like Gecko) Chrome/137.0.7151.103 Mobile Safari/537.36 (compatible; Googlebot/2.1; +http://www.google.com/bot.html)"
57.141.2.13 - - [22/Jul/2025:18:21:34 +0700] "GET /db.php/shopdetail/interior-lights/T5383911459 HTTP/2" 200 39 "-" "meta-externalagent/1.1 (+https://developers.facebook.com/docs/sharing/webmasters/crawler)"
66.249.79.197 - - [22/Jul/2025:18:21:34 +0700] "GET /sports/golf/M5352085153 HTTP/1.1" 200 20358 "-" "Mozilla/5.0 (Linux; Android 6.0.1; Nexus 5X Build/MMB29P) AppleWebKit/537.36 (KHTML, like Gecko) Chrome/137.0.7151.103 Mobile Safari/537.36 (compatible; Googlebot/2.1; +http://www.google.com/bot.html)"
57.141.2.19 - - [22/Jul/2025:18:21:35 +0700] "GET /fashion/accessories/A532262230 HTTP/2" 200 0 "-" "meta-externalagent/1.1 (+https://developers.facebook.com/docs/sharing/webmasters/crawler)"
66.249.79.199 - - [22/Jul/2025:18:21:34 +0700] "GET /cameras/radios/V5334236027 HTTP/1.1" 200 20455 "-" "Mozilla/5.0 (Linux; Android 6.0.1; Nexus 5X Build/MMB29P) AppleWebKit/537.36 (KHTML, like Gecko) Chrome/137.0.7151.103 Mobile Safari/537.36 (compatible; Googlebot/2.1; +http://www.google.com/bot.html)"
66.249.79.199 - - [22/Jul/2025:18:21:35 +0700] "GET /home-appliances/appliances/G5343947251 HTTP/1.1" 200 20464 "-" "Mozilla/5.0 (Linux; Android 6.0.1; Nexus 5X Build/MMB29P) AppleWebKit/537.36 (KHTML, like Gecko) Chrome/137.0.7151.103 Mobile Safari/537.36 (compatible; Googlebot/2.1; +http://www.google.com/bot.html)"
66.249.79.199 - - [22/Jul/2025:18:21:36 +0700] "POST /get-message-notify HTTP/1.1" 200 20493 "https://shielddoor.vn/tablets/notebook/Y5343752354" "Mozilla/5.0 (Linux; Android 6.0.1; Nexus 5X Build/MMB29P) AppleWebKit/537.36 (KHTML, like Gecko) Chrome/137.0.7151.119 Mobile Safari/537.36 (compatible; Googlebot/2.1; +http://www.google.com/bot.html)"
66.249.79.199 - - [22/Jul/2025:18:21:37 +0700] "POST /get-message-notify HTTP/1.1" 200 20500 "https://shielddoor.vn/air-conditioning/appliances/H531635695" "Mozilla/5.0 (Linux; Android 6.0.1; Nexus 5X Build/MMB29P) AppleWebKit/537.36 (KHTML, like Gecko) Chrome/137.0.7151.119 Mobile Safari/537.36 (compatible; Googlebot/2.1; +http://www.google.com/bot.html)"
57.141.2.10 - - [22/Jul/2025:18:21:44 +0700] "GET /fashion/outerwear/J5323283341 HTTP/2" 200 0 "-" "meta-externalagent/1.1 (+https://developers.facebook.com/docs/sharing/webmasters/crawler)"
57.141.2.20 - - [22/Jul/2025:18:21:45 +0700] "GET /interior/store/U5372039371 HTTP/2" 200 0 "-" "meta-externalagent/1.1 (+https://developers.facebook.com/docs/sharing/webmasters/crawler)"
57.141.2.15 - - [22/Jul/2025:18:21:49 +0700] "GET /handmade/fashion-accessories/Q531433869 HTTP/2" 200 0 "-" "meta-externalagent/1.1 (+https://developers.facebook.com/docs/sharing/webmasters/crawler)"
57.141.2.2 - - [22/Jul/2025:18:21:49 +0700] "GET /tickets/discount-coupons/O5363941245 HTTP/2" 200 0 "-" "meta-externalagent/1.1 (+https://developers.facebook.com/docs/sharing/webmasters/crawler)"
57.141.2.13 - - [22/Jul/2025:18:21:51 +0700] "GET /db.php/shopdetail/alcohol-fruit/B536560347 HTTP/2" 200 39 "-" "meta-externalagent/1.1 (+https://developers.facebook.com/docs/sharing/webmasters/crawler)"
57.141.2.23 - - [22/Jul/2025:18:21:52 +0700] "GET /furniture/chairs/F5364094448 HTTP/2" 200 0 "-" "meta-externalagent/1.1 (+https://developers.facebook.com/docs/sharing/webmasters/crawler)"
57.141.2.24 - - [22/Jul/2025:18:21:52 +0700] "GET /cars/parts/B5353262973 HTTP/2" 200 0 "-" "meta-externalagent/1.1 (+https://developers.facebook.com/docs/sharing/webmasters/crawler)"
57.141.2.2 - - [22/Jul/2025:18:21:53 +0700] "GET /outdoor/outdoors/C5341295918 HTTP/2" 200 0 "-" "meta-externalagent/1.1 (+https://developers.facebook.com/docs/sharing/webmasters/crawler)"
57.141.2.24 - - [22/Jul/2025:18:21:41 +0700] "GET /cameras/tvs/T5381634179 HTTP/2" 200 0 "-" "meta-externalagent/1.1 (+https://developers.facebook.com/docs/sharing/webmasters/crawler)"
57.141.2.30 - - [22/Jul/2025:18:21:45 +0700] "GET /cameras/digital-cameras/U5383816932 HTTP/2" 200 0 "-" "meta-externalagent/1.1 (+https://developers.facebook.com/docs/sharing/webmasters/crawler)"
66.249.79.200 - - [22/Jul/2025:18:21:44 +0700] "POST /get-message-notify HTTP/1.1" 200 20500 "https://shielddoor.vn/goods/playstation5/O5313873052" "Mozilla/5.0 (Linux; Android 6.0.1; Nexus 5X Build/MMB29P) AppleWebKit/537.36 (KHTML, like Gecko) Chrome/137.0.7151.119 Mobile Safari/537.36 (compatible; Googlebot/2.1; +http://www.google.com/bot.html)"
57.141.2.26 - - [22/Jul/2025:18:21:47 +0700] "GET /furniture/flower-stands/B5293507542 HTTP/2" 200 0 "-" "meta-externalagent/1.1 (+https://developers.facebook.com/docs/sharing/webmasters/crawler)"
57.141.2.30 - - [22/Jul/2025:18:21:48 +0700] "GET /travel-supplies/outdoor-wear/J529943920 HTTP/2" 200 0 "-" "meta-externalagent/1.1 (+https://developers.facebook.com/docs/sharing/webmasters/crawler)"
66.249.79.200 - - [22/Jul/2025:18:21:47 +0700] "GET /home-appliances/appliances/K5313527991 HTTP/1.1" 200 20529 "-" "Mozilla/5.0 (Linux; Android 6.0.1; Nexus 5X Build/MMB29P) AppleWebKit/537.36 (KHTML, like Gecko) Chrome/137.0.7151.103 Mobile Safari/537.36 (compatible; Googlebot/2.1; +http://www.google.com/bot.html)"
57.141.2.10 - - [22/Jul/2025:18:21:50 +0700] "GET /handicrafts/flowers/A5314204600 HTTP/2" 200 0 "-" "meta-externalagent/1.1 (+https://developers.facebook.com/docs/sharing/webmasters/crawler)"
66.249.79.200 - - [22/Jul/2025:18:21:50 +0700] "GET /musical-instruments/plastic-models/A5381037187 HTTP/1.1" 200 21600 "-" "Mozilla/5.0 (Linux; Android 6.0.1; Nexus 5X Build/MMB29P) AppleWebKit/537.36 (KHTML, like Gecko) Chrome/137.0.7151.103 Mobile Safari/537.36 (compatible; Googlebot/2.1; +http://www.google.com/bot.html)"
57.141.2.10 - - [22/Jul/2025:18:21:53 +0700] "GET /cameras/digital-cameras/Y537543249 HTTP/2" 200 0 "-" "meta-externalagent/1.1 (+https://developers.facebook.com/docs/sharing/webmasters/crawler)"
57.141.2.4 - - [22/Jul/2025:18:21:54 +0700] "GET /db.php/shopdetail/audio-digital-cameras/Y5352848594 HTTP/2" 200 39 "-" "meta-externalagent/1.1 (+https://developers.facebook.com/docs/sharing/webmasters/crawler)"
57.141.2.16 - - [22/Jul/2025:18:21:54 +0700] "GET /db.php/shopdetail/audio-cameras/Q5313337154 HTTP/2" 200 39 "-" "meta-externalagent/1.1 (+https://developers.facebook.com/docs/sharing/webmasters/crawler)"
66.249.79.200 - - [22/Jul/2025:18:21:53 +0700] "GET /audio/digital-cameras/V5323928227 HTTP/1.1" 200 20471 "-" "Mozilla/5.0 (Linux; Android 6.0.1; Nexus 5X Build/MMB29P) AppleWebKit/537.36 (KHTML, like Gecko) Chrome/137.0.7151.103 Mobile Safari/537.36 (compatible; Googlebot/2.1; +http://www.google.com/bot.html)"
57.141.2.26 - - [22/Jul/2025:18:21:55 +0700] "GET /fashion/tops/E536372092 HTTP/2" 200 0 "-" "meta-externalagent/1.1 (+https://developers.facebook.com/docs/sharing/webmasters/crawler)"
66.249.79.200 - - [22/Jul/2025:18:21:55 +0700] "POST /get-message-notify HTTP/1.1" 200 20489 "https://shielddoor.vn/musical-instruments/plastic-models/A5381037187" "Mozilla/5.0 (Linux; Android 6.0.1; Nexus 5X Build/MMB29P) AppleWebKit/537.36 (KHTML, like Gecko) Chrome/137.0.7151.119 Mobile Safari/537.36 (compatible; Googlebot/2.1; +http://www.google.com/bot.html)"
57.141.2.19 - - [22/Jul/2025:18:22:00 +0700] "GET /db.php/shopdetail/food-whiskey/Y5343543499 HTTP/2" 200 39 "-" "meta-externalagent/1.1 (+https://developers.facebook.com/docs/sharing/webmasters/crawler)"
57.141.2.4 - - [22/Jul/2025:18:22:01 +0700] "GET /computers/tablet/F5303367603 HTTP/2" 200 0 "-" "meta-externalagent/1.1 (+https://developers.facebook.com/docs/sharing/webmasters/crawler)"
57.141.2.19 - - [22/Jul/2025:18:22:05 +0700] "GET /goods/pokemon-card-games/N5331719627 HTTP/2" 200 0 "-" "meta-externalagent/1.1 (+https://developers.facebook.com/docs/sharing/webmasters/crawler)"
57.141.2.19 - - [22/Jul/2025:18:21:54 +0700] "GET /home-appliances/air-conditioning/S5321259406 HTTP/2" 200 0 "-" "meta-externalagent/1.1 (+https://developers.facebook.com/docs/sharing/webmasters/crawler)"
57.141.2.28 - - [22/Jul/2025:18:21:54 +0700] "GET /travel-supplies/fishing/K5344159915 HTTP/2" 200 0 "-" "meta-externalagent/1.1 (+https://developers.facebook.com/docs/sharing/webmasters/crawler)"
66.249.79.197 - - [22/Jul/2025:18:21:53 +0700] "POST /get-message-notify HTTP/1.1" 200 20502 "https://shielddoor.vn/alcohol/sweets/X5363910143" "Mozilla/5.0 (Linux; Android 6.0.1; Nexus 5X Build/MMB29P) AppleWebKit/537.36 (KHTML, like Gecko) Chrome/137.0.7151.119 Mobile Safari/537.36 (compatible; Googlebot/2.1; +http://www.google.com/bot.html)"
57.141.2.28 - - [22/Jul/2025:18:21:55 +0700] "GET /audio/headphones/F5331266107 HTTP/2" 200 0 "-" "meta-externalagent/1.1 (+https://developers.facebook.com/docs/sharing/webmasters/crawler)"
66.249.79.199 - - [22/Jul/2025:18:21:57 +0700] "GET /smartphones/tablet/F5302404221 HTTP/1.1" 200 20653 "-" "Mozilla/5.0 (Linux; Android 6.0.1; Nexus 5X Build/MMB29P) AppleWebKit/537.36 (KHTML, like Gecko) Chrome/137.0.7151.103 Mobile Safari/537.36 (compatible; Googlebot/2.1; +http://www.google.com/bot.html)"
66.249.79.197 - - [22/Jul/2025:18:21:58 +0700] "GET /flowers/houseplants/Z5382489971 HTTP/1.1" 200 20056 "-" "Mozilla/5.0 (Linux; Android 6.0.1; Nexus 5X Build/MMB29P) AppleWebKit/537.36 (KHTML, like Gecko) Chrome/137.0.7151.103 Mobile Safari/537.36 (compatible; Googlebot/2.1; +http://www.google.com/bot.html)"
66.249.79.197 - - [22/Jul/2025:18:22:00 +0700] "GET /outdoor/reels/R5341439038 HTTP/1.1" 200 20579 "-" "Mozilla/5.0 (Linux; Android 6.0.1; Nexus 5X Build/MMB29P) AppleWebKit/537.36 (KHTML, like Gecko) Chrome/137.0.7151.103 Mobile Safari/537.36 (compatible; Googlebot/2.1; +http://www.google.com/bot.html)"
57.141.2.21 - - [22/Jul/2025:18:22:06 +0700] "GET /fashion/dresses/J5342711120 HTTP/2" 200 0 "-" "meta-externalagent/1.1 (+https://developers.facebook.com/docs/sharing/webmasters/crawler)"
57.141.2.3 - - [22/Jul/2025:18:22:10 +0700] "GET /interior/dining-tables/C5371254472 HTTP/2" 200 0 "-" "meta-externalagent/1.1 (+https://developers.facebook.com/docs/sharing/webmasters/crawler)"
57.141.2.20 - - [22/Jul/2025:18:22:11 +0700] "GET /db.php/shopdetail/fashion-womens/W537471386 HTTP/2" 200 39 "-" "meta-externalagent/1.1 (+https://developers.facebook.com/docs/sharing/webmasters/crawler)"
66.249.79.198 - - [22/Jul/2025:18:22:10 +0700] "GET /fashion/shoes/U534367554 HTTP/1.1" 200 20940 "-" "Mozilla/5.0 (Linux; Android 6.0.1; Nexus 5X Build/MMB29P) AppleWebKit/537.36 (KHTML, like Gecko) Chrome/137.0.7151.103 Mobile Safari/537.36 (compatible; Googlebot/2.1; +http://www.google.com/bot.html)"
66.249.79.199 - - [22/Jul/2025:18:22:12 +0700] "GET /pet-supplies/dog-clothes/Z538698983 HTTP/1.1" 200 20477 "-" "Mozilla/5.0 (Linux; Android 6.0.1; Nexus 5X Build/MMB29P) AppleWebKit/537.36 (KHTML, like Gecko) Chrome/137.0.7151.103 Mobile Safari/537.36 (compatible; Googlebot/2.1; +http://www.google.com/bot.html)"
57.141.2.5 - - [22/Jul/2025:18:22:14 +0700] "GET /smartphones/smartphones/U538700174 HTTP/2" 200 0 "-" "meta-externalagent/1.1 (+https://developers.facebook.com/docs/sharing/webmasters/crawler)"
57.141.2.16 - - [22/Jul/2025:18:22:15 +0700] "GET /tools/power-tools/D5381918822 HTTP/2" 200 0 "-" "meta-externalagent/1.1 (+https://developers.facebook.com/docs/sharing/webmasters/crawler)"
66.249.79.197 - - [22/Jul/2025:18:22:16 +0700] "GET /cds/japanese-movies/H5372098704 HTTP/1.1" 200 20655 "-" "Mozilla/5.0 (Linux; Android 6.0.1; Nexus 5X Build/MMB29P) AppleWebKit/537.36 (KHTML, like Gecko) Chrome/137.0.7151.103 Mobile Safari/537.36 (compatible; Googlebot/2.1; +http://www.google.com/bot.html)"
57.141.2.16 - - [22/Jul/2025:18:22:17 +0700] "GET /smartphones/others/Y5302820196 HTTP/2" 200 0 "-" "meta-externalagent/1.1 (+https://developers.facebook.com/docs/sharing/webmasters/crawler)"
66.249.79.198 - - [22/Jul/2025:18:21:51 +0700] "GET /cosmetics/bath-salts/J5311102799 HTTP/1.1" 200 21021 "-" "Mozilla/5.0 (Linux; Android 6.0.1; Nexus 5X Build/MMB29P) AppleWebKit/537.36 (KHTML, like Gecko) Chrome/137.0.7151.103 Mobile Safari/537.36 (compatible; Googlebot/2.1; +http://www.google.com/bot.html)"
66.249.79.197 - - [22/Jul/2025:18:21:52 +0700] "POST /get-message-notify HTTP/1.1" 200 20488 "https://shielddoor.vn/home-appliances/appliances/K5313527991" "Mozilla/5.0 (Linux; Android 6.0.1; Nexus 5X Build/MMB29P) AppleWebKit/537.36 (KHTML, like Gecko) Chrome/137.0.7151.119 Mobile Safari/537.36 (compatible; Googlebot/2.1; +http://www.google.com/bot.html)"
57.141.2.5 - - [22/Jul/2025:18:21:54 +0700] "GET /db.php/shopdetail/diet-soy-protein/Y530447439 HTTP/2" 200 39 "-" "meta-externalagent/1.1 (+https://developers.facebook.com/docs/sharing/webmasters/crawler)"
57.141.2.27 - - [22/Jul/2025:18:21:55 +0700] "GET /db.php/shopdetail/furniture-carpets/R5293275426 HTTP/2" 200 39 "-" "meta-externalagent/1.1 (+https://developers.facebook.com/docs/sharing/webmasters/crawler)"
66.249.79.198 - - [22/Jul/2025:18:21:56 +0700] "POST /get-message-notify HTTP/1.1" 200 20506 "https://shielddoor.vn/cosmetics/bath-salts/J5311102799" "Mozilla/5.0 (Linux; Android 6.0.1; Nexus 5X Build/MMB29P) AppleWebKit/537.36 (KHTML, like Gecko) Chrome/137.0.7151.119 Mobile Safari/537.36 (compatible; Googlebot/2.1; +http://www.google.com/bot.html)"
57.141.2.28 - - [22/Jul/2025:18:21:58 +0700] "GET /tv/amplifiers/J5292204696 HTTP/2" 200 0 "-" "meta-externalagent/1.1 (+https://developers.facebook.com/docs/sharing/webmasters/crawler)"
57.141.2.4 - - [22/Jul/2025:18:22:01 +0700] "GET /db.php/shopdetail/art-cosplay-costumes/Y530959321 HTTP/2" 200 39 "-" "meta-externalagent/1.1 (+https://developers.facebook.com/docs/sharing/webmasters/crawler)"
57.141.2.1 - - [22/Jul/2025:18:22:06 +0700] "GET /smartphones/wearables/K5292857714 HTTP/2" 200 0 "-" "meta-externalagent/1.1 (+https://developers.facebook.com/docs/sharing/webmasters/crawler)"
57.141.2.25 - - [22/Jul/2025:18:22:06 +0700] "GET /db.php/shopdetail/bicycles-cars/T5301171462 HTTP/2" 200 39 "-" "meta-externalagent/1.1 (+https://developers.facebook.com/docs/sharing/webmasters/crawler)"
57.141.2.1 - - [22/Jul/2025:18:22:06 +0700] "GET /db.php/shopdetail/fashion-sets/Z538567974 HTTP/2" 200 39 "-" "meta-externalagent/1.1 (+https://developers.facebook.com/docs/sharing/webmasters/crawler)"
57.141.2.5 - - [22/Jul/2025:18:22:06 +0700] "GET /db.php/shopdetail/tools-spray-guns/A5292414826 HTTP/2" 200 39 "-" "meta-externalagent/1.1 (+https://developers.facebook.com/docs/sharing/webmasters/crawler)"
57.141.2.20 - - [22/Jul/2025:18:22:07 +0700] "GET /sports/badminton/U5373765397 HTTP/2" 200 0 "-" "meta-externalagent/1.1 (+https://developers.facebook.com/docs/sharing/webmasters/crawler)"
57.141.2.19 - - [22/Jul/2025:18:22:10 +0700] "GET /games/character/M535724473 HTTP/2" 200 0 "-" "meta-externalagent/1.1 (+https://developers.facebook.com/docs/sharing/webmasters/crawler)"
57.141.2.17 - - [22/Jul/2025:18:22:11 +0700] "GET /db.php/shopdetail/fashion-dresses/G537728175 HTTP/2" 200 39 "-" "meta-externalagent/1.1 (+https://developers.facebook.com/docs/sharing/webmasters/crawler)"
66.249.79.199 - - [22/Jul/2025:18:22:12 +0700] "GET /tickets/entertainment/R538392937 HTTP/1.1" 200 20408 "-" "Mozilla/5.0 (Linux; Android 6.0.1; Nexus 5X Build/MMB29P) AppleWebKit/537.36 (KHTML, like Gecko) Chrome/137.0.7151.103 Mobile Safari/537.36 (compatible; Googlebot/2.1; +http://www.google.com/bot.html)"
66.249.79.199 - - [22/Jul/2025:18:22:13 +0700] "GET /air-conditioning/ovens/L5351937005 HTTP/1.1" 200 20447 "-" "Mozilla/5.0 (Linux; Android 6.0.1; Nexus 5X Build/MMB29P) AppleWebKit/537.36 (KHTML, like Gecko) Chrome/137.0.7151.103 Mobile Safari/537.36 (compatible; Googlebot/2.1; +http://www.google.com/bot.html)"
57.141.2.15 - - [22/Jul/2025:18:22:15 +0700] "GET /db.php/shopdetail/computers-tablet/J537633619 HTTP/2" 200 39 "-" "meta-externalagent/1.1 (+https://developers.facebook.com/docs/sharing/webmasters/crawler)"
66.249.79.200 - - [22/Jul/2025:18:22:04 +0700] "POST /get-message-notify HTTP/1.1" 200 20519 "https://shielddoor.vn/flowers/houseplants/Z5382489971" "Mozilla/5.0 (Linux; Android 6.0.1; Nexus 5X Build/MMB29P) AppleWebKit/537.36 (KHTML, like Gecko) Chrome/137.0.7151.119 Mobile Safari/537.36 (compatible; Googlebot/2.1; +http://www.google.com/bot.html)"
57.141.2.24 - - [22/Jul/2025:18:22:08 +0700] "GET /daily-necessities/kitchen/P5301785927 HTTP/2" 200 0 "-" "meta-externalagent/1.1 (+https://developers.facebook.com/docs/sharing/webmasters/crawler)"
66.249.79.198 - - [22/Jul/2025:18:22:10 +0700] "GET /home-appliances/appliances/E5292394113 HTTP/1.1" 200 20637 "-" "Mozilla/5.0 (Linux; Android 6.0.1; Nexus 5X Build/MMB29P) AppleWebKit/537.36 (KHTML, like Gecko) Chrome/137.0.7151.103 Mobile Safari/537.36 (compatible; Googlebot/2.1; +http://www.google.com/bot.html)"
66.249.79.199 - - [22/Jul/2025:18:22:11 +0700] "GET /alcohol/drinks/J532411602 HTTP/1.1" 200 20192 "-" "Mozilla/5.0 (Linux; Android 6.0.1; Nexus 5X Build/MMB29P) AppleWebKit/537.36 (KHTML, like Gecko) Chrome/137.0.7151.103 Mobile Safari/537.36 (compatible; Googlebot/2.1; +http://www.google.com/bot.html)"
57.141.2.3 - - [22/Jul/2025:18:22:13 +0700] "GET /audio/audio-equipment/T537285648 HTTP/2" 200 0 "-" "meta-externalagent/1.1 (+https://developers.facebook.com/docs/sharing/webmasters/crawler)"
57.141.2.26 - - [22/Jul/2025:18:22:15 +0700] "GET /food/food/I5321603281 HTTP/2" 200 0 "-" "meta-externalagent/1.1 (+https://developers.facebook.com/docs/sharing/webmasters/crawler)"
57.141.2.24 - - [22/Jul/2025:18:22:19 +0700] "GET /bicycles/cars/G5352435537 HTTP/2" 200 0 "-" "meta-externalagent/1.1 (+https://developers.facebook.com/docs/sharing/webmasters/crawler)"
57.141.2.2 - - [22/Jul/2025:18:22:21 +0700] "GET /diet/health/G5302875184 HTTP/2" 200 0 "-" "meta-externalagent/1.1 (+https://developers.facebook.com/docs/sharing/webmasters/crawler)"
57.141.2.28 - - [22/Jul/2025:18:22:22 +0700] "GET /fashion/mens/U531817087 HTTP/2" 200 0 "-" "meta-externalagent/1.1 (+https://developers.facebook.com/docs/sharing/webmasters/crawler)"
57.141.2.14 - - [22/Jul/2025:18:22:25 +0700] "GET /db.php/shopdetail/pet-supplies-other/E534629008 HTTP/2" 200 39 "-" "meta-externalagent/1.1 (+https://developers.facebook.com/docs/sharing/webmasters/crawler)"
66.249.79.197 - - [22/Jul/2025:18:22:27 +0700] "GET /decor/interior/O5351182803 HTTP/1.1" 200 20404 "-" "Mozilla/5.0 (Linux; Android 6.0.1; Nexus 5X Build/MMB29P) AppleWebKit/537.36 (KHTML, like Gecko) Chrome/137.0.7151.103 Mobile Safari/537.36 (compatible; Googlebot/2.1; +http://www.google.com/bot.html)"
52.167.144.186 - - [22/Jul/2025:18:22:28 +0700] "GET /cars/bicycles/W5373489727 HTTP/2" 200 0 "-" "Mozilla/5.0 AppleWebKit/537.36 (KHTML, like Gecko; compatible; bingbot/2.0; +http://www.bing.com/bingbot.htm) Chrome/116.0.1938.76 Safari/537.36"
66.249.79.197 - - [22/Jul/2025:18:22:29 +0700] "GET /cars/tires/P5332461637 HTTP/1.1" 200 20760 "-" "Mozilla/5.0 (Linux; Android 6.0.1; Nexus 5X Build/MMB29P) AppleWebKit/537.36 (KHTML, like Gecko) Chrome/137.0.7151.103 Mobile Safari/537.36 (compatible; Googlebot/2.1; +http://www.google.com/bot.html)"
57.141.2.9 - - [22/Jul/2025:18:22:31 +0700] "GET /cameras/digital-cameras/C5313903818 HTTP/2" 200 0 "-" "meta-externalagent/1.1 (+https://developers.facebook.com/docs/sharing/webmasters/crawler)"
57.141.2.27 - - [22/Jul/2025:18:22:33 +0700] "GET /air-conditioning/appliances/P5292001511 HTTP/2" 200 0 "-" "meta-externalagent/1.1 (+https://developers.facebook.com/docs/sharing/webmasters/crawler)"
57.141.2.5 - - [22/Jul/2025:18:22:34 +0700] "GET /fashion/accessories/N5383293845 HTTP/2" 200 0 "-" "meta-externalagent/1.1 (+https://developers.facebook.com/docs/sharing/webmasters/crawler)"
57.141.2.26 - - [22/Jul/2025:18:22:39 +0700] "GET /beauty/facial-massage/P5342248192 HTTP/2" 200 0 "-" "meta-externalagent/1.1 (+https://developers.facebook.com/docs/sharing/webmasters/crawler)"
66.249.79.198 - - [22/Jul/2025:18:22:16 +0700] "GET /tickets/shopping/P5352392742 HTTP/1.1" 200 20161 "-" "Mozilla/5.0 (Linux; Android 6.0.1; Nexus 5X Build/MMB29P) AppleWebKit/537.36 (KHTML, like Gecko) Chrome/137.0.7151.103 Mobile Safari/537.36 (compatible; Googlebot/2.1; +http://www.google.com/bot.html)"
57.141.2.15 - - [22/Jul/2025:18:22:18 +0700] "GET /fishing/fishing/N530274936 HTTP/2" 200 0 "-" "meta-externalagent/1.1 (+https://developers.facebook.com/docs/sharing/webmasters/crawler)"
66.249.79.197 - - [22/Jul/2025:18:22:17 +0700] "GET /cameras/cameras/J5332651319 HTTP/1.1" 200 20576 "-" "Mozilla/5.0 (Linux; Android 6.0.1; Nexus 5X Build/MMB29P) AppleWebKit/537.36 (KHTML, like Gecko) Chrome/137.0.7151.103 Mobile Safari/537.36 (compatible; Googlebot/2.1; +http://www.google.com/bot.html)"
66.249.79.197 - - [22/Jul/2025:18:22:18 +0700] "GET /goods/comics/S5371262660 HTTP/1.1" 200 20095 "-" "Mozilla/5.0 (Linux; Android 6.0.1; Nexus 5X Build/MMB29P) AppleWebKit/537.36 (KHTML, like Gecko) Chrome/137.0.7151.103 Mobile Safari/537.36 (compatible; Googlebot/2.1; +http://www.google.com/bot.html)"
57.141.2.28 - - [22/Jul/2025:18:22:23 +0700] "GET /fashion/womens/I531582161 HTTP/2" 200 0 "-" "meta-externalagent/1.1 (+https://developers.facebook.com/docs/sharing/webmasters/crawler)"
57.141.2.18 - - [22/Jul/2025:18:22:23 +0700] "GET /musical-instruments/paintings/B5371502779 HTTP/2" 200 0 "-" "meta-externalagent/1.1 (+https://developers.facebook.com/docs/sharing/webmasters/crawler)"
57.141.2.16 - - [22/Jul/2025:18:22:25 +0700] "GET /fashion/bags/I530262566 HTTP/2" 200 0 "-" "meta-externalagent/1.1 (+https://developers.facebook.com/docs/sharing/webmasters/crawler)"
57.141.2.3 - - [22/Jul/2025:18:22:26 +0700] "GET /db.php/shopdetail/games-comics/N5291943866 HTTP/2" 200 39 "-" "meta-externalagent/1.1 (+https://developers.facebook.com/docs/sharing/webmasters/crawler)"
57.141.2.29 - - [22/Jul/2025:18:22:27 +0700] "GET /fashion/dresses/B5323732943 HTTP/2" 200 0 "-" "meta-externalagent/1.1 (+https://developers.facebook.com/docs/sharing/webmasters/crawler)"
66.249.79.197 - - [22/Jul/2025:18:22:29 +0700] "GET /books/art/S5353500704 HTTP/1.1" 200 21395 "-" "Mozilla/5.0 (Linux; Android 6.0.1; Nexus 5X Build/MMB29P) AppleWebKit/537.36 (KHTML, like Gecko) Chrome/137.0.7151.103 Mobile Safari/537.36 (compatible; Googlebot/2.1; +http://www.google.com/bot.html)"
66.249.79.197 - - [22/Jul/2025:18:22:30 +0700] "GET /fashion/jackets/N535593977 HTTP/1.1" 200 20398 "-" "Mozilla/5.0 (Linux; Android 6.0.1; Nexus 5X Build/MMB29P) AppleWebKit/537.36 (KHTML, like Gecko) Chrome/137.0.7151.103 Mobile Safari/537.36 (compatible; Googlebot/2.1; +http://www.google.com/bot.html)"
66.249.79.197 - - [22/Jul/2025:18:22:35 +0700] "POST /get-message-notify HTTP/1.1" 200 20511 "https://shielddoor.vn/cars/tires/P5332461637" "Mozilla/5.0 (Linux; Android 6.0.1; Nexus 5X Build/MMB29P) AppleWebKit/537.36 (KHTML, like Gecko) Chrome/137.0.7151.119 Mobile Safari/537.36 (compatible; Googlebot/2.1; +http://www.google.com/bot.html)"
66.249.79.198 - - [22/Jul/2025:18:22:36 +0700] "POST /get-message-notify HTTP/1.1" 200 20498 "https://shielddoor.vn/art/guitars/D5362373550" "Mozilla/5.0 (Linux; Android 6.0.1; Nexus 5X Build/MMB29P) AppleWebKit/537.36 (KHTML, like Gecko) Chrome/137.0.7151.119 Mobile Safari/537.36 (compatible; Googlebot/2.1; +http://www.google.com/bot.html)"
57.141.2.13 - - [22/Jul/2025:18:22:40 +0700] "GET /fashion/accessories/D5321877487 HTTP/2" 200 0 "-" "meta-externalagent/1.1 (+https://developers.facebook.com/docs/sharing/webmasters/crawler)"
66.249.79.197 - - [22/Jul/2025:18:22:40 +0700] "GET /tickets/baseball/Y5373104871 HTTP/1.1" 200 20867 "-" "Mozilla/5.0 (Linux; Android 6.0.1; Nexus 5X Build/MMB29P) AppleWebKit/537.36 (KHTML, like Gecko) Chrome/137.0.7151.103 Mobile Safari/537.36 (compatible; Googlebot/2.1; +http://www.google.com/bot.html)"
66.249.79.198 - - [22/Jul/2025:18:22:17 +0700] "GET /drinks/whiskey/P534461441 HTTP/1.1" 200 20982 "-" "Mozilla/5.0 (Linux; Android 6.0.1; Nexus 5X Build/MMB29P) AppleWebKit/537.36 (KHTML, like Gecko) Chrome/137.0.7151.103 Mobile Safari/537.36 (compatible; Googlebot/2.1; +http://www.google.com/bot.html)"
57.141.2.14 - - [22/Jul/2025:18:22:21 +0700] "GET /kitchen/cooking-utensils/G5341560844 HTTP/2" 200 0 "-" "meta-externalagent/1.1 (+https://developers.facebook.com/docs/sharing/webmasters/crawler)"
57.141.2.6 - - [22/Jul/2025:18:22:22 +0700] "GET /db.php/shopdetail/fashion-accessories/D5343813163 HTTP/2" 200 39 "-" "meta-externalagent/1.1 (+https://developers.facebook.com/docs/sharing/webmasters/crawler)"
57.141.2.23 - - [22/Jul/2025:18:22:24 +0700] "GET /db.php/shopdetail/interior-chairs/T5382844782 HTTP/2" 200 39 "-" "meta-externalagent/1.1 (+https://developers.facebook.com/docs/sharing/webmasters/crawler)"
57.141.2.5 - - [22/Jul/2025:18:22:26 +0700] "GET /travel-supplies/reels/H5351324371 HTTP/2" 200 0 "-" "meta-externalagent/1.1 (+https://developers.facebook.com/docs/sharing/webmasters/crawler)"
66.249.79.198 - - [22/Jul/2025:18:22:28 +0700] "GET /art/guitars/D5362373550 HTTP/1.1" 200 20799 "-" "Mozilla/5.0 (Linux; Android 6.0.1; Nexus 5X Build/MMB29P) AppleWebKit/537.36 (KHTML, like Gecko) Chrome/137.0.7151.103 Mobile Safari/537.36 (compatible; Googlebot/2.1; +http://www.google.com/bot.html)"
57.141.2.29 - - [22/Jul/2025:18:22:32 +0700] "GET /toys/acrylic-stands/W5312127208 HTTP/2" 200 0 "-" "meta-externalagent/1.1 (+https://developers.facebook.com/docs/sharing/webmasters/crawler)"
57.141.2.20 - - [22/Jul/2025:18:22:33 +0700] "GET /beauty/perfumes/S5301925802 HTTP/2" 200 0 "-" "meta-externalagent/1.1 (+https://developers.facebook.com/docs/sharing/webmasters/crawler)"
57.141.2.17 - - [22/Jul/2025:18:22:35 +0700] "GET /home-appliances/heating/P5364183643 HTTP/2" 200 0 "-" "meta-externalagent/1.1 (+https://developers.facebook.com/docs/sharing/webmasters/crawler)"
