66.249.79.198 - - [22/Jul/2025:18:10:05 +0700] "GET /beauty/unisex-perfumes/M5311644131 HTTP/1.1" 200 20605 "-" "Mozilla/5.0 (Linux; Android 6.0.1; Nexus 5X Build/MMB29P) AppleWebKit/537.36 (KHTML, like Gecko) Chrome/137.0.7151.103 Mobile Safari/537.36 (compatible; Googlebot/2.1; +http://www.google.com/bot.html)"
57.141.2.5 - - [22/Jul/2025:18:10:06 +0700] "GET /interior/office/E5331115142 HTTP/2" 200 0 "-" "meta-externalagent/1.1 (+https://developers.facebook.com/docs/sharing/webmasters/crawler)"
57.141.2.2 - - [22/Jul/2025:18:10:08 +0700] "GET /decor/trinket-boxes/C532342220 HTTP/2" 200 0 "-" "meta-externalagent/1.1 (+https://developers.facebook.com/docs/sharing/webmasters/crawler)"
66.249.79.198 - - [22/Jul/2025:18:10:08 +0700] "GET /health/health/N5312888952 HTTP/1.1" 200 20364 "-" "Mozilla/5.0 (Linux; Android 6.0.1; Nexus 5X Build/MMB29P) AppleWebKit/537.36 (KHTML, like Gecko) Chrome/137.0.7151.103 Mobile Safari/537.36 (compatible; Googlebot/2.1; +http://www.google.com/bot.html)"
57.141.2.17 - - [22/Jul/2025:18:10:12 +0700] "GET /cars/bicycles/U5333306565 HTTP/2" 200 0 "-" "meta-externalagent/1.1 (+https://developers.facebook.com/docs/sharing/webmasters/crawler)"
57.141.2.25 - - [22/Jul/2025:18:10:16 +0700] "GET /food/brandy/Z5374019190 HTTP/2" 200 0 "-" "meta-externalagent/1.1 (+https://developers.facebook.com/docs/sharing/webmasters/crawler)"
57.141.2.11 - - [22/Jul/2025:18:10:17 +0700] "GET /goods/others/J5383351399 HTTP/2" 200 0 "-" "meta-externalagent/1.1 (+https://developers.facebook.com/docs/sharing/webmasters/crawler)"
57.141.2.6 - - [22/Jul/2025:18:10:22 +0700] "GET /db.php/shopdetail/kitchen-bulk-sales/U5291025976 HTTP/2" 200 39 "-" "meta-externalagent/1.1 (+https://developers.facebook.com/docs/sharing/webmasters/crawler)"
57.141.2.10 - - [22/Jul/2025:18:10:22 +0700] "GET /db.php/shopdetail/decor-beds/G5382635444 HTTP/2" 200 39 "-" "meta-externalagent/1.1 (+https://developers.facebook.com/docs/sharing/webmasters/crawler)"
57.141.2.9 - - [22/Jul/2025:18:10:22 +0700] "GET /hobbies/collections/K5332479239 HTTP/2" 200 0 "-" "meta-externalagent/1.1 (+https://developers.facebook.com/docs/sharing/webmasters/crawler)"
57.141.2.21 - - [22/Jul/2025:18:10:27 +0700] "GET /health/nursing/N5371977693 HTTP/2" 200 0 "-" "meta-externalagent/1.1 (+https://developers.facebook.com/docs/sharing/webmasters/crawler)"
57.141.2.17 - - [22/Jul/2025:18:10:28 +0700] "GET /diet/hyaluronic-acid/D5353897594 HTTP/2" 200 0 "-" "meta-externalagent/1.1 (+https://developers.facebook.com/docs/sharing/webmasters/crawler)"
66.249.79.197 - - [22/Jul/2025:18:10:29 +0700] "POST /get-message-notify HTTP/1.1" 200 20509 "https://shielddoor.vn/smartphones/mobile-phones/B532359532" "Mozilla/5.0 (Linux; Android 6.0.1; Nexus 5X Build/MMB29P) AppleWebKit/537.36 (KHTML, like Gecko) Chrome/137.0.7151.119 Mobile Safari/537.36 (compatible; Googlebot/2.1; +http://www.google.com/bot.html)"
57.141.2.14 - - [22/Jul/2025:18:10:32 +0700] "GET /food/drinks/L536721744 HTTP/2" 200 0 "-" "meta-externalagent/1.1 (+https://developers.facebook.com/docs/sharing/webmasters/crawler)"
57.141.2.29 - - [22/Jul/2025:18:10:25 +0700] "GET /fashion/accessories/T5341954468 HTTP/2" 200 0 "-" "meta-externalagent/1.1 (+https://developers.facebook.com/docs/sharing/webmasters/crawler)"
57.141.2.11 - - [22/Jul/2025:18:10:28 +0700] "GET /food/drinks/K5304166156 HTTP/2" 200 0 "-" "meta-externalagent/1.1 (+https://developers.facebook.com/docs/sharing/webmasters/crawler)"
57.141.2.8 - - [22/Jul/2025:18:10:30 +0700] "GET /db.php/shopdetail/audio-zoom-lens/R5342015883 HTTP/2" 200 39 "-" "meta-externalagent/1.1 (+https://developers.facebook.com/docs/sharing/webmasters/crawler)"
57.141.2.24 - - [22/Jul/2025:18:10:32 +0700] "GET /db.php/shopdetail/air-conditioning-dehumidifiers/H533570856 HTTP/2" 200 39 "-" "meta-externalagent/1.1 (+https://developers.facebook.com/docs/sharing/webmasters/crawler)"
57.141.2.21 - - [22/Jul/2025:18:10:33 +0700] "GET /fashion/jackets/Q536917872 HTTP/2" 200 0 "-" "meta-externalagent/1.1 (+https://developers.facebook.com/docs/sharing/webmasters/crawler)"
57.141.2.25 - - [22/Jul/2025:18:10:34 +0700] "GET /db.php/shopdetail/tv-instant-cameras/J5382601120 HTTP/2" 200 39 "-" "meta-externalagent/1.1 (+https://developers.facebook.com/docs/sharing/webmasters/crawler)"
57.141.2.11 - - [22/Jul/2025:18:10:34 +0700] "GET /db.php/shopdetail/handmade-yarn/A5331559100 HTTP/2" 200 39 "-" "meta-externalagent/1.1 (+https://developers.facebook.com/docs/sharing/webmasters/crawler)"
57.141.2.13 - - [22/Jul/2025:18:10:35 +0700] "GET /fashion/kimono/T5363977463 HTTP/2" 200 0 "-" "meta-externalagent/1.1 (+https://developers.facebook.com/docs/sharing/webmasters/crawler)"
57.141.2.20 - - [22/Jul/2025:18:10:36 +0700] "GET /audio/audio-equipment/R5304221827 HTTP/2" 200 0 "-" "meta-externalagent/1.1 (+https://developers.facebook.com/docs/sharing/webmasters/crawler)"
57.141.2.26 - - [22/Jul/2025:18:10:37 +0700] "GET /sports/soccer/V5343813306 HTTP/2" 200 0 "-" "meta-externalagent/1.1 (+https://developers.facebook.com/docs/sharing/webmasters/crawler)"
66.249.79.197 - - [22/Jul/2025:18:10:37 +0700] "POST /get-message-notify HTTP/1.1" 200 20494 "https://shielddoor.vn/fashion/accessories/V5301363725" "Mozilla/5.0 (Linux; Android 6.0.1; Nexus 5X Build/MMB29P) AppleWebKit/537.36 (KHTML, like Gecko) Chrome/137.0.7151.119 Mobile Safari/537.36 (compatible; Googlebot/2.1; +http://www.google.com/bot.html)"
57.141.2.1 - - [22/Jul/2025:18:10:42 +0700] "GET /decor/flower-stands/V535562479 HTTP/2" 200 0 "-" "meta-externalagent/1.1 (+https://developers.facebook.com/docs/sharing/webmasters/crawler)"
57.141.2.24 - - [22/Jul/2025:18:10:43 +0700] "GET /db.php/shopdetail/tickets-discount-coupons/G5354084634 HTTP/2" 200 39 "-" "meta-externalagent/1.1 (+https://developers.facebook.com/docs/sharing/webmasters/crawler)"
57.141.2.9 - - [22/Jul/2025:18:10:51 +0700] "GET /fashion/bags/D5311693774 HTTP/2" 200 0 "-" "meta-externalagent/1.1 (+https://developers.facebook.com/docs/sharing/webmasters/crawler)"
57.141.2.28 - - [22/Jul/2025:18:10:51 +0700] "GET /decor/chairs/F5314192607 HTTP/2" 200 0 "-" "meta-externalagent/1.1 (+https://developers.facebook.com/docs/sharing/webmasters/crawler)"
57.141.2.5 - - [22/Jul/2025:18:10:52 +0700] "GET /db.php/shopdetail/computers-mobile-phones/F5341955849 HTTP/2" 200 39 "-" "meta-externalagent/1.1 (+https://developers.facebook.com/docs/sharing/webmasters/crawler)"
57.141.2.2 - - [22/Jul/2025:18:10:55 +0700] "GET /furniture/interior/Y5382988532 HTTP/2" 200 0 "-" "meta-externalagent/1.1 (+https://developers.facebook.com/docs/sharing/webmasters/crawler)"
57.141.2.11 - - [22/Jul/2025:18:10:55 +0700] "GET /cosmetics/facial-massage/X530811647 HTTP/2" 200 0 "-" "meta-externalagent/1.1 (+https://developers.facebook.com/docs/sharing/webmasters/crawler)"
57.141.2.5 - - [22/Jul/2025:18:10:56 +0700] "GET /fashion/womens/H5291223400 HTTP/2" 200 0 "-" "meta-externalagent/1.1 (+https://developers.facebook.com/docs/sharing/webmasters/crawler)"
57.141.2.4 - - [22/Jul/2025:18:10:57 +0700] "GET /interior/sofa-beds/E5331939748 HTTP/2" 200 0 "-" "meta-externalagent/1.1 (+https://developers.facebook.com/docs/sharing/webmasters/crawler)"
57.141.2.7 - - [22/Jul/2025:18:10:33 +0700] "GET /db.php/shopdetail/computers-e-book-reader-units/K5301250185 HTTP/2" 200 39 "-" "meta-externalagent/1.1 (+https://developers.facebook.com/docs/sharing/webmasters/crawler)"
57.141.2.22 - - [22/Jul/2025:18:10:36 +0700] "GET /db.php/shopdetail/air-conditioning-lighters/T5361825821 HTTP/2" 200 39 "-" "meta-externalagent/1.1 (+https://developers.facebook.com/docs/sharing/webmasters/crawler)"
57.141.2.7 - - [22/Jul/2025:18:10:36 +0700] "GET /decor/sofas/K5302549057 HTTP/2" 200 0 "-" "meta-externalagent/1.1 (+https://developers.facebook.com/docs/sharing/webmasters/crawler)"
57.141.2.20 - - [22/Jul/2025:18:10:37 +0700] "GET /sports/golf/I5323269716 HTTP/2" 200 0 "-" "meta-externalagent/1.1 (+https://developers.facebook.com/docs/sharing/webmasters/crawler)"
57.141.2.4 - - [22/Jul/2025:18:10:39 +0700] "GET /db.php/shopdetail/goods-sports/N5343219821 HTTP/2" 200 39 "-" "meta-externalagent/1.1 (+https://developers.facebook.com/docs/sharing/webmasters/crawler)"
57.141.2.23 - - [22/Jul/2025:18:10:41 +0700] "GET /outdoor/fishing/R5333145035 HTTP/2" 200 0 "-" "meta-externalagent/1.1 (+https://developers.facebook.com/docs/sharing/webmasters/crawler)"
57.141.2.21 - - [22/Jul/2025:18:10:42 +0700] "GET /fashion/womens/Q5293553316 HTTP/2" 200 0 "-" "meta-externalagent/1.1 (+https://developers.facebook.com/docs/sharing/webmasters/crawler)"
57.141.2.23 - - [22/Jul/2025:18:10:44 +0700] "GET /handicrafts/ornaments/F5313704248 HTTP/2" 200 0 "-" "meta-externalagent/1.1 (+https://developers.facebook.com/docs/sharing/webmasters/crawler)"
57.141.2.4 - - [22/Jul/2025:18:10:45 +0700] "GET /db.php/shopdetail/fashion-mens/A5381383154 HTTP/2" 200 39 "-" "meta-externalagent/1.1 (+https://developers.facebook.com/docs/sharing/webmasters/crawler)"
57.141.2.2 - - [22/Jul/2025:18:10:46 +0700] "GET /audio/earphones/B537396392 HTTP/2" 200 0 "-" "meta-externalagent/1.1 (+https://developers.facebook.com/docs/sharing/webmasters/crawler)"
57.141.2.15 - - [22/Jul/2025:18:10:49 +0700] "GET /db.php/shopdetail/handicrafts-materials/H5323299914 HTTP/2" 200 39 "-" "meta-externalagent/1.1 (+https://developers.facebook.com/docs/sharing/webmasters/crawler)"
57.141.2.13 - - [22/Jul/2025:18:10:49 +0700] "GET /tv/action-cameras/T5301056790 HTTP/2" 200 0 "-" "meta-externalagent/1.1 (+https://developers.facebook.com/docs/sharing/webmasters/crawler)"
66.249.79.197 - - [22/Jul/2025:18:10:54 +0700] "POST /get-message-notify HTTP/1.1" 200 20485 "https://shielddoor.vn/diy/air-tools/J5341707015" "Mozilla/5.0 (Linux; Android 6.0.1; Nexus 5X Build/MMB29P) AppleWebKit/537.36 (KHTML, like Gecko) Chrome/137.0.7151.119 Mobile Safari/537.36 (compatible; Googlebot/2.1; +http://www.google.com/bot.html)"
57.141.2.9 - - [22/Jul/2025:18:10:56 +0700] "GET /db.php/shopdetail/games-shogi/O5343611144 HTTP/2" 200 39 "-" "meta-externalagent/1.1 (+https://developers.facebook.com/docs/sharing/webmasters/crawler)"
57.141.2.1 - - [22/Jul/2025:18:10:58 +0700] "GET /toys/pin-badges/T5331757782 HTTP/2" 200 0 "-" "meta-externalagent/1.1 (+https://developers.facebook.com/docs/sharing/webmasters/crawler)"
40.77.167.33 - - [22/Jul/2025:18:10:59 +0700] "GET /tools/grinding-machines/S535604678 HTTP/2" 200 0 "-" "Mozilla/5.0 AppleWebKit/537.36 (KHTML, like Gecko; compatible; bingbot/2.0; +http://www.bing.com/bingbot.htm) Chrome/116.0.1938.76 Safari/537.36"
66.249.79.197 - - [22/Jul/2025:18:10:58 +0700] "POST /get-message-notify HTTP/1.1" 200 20497 "https://shielddoor.vn/cars/car-navigation-systems/X5362855776" "Mozilla/5.0 (Linux; Android 6.0.1; Nexus 5X Build/MMB29P) AppleWebKit/537.36 (KHTML, like Gecko) Chrome/137.0.7151.119 Mobile Safari/537.36 (compatible; Googlebot/2.1; +http://www.google.com/bot.html)"
57.141.2.27 - - [22/Jul/2025:18:11:02 +0700] "GET /db.php/shopdetail/pet-supplies-greenhouses/I5353282262 HTTP/2" 200 39 "-" "meta-externalagent/1.1 (+https://developers.facebook.com/docs/sharing/webmasters/crawler)"
57.141.2.26 - - [22/Jul/2025:18:10:33 +0700] "GET /fashion/accessories/I5383568264 HTTP/2" 200 0 "-" "meta-externalagent/1.1 (+https://developers.facebook.com/docs/sharing/webmasters/crawler)"
57.141.2.5 - - [22/Jul/2025:18:10:35 +0700] "GET /db.php/shopdetail/sports-golf/M538330747 HTTP/2" 200 39 "-" "meta-externalagent/1.1 (+https://developers.facebook.com/docs/sharing/webmasters/crawler)"
57.141.2.24 - - [22/Jul/2025:18:10:39 +0700] "GET /tickets/accommodation-tickets/E5362111834 HTTP/2" 200 0 "-" "meta-externalagent/1.1 (+https://developers.facebook.com/docs/sharing/webmasters/crawler)"
52.167.144.209 - - [22/Jul/2025:18:10:39 +0700] "GET /tools/alloys/M5363019927 HTTP/2" 200 0 "-" "Mozilla/5.0 AppleWebKit/537.36 (KHTML, like Gecko; compatible; bingbot/2.0; +http://www.bing.com/bingbot.htm) Chrome/116.0.1938.76 Safari/537.36"
57.141.2.30 - - [22/Jul/2025:18:10:43 +0700] "GET /sports/basketball/K5312535834 HTTP/2" 200 0 "-" "meta-externalagent/1.1 (+https://developers.facebook.com/docs/sharing/webmasters/crawler)"
57.141.2.2 - - [22/Jul/2025:18:10:44 +0700] "GET /sports/baseball/U5301796380 HTTP/2" 200 0 "-" "meta-externalagent/1.1 (+https://developers.facebook.com/docs/sharing/webmasters/crawler)"
57.141.2.19 - - [22/Jul/2025:18:10:46 +0700] "GET /cameras/earphones/M5352875052 HTTP/2" 200 0 "-" "meta-externalagent/1.1 (+https://developers.facebook.com/docs/sharing/webmasters/crawler)"
57.141.2.10 - - [22/Jul/2025:18:10:48 +0700] "GET /kitchen/children-day/D5303901623 HTTP/2" 200 0 "-" "meta-externalagent/1.1 (+https://developers.facebook.com/docs/sharing/webmasters/crawler)"
57.141.2.11 - - [22/Jul/2025:18:10:48 +0700] "GET /db.php/shopdetail/bicycles-cars/Y5362374303 HTTP/2" 200 39 "-" "meta-externalagent/1.1 (+https://developers.facebook.com/docs/sharing/webmasters/crawler)"
57.141.2.18 - - [22/Jul/2025:18:10:49 +0700] "GET /bicycles/cars/F5363475337 HTTP/2" 200 0 "-" "meta-externalagent/1.1 (+https://developers.facebook.com/docs/sharing/webmasters/crawler)"
57.141.2.4 - - [22/Jul/2025:18:10:50 +0700] "GET /smartphones/windows-notebooks/R5343663561 HTTP/2" 200 0 "-" "meta-externalagent/1.1 (+https://developers.facebook.com/docs/sharing/webmasters/crawler)"
57.141.2.21 - - [22/Jul/2025:18:10:54 +0700] "GET /db.php/shopdetail/diy-power-tools/Y537820788 HTTP/2" 200 39 "-" "meta-externalagent/1.1 (+https://developers.facebook.com/docs/sharing/webmasters/crawler)"
57.141.2.28 - - [22/Jul/2025:18:10:54 +0700] "GET /fashion/mens/I5292420960 HTTP/2" 200 0 "-" "meta-externalagent/1.1 (+https://developers.facebook.com/docs/sharing/webmasters/crawler)"
216.73.216.33 - - [22/Jul/2025:18:10:54 +0700] "GET /sitemap-5.xml HTTP/2" 200 33569 "-" "Mozilla/5.0 AppleWebKit/537.36 (KHTML, like Gecko; compatible; ClaudeBot/1.0; +claudebot@anthropic.com)"
57.141.2.5 - - [22/Jul/2025:18:11:01 +0700] "GET /fishing/fishing/J5381913351 HTTP/2" 200 0 "-" "meta-externalagent/1.1 (+https://developers.facebook.com/docs/sharing/webmasters/crawler)"
57.141.2.15 - - [22/Jul/2025:18:11:02 +0700] "GET /cameras/audio-equipment/O5311936465 HTTP/2" 200 0 "-" "meta-externalagent/1.1 (+https://developers.facebook.com/docs/sharing/webmasters/crawler)"
57.141.2.15 - - [22/Jul/2025:18:11:10 +0700] "GET /toys/figures/J5342832886 HTTP/2" 200 0 "-" "meta-externalagent/1.1 (+https://developers.facebook.com/docs/sharing/webmasters/crawler)"
57.141.2.11 - - [22/Jul/2025:18:11:13 +0700] "GET /travel-supplies/barbecues/T5371270023 HTTP/2" 200 0 "-" "meta-externalagent/1.1 (+https://developers.facebook.com/docs/sharing/webmasters/crawler)"
57.141.2.19 - - [22/Jul/2025:18:11:14 +0700] "GET /db.php/shopdetail/food-powders/E5314233508 HTTP/2" 200 39 "-" "meta-externalagent/1.1 (+https://developers.facebook.com/docs/sharing/webmasters/crawler)"
66.249.79.197 - - [22/Jul/2025:18:11:13 +0700] "GET /sports/baseball/E5321228374 HTTP/1.1" 200 20602 "-" "Mozilla/5.0 (Linux; Android 6.0.1; Nexus 5X Build/MMB29P) AppleWebKit/537.36 (KHTML, like Gecko) Chrome/137.0.7151.103 Mobile Safari/537.36 (compatible; Googlebot/2.1; +http://www.google.com/bot.html)"
57.141.2.10 - - [22/Jul/2025:18:10:59 +0700] "GET /daily-necessities/tableware/T5383050806 HTTP/2" 200 0 "-" "meta-externalagent/1.1 (+https://developers.facebook.com/docs/sharing/webmasters/crawler)"
57.141.2.21 - - [22/Jul/2025:18:10:59 +0700] "GET /bicycles/motorcycles/L5373597131 HTTP/2" 200 0 "-" "meta-externalagent/1.1 (+https://developers.facebook.com/docs/sharing/webmasters/crawler)"
57.141.2.18 - - [22/Jul/2025:18:11:00 +0700] "GET /bicycles/motorcycle-wear/E5341342736 HTTP/2" 200 0 "-" "meta-externalagent/1.1 (+https://developers.facebook.com/docs/sharing/webmasters/crawler)"
57.141.2.19 - - [22/Jul/2025:18:11:00 +0700] "GET /cameras/woofers/E5344059911 HTTP/2" 200 0 "-" "meta-externalagent/1.1 (+https://developers.facebook.com/docs/sharing/webmasters/crawler)"
57.141.2.28 - - [22/Jul/2025:18:11:02 +0700] "GET /db.php/shopdetail/tv-digital-cameras/G5361628656 HTTP/2" 200 39 "-" "meta-externalagent/1.1 (+https://developers.facebook.com/docs/sharing/webmasters/crawler)"
57.141.2.22 - - [22/Jul/2025:18:11:03 +0700] "GET /cameras/tvs/X535297247 HTTP/2" 200 0 "-" "meta-externalagent/1.1 (+https://developers.facebook.com/docs/sharing/webmasters/crawler)"
57.141.2.24 - - [22/Jul/2025:18:11:03 +0700] "GET /toys/pokemon-card-games/J5291475837 HTTP/2" 200 0 "-" "meta-externalagent/1.1 (+https://developers.facebook.com/docs/sharing/webmasters/crawler)"
57.141.2.19 - - [22/Jul/2025:18:11:04 +0700] "GET /db.php/shopdetail/fashion-shoes/B5311537413 HTTP/2" 200 39 "-" "meta-externalagent/1.1 (+https://developers.facebook.com/docs/sharing/webmasters/crawler)"
66.249.79.197 - - [22/Jul/2025:18:11:04 +0700] "POST /get-message-notify HTTP/1.1" 200 20511 "https://shielddoor.vn/alcohol/sweets/I5321588205" "Mozilla/5.0 (Linux; Android 6.0.1; Nexus 5X Build/MMB29P) AppleWebKit/537.36 (KHTML, like Gecko) Chrome/137.0.7151.119 Mobile Safari/537.36 (compatible; Googlebot/2.1; +http://www.google.com/bot.html)"
66.249.79.197 - - [22/Jul/2025:18:11:06 +0700] "GET /sports/goalkeeper-gloves/C5312197733 HTTP/1.1" 200 20723 "-" "Mozilla/5.0 (Linux; Android 6.0.1; Nexus 5X Build/MMB29P) AppleWebKit/537.36 (KHTML, like Gecko) Chrome/137.0.7151.103 Mobile Safari/537.36 (compatible; Googlebot/2.1; +http://www.google.com/bot.html)"
57.141.2.26 - - [22/Jul/2025:18:11:09 +0700] "GET /smartphones/smartphones/I5381268538 HTTP/2" 200 0 "-" "meta-externalagent/1.1 (+https://developers.facebook.com/docs/sharing/webmasters/crawler)"
57.141.2.13 - - [22/Jul/2025:18:11:12 +0700] "GET /computers/mobile-phone/I5373293092 HTTP/2" 200 0 "-" "meta-externalagent/1.1 (+https://developers.facebook.com/docs/sharing/webmasters/crawler)"
57.141.2.25 - - [22/Jul/2025:18:11:14 +0700] "GET /diy/air-tools/C5353805350 HTTP/2" 200 0 "-" "meta-externalagent/1.1 (+https://developers.facebook.com/docs/sharing/webmasters/crawler)"
57.141.2.6 - - [22/Jul/2025:18:11:16 +0700] "GET /beauty/makeup-remover/J5353501312 HTTP/2" 200 0 "-" "meta-externalagent/1.1 (+https://developers.facebook.com/docs/sharing/webmasters/crawler)"
57.141.2.10 - - [22/Jul/2025:18:11:18 +0700] "GET /tv/audio-equipment/B5293941759 HTTP/2" 200 0 "-" "meta-externalagent/1.1 (+https://developers.facebook.com/docs/sharing/webmasters/crawler)"
57.141.2.7 - - [22/Jul/2025:18:11:19 +0700] "GET /food/food/I537990053 HTTP/2" 200 0 "-" "meta-externalagent/1.1 (+https://developers.facebook.com/docs/sharing/webmasters/crawler)"
52.167.144.209 - - [22/Jul/2025:18:11:21 +0700] "GET /beauty/body/V5314070490 HTTP/2" 200 0 "-" "Mozilla/5.0 AppleWebKit/537.36 (KHTML, like Gecko; compatible; bingbot/2.0; +http://www.bing.com/bingbot.htm) Chrome/116.0.1938.76 Safari/537.36"
66.249.79.197 - - [22/Jul/2025:18:11:21 +0700] "GET /cameras/zoom-lens/C5373302945 HTTP/1.1" 200 21108 "-" "Mozilla/5.0 (Linux; Android 6.0.1; Nexus 5X Build/MMB29P) AppleWebKit/537.36 (KHTML, like Gecko) Chrome/137.0.7151.103 Mobile Safari/537.36 (compatible; Googlebot/2.1; +http://www.google.com/bot.html)"
57.141.2.16 - - [22/Jul/2025:18:11:15 +0700] "GET /motorcycles/tires/Z5361707940 HTTP/2" 200 0 "-" "meta-externalagent/1.1 (+https://developers.facebook.com/docs/sharing/webmasters/crawler)"
66.249.79.197 - - [22/Jul/2025:18:11:15 +0700] "GET /pet-supplies/bird-supplies/Q5382117402 HTTP/1.1" 200 21618 "-" "Mozilla/5.0 (Linux; Android 6.0.1; Nexus 5X Build/MMB29P) AppleWebKit/537.36 (KHTML, like Gecko) Chrome/137.0.7151.103 Mobile Safari/537.36 (compatible; Googlebot/2.1; +http://www.google.com/bot.html)"
57.141.2.5 - - [22/Jul/2025:18:11:16 +0700] "GET /musical-instruments/bass/R5363664650 HTTP/2" 200 0 "-" "meta-externalagent/1.1 (+https://developers.facebook.com/docs/sharing/webmasters/crawler)"
57.141.2.11 - - [22/Jul/2025:18:11:17 +0700] "GET /db.php/shopdetail/computers-ipads/E5351250431 HTTP/2" 200 39 "-" "meta-externalagent/1.1 (+https://developers.facebook.com/docs/sharing/webmasters/crawler)"
57.141.2.13 - - [22/Jul/2025:18:11:18 +0700] "GET /fashion/womens/N5322772314 HTTP/2" 200 0 "-" "meta-externalagent/1.1 (+https://developers.facebook.com/docs/sharing/webmasters/crawler)"
66.249.79.197 - - [22/Jul/2025:18:11:19 +0700] "GET /cosmetics/face-creams/E5372546556 HTTP/1.1" 200 20863 "-" "Mozilla/5.0 (Linux; Android 6.0.1; Nexus 5X Build/MMB29P) AppleWebKit/537.36 (KHTML, like Gecko) Chrome/137.0.7151.103 Mobile Safari/537.36 (compatible; Googlebot/2.1; +http://www.google.com/bot.html)"
66.249.79.197 - - [22/Jul/2025:18:11:20 +0700] "GET /fashion/shoes/Q5312523801 HTTP/1.1" 200 20686 "-" "Mozilla/5.0 (Linux; Android 6.0.1; Nexus 5X Build/MMB29P) AppleWebKit/537.36 (KHTML, like Gecko) Chrome/137.0.7151.103 Mobile Safari/537.36 (compatible; Googlebot/2.1; +http://www.google.com/bot.html)"
66.249.79.197 - - [22/Jul/2025:18:11:21 +0700] "GET /goods/sports/T5293609493 HTTP/1.1" 200 20752 "-" "Mozilla/5.0 (Linux; Android 6.0.1; Nexus 5X Build/MMB29P) AppleWebKit/537.36 (KHTML, like Gecko) Chrome/137.0.7151.103 Mobile Safari/537.36 (compatible; Googlebot/2.1; +http://www.google.com/bot.html)"
66.249.79.197 - - [22/Jul/2025:18:11:23 +0700] "GET /air-conditioning/stoves/A5363622565 HTTP/1.1" 200 20688 "-" "Mozilla/5.0 (Linux; Android 6.0.1; Nexus 5X Build/MMB29P) AppleWebKit/537.36 (KHTML, like Gecko) Chrome/137.0.7151.103 Mobile Safari/537.36 (compatible; Googlebot/2.1; +http://www.google.com/bot.html)"
57.141.2.16 - - [22/Jul/2025:18:11:24 +0700] "GET /db.php/shopdetail/outdoor-mountain-climbing/T5343092992 HTTP/2" 200 39 "-" "meta-externalagent/1.1 (+https://developers.facebook.com/docs/sharing/webmasters/crawler)"
57.141.2.10 - - [22/Jul/2025:18:11:25 +0700] "GET /daily-necessities/others/B5291188167 HTTP/2" 200 0 "-" "meta-externalagent/1.1 (+https://developers.facebook.com/docs/sharing/webmasters/crawler)"
57.141.2.11 - - [22/Jul/2025:18:11:25 +0700] "GET /db.php/shopdetail/fashion-jackets/M5301240113 HTTP/2" 200 39 "-" "meta-externalagent/1.1 (+https://developers.facebook.com/docs/sharing/webmasters/crawler)"
57.141.2.17 - - [22/Jul/2025:18:11:26 +0700] "GET /fashion/accessories/S536288960 HTTP/2" 200 0 "-" "meta-externalagent/1.1 (+https://developers.facebook.com/docs/sharing/webmasters/crawler)"
57.141.2.22 - - [22/Jul/2025:18:11:26 +0700] "GET /db.php/shopdetail/hobbies-crafts/P5383356568 HTTP/2" 200 39 "-" "meta-externalagent/1.1 (+https://developers.facebook.com/docs/sharing/webmasters/crawler)"
66.249.79.197 - - [22/Jul/2025:18:11:25 +0700] "POST /get-message-notify HTTP/1.1" 200 20489 "https://shielddoor.vn/cameras/zoom-lens/C5373302945" "Mozilla/5.0 (Linux; Android 6.0.1; Nexus 5X Build/MMB29P) AppleWebKit/537.36 (KHTML, like Gecko) Chrome/137.0.7151.119 Mobile Safari/537.36 (compatible; Googlebot/2.1; +http://www.google.com/bot.html)"
57.141.2.5 - - [22/Jul/2025:18:11:27 +0700] "GET /db.php/shopdetail/beauty-makeup-remover/M5311375398 HTTP/2" 200 39 "-" "meta-externalagent/1.1 (+https://developers.facebook.com/docs/sharing/webmasters/crawler)"
57.141.2.30 - - [22/Jul/2025:18:11:27 +0700] "GET /drinks/whiskey/I5343980629 HTTP/2" 200 0 "-" "meta-externalagent/1.1 (+https://developers.facebook.com/docs/sharing/webmasters/crawler)"
66.249.79.198 - - [22/Jul/2025:18:11:26 +0700] "GET /motorcycles/cars/L5334115958 HTTP/1.1" 200 20493 "-" "Mozilla/5.0 (Linux; Android 6.0.1; Nexus 5X Build/MMB29P) AppleWebKit/537.36 (KHTML, like Gecko) Chrome/137.0.7151.103 Mobile Safari/537.36 (compatible; Googlebot/2.1; +http://www.google.com/bot.html)"
66.249.79.197 - - [22/Jul/2025:18:11:28 +0700] "GET /outdoor/outdoors/H531274612 HTTP/1.1" 200 21015 "-" "Mozilla/5.0 (Linux; Android 6.0.1; Nexus 5X Build/MMB29P) AppleWebKit/537.36 (KHTML, like Gecko) Chrome/137.0.7151.103 Mobile Safari/537.36 (compatible; Googlebot/2.1; +http://www.google.com/bot.html)"
66.249.79.197 - - [22/Jul/2025:18:11:29 +0700] "GET /fishing/outdoors/J5372251937 HTTP/1.1" 200 21084 "-" "Mozilla/5.0 (Linux; Android 6.0.1; Nexus 5X Build/MMB29P) AppleWebKit/537.36 (KHTML, like Gecko) Chrome/137.0.7151.103 Mobile Safari/537.36 (compatible; Googlebot/2.1; +http://www.google.com/bot.html)"
66.249.79.197 - - [22/Jul/2025:18:11:29 +0700] "GET /tools/electrical-tools/S5332788617 HTTP/1.1" 200 20474 "-" "Mozilla/5.0 (Linux; Android 6.0.1; Nexus 5X Build/MMB29P) AppleWebKit/537.36 (KHTML, like Gecko) Chrome/137.0.7151.103 Mobile Safari/537.36 (compatible; Googlebot/2.1; +http://www.google.com/bot.html)"
66.249.79.198 - - [22/Jul/2025:18:11:30 +0700] "GET /books/books/Y5323961544 HTTP/1.1" 200 20406 "-" "Mozilla/5.0 (Linux; Android 6.0.1; Nexus 5X Build/MMB29P) AppleWebKit/537.36 (KHTML, like Gecko) Chrome/137.0.7151.103 Mobile Safari/537.36 (compatible; Googlebot/2.1; +http://www.google.com/bot.html)"
57.141.2.26 - - [22/Jul/2025:18:11:33 +0700] "GET /health/supplements/L5351325047 HTTP/2" 200 0 "-" "meta-externalagent/1.1 (+https://developers.facebook.com/docs/sharing/webmasters/crawler)"
66.249.79.198 - - [22/Jul/2025:18:11:32 +0700] "GET /audio/audio-equipment/V5321905787 HTTP/1.1" 200 20507 "-" "Mozilla/5.0 (Linux; Android 6.0.1; Nexus 5X Build/MMB29P) AppleWebKit/537.36 (KHTML, like Gecko) Chrome/137.0.7151.103 Mobile Safari/537.36 (compatible; Googlebot/2.1; +http://www.google.com/bot.html)"
66.249.79.197 - - [22/Jul/2025:18:11:33 +0700] "GET /fashion/accessories/D537996649 HTTP/1.1" 200 20594 "-" "Mozilla/5.0 (Linux; Android 6.0.1; Nexus 5X Build/MMB29P) AppleWebKit/537.36 (KHTML, like Gecko) Chrome/137.0.7151.103 Mobile Safari/537.36 (compatible; Googlebot/2.1; +http://www.google.com/bot.html)"
57.141.2.10 - - [22/Jul/2025:18:11:36 +0700] "GET /home-appliances/kitchen-appliances/N5293141777 HTTP/2" 200 0 "-" "meta-externalagent/1.1 (+https://developers.facebook.com/docs/sharing/webmasters/crawler)"
66.249.79.198 - - [22/Jul/2025:18:11:35 +0700] "GET /alcohol/rice/I5322152512 HTTP/1.1" 200 21909 "-" "Mozilla/5.0 (Linux; Android 6.0.1; Nexus 5X Build/MMB29P) AppleWebKit/537.36 (KHTML, like Gecko) Chrome/137.0.7151.103 Mobile Safari/537.36 (compatible; Googlebot/2.1; +http://www.google.com/bot.html)"
57.141.2.7 - - [22/Jul/2025:18:11:37 +0700] "GET /musical-instruments/collections/O5333128818 HTTP/2" 200 0 "-" "meta-externalagent/1.1 (+https://developers.facebook.com/docs/sharing/webmasters/crawler)"
66.249.79.197 - - [22/Jul/2025:18:11:41 +0700] "POST /get-message-notify HTTP/1.1" 200 20489 "https://shielddoor.vn/audio/audio-equipment/V5321905787" "Mozilla/5.0 (Linux; Android 6.0.1; Nexus 5X Build/MMB29P) AppleWebKit/537.36 (KHTML, like Gecko) Chrome/137.0.7151.119 Mobile Safari/537.36 (compatible; Googlebot/2.1; +http://www.google.com/bot.html)"
57.141.2.17 - - [22/Jul/2025:18:11:43 +0700] "GET /handicrafts/materials/U5304143274 HTTP/2" 200 0 "-" "meta-externalagent/1.1 (+https://developers.facebook.com/docs/sharing/webmasters/crawler)"
40.77.167.54 - - [22/Jul/2025:18:11:43 +0700] "GET /tools/angle-meters/G5361493898 HTTP/2" 200 0 "-" "Mozilla/5.0 AppleWebKit/537.36 (KHTML, like Gecko; compatible; bingbot/2.0; +http://www.bing.com/bingbot.htm) Chrome/116.0.1938.76 Safari/537.36"
57.141.2.12 - - [22/Jul/2025:18:11:02 +0700] "GET /cameras/zoom-lens/Z5362210125 HTTP/2" 200 0 "-" "meta-externalagent/1.1 (+https://developers.facebook.com/docs/sharing/webmasters/crawler)"
57.141.2.10 - - [22/Jul/2025:18:11:03 +0700] "GET /fashion/womens/K5323488442 HTTP/2" 200 0 "-" "meta-externalagent/1.1 (+https://developers.facebook.com/docs/sharing/webmasters/crawler)"
66.249.79.197 - - [22/Jul/2025:18:11:03 +0700] "GET /food/alcohol/V536748955 HTTP/1.1" 200 20920 "-" "Mozilla/5.0 (Linux; Android 6.0.1; Nexus 5X Build/MMB29P) AppleWebKit/537.36 (KHTML, like Gecko) Chrome/137.0.7151.103 Mobile Safari/537.36 (compatible; Googlebot/2.1; +http://www.google.com/bot.html)"
66.249.79.197 - - [22/Jul/2025:18:11:03 +0700] "GET /fashion/jackets/A5291096922 HTTP/1.1" 200 20581 "-" "Mozilla/5.0 (Linux; Android 6.0.1; Nexus 5X Build/MMB29P) AppleWebKit/537.36 (KHTML, like Gecko) Chrome/137.0.7151.103 Mobile Safari/537.36 (compatible; Googlebot/2.1; +http://www.google.com/bot.html)"
57.141.2.21 - - [22/Jul/2025:18:11:09 +0700] "GET /db.php/shopdetail/audio-player/X5291554814 HTTP/2" 200 39 "-" "meta-externalagent/1.1 (+https://developers.facebook.com/docs/sharing/webmasters/crawler)"
57.141.2.9 - - [22/Jul/2025:18:11:11 +0700] "GET /tickets/male-idols/V5342189703 HTTP/2" 200 0 "-" "meta-externalagent/1.1 (+https://developers.facebook.com/docs/sharing/webmasters/crawler)"
57.141.2.12 - - [22/Jul/2025:18:11:13 +0700] "GET /diet/silver-carts/N5293764911 HTTP/2" 200 0 "-" "meta-externalagent/1.1 (+https://developers.facebook.com/docs/sharing/webmasters/crawler)"
57.141.2.26 - - [22/Jul/2025:18:11:14 +0700] "GET /db.php/shopdetail/diet-measuring-devices/E5312482966 HTTP/2" 200 39 "-" "meta-externalagent/1.1 (+https://developers.facebook.com/docs/sharing/webmasters/crawler)"
57.141.2.17 - - [22/Jul/2025:18:11:14 +0700] "GET /fishing/fishing/Z5383053473 HTTP/2" 200 0 "-" "meta-externalagent/1.1 (+https://developers.facebook.com/docs/sharing/webmasters/crawler)"
57.141.2.25 - - [22/Jul/2025:18:11:17 +0700] "GET /bicycles/accessories/K5372439724 HTTP/2" 200 0 "-" "meta-externalagent/1.1 (+https://developers.facebook.com/docs/sharing/webmasters/crawler)"
57.141.2.23 - - [22/Jul/2025:18:11:20 +0700] "GET /tools/others/L5384126041 HTTP/2" 200 0 "-" "meta-externalagent/1.1 (+https://developers.facebook.com/docs/sharing/webmasters/crawler)"
57.141.2.25 - - [22/Jul/2025:18:11:20 +0700] "GET /fashion/womens/L5302551403 HTTP/2" 200 0 "-" "meta-externalagent/1.1 (+https://developers.facebook.com/docs/sharing/webmasters/crawler)"
57.141.2.24 - - [22/Jul/2025:18:11:26 +0700] "GET /gardening/codex/H5353669925 HTTP/2" 200 0 "-" "meta-externalagent/1.1 (+https://developers.facebook.com/docs/sharing/webmasters/crawler)"
57.141.2.22 - - [22/Jul/2025:18:11:28 +0700] "GET /daily-necessities/kitchen/F5301942630 HTTP/2" 200 0 "-" "meta-externalagent/1.1 (+https://developers.facebook.com/docs/sharing/webmasters/crawler)"
57.141.2.10 - - [22/Jul/2025:18:11:41 +0700] "GET /dvds/japanese-music/K5332037884 HTTP/2" 200 0 "-" "meta-externalagent/1.1 (+https://developers.facebook.com/docs/sharing/webmasters/crawler)"
57.141.2.13 - - [22/Jul/2025:18:11:42 +0700] "GET /toys/character/Z536319527 HTTP/2" 200 0 "-" "meta-externalagent/1.1 (+https://developers.facebook.com/docs/sharing/webmasters/crawler)"
57.141.2.13 - - [22/Jul/2025:18:11:43 +0700] "GET /magazines/certifications/Z5312839355 HTTP/2" 200 0 "-" "meta-externalagent/1.1 (+https://developers.facebook.com/docs/sharing/webmasters/crawler)"
57.141.2.8 - - [22/Jul/2025:18:11:43 +0700] "GET /db.php/shopdetail/books-boys-manga/I5293792413 HTTP/2" 200 39 "-" "meta-externalagent/1.1 (+https://developers.facebook.com/docs/sharing/webmasters/crawler)"
57.141.2.28 - - [22/Jul/2025:18:11:46 +0700] "GET /cameras/audio-equipment/M5373694846 HTTP/2" 200 0 "-" "meta-externalagent/1.1 (+https://developers.facebook.com/docs/sharing/webmasters/crawler)"
57.141.2.7 - - [22/Jul/2025:18:11:23 +0700] "GET /alcohol/shochu/L5383661316 HTTP/2" 200 0 "-" "meta-externalagent/1.1 (+https://developers.facebook.com/docs/sharing/webmasters/crawler)"
66.249.79.197 - - [22/Jul/2025:18:11:22 +0700] "GET /tickets/discount-coupons/W5313478705 HTTP/1.1" 200 20320 "-" "Mozilla/5.0 (Linux; Android 6.0.1; Nexus 5X Build/MMB29P) AppleWebKit/537.36 (KHTML, like Gecko) Chrome/137.0.7151.103 Mobile Safari/537.36 (compatible; Googlebot/2.1; +http://www.google.com/bot.html)"
57.141.2.28 - - [22/Jul/2025:18:11:24 +0700] "GET /food/shochu/E5382360182 HTTP/2" 200 0 "-" "meta-externalagent/1.1 (+https://developers.facebook.com/docs/sharing/webmasters/crawler)"
57.141.2.20 - - [22/Jul/2025:18:11:24 +0700] "GET /db.php/shopdetail/tools-toilets/R5303585677 HTTP/2" 200 39 "-" "meta-externalagent/1.1 (+https://developers.facebook.com/docs/sharing/webmasters/crawler)"
66.249.79.198 - - [22/Jul/2025:18:11:25 +0700] "GET /books/languages/Z5312616735 HTTP/1.1" 200 20954 "-" "Mozilla/5.0 (Linux; Android 6.0.1; Nexus 5X Build/MMB29P) AppleWebKit/537.36 (KHTML, like Gecko) Chrome/137.0.7151.103 Mobile Safari/537.36 (compatible; Googlebot/2.1; +http://www.google.com/bot.html)"
66.249.79.198 - - [22/Jul/2025:18:11:27 +0700] "POST /get-message-notify HTTP/1.1" 200 20489 "https://shielddoor.vn/cosmetics/face-creams/E5372546556" "Mozilla/5.0 (Linux; Android 6.0.1; Nexus 5X Build/MMB29P) AppleWebKit/537.36 (KHTML, like Gecko) Chrome/137.0.7151.119 Mobile Safari/537.36 (compatible; Googlebot/2.1; +http://www.google.com/bot.html)"
57.141.2.4 - - [22/Jul/2025:18:11:28 +0700] "GET /db.php/shopdetail/fashion-suits/Y5311062669 HTTP/2" 200 39 "-" "meta-externalagent/1.1 (+https://developers.facebook.com/docs/sharing/webmasters/crawler)"
57.141.2.9 - - [22/Jul/2025:18:11:29 +0700] "GET /tablets/mac-desktop/T5372513601 HTTP/2" 200 0 "-" "meta-externalagent/1.1 (+https://developers.facebook.com/docs/sharing/webmasters/crawler)"
66.249.79.198 - - [22/Jul/2025:18:11:28 +0700] "GET /diy/paints/Z5321914148 HTTP/1.1" 200 20310 "-" "Mozilla/5.0 (Linux; Android 6.0.1; Nexus 5X Build/MMB29P) AppleWebKit/537.36 (KHTML, like Gecko) Chrome/137.0.7151.103 Mobile Safari/537.36 (compatible; Googlebot/2.1; +http://www.google.com/bot.html)"
57.141.2.20 - - [22/Jul/2025:18:11:31 +0700] "GET /db.php/shopdetail/motorcycles-motorcycle-bodies/N5304044755 HTTP/2" 200 39 "-" "meta-externalagent/1.1 (+https://developers.facebook.com/docs/sharing/webmasters/crawler)"
57.141.2.19 - - [22/Jul/2025:18:11:33 +0700] "GET /db.php/shopdetail/audio-cameras/A5292517789 HTTP/2" 200 39 "-" "meta-externalagent/1.1 (+https://developers.facebook.com/docs/sharing/webmasters/crawler)"
57.141.2.11 - - [22/Jul/2025:18:11:35 +0700] "GET /fishing/fishing/Y5293865904 HTTP/2" 200 0 "-" "meta-externalagent/1.1 (+https://developers.facebook.com/docs/sharing/webmasters/crawler)"
57.141.2.18 - - [22/Jul/2025:18:11:38 +0700] "GET /sports/golf/S5371010177 HTTP/2" 200 0 "-" "meta-externalagent/1.1 (+https://developers.facebook.com/docs/sharing/webmasters/crawler)"
57.141.2.5 - - [22/Jul/2025:18:11:39 +0700] "GET /tickets/events/L529249171 HTTP/2" 200 0 "-" "meta-externalagent/1.1 (+https://developers.facebook.com/docs/sharing/webmasters/crawler)"
57.141.2.20 - - [22/Jul/2025:18:11:40 +0700] "GET /manga/complete-sets/S538972129 HTTP/2" 200 0 "-" "meta-externalagent/1.1 (+https://developers.facebook.com/docs/sharing/webmasters/crawler)"
57.141.2.2 - - [22/Jul/2025:18:11:44 +0700] "GET /goods/others/U533261791 HTTP/2" 200 0 "-" "meta-externalagent/1.1 (+https://developers.facebook.com/docs/sharing/webmasters/crawler)"
57.141.2.9 - - [22/Jul/2025:18:11:48 +0700] "GET /computers/smartphone/K5341102212 HTTP/2" 200 0 "-" "meta-externalagent/1.1 (+https://developers.facebook.com/docs/sharing/webmasters/crawler)"
57.141.2.18 - - [22/Jul/2025:18:11:51 +0700] "GET /motorcycles/clothing/K531851945 HTTP/2" 200 0 "-" "meta-externalagent/1.1 (+https://developers.facebook.com/docs/sharing/webmasters/crawler)"
57.141.2.11 - - [22/Jul/2025:18:11:46 +0700] "GET /db.php/shopdetail/bicycles-cars/C5364205820 HTTP/2" 200 39 "-" "meta-externalagent/1.1 (+https://developers.facebook.com/docs/sharing/webmasters/crawler)"
57.141.2.23 - - [22/Jul/2025:18:11:50 +0700] "GET /tickets/facility-tickets/P5374045629 HTTP/2" 200 0 "-" "meta-externalagent/1.1 (+https://developers.facebook.com/docs/sharing/webmasters/crawler)"
57.141.2.24 - - [22/Jul/2025:18:11:50 +0700] "GET /db.php/shopdetail/cds-music/U5343525544 HTTP/2" 200 39 "-" "meta-externalagent/1.1 (+https://developers.facebook.com/docs/sharing/webmasters/crawler)"
66.249.79.198 - - [22/Jul/2025:18:11:49 +0700] "GET /drinks/food/F5301807670 HTTP/1.1" 200 21457 "-" "Mozilla/5.0 (Linux; Android 6.0.1; Nexus 5X Build/MMB29P) AppleWebKit/537.36 (KHTML, like Gecko) Chrome/137.0.7151.103 Mobile Safari/537.36 (compatible; Googlebot/2.1; +http://www.google.com/bot.html)"
57.141.2.15 - - [22/Jul/2025:18:11:55 +0700] "GET /sports/martial-arts/O5361247218 HTTP/2" 200 0 "-" "meta-externalagent/1.1 (+https://developers.facebook.com/docs/sharing/webmasters/crawler)"
57.141.2.6 - - [22/Jul/2025:18:11:55 +0700] "GET /computers/apple-watches/C5372900305 HTTP/2" 200 0 "-" "meta-externalagent/1.1 (+https://developers.facebook.com/docs/sharing/webmasters/crawler)"
57.141.2.24 - - [22/Jul/2025:18:11:58 +0700] "GET /db.php/shopdetail/fishing-rods/Q5373940363 HTTP/2" 200 39 "-" "meta-externalagent/1.1 (+https://developers.facebook.com/docs/sharing/webmasters/crawler)"
57.141.2.10 - - [22/Jul/2025:18:11:59 +0700] "GET /alcohol/drinks/Z537539216 HTTP/2" 200 0 "-" "meta-externalagent/1.1 (+https://developers.facebook.com/docs/sharing/webmasters/crawler)"
57.141.2.7 - - [22/Jul/2025:18:11:59 +0700] "GET /tickets/shopping/Q537905931 HTTP/2" 200 0 "-" "meta-externalagent/1.1 (+https://developers.facebook.com/docs/sharing/webmasters/crawler)"
57.141.2.24 - - [22/Jul/2025:18:11:59 +0700] "GET /db.php/shopdetail/computers-mobile-phone/E5313731138 HTTP/2" 200 39 "-" "meta-externalagent/1.1 (+https://developers.facebook.com/docs/sharing/webmasters/crawler)"
66.249.79.198 - - [22/Jul/2025:18:11:59 +0700] "GET /tools/housing/I5333054491 HTTP/1.1" 200 20193 "-" "Mozilla/5.0 (Linux; Android 6.0.1; Nexus 5X Build/MMB29P) AppleWebKit/537.36 (KHTML, like Gecko) Chrome/137.0.7151.103 Mobile Safari/537.36 (compatible; Googlebot/2.1; +http://www.google.com/bot.html)"
57.141.2.7 - - [22/Jul/2025:18:12:00 +0700] "GET /db.php/shopdetail/fashion-hats/A529985059 HTTP/2" 200 39 "-" "meta-externalagent/1.1 (+https://developers.facebook.com/docs/sharing/webmasters/crawler)"
57.141.2.9 - - [22/Jul/2025:18:12:01 +0700] "GET /travel-supplies/outdoors/O5373703545 HTTP/2" 200 0 "-" "meta-externalagent/1.1 (+https://developers.facebook.com/docs/sharing/webmasters/crawler)"
66.249.79.198 - - [22/Jul/2025:18:12:01 +0700] "POST /get-message-notify HTTP/1.1" 200 20497 "https://shielddoor.vn/fashion/shoes/Q5312523801" "Mozilla/5.0 (Linux; Android 6.0.1; Nexus 5X Build/MMB29P) AppleWebKit/537.36 (KHTML, like Gecko) Chrome/137.0.7151.119 Mobile Safari/537.36 (compatible; Googlebot/2.1; +http://www.google.com/bot.html)"
57.141.2.24 - - [22/Jul/2025:18:12:03 +0700] "GET /db.php/shopdetail/smartphones-mobile-phones/B5293884814 HTTP/2" 200 39 "-" "meta-externalagent/1.1 (+https://developers.facebook.com/docs/sharing/webmasters/crawler)"
57.141.2.30 - - [22/Jul/2025:18:12:03 +0700] "GET /food/drinks/M535967948 HTTP/2" 200 0 "-" "meta-externalagent/1.1 (+https://developers.facebook.com/docs/sharing/webmasters/crawler)"
57.141.2.22 - - [22/Jul/2025:18:12:04 +0700] "GET /travel-supplies/fishing/L5342595242 HTTP/2" 200 0 "-" "meta-externalagent/1.1 (+https://developers.facebook.com/docs/sharing/webmasters/crawler)"
57.141.2.2 - - [22/Jul/2025:18:12:05 +0700] "GET /cars/motorcycles/D5311392950 HTTP/2" 200 0 "-" "meta-externalagent/1.1 (+https://developers.facebook.com/docs/sharing/webmasters/crawler)"
66.249.79.197 - - [22/Jul/2025:18:11:50 +0700] "POST /get-message-notify HTTP/1.1" 200 20478 "https://shielddoor.vn/outdoor/outdoors/H531274612" "Mozilla/5.0 (Linux; Android 6.0.1; Nexus 5X Build/MMB29P) AppleWebKit/537.36 (KHTML, like Gecko) Chrome/137.0.7151.119 Mobile Safari/537.36 (compatible; Googlebot/2.1; +http://www.google.com/bot.html)"
57.141.2.27 - - [22/Jul/2025:18:11:51 +0700] "GET /outdoor/cooking-supplies/C5381771452 HTTP/2" 200 0 "-" "meta-externalagent/1.1 (+https://developers.facebook.com/docs/sharing/webmasters/crawler)"
57.141.2.22 - - [22/Jul/2025:18:11:52 +0700] "GET /decor/mats/D5343858468 HTTP/2" 200 0 "-" "meta-externalagent/1.1 (+https://developers.facebook.com/docs/sharing/webmasters/crawler)"
57.141.2.5 - - [22/Jul/2025:18:11:56 +0700] "GET /cars/equipment/M5312207567 HTTP/2" 200 0 "-" "meta-externalagent/1.1 (+https://developers.facebook.com/docs/sharing/webmasters/crawler)"
57.141.2.25 - - [22/Jul/2025:18:11:57 +0700] "GET /cameras/cameras/S5303415420 HTTP/2" 200 0 "-" "meta-externalagent/1.1 (+https://developers.facebook.com/docs/sharing/webmasters/crawler)"
57.141.2.13 - - [22/Jul/2025:18:12:00 +0700] "GET /tablets/wearables/L5291146559 HTTP/2" 200 0 "-" "meta-externalagent/1.1 (+https://developers.facebook.com/docs/sharing/webmasters/crawler)"
57.141.2.1 - - [22/Jul/2025:18:12:01 +0700] "GET /cameras/digital-cameras/G5304076592 HTTP/2" 200 0 "-" "meta-externalagent/1.1 (+https://developers.facebook.com/docs/sharing/webmasters/crawler)"
57.141.2.10 - - [22/Jul/2025:18:12:01 +0700] "GET /tickets/accommodation-tickets/L5324010334 HTTP/2" 200 0 "-" "meta-externalagent/1.1 (+https://developers.facebook.com/docs/sharing/webmasters/crawler)"
57.141.2.29 - - [22/Jul/2025:18:12:03 +0700] "GET /fashion/womens/R5342940172 HTTP/2" 200 0 "-" "meta-externalagent/1.1 (+https://developers.facebook.com/docs/sharing/webmasters/crawler)"
57.141.2.13 - - [22/Jul/2025:18:12:04 +0700] "GET /food/drinks/Y5341841062 HTTP/2" 200 0 "-" "meta-externalagent/1.1 (+https://developers.facebook.com/docs/sharing/webmasters/crawler)"
57.141.2.29 - - [22/Jul/2025:18:12:05 +0700] "GET /fashion/jackets/P5312876132 HTTP/2" 200 0 "-" "meta-externalagent/1.1 (+https://developers.facebook.com/docs/sharing/webmasters/crawler)"
57.141.2.11 - - [22/Jul/2025:18:12:06 +0700] "GET /toys/trading-cards/Q5301953757 HTTP/2" 200 0 "-" "meta-externalagent/1.1 (+https://developers.facebook.com/docs/sharing/webmasters/crawler)"
57.141.2.20 - - [22/Jul/2025:18:12:08 +0700] "GET /db.php/shopdetail/audio-digital-cameras/Q5291234039 HTTP/2" 200 39 "-" "meta-externalagent/1.1 (+https://developers.facebook.com/docs/sharing/webmasters/crawler)"
57.141.2.16 - - [22/Jul/2025:18:12:09 +0700] "GET /interior/store/R5312148770 HTTP/2" 200 0 "-" "meta-externalagent/1.1 (+https://developers.facebook.com/docs/sharing/webmasters/crawler)"
57.141.2.14 - - [22/Jul/2025:18:12:10 +0700] "GET /fashion/accessories/I5381934490 HTTP/2" 200 0 "-" "meta-externalagent/1.1 (+https://developers.facebook.com/docs/sharing/webmasters/crawler)"
66.249.79.197 - - [22/Jul/2025:18:12:09 +0700] "GET /drinks/others/H5322237241 HTTP/1.1" 200 20830 "-" "Mozilla/5.0 (Linux; Android 6.0.1; Nexus 5X Build/MMB29P) AppleWebKit/537.36 (KHTML, like Gecko) Chrome/137.0.7151.103 Mobile Safari/537.36 (compatible; Googlebot/2.1; +http://www.google.com/bot.html)"
57.141.2.27 - - [22/Jul/2025:18:12:11 +0700] "GET /audio/audio-equipment/K5303616835 HTTP/2" 200 0 "-" "meta-externalagent/1.1 (+https://developers.facebook.com/docs/sharing/webmasters/crawler)"
57.141.2.22 - - [22/Jul/2025:18:12:12 +0700] "GET /bicycles/motorcycles/O533517265 HTTP/2" 200 0 "-" "meta-externalagent/1.1 (+https://developers.facebook.com/docs/sharing/webmasters/crawler)"
57.141.2.4 - - [22/Jul/2025:18:12:13 +0700] "GET /sports/winter-sports/G5383950656 HTTP/2" 200 0 "-" "meta-externalagent/1.1 (+https://developers.facebook.com/docs/sharing/webmasters/crawler)"
57.141.2.24 - - [22/Jul/2025:18:11:43 +0700] "GET /drinks/wine/F5312547504 HTTP/2" 200 0 "-" "meta-externalagent/1.1 (+https://developers.facebook.com/docs/sharing/webmasters/crawler)"
57.141.2.2 - - [22/Jul/2025:18:11:44 +0700] "GET /db.php/shopdetail/art-robots/M5303675132 HTTP/2" 200 39 "-" "meta-externalagent/1.1 (+https://developers.facebook.com/docs/sharing/webmasters/crawler)"
57.141.2.1 - - [22/Jul/2025:18:11:44 +0700] "GET /sports/flamenco/F5363595638 HTTP/2" 200 0 "-" "meta-externalagent/1.1 (+https://developers.facebook.com/docs/sharing/webmasters/crawler)"
57.141.2.29 - - [22/Jul/2025:18:11:45 +0700] "GET /db.php/shopdetail/fashion-womens/P5303648115 HTTP/2" 200 39 "-" "meta-externalagent/1.1 (+https://developers.facebook.com/docs/sharing/webmasters/crawler)"
40.77.167.33 - - [22/Jul/2025:18:11:50 +0700] "GET /tools/electrical-materials/E5383170106 HTTP/2" 200 0 "-" "Mozilla/5.0 AppleWebKit/537.36 (KHTML, like Gecko; compatible; bingbot/2.0; +http://www.bing.com/bingbot.htm) Chrome/116.0.1938.76 Safari/537.36"
57.141.2.22 - - [22/Jul/2025:18:11:50 +0700] "GET /db.php/shopdetail/fashion-accessories/X5343594167 HTTP/2" 200 39 "-" "meta-externalagent/1.1 (+https://developers.facebook.com/docs/sharing/webmasters/crawler)"
57.141.2.16 - - [22/Jul/2025:18:11:55 +0700] "GET /sports/snowboard/H5382497369 HTTP/2" 200 0 "-" "meta-externalagent/1.1 (+https://developers.facebook.com/docs/sharing/webmasters/crawler)"
57.141.2.27 - - [22/Jul/2025:18:11:56 +0700] "GET /decor/bed-frames/X538971513 HTTP/2" 200 0 "-" "meta-externalagent/1.1 (+https://developers.facebook.com/docs/sharing/webmasters/crawler)"
57.141.2.8 - - [22/Jul/2025:18:11:56 +0700] "GET /tools/grinding-stones/H5313934044 HTTP/2" 200 0 "-" "meta-externalagent/1.1 (+https://developers.facebook.com/docs/sharing/webmasters/crawler)"
57.141.2.6 - - [22/Jul/2025:18:11:56 +0700] "GET /db.php/shopdetail/decor-chairs/Z5361074136 HTTP/2" 200 39 "-" "meta-externalagent/1.1 (+https://developers.facebook.com/docs/sharing/webmasters/crawler)"
66.249.79.197 - - [22/Jul/2025:18:12:05 +0700] "GET /fashion/hats/P5292729114 HTTP/1.1" 200 20598 "-" "Mozilla/5.0 (Linux; Android 6.0.1; Nexus 5X Build/MMB29P) AppleWebKit/537.36 (KHTML, like Gecko) Chrome/137.0.7151.103 Mobile Safari/537.36 (compatible; Googlebot/2.1; +http://www.google.com/bot.html)"
57.141.2.23 - - [22/Jul/2025:18:12:08 +0700] "GET /goods/game-cards/E534411985 HTTP/2" 200 0 "-" "meta-externalagent/1.1 (+https://developers.facebook.com/docs/sharing/webmasters/crawler)"
66.249.79.197 - - [22/Jul/2025:18:12:07 +0700] "GET /cars/security/Z5301828498 HTTP/1.1" 200 20958 "-" "Mozilla/5.0 (Linux; Android 6.0.1; Nexus 5X Build/MMB29P) AppleWebKit/537.36 (KHTML, like Gecko) Chrome/137.0.7151.103 Mobile Safari/537.36 (compatible; Googlebot/2.1; +http://www.google.com/bot.html)"
57.141.2.11 - - [22/Jul/2025:18:12:10 +0700] "GET /bicycles/cars/T5332289894 HTTP/2" 200 0 "-" "meta-externalagent/1.1 (+https://developers.facebook.com/docs/sharing/webmasters/crawler)"
66.249.79.197 - - [22/Jul/2025:18:12:10 +0700] "GET /cosmetics/hair-removal/I5383157400 HTTP/1.1" 200 20374 "-" "Mozilla/5.0 (Linux; Android 6.0.1; Nexus 5X Build/MMB29P) AppleWebKit/537.36 (KHTML, like Gecko) Chrome/137.0.7151.103 Mobile Safari/537.36 (compatible; Googlebot/2.1; +http://www.google.com/bot.html)"
57.141.2.17 - - [22/Jul/2025:18:12:12 +0700] "GET /bicycles/safety/T5351255414 HTTP/2" 200 0 "-" "meta-externalagent/1.1 (+https://developers.facebook.com/docs/sharing/webmasters/crawler)"
57.141.2.2 - - [22/Jul/2025:18:12:12 +0700] "GET /smartphones/pc-parts/Y535545871 HTTP/2" 200 0 "-" "meta-externalagent/1.1 (+https://developers.facebook.com/docs/sharing/webmasters/crawler)"
66.249.79.197 - - [22/Jul/2025:18:12:12 +0700] "GET /cameras/cameras/N5302481935 HTTP/1.1" 200 20408 "-" "Mozilla/5.0 (Linux; Android 6.0.1; Nexus 5X Build/MMB29P) AppleWebKit/537.36 (KHTML, like Gecko) Chrome/137.0.7151.103 Mobile Safari/537.36 (compatible; Googlebot/2.1; +http://www.google.com/bot.html)"
66.249.79.198 - - [22/Jul/2025:18:12:04 +0700] "POST /get-message-notify HTTP/1.1" 200 20493 "https://shielddoor.vn/tools/housing/I5333054491" "Mozilla/5.0 (Linux; Android 6.0.1; Nexus 5X Build/MMB29P) AppleWebKit/537.36 (KHTML, like Gecko) Chrome/137.0.7151.119 Mobile Safari/537.36 (compatible; Googlebot/2.1; +http://www.google.com/bot.html)"
57.141.2.27 - - [22/Jul/2025:18:12:07 +0700] "GET /interior/floor-stands/L533768133 HTTP/2" 200 0 "-" "meta-externalagent/1.1 (+https://developers.facebook.com/docs/sharing/webmasters/crawler)"
66.249.79.198 - - [22/Jul/2025:18:12:05 +0700] "GET /diet/relaxation/V5302711255 HTTP/1.1" 200 20421 "-" "Mozilla/5.0 (Linux; Android 6.0.1; Nexus 5X Build/MMB29P) AppleWebKit/537.36 (KHTML, like Gecko) Chrome/137.0.7151.103 Mobile Safari/537.36 (compatible; Googlebot/2.1; +http://www.google.com/bot.html)"
57.141.2.30 - - [22/Jul/2025:18:12:08 +0700] "GET /db.php/shopdetail/handmade-shoes/Y5352219851 HTTP/2" 200 39 "-" "meta-externalagent/1.1 (+https://developers.facebook.com/docs/sharing/webmasters/crawler)"
57.141.2.19 - - [22/Jul/2025:18:12:09 +0700] "GET /db.php/shopdetail/interior-kitchen-storage/X5332290433 HTTP/2" 200 39 "-" "meta-externalagent/1.1 (+https://developers.facebook.com/docs/sharing/webmasters/crawler)"
57.141.2.5 - - [22/Jul/2025:18:12:09 +0700] "GET /db.php/shopdetail/fashion-womens/H5343264027 HTTP/2" 200 39 "-" "meta-externalagent/1.1 (+https://developers.facebook.com/docs/sharing/webmasters/crawler)"
57.141.2.13 - - [22/Jul/2025:18:12:13 +0700] "GET /audio/cameras/Z5293701564 HTTP/2" 200 0 "-" "meta-externalagent/1.1 (+https://developers.facebook.com/docs/sharing/webmasters/crawler)"
57.141.2.8 - - [22/Jul/2025:18:12:13 +0700] "GET /manga/complete-sets/I5344010325 HTTP/2" 200 0 "-" "meta-externalagent/1.1 (+https://developers.facebook.com/docs/sharing/webmasters/crawler)"
57.141.2.7 - - [22/Jul/2025:18:12:19 +0700] "GET /art/models/R5321346401 HTTP/2" 200 0 "-" "meta-externalagent/1.1 (+https://developers.facebook.com/docs/sharing/webmasters/crawler)"
57.141.2.12 - - [22/Jul/2025:18:12:25 +0700] "GET /bicycles/bicycles/I5323126946 HTTP/2" 200 0 "-" "meta-externalagent/1.1 (+https://developers.facebook.com/docs/sharing/webmasters/crawler)"
57.141.2.29 - - [22/Jul/2025:18:12:28 +0700] "GET /motorcycles/motorcycles/Q537803542 HTTP/2" 200 0 "-" "meta-externalagent/1.1 (+https://developers.facebook.com/docs/sharing/webmasters/crawler)"
66.249.79.198 - - [22/Jul/2025:18:12:29 +0700] "GET /tv/cameras/J5343256833 HTTP/1.1" 200 20807 "-" "Mozilla/5.0 (Linux; Android 6.0.1; Nexus 5X Build/MMB29P) AppleWebKit/537.36 (KHTML, like Gecko) Chrome/137.0.7151.103 Mobile Safari/537.36 (compatible; Googlebot/2.1; +http://www.google.com/bot.html)"
57.141.2.14 - - [22/Jul/2025:18:12:30 +0700] "GET /gardening/pachira/Y5353905796 HTTP/2" 200 0 "-" "meta-externalagent/1.1 (+https://developers.facebook.com/docs/sharing/webmasters/crawler)"
