57.141.2.30 - - [22/Jul/2025:18:43:35 +0700] "GET /cosmetics/face-creams/W5291411608 HTTP/2" 200 0 "-" "meta-externalagent/1.1 (+https://developers.facebook.com/docs/sharing/webmasters/crawler)"
57.141.2.16 - - [22/Jul/2025:18:43:40 +0700] "GET /db.php/shopdetail/tablets-apple-watches/N535726375 HTTP/2" 200 39 "-" "meta-externalagent/1.1 (+https://developers.facebook.com/docs/sharing/webmasters/crawler)"
57.141.2.6 - - [22/Jul/2025:18:43:41 +0700] "GET /fashion/womens/U5344132816 HTTP/2" 200 0 "-" "meta-externalagent/1.1 (+https://developers.facebook.com/docs/sharing/webmasters/crawler)"
57.141.2.25 - - [22/Jul/2025:18:43:43 +0700] "GET /interior/desks/L5293045272 HTTP/2" 200 0 "-" "meta-externalagent/1.1 (+https://developers.facebook.com/docs/sharing/webmasters/crawler)"
66.249.79.197 - - [22/Jul/2025:18:43:43 +0700] "GET /alcohol/drinks/D530733208 HTTP/1.1" 200 20164 "-" "Mozilla/5.0 (Linux; Android 6.0.1; Nexus 5X Build/MMB29P) AppleWebKit/537.36 (KHTML, like Gecko) Chrome/137.0.7151.103 Mobile Safari/537.36 (compatible; Googlebot/2.1; +http://www.google.com/bot.html)"
57.141.2.29 - - [22/Jul/2025:18:43:45 +0700] "GET /db.php/shopdetail/fashion-bags/L5303496178 HTTP/2" 200 39 "-" "meta-externalagent/1.1 (+https://developers.facebook.com/docs/sharing/webmasters/crawler)"
57.141.2.11 - - [22/Jul/2025:18:43:46 +0700] "GET /fashion/dresses/N536412409 HTTP/2" 200 0 "-" "meta-externalagent/1.1 (+https://developers.facebook.com/docs/sharing/webmasters/crawler)"
57.141.2.21 - - [22/Jul/2025:18:43:46 +0700] "GET /games/acrylic-stands/J5292117660 HTTP/2" 200 0 "-" "meta-externalagent/1.1 (+https://developers.facebook.com/docs/sharing/webmasters/crawler)"
66.249.79.197 - - [22/Jul/2025:18:43:48 +0700] "GET /bicycles/cars/T5304112495 HTTP/1.1" 200 20739 "-" "Mozilla/5.0 (Linux; Android 6.0.1; Nexus 5X Build/MMB29P) AppleWebKit/537.36 (KHTML, like Gecko) Chrome/137.0.7151.103 Mobile Safari/537.36 (compatible; Googlebot/2.1; +http://www.google.com/bot.html)"
57.141.2.10 - - [22/Jul/2025:18:43:50 +0700] "GET /travel-supplies/fishing/D5303896999 HTTP/2" 200 0 "-" "meta-externalagent/1.1 (+https://developers.facebook.com/docs/sharing/webmasters/crawler)"
66.249.79.197 - - [22/Jul/2025:18:43:50 +0700] "GET /sports/ski/T5323167735 HTTP/1.1" 200 20413 "-" "Mozilla/5.0 (Linux; Android 6.0.1; Nexus 5X Build/MMB29P) AppleWebKit/537.36 (KHTML, like Gecko) Chrome/137.0.7151.103 Mobile Safari/537.36 (compatible; Googlebot/2.1; +http://www.google.com/bot.html)"
66.249.79.197 - - [22/Jul/2025:18:42:42 +0700] "GET /furniture/office/G5333523241 HTTP/1.1" 200 21552 "-" "Mozilla/5.0 (Linux; Android 6.0.1; Nexus 5X Build/MMB29P) AppleWebKit/537.36 (KHTML, like Gecko) Chrome/137.0.7151.103 Mobile Safari/537.36 (compatible; Googlebot/2.1; +http://www.google.com/bot.html)"
57.141.2.28 - - [22/Jul/2025:18:42:53 +0700] "GET /interior/lighting/F5363364207 HTTP/2" 200 0 "-" "meta-externalagent/1.1 (+https://developers.facebook.com/docs/sharing/webmasters/crawler)"
57.141.2.23 - - [22/Jul/2025:18:42:56 +0700] "GET /dvds/dvd/W5373255757 HTTP/2" 200 0 "-" "meta-externalagent/1.1 (+https://developers.facebook.com/docs/sharing/webmasters/crawler)"
57.141.2.8 - - [22/Jul/2025:18:42:56 +0700] "GET /fashion/accessories/W5374053729 HTTP/2" 200 0 "-" "meta-externalagent/1.1 (+https://developers.facebook.com/docs/sharing/webmasters/crawler)"
52.167.144.19 - - [22/Jul/2025:18:43:00 +0700] "GET /drinks/whiskey/Y5293667213 HTTP/2" 200 0 "-" "Mozilla/5.0 AppleWebKit/537.36 (KHTML, like Gecko; compatible; bingbot/2.0; +http://www.bing.com/bingbot.htm) Chrome/116.0.1938.76 Safari/537.36"
57.141.2.14 - - [22/Jul/2025:18:43:02 +0700] "GET /fashion/watches/A5374059947 HTTP/2" 200 0 "-" "meta-externalagent/1.1 (+https://developers.facebook.com/docs/sharing/webmasters/crawler)"
57.141.2.3 - - [22/Jul/2025:18:43:03 +0700] "GET /beauty/body-oil/U5341699428 HTTP/2" 200 0 "-" "meta-externalagent/1.1 (+https://developers.facebook.com/docs/sharing/webmasters/crawler)"
57.141.2.5 - - [22/Jul/2025:18:43:03 +0700] "GET /db.php/shopdetail/bicycles-cars/J5303556881 HTTP/2" 200 39 "-" "meta-externalagent/1.1 (+https://developers.facebook.com/docs/sharing/webmasters/crawler)"
57.141.2.29 - - [22/Jul/2025:18:43:07 +0700] "GET /db.php/shopdetail/gardening-houseplants/D5383537692 HTTP/2" 200 39 "-" "meta-externalagent/1.1 (+https://developers.facebook.com/docs/sharing/webmasters/crawler)"
57.141.2.11 - - [22/Jul/2025:18:43:12 +0700] "GET /beauty/unisex-perfumes/S5323206175 HTTP/2" 200 0 "-" "meta-externalagent/1.1 (+https://developers.facebook.com/docs/sharing/webmasters/crawler)"
57.141.2.6 - - [22/Jul/2025:18:43:13 +0700] "GET /sports/marine-sports/C530311673 HTTP/2" 200 0 "-" "meta-externalagent/1.1 (+https://developers.facebook.com/docs/sharing/webmasters/crawler)"
57.141.2.13 - - [22/Jul/2025:18:43:19 +0700] "GET /home-appliances/fan-heaters/W5331529932 HTTP/2" 200 0 "-" "meta-externalagent/1.1 (+https://developers.facebook.com/docs/sharing/webmasters/crawler)"
57.141.2.20 - - [22/Jul/2025:18:43:34 +0700] "GET /tv/audio-equipment/K5301389393 HTTP/2" 200 0 "-" "meta-externalagent/1.1 (+https://developers.facebook.com/docs/sharing/webmasters/crawler)"
66.249.79.197 - - [22/Jul/2025:18:43:34 +0700] "GET /sports/golf/A5312621079 HTTP/1.1" 200 20595 "-" "Mozilla/5.0 (Linux; Android 6.0.1; Nexus 5X Build/MMB29P) AppleWebKit/537.36 (KHTML, like Gecko) Chrome/137.0.7151.103 Mobile Safari/537.36 (compatible; Googlebot/2.1; +http://www.google.com/bot.html)"
57.141.2.1 - - [22/Jul/2025:18:43:36 +0700] "GET /fashion/tops/Z5302220415 HTTP/2" 200 0 "-" "meta-externalagent/1.1 (+https://developers.facebook.com/docs/sharing/webmasters/crawler)"
40.77.167.152 - - [22/Jul/2025:18:43:39 +0700] "GET /outdoor/tents/N5342221850 HTTP/2" 200 0 "-" "Mozilla/5.0 AppleWebKit/537.36 (KHTML, like Gecko; compatible; bingbot/2.0; +http://www.bing.com/bingbot.htm) Chrome/116.0.1938.76 Safari/537.36"
57.141.2.24 - - [22/Jul/2025:18:43:47 +0700] "GET /smartphones/mobile-phones/X530582906 HTTP/2" 200 0 "-" "meta-externalagent/1.1 (+https://developers.facebook.com/docs/sharing/webmasters/crawler)"
57.141.2.25 - - [22/Jul/2025:18:43:52 +0700] "GET /hobbies/keyboard-instruments/I536538975 HTTP/2" 200 0 "-" "meta-externalagent/1.1 (+https://developers.facebook.com/docs/sharing/webmasters/crawler)"
57.141.2.20 - - [22/Jul/2025:18:43:53 +0700] "GET /cds/japanese-music/K533381660 HTTP/2" 200 0 "-" "meta-externalagent/1.1 (+https://developers.facebook.com/docs/sharing/webmasters/crawler)"
57.141.2.22 - - [22/Jul/2025:18:43:29 +0700] "GET /db.php/shopdetail/tickets-japanese-movies/T5382400746 HTTP/2" 200 39 "-" "meta-externalagent/1.1 (+https://developers.facebook.com/docs/sharing/webmasters/crawler)"
57.141.2.30 - - [22/Jul/2025:18:43:31 +0700] "GET /db.php/shopdetail/daily-necessities-bulk-sales/J5312076247 HTTP/2" 200 39 "-" "meta-externalagent/1.1 (+https://developers.facebook.com/docs/sharing/webmasters/crawler)"
57.141.2.15 - - [22/Jul/2025:18:43:35 +0700] "GET /games/nintendo/N5332546564 HTTP/2" 200 0 "-" "meta-externalagent/1.1 (+https://developers.facebook.com/docs/sharing/webmasters/crawler)"
57.141.2.14 - - [22/Jul/2025:18:43:38 +0700] "GET /smartphones/tablet/B5362853774 HTTP/2" 200 0 "-" "meta-externalagent/1.1 (+https://developers.facebook.com/docs/sharing/webmasters/crawler)"
52.167.144.158 - - [22/Jul/2025:18:43:40 +0700] "GET /tools/electric-hammers/I5361377590 HTTP/2" 200 0 "-" "Mozilla/5.0 AppleWebKit/537.36 (KHTML, like Gecko; compatible; bingbot/2.0; +http://www.bing.com/bingbot.htm) Chrome/116.0.1938.76 Safari/537.36"
66.249.79.197 - - [22/Jul/2025:18:43:41 +0700] "GET /motorcycles/cars/S5382031527 HTTP/1.1" 200 20549 "-" "Mozilla/5.0 (Linux; Android 6.0.1; Nexus 5X Build/MMB29P) AppleWebKit/537.36 (KHTML, like Gecko) Chrome/137.0.7151.103 Mobile Safari/537.36 (compatible; Googlebot/2.1; +http://www.google.com/bot.html)"
57.141.2.3 - - [22/Jul/2025:18:43:42 +0700] "GET /db.php/shopdetail/fashion-hats/R5292637676 HTTP/2" 200 39 "-" "meta-externalagent/1.1 (+https://developers.facebook.com/docs/sharing/webmasters/crawler)"
57.141.2.15 - - [22/Jul/2025:18:43:43 +0700] "GET /db.php/shopdetail/health-safety-shoes/H5343561463 HTTP/2" 200 39 "-" "meta-externalagent/1.1 (+https://developers.facebook.com/docs/sharing/webmasters/crawler)"
66.249.79.197 - - [22/Jul/2025:18:43:42 +0700] "GET /sports/golf/N5323410833 HTTP/1.1" 200 20503 "-" "Mozilla/5.0 (Linux; Android 6.0.1; Nexus 5X Build/MMB29P) AppleWebKit/537.36 (KHTML, like Gecko) Chrome/137.0.7151.103 Mobile Safari/537.36 (compatible; Googlebot/2.1; +http://www.google.com/bot.html)"
57.141.2.12 - - [22/Jul/2025:18:43:45 +0700] "GET /db.php/shopdetail/computers-smartphones/M5333387693 HTTP/2" 200 39 "-" "meta-externalagent/1.1 (+https://developers.facebook.com/docs/sharing/webmasters/crawler)"
57.141.2.20 - - [22/Jul/2025:18:43:49 +0700] "GET /sports/golf/Y5293375108 HTTP/2" 200 0 "-" "meta-externalagent/1.1 (+https://developers.facebook.com/docs/sharing/webmasters/crawler)"
57.141.2.21 - - [22/Jul/2025:18:43:59 +0700] "GET /drinks/food/L5293357427 HTTP/2" 200 0 "-" "meta-externalagent/1.1 (+https://developers.facebook.com/docs/sharing/webmasters/crawler)"
57.141.2.28 - - [22/Jul/2025:18:44:00 +0700] "GET /db.php/shopdetail/fashion-dresses/T532713678 HTTP/2" 200 39 "-" "meta-externalagent/1.1 (+https://developers.facebook.com/docs/sharing/webmasters/crawler)"
57.141.2.4 - - [22/Jul/2025:18:44:01 +0700] "GET /tablets/pc-parts/W533523706 HTTP/2" 200 0 "-" "meta-externalagent/1.1 (+https://developers.facebook.com/docs/sharing/webmasters/crawler)"
57.141.2.16 - - [22/Jul/2025:18:44:04 +0700] "GET /cosmetics/hair-irons/Z533501782 HTTP/2" 200 0 "-" "meta-externalagent/1.1 (+https://developers.facebook.com/docs/sharing/webmasters/crawler)"
57.141.2.23 - - [22/Jul/2025:18:44:07 +0700] "GET /musical-instruments/automobiles/N5353612080 HTTP/2" 200 0 "-" "meta-externalagent/1.1 (+https://developers.facebook.com/docs/sharing/webmasters/crawler)"
57.141.2.4 - - [22/Jul/2025:18:44:08 +0700] "GET /outdoor/fishing/T5293347981 HTTP/2" 200 0 "-" "meta-externalagent/1.1 (+https://developers.facebook.com/docs/sharing/webmasters/crawler)"
57.141.2.19 - - [22/Jul/2025:18:44:09 +0700] "GET /cameras/camera-accessories/C533329164 HTTP/2" 200 0 "-" "meta-externalagent/1.1 (+https://developers.facebook.com/docs/sharing/webmasters/crawler)"
57.141.2.28 - - [22/Jul/2025:18:43:51 +0700] "GET /interior/chairs/S5382119716 HTTP/2" 200 0 "-" "meta-externalagent/1.1 (+https://developers.facebook.com/docs/sharing/webmasters/crawler)"
57.141.2.4 - - [22/Jul/2025:18:43:53 +0700] "GET /db.php/shopdetail/cameras-audio-equipment/I5352051398 HTTP/2" 200 39 "-" "meta-externalagent/1.1 (+https://developers.facebook.com/docs/sharing/webmasters/crawler)"
57.141.2.9 - - [22/Jul/2025:18:43:53 +0700] "GET /db.php/shopdetail/daily-necessities-cooking-utensils/M5293700036 HTTP/2" 200 39 "-" "meta-externalagent/1.1 (+https://developers.facebook.com/docs/sharing/webmasters/crawler)"
57.141.2.17 - - [22/Jul/2025:18:43:55 +0700] "GET /cosmetics/body/N5344051579 HTTP/2" 200 0 "-" "meta-externalagent/1.1 (+https://developers.facebook.com/docs/sharing/webmasters/crawler)"
57.141.2.10 - - [22/Jul/2025:18:43:56 +0700] "GET /interior/sofa-beds/W5293640951 HTTP/2" 200 0 "-" "meta-externalagent/1.1 (+https://developers.facebook.com/docs/sharing/webmasters/crawler)"
57.141.2.22 - - [22/Jul/2025:18:43:57 +0700] "GET /db.php/shopdetail/hobbies-others/E5323164071 HTTP/2" 200 39 "-" "meta-externalagent/1.1 (+https://developers.facebook.com/docs/sharing/webmasters/crawler)"
66.249.79.197 - - [22/Jul/2025:18:43:56 +0700] "GET /tablets/macbooks/B5321360083 HTTP/1.1" 200 21407 "-" "Mozilla/5.0 (Linux; Android 6.0.1; Nexus 5X Build/MMB29P) AppleWebKit/537.36 (KHTML, like Gecko) Chrome/137.0.7151.103 Mobile Safari/537.36 (compatible; Googlebot/2.1; +http://www.google.com/bot.html)"
66.249.79.197 - - [22/Jul/2025:18:43:59 +0700] "GET /motorcycles/cars/D5342919553 HTTP/1.1" 200 20243 "-" "Mozilla/5.0 (Linux; Android 6.0.1; Nexus 5X Build/MMB29P) AppleWebKit/537.36 (KHTML, like Gecko) Chrome/137.0.7151.103 Mobile Safari/537.36 (compatible; Googlebot/2.1; +http://www.google.com/bot.html)"
57.141.2.14 - - [22/Jul/2025:18:44:02 +0700] "GET /db.php/shopdetail/smartphones-smartphones/E5312380704 HTTP/2" 200 39 "-" "meta-externalagent/1.1 (+https://developers.facebook.com/docs/sharing/webmasters/crawler)"
57.141.2.5 - - [22/Jul/2025:18:44:02 +0700] "GET /handicrafts/picture-shelves/N5303765803 HTTP/2" 200 0 "-" "meta-externalagent/1.1 (+https://developers.facebook.com/docs/sharing/webmasters/crawler)"
57.141.2.18 - - [22/Jul/2025:18:44:04 +0700] "GET /sports/wear/C5313147630 HTTP/2" 200 0 "-" "meta-externalagent/1.1 (+https://developers.facebook.com/docs/sharing/webmasters/crawler)"
66.249.79.197 - - [22/Jul/2025:18:44:04 +0700] "GET /tv/film-cameras/M5353970942 HTTP/1.1" 200 21188 "-" "Mozilla/5.0 (Linux; Android 6.0.1; Nexus 5X Build/MMB29P) AppleWebKit/537.36 (KHTML, like Gecko) Chrome/137.0.7151.103 Mobile Safari/537.36 (compatible; Googlebot/2.1; +http://www.google.com/bot.html)"
57.141.2.23 - - [22/Jul/2025:18:44:07 +0700] "GET /db.php/shopdetail/fashion-bags/O5311203141 HTTP/2" 200 39 "-" "meta-externalagent/1.1 (+https://developers.facebook.com/docs/sharing/webmasters/crawler)"
57.141.2.1 - - [22/Jul/2025:18:44:08 +0700] "GET /outdoor/rods/L5301827911 HTTP/2" 200 0 "-" "meta-externalagent/1.1 (+https://developers.facebook.com/docs/sharing/webmasters/crawler)"
57.141.2.2 - - [22/Jul/2025:18:44:08 +0700] "GET /cars/parts/V533497165 HTTP/2" 200 0 "-" "meta-externalagent/1.1 (+https://developers.facebook.com/docs/sharing/webmasters/crawler)"
66.249.79.197 - - [22/Jul/2025:18:44:09 +0700] "POST /get-message-notify HTTP/1.1" 200 20519 "https://shielddoor.vn/tv/film-cameras/M5353970942" "Mozilla/5.0 (Linux; Android 6.0.1; Nexus 5X Build/MMB29P) AppleWebKit/537.36 (KHTML, like Gecko) Chrome/137.0.7151.119 Mobile Safari/537.36 (compatible; Googlebot/2.1; +http://www.google.com/bot.html)"
57.141.2.14 - - [22/Jul/2025:18:44:12 +0700] "GET /fashion/tops/M5383928525 HTTP/2" 200 0 "-" "meta-externalagent/1.1 (+https://developers.facebook.com/docs/sharing/webmasters/crawler)"
57.141.2.29 - - [22/Jul/2025:18:44:17 +0700] "GET /fishing/lures/F5331822996 HTTP/2" 200 0 "-" "meta-externalagent/1.1 (+https://developers.facebook.com/docs/sharing/webmasters/crawler)"
57.141.2.8 - - [22/Jul/2025:18:43:57 +0700] "GET /fashion/womens/A5344048068 HTTP/2" 200 0 "-" "meta-externalagent/1.1 (+https://developers.facebook.com/docs/sharing/webmasters/crawler)"
57.141.2.22 - - [22/Jul/2025:18:43:57 +0700] "GET /food/whiskey/T529845660 HTTP/2" 200 0 "-" "meta-externalagent/1.1 (+https://developers.facebook.com/docs/sharing/webmasters/crawler)"
57.141.2.16 - - [22/Jul/2025:18:43:57 +0700] "GET /hobbies/equipment/Z537697621 HTTP/2" 200 0 "-" "meta-externalagent/1.1 (+https://developers.facebook.com/docs/sharing/webmasters/crawler)"
57.141.2.1 - - [22/Jul/2025:18:43:59 +0700] "GET /drinks/whiskey/X5312958505 HTTP/2" 200 0 "-" "meta-externalagent/1.1 (+https://developers.facebook.com/docs/sharing/webmasters/crawler)"
57.141.2.8 - - [22/Jul/2025:18:43:59 +0700] "GET /db.php/shopdetail/daily-necessities-tea-cups/E5333500485 HTTP/2" 200 39 "-" "meta-externalagent/1.1 (+https://developers.facebook.com/docs/sharing/webmasters/crawler)"
57.141.2.19 - - [22/Jul/2025:18:44:03 +0700] "GET /tools/power-tools/E5362322523 HTTP/2" 200 0 "-" "meta-externalagent/1.1 (+https://developers.facebook.com/docs/sharing/webmasters/crawler)"
57.141.2.12 - - [22/Jul/2025:18:44:06 +0700] "GET /outdoor/fishing/W5353573989 HTTP/2" 200 0 "-" "meta-externalagent/1.1 (+https://developers.facebook.com/docs/sharing/webmasters/crawler)"
57.141.2.7 - - [22/Jul/2025:18:44:07 +0700] "GET /tv/cameras/Z5331494850 HTTP/2" 200 0 "-" "meta-externalagent/1.1 (+https://developers.facebook.com/docs/sharing/webmasters/crawler)"
57.141.2.22 - - [22/Jul/2025:18:44:09 +0700] "GET /fishing/fishing/Y5343119878 HTTP/2" 200 0 "-" "meta-externalagent/1.1 (+https://developers.facebook.com/docs/sharing/webmasters/crawler)"
57.141.2.17 - - [22/Jul/2025:18:44:10 +0700] "GET /fashion/womens/L5301235633 HTTP/2" 200 0 "-" "meta-externalagent/1.1 (+https://developers.facebook.com/docs/sharing/webmasters/crawler)"
57.141.2.14 - - [22/Jul/2025:18:44:11 +0700] "GET /audio/audio-equipment/E5333098843 HTTP/2" 200 0 "-" "meta-externalagent/1.1 (+https://developers.facebook.com/docs/sharing/webmasters/crawler)"
57.141.2.13 - - [22/Jul/2025:18:44:11 +0700] "GET /games/others/A5371171950 HTTP/2" 200 0 "-" "meta-externalagent/1.1 (+https://developers.facebook.com/docs/sharing/webmasters/crawler)"
57.141.2.24 - - [22/Jul/2025:18:44:12 +0700] "GET /db.php/shopdetail/magazines-others/Z5344177294 HTTP/2" 200 39 "-" "meta-externalagent/1.1 (+https://developers.facebook.com/docs/sharing/webmasters/crawler)"
57.141.2.28 - - [22/Jul/2025:18:44:13 +0700] "GET /cars/motorcycle-wear/V5321013435 HTTP/2" 200 0 "-" "meta-externalagent/1.1 (+https://developers.facebook.com/docs/sharing/webmasters/crawler)"
57.141.2.30 - - [22/Jul/2025:18:44:14 +0700] "GET /db.php/shopdetail/tickets-sports/V5293662557 HTTP/2" 200 39 "-" "meta-externalagent/1.1 (+https://developers.facebook.com/docs/sharing/webmasters/crawler)"
57.141.2.4 - - [22/Jul/2025:18:44:21 +0700] "GET /db.php/shopdetail/motorcycles-parts/K5333571807 HTTP/2" 200 39 "-" "meta-externalagent/1.1 (+https://developers.facebook.com/docs/sharing/webmasters/crawler)"
66.249.79.197 - - [22/Jul/2025:18:44:20 +0700] "GET /flowers/houseplants/Z5332699995 HTTP/1.1" 200 20558 "-" "Mozilla/5.0 (Linux; Android 6.0.1; Nexus 5X Build/MMB29P) AppleWebKit/537.36 (KHTML, like Gecko) Chrome/137.0.7151.103 Mobile Safari/537.36 (compatible; Googlebot/2.1; +http://www.google.com/bot.html)"
57.141.2.18 - - [22/Jul/2025:18:44:23 +0700] "GET /art/guitars/R5332892491 HTTP/2" 200 0 "-" "meta-externalagent/1.1 (+https://developers.facebook.com/docs/sharing/webmasters/crawler)"
57.141.2.24 - - [22/Jul/2025:18:44:24 +0700] "GET /tickets/shopping/R5331475992 HTTP/2" 200 0 "-" "meta-externalagent/1.1 (+https://developers.facebook.com/docs/sharing/webmasters/crawler)"
57.141.2.3 - - [22/Jul/2025:18:44:27 +0700] "GET /db.php/shopdetail/drinks-drinks/J5293303608 HTTP/2" 200 39 "-" "meta-externalagent/1.1 (+https://developers.facebook.com/docs/sharing/webmasters/crawler)"
40.77.167.152 - - [22/Jul/2025:18:44:09 +0700] "GET /fashion/watches/J531727757 HTTP/2" 200 0 "-" "Mozilla/5.0 AppleWebKit/537.36 (KHTML, like Gecko; compatible; bingbot/2.0; +http://www.bing.com/bingbot.htm) Chrome/116.0.1938.76 Safari/537.36"
66.249.79.197 - - [22/Jul/2025:18:44:09 +0700] "GET /toys/sports/F5371663030 HTTP/1.1" 200 20264 "-" "Mozilla/5.0 (Linux; Android 6.0.1; Nexus 5X Build/MMB29P) AppleWebKit/537.36 (KHTML, like Gecko) Chrome/137.0.7151.103 Mobile Safari/537.36 (compatible; Googlebot/2.1; +http://www.google.com/bot.html)"
57.141.2.25 - - [22/Jul/2025:18:44:11 +0700] "GET /db.php/shopdetail/furniture-cabinet/C5332438717 HTTP/2" 200 39 "-" "meta-externalagent/1.1 (+https://developers.facebook.com/docs/sharing/webmasters/crawler)"
57.141.2.3 - - [22/Jul/2025:18:44:13 +0700] "GET /outdoor/reels/J538841296 HTTP/2" 200 0 "-" "meta-externalagent/1.1 (+https://developers.facebook.com/docs/sharing/webmasters/crawler)"
57.141.2.7 - - [22/Jul/2025:18:44:20 +0700] "GET /tools/paints/P5293919409 HTTP/2" 200 0 "-" "meta-externalagent/1.1 (+https://developers.facebook.com/docs/sharing/webmasters/crawler)"
66.249.79.197 - - [22/Jul/2025:18:44:27 +0700] "GET /sports/golf/R538529005 HTTP/1.1" 200 20469 "-" "Mozilla/5.0 (Linux; Android 6.0.1; Nexus 5X Build/MMB29P) AppleWebKit/537.36 (KHTML, like Gecko) Chrome/137.0.7151.103 Mobile Safari/537.36 (compatible; Googlebot/2.1; +http://www.google.com/bot.html)"
57.141.2.7 - - [22/Jul/2025:18:44:28 +0700] "GET /decor/seater-sofas/J535622984 HTTP/2" 200 0 "-" "meta-externalagent/1.1 (+https://developers.facebook.com/docs/sharing/webmasters/crawler)"
52.167.144.158 - - [22/Jul/2025:18:44:30 +0700] "GET /tablets/pc-parts/B5331092116 HTTP/2" 200 0 "-" "Mozilla/5.0 AppleWebKit/537.36 (KHTML, like Gecko; compatible; bingbot/2.0; +http://www.bing.com/bingbot.htm) Chrome/116.0.1938.76 Safari/537.36"
66.249.79.197 - - [22/Jul/2025:18:44:30 +0700] "POST /get-message-notify HTTP/1.1" 200 20496 "https://shielddoor.vn/tools/drills/O5331262120" "Mozilla/5.0 (Linux; Android 6.0.1; Nexus 5X Build/MMB29P) AppleWebKit/537.36 (KHTML, like Gecko) Chrome/137.0.7151.119 Mobile Safari/537.36 (compatible; Googlebot/2.1; +http://www.google.com/bot.html)"
57.141.2.5 - - [22/Jul/2025:18:44:32 +0700] "GET /decor/lighting/W5311932559 HTTP/2" 200 0 "-" "meta-externalagent/1.1 (+https://developers.facebook.com/docs/sharing/webmasters/crawler)"
57.141.2.17 - - [22/Jul/2025:18:44:33 +0700] "GET /fishing/hammocks/V5292686367 HTTP/2" 200 0 "-" "meta-externalagent/1.1 (+https://developers.facebook.com/docs/sharing/webmasters/crawler)"
66.249.79.197 - - [22/Jul/2025:18:44:32 +0700] "GET /sports/golf/V5351499889 HTTP/1.1" 200 20510 "-" "Mozilla/5.0 (Linux; Android 6.0.1; Nexus 5X Build/MMB29P) AppleWebKit/537.36 (KHTML, like Gecko) Chrome/137.0.7151.103 Mobile Safari/537.36 (compatible; Googlebot/2.1; +http://www.google.com/bot.html)"
57.141.2.9 - - [22/Jul/2025:18:44:35 +0700] "GET /db.php/shopdetail/food-cooking-ingredients/T5371298997 HTTP/2" 200 39 "-" "meta-externalagent/1.1 (+https://developers.facebook.com/docs/sharing/webmasters/crawler)"
57.141.2.13 - - [22/Jul/2025:18:44:35 +0700] "GET /db.php/shopdetail/handmade-accessories/D5374109522 HTTP/2" 200 39 "-" "meta-externalagent/1.1 (+https://developers.facebook.com/docs/sharing/webmasters/crawler)"
66.249.79.197 - - [22/Jul/2025:18:44:34 +0700] "POST /get-message-notify HTTP/1.1" 200 20504 "https://shielddoor.vn/flowers/houseplants/Z5332699995" "Mozilla/5.0 (Linux; Android 6.0.1; Nexus 5X Build/MMB29P) AppleWebKit/537.36 (KHTML, like Gecko) Chrome/137.0.7151.119 Mobile Safari/537.36 (compatible; Googlebot/2.1; +http://www.google.com/bot.html)"
57.141.2.30 - - [22/Jul/2025:18:44:36 +0700] "GET /handicrafts/photo-props/I5352342927 HTTP/2" 200 0 "-" "meta-externalagent/1.1 (+https://developers.facebook.com/docs/sharing/webmasters/crawler)"
57.141.2.5 - - [22/Jul/2025:18:44:39 +0700] "GET /computers/ipad-accessories/J5331341113 HTTP/2" 200 0 "-" "meta-externalagent/1.1 (+https://developers.facebook.com/docs/sharing/webmasters/crawler)"
57.141.2.5 - - [22/Jul/2025:18:44:17 +0700] "GET /handicrafts/fashion/A5314012882 HTTP/2" 200 0 "-" "meta-externalagent/1.1 (+https://developers.facebook.com/docs/sharing/webmasters/crawler)"
57.141.2.19 - - [22/Jul/2025:18:44:21 +0700] "GET /db.php/shopdetail/audio-camera-accessories/G5311125434 HTTP/2" 200 39 "-" "meta-externalagent/1.1 (+https://developers.facebook.com/docs/sharing/webmasters/crawler)"
66.249.79.197 - - [22/Jul/2025:18:44:21 +0700] "GET /computers/mobile-phone/C5383115874 HTTP/1.1" 200 21200 "-" "Mozilla/5.0 (Linux; Android 6.0.1; Nexus 5X Build/MMB29P) AppleWebKit/537.36 (KHTML, like Gecko) Chrome/137.0.7151.103 Mobile Safari/537.36 (compatible; Googlebot/2.1; +http://www.google.com/bot.html)"
57.141.2.4 - - [22/Jul/2025:18:44:27 +0700] "GET /db.php/shopdetail/hobbies-pa/S531999639 HTTP/2" 200 39 "-" "meta-externalagent/1.1 (+https://developers.facebook.com/docs/sharing/webmasters/crawler)"
57.141.2.30 - - [22/Jul/2025:18:44:28 +0700] "GET /db.php/shopdetail/cosmetics-shampoo/M5321770112 HTTP/2" 200 39 "-" "meta-externalagent/1.1 (+https://developers.facebook.com/docs/sharing/webmasters/crawler)"
57.141.2.19 - - [22/Jul/2025:18:44:29 +0700] "GET /tickets/sports/D5291557569 HTTP/2" 200 0 "-" "meta-externalagent/1.1 (+https://developers.facebook.com/docs/sharing/webmasters/crawler)"
57.141.2.9 - - [22/Jul/2025:18:44:31 +0700] "GET /fashion/pants/Y538861866 HTTP/2" 200 0 "-" "meta-externalagent/1.1 (+https://developers.facebook.com/docs/sharing/webmasters/crawler)"
57.141.2.24 - - [22/Jul/2025:18:44:31 +0700] "GET /furniture/desks/H5373100898 HTTP/2" 200 0 "-" "meta-externalagent/1.1 (+https://developers.facebook.com/docs/sharing/webmasters/crawler)"
57.141.2.29 - - [22/Jul/2025:18:44:32 +0700] "GET /bicycles/bicycles/C5332204491 HTTP/2" 200 0 "-" "meta-externalagent/1.1 (+https://developers.facebook.com/docs/sharing/webmasters/crawler)"
57.141.2.2 - - [22/Jul/2025:18:44:36 +0700] "GET /sports/golf/I5334237575 HTTP/2" 200 0 "-" "meta-externalagent/1.1 (+https://developers.facebook.com/docs/sharing/webmasters/crawler)"
57.141.2.30 - - [22/Jul/2025:18:44:38 +0700] "GET /art/equipment/T5352458340 HTTP/2" 200 0 "-" "meta-externalagent/1.1 (+https://developers.facebook.com/docs/sharing/webmasters/crawler)"
57.141.2.3 - - [22/Jul/2025:18:44:40 +0700] "GET /db.php/shopdetail/art-crafts/W5333741650 HTTP/2" 200 39 "-" "meta-externalagent/1.1 (+https://developers.facebook.com/docs/sharing/webmasters/crawler)"
57.141.2.27 - - [22/Jul/2025:18:44:42 +0700] "GET /db.php/shopdetail/blu-ray-japanese-music/Z5301591810 HTTP/2" 200 39 "-" "meta-externalagent/1.1 (+https://developers.facebook.com/docs/sharing/webmasters/crawler)"
57.141.2.3 - - [22/Jul/2025:18:44:44 +0700] "GET /outdoor/outdoors/E5373050533 HTTP/2" 200 0 "-" "meta-externalagent/1.1 (+https://developers.facebook.com/docs/sharing/webmasters/crawler)"
66.249.79.197 - - [22/Jul/2025:18:44:44 +0700] "GET /alcohol/whiskey/J5364237067 HTTP/1.1" 200 20838 "-" "Mozilla/5.0 (Linux; Android 6.0.1; Nexus 5X Build/MMB29P) AppleWebKit/537.36 (KHTML, like Gecko) Chrome/137.0.7151.103 Mobile Safari/537.36 (compatible; Googlebot/2.1; +http://www.google.com/bot.html)"
57.141.2.24 - - [22/Jul/2025:18:44:46 +0700] "GET /db.php/shopdetail/travel-supplies-clothing/H5372351672 HTTP/2" 200 39 "-" "meta-externalagent/1.1 (+https://developers.facebook.com/docs/sharing/webmasters/crawler)"
66.249.79.197 - - [22/Jul/2025:18:44:47 +0700] "GET /dvds/anime/I5301880573 HTTP/1.1" 200 21104 "-" "Mozilla/5.0 (Linux; Android 6.0.1; Nexus 5X Build/MMB29P) AppleWebKit/537.36 (KHTML, like Gecko) Chrome/137.0.7151.103 Mobile Safari/537.36 (compatible; Googlebot/2.1; +http://www.google.com/bot.html)"
66.249.79.197 - - [22/Jul/2025:18:45:02 +0700] "GET /motorcycles/bicycles/S5372872072 HTTP/1.1" 200 20558 "-" "Mozilla/5.0 (Linux; Android 6.0.1; Nexus 5X Build/MMB29P) AppleWebKit/537.36 (KHTML, like Gecko) Chrome/137.0.7151.103 Mobile Safari/537.36 (compatible; Googlebot/2.1; +http://www.google.com/bot.html)"
57.141.2.19 - - [22/Jul/2025:18:44:43 +0700] "GET /db.php/shopdetail/fashion-womens/A5372649384 HTTP/2" 200 39 "-" "meta-externalagent/1.1 (+https://developers.facebook.com/docs/sharing/webmasters/crawler)"
57.141.2.17 - - [22/Jul/2025:18:44:46 +0700] "GET /db.php/shopdetail/tv-zoom-lens/V5291598720 HTTP/2" 200 39 "-" "meta-externalagent/1.1 (+https://developers.facebook.com/docs/sharing/webmasters/crawler)"
57.141.2.7 - - [22/Jul/2025:18:44:47 +0700] "GET /interior/chairs/P5364163912 HTTP/2" 200 0 "-" "meta-externalagent/1.1 (+https://developers.facebook.com/docs/sharing/webmasters/crawler)"
57.141.2.14 - - [22/Jul/2025:18:44:47 +0700] "GET /air-conditioning/humidifiers/L5371891717 HTTP/2" 200 0 "-" "meta-externalagent/1.1 (+https://developers.facebook.com/docs/sharing/webmasters/crawler)"
57.141.2.7 - - [22/Jul/2025:18:44:47 +0700] "GET /diy/air-tools/C5352064223 HTTP/2" 200 0 "-" "meta-externalagent/1.1 (+https://developers.facebook.com/docs/sharing/webmasters/crawler)"
57.141.2.7 - - [22/Jul/2025:18:44:47 +0700] "GET /fashion/yukata/Q5333462370 HTTP/2" 200 0 "-" "meta-externalagent/1.1 (+https://developers.facebook.com/docs/sharing/webmasters/crawler)"
66.249.79.197 - - [22/Jul/2025:18:44:46 +0700] "GET /beauty/face-care/D5341510027 HTTP/1.1" 200 20275 "-" "Mozilla/5.0 (Linux; Android 6.0.1; Nexus 5X Build/MMB29P) AppleWebKit/537.36 (KHTML, like Gecko) Chrome/137.0.7151.103 Mobile Safari/537.36 (compatible; Googlebot/2.1; +http://www.google.com/bot.html)"
57.141.2.2 - - [22/Jul/2025:18:44:50 +0700] "GET /db.php/shopdetail/cosmetics-hair-removal/V5381131729 HTTP/2" 200 39 "-" "meta-externalagent/1.1 (+https://developers.facebook.com/docs/sharing/webmasters/crawler)"
66.249.79.198 - - [22/Jul/2025:18:44:49 +0700] "GET /home-appliances/vacuum-cleaners/I532472744 HTTP/1.1" 200 21072 "-" "Mozilla/5.0 (Linux; Android 6.0.1; Nexus 5X Build/MMB29P) AppleWebKit/537.36 (KHTML, like Gecko) Chrome/137.0.7151.103 Mobile Safari/537.36 (compatible; Googlebot/2.1; +http://www.google.com/bot.html)"
66.249.79.197 - - [22/Jul/2025:18:44:51 +0700] "GET /smartphones/smartphone/M536272422 HTTP/1.1" 200 20847 "-" "Mozilla/5.0 (Linux; Android 6.0.1; Nexus 5X Build/MMB29P) AppleWebKit/537.36 (KHTML, like Gecko) Chrome/137.0.7151.103 Mobile Safari/537.36 (compatible; Googlebot/2.1; +http://www.google.com/bot.html)"
66.249.79.198 - - [22/Jul/2025:18:44:54 +0700] "GET /bicycles/motorcycle-bodies/K5291409737 HTTP/1.1" 200 20591 "-" "Mozilla/5.0 (Linux; Android 6.0.1; Nexus 5X Build/MMB29P) AppleWebKit/537.36 (KHTML, like Gecko) Chrome/137.0.7151.103 Mobile Safari/537.36 (compatible; Googlebot/2.1; +http://www.google.com/bot.html)"
57.141.2.2 - - [22/Jul/2025:18:44:56 +0700] "GET /cds/japanese-music/J5372641261 HTTP/2" 200 0 "-" "meta-externalagent/1.1 (+https://developers.facebook.com/docs/sharing/webmasters/crawler)"
66.249.79.197 - - [22/Jul/2025:18:44:55 +0700] "GET /tools/cutting-tools/K5333771110 HTTP/1.1" 200 20637 "-" "Mozilla/5.0 (Linux; Android 6.0.1; Nexus 5X Build/MMB29P) AppleWebKit/537.36 (KHTML, like Gecko) Chrome/137.0.7151.103 Mobile Safari/537.36 (compatible; Googlebot/2.1; +http://www.google.com/bot.html)"
57.141.2.4 - - [22/Jul/2025:18:44:57 +0700] "GET /furniture/rugs/Y5332097695 HTTP/2" 200 0 "-" "meta-externalagent/1.1 (+https://developers.facebook.com/docs/sharing/webmasters/crawler)"
66.249.79.198 - - [22/Jul/2025:18:44:58 +0700] "GET /cars/cars/R5361324495 HTTP/1.1" 200 20714 "-" "Mozilla/5.0 (Linux; Android 6.0.1; Nexus 5X Build/MMB29P) AppleWebKit/537.36 (KHTML, like Gecko) Chrome/137.0.7151.103 Mobile Safari/537.36 (compatible; Googlebot/2.1; +http://www.google.com/bot.html)"
57.141.2.8 - - [22/Jul/2025:18:45:00 +0700] "GET /smartphones/pc-peripherals/Y529688948 HTTP/2" 200 0 "-" "meta-externalagent/1.1 (+https://developers.facebook.com/docs/sharing/webmasters/crawler)"
57.141.2.4 - - [22/Jul/2025:18:45:04 +0700] "GET /db.php/shopdetail/hobbies-crafts/Z534549000 HTTP/2" 200 39 "-" "meta-externalagent/1.1 (+https://developers.facebook.com/docs/sharing/webmasters/crawler)"
57.141.2.17 - - [22/Jul/2025:18:44:28 +0700] "GET /sports/tennis/C5291268606 HTTP/2" 200 0 "-" "meta-externalagent/1.1 (+https://developers.facebook.com/docs/sharing/webmasters/crawler)"
57.141.2.17 - - [22/Jul/2025:18:44:31 +0700] "GET /tickets/events/O533882480 HTTP/2" 200 0 "-" "meta-externalagent/1.1 (+https://developers.facebook.com/docs/sharing/webmasters/crawler)"
57.141.2.28 - - [22/Jul/2025:18:44:33 +0700] "GET /manga/boys-manga/J5343931279 HTTP/2" 200 0 "-" "meta-externalagent/1.1 (+https://developers.facebook.com/docs/sharing/webmasters/crawler)"
66.249.79.197 - - [22/Jul/2025:18:44:36 +0700] "GET /decor/racks/J5362412512 HTTP/1.1" 200 20571 "-" "Mozilla/5.0 (Linux; Android 6.0.1; Nexus 5X Build/MMB29P) AppleWebKit/537.36 (KHTML, like Gecko) Chrome/137.0.7151.103 Mobile Safari/537.36 (compatible; Googlebot/2.1; +http://www.google.com/bot.html)"
57.141.2.10 - - [22/Jul/2025:18:44:39 +0700] "GET /motorcycles/motorcycles/P5361559773 HTTP/2" 200 0 "-" "meta-externalagent/1.1 (+https://developers.facebook.com/docs/sharing/webmasters/crawler)"
57.141.2.5 - - [22/Jul/2025:18:44:41 +0700] "GET /smartphones/smartphones/W5321801059 HTTP/2" 200 0 "-" "meta-externalagent/1.1 (+https://developers.facebook.com/docs/sharing/webmasters/crawler)"
57.141.2.16 - - [22/Jul/2025:18:44:43 +0700] "GET /diet/massage/Y5361172152 HTTP/2" 200 0 "-" "meta-externalagent/1.1 (+https://developers.facebook.com/docs/sharing/webmasters/crawler)"
57.141.2.12 - - [22/Jul/2025:18:44:44 +0700] "GET /home-appliances/batteries/D5382700559 HTTP/2" 200 0 "-" "meta-externalagent/1.1 (+https://developers.facebook.com/docs/sharing/webmasters/crawler)"
57.141.2.12 - - [22/Jul/2025:18:44:45 +0700] "GET /db.php/shopdetail/fashion-accessories/J5342133573 HTTP/2" 200 39 "-" "meta-externalagent/1.1 (+https://developers.facebook.com/docs/sharing/webmasters/crawler)"
57.141.2.22 - - [22/Jul/2025:18:44:52 +0700] "GET /diy/sugar-content-meter/J535978813 HTTP/2" 200 0 "-" "meta-externalagent/1.1 (+https://developers.facebook.com/docs/sharing/webmasters/crawler)"
57.141.2.30 - - [22/Jul/2025:18:44:54 +0700] "GET /smartphones/smartphones/I5314036611 HTTP/2" 200 0 "-" "meta-externalagent/1.1 (+https://developers.facebook.com/docs/sharing/webmasters/crawler)"
57.141.2.5 - - [22/Jul/2025:18:44:55 +0700] "GET /fashion/watches/W5362154430 HTTP/2" 200 0 "-" "meta-externalagent/1.1 (+https://developers.facebook.com/docs/sharing/webmasters/crawler)"
57.141.2.9 - - [22/Jul/2025:18:45:00 +0700] "GET /flowers/snow-removal-supplies/K5293851158 HTTP/2" 200 0 "-" "meta-externalagent/1.1 (+https://developers.facebook.com/docs/sharing/webmasters/crawler)"
57.141.2.10 - - [22/Jul/2025:18:45:00 +0700] "GET /drinks/grains/H5382243893 HTTP/2" 200 0 "-" "meta-externalagent/1.1 (+https://developers.facebook.com/docs/sharing/webmasters/crawler)"
57.141.2.15 - - [22/Jul/2025:18:45:01 +0700] "GET /fashion/mens/Q5322817195 HTTP/2" 200 0 "-" "meta-externalagent/1.1 (+https://developers.facebook.com/docs/sharing/webmasters/crawler)"
57.141.2.13 - - [22/Jul/2025:18:45:06 +0700] "GET /diet/health-drinks/E5363934777 HTTP/2" 200 0 "-" "meta-externalagent/1.1 (+https://developers.facebook.com/docs/sharing/webmasters/crawler)"
57.141.2.27 - - [22/Jul/2025:18:45:07 +0700] "GET /db.php/shopdetail/musical-instruments-wind/T5301144331 HTTP/2" 200 39 "-" "meta-externalagent/1.1 (+https://developers.facebook.com/docs/sharing/webmasters/crawler)"
57.141.2.13 - - [22/Jul/2025:18:45:09 +0700] "GET /flowers/saplings/S534924276 HTTP/2" 200 0 "-" "meta-externalagent/1.1 (+https://developers.facebook.com/docs/sharing/webmasters/crawler)"
57.141.2.8 - - [22/Jul/2025:18:45:09 +0700] "GET /furniture/flower-stands/J536506142 HTTP/2" 200 0 "-" "meta-externalagent/1.1 (+https://developers.facebook.com/docs/sharing/webmasters/crawler)"
57.141.2.5 - - [22/Jul/2025:18:45:10 +0700] "GET /sports/women-clothing/Q5353989731 HTTP/2" 200 0 "-" "meta-externalagent/1.1 (+https://developers.facebook.com/docs/sharing/webmasters/crawler)"
57.141.2.4 - - [22/Jul/2025:18:45:04 +0700] "GET /diet/hygiene/P5333017453 HTTP/2" 200 0 "-" "meta-externalagent/1.1 (+https://developers.facebook.com/docs/sharing/webmasters/crawler)"
216.73.216.33 - - [22/Jul/2025:18:45:03 +0700] "GET /sitemap-5.xml HTTP/2" 200 33605 "-" "Mozilla/5.0 AppleWebKit/537.36 (KHTML, like Gecko; compatible; ClaudeBot/1.0; +claudebot@anthropic.com)"
57.141.2.6 - - [22/Jul/2025:18:45:05 +0700] "GET /daily-necessities/bulk-sales/R5382199930 HTTP/2" 200 0 "-" "meta-externalagent/1.1 (+https://developers.facebook.com/docs/sharing/webmasters/crawler)"
57.141.2.30 - - [22/Jul/2025:18:45:05 +0700] "GET /db.php/shopdetail/bicycles-tires/U531276727 HTTP/2" 200 39 "-" "meta-externalagent/1.1 (+https://developers.facebook.com/docs/sharing/webmasters/crawler)"
57.141.2.25 - - [22/Jul/2025:18:45:06 +0700] "GET /fashion/womens/J5323779341 HTTP/2" 200 0 "-" "meta-externalagent/1.1 (+https://developers.facebook.com/docs/sharing/webmasters/crawler)"
57.141.2.10 - - [22/Jul/2025:18:45:08 +0700] "GET /art/cosplay/E5382534724 HTTP/2" 200 0 "-" "meta-externalagent/1.1 (+https://developers.facebook.com/docs/sharing/webmasters/crawler)"
57.141.2.1 - - [22/Jul/2025:18:45:11 +0700] "GET /sports/others/B5311186352 HTTP/2" 200 0 "-" "meta-externalagent/1.1 (+https://developers.facebook.com/docs/sharing/webmasters/crawler)"
57.141.2.27 - - [22/Jul/2025:18:45:16 +0700] "GET /fashion/womens/C5302223506 HTTP/2" 200 0 "-" "meta-externalagent/1.1 (+https://developers.facebook.com/docs/sharing/webmasters/crawler)"
57.141.2.13 - - [22/Jul/2025:18:45:17 +0700] "GET /fashion/womens/G535697883 HTTP/2" 200 0 "-" "meta-externalagent/1.1 (+https://developers.facebook.com/docs/sharing/webmasters/crawler)"
57.141.2.15 - - [22/Jul/2025:18:45:19 +0700] "GET /motorcycles/parts/V5363592818 HTTP/2" 200 0 "-" "meta-externalagent/1.1 (+https://developers.facebook.com/docs/sharing/webmasters/crawler)"
66.249.79.197 - - [22/Jul/2025:18:45:21 +0700] "GET /food/shochu/T5291639977 HTTP/1.1" 200 20364 "-" "Mozilla/5.0 (Linux; Android 6.0.1; Nexus 5X Build/MMB29P) AppleWebKit/537.36 (KHTML, like Gecko) Chrome/137.0.7151.103 Mobile Safari/537.36 (compatible; Googlebot/2.1; +http://www.google.com/bot.html)"
57.141.2.5 - - [22/Jul/2025:18:45:22 +0700] "GET /tablets/mobile-phone/X5311271068 HTTP/2" 200 0 "-" "meta-externalagent/1.1 (+https://developers.facebook.com/docs/sharing/webmasters/crawler)"
57.141.2.19 - - [22/Jul/2025:18:45:25 +0700] "GET /db.php/shopdetail/food-drinks/G5332433638 HTTP/2" 200 39 "-" "meta-externalagent/1.1 (+https://developers.facebook.com/docs/sharing/webmasters/crawler)"
66.249.79.197 - - [22/Jul/2025:18:45:25 +0700] "GET /audio/audio-equipment/H5292499998 HTTP/1.1" 200 20358 "-" "Mozilla/5.0 (Linux; Android 6.0.1; Nexus 5X Build/MMB29P) AppleWebKit/537.36 (KHTML, like Gecko) Chrome/137.0.7151.103 Mobile Safari/537.36 (compatible; Googlebot/2.1; +http://www.google.com/bot.html)"
66.249.79.197 - - [22/Jul/2025:18:45:28 +0700] "GET /computers/tablet/G5293604457 HTTP/1.1" 200 20518 "-" "Mozilla/5.0 (Linux; Android 6.0.1; Nexus 5X Build/MMB29P) AppleWebKit/537.36 (KHTML, like Gecko) Chrome/137.0.7151.103 Mobile Safari/537.36 (compatible; Googlebot/2.1; +http://www.google.com/bot.html)"
66.249.79.197 - - [22/Jul/2025:18:45:30 +0700] "POST /get-message-notify HTTP/1.1" 200 20503 "https://shielddoor.vn/audio/audio-equipment/H5292499998" "Mozilla/5.0 (Linux; Android 6.0.1; Nexus 5X Build/MMB29P) AppleWebKit/537.36 (KHTML, like Gecko) Chrome/137.0.7151.119 Mobile Safari/537.36 (compatible; Googlebot/2.1; +http://www.google.com/bot.html)"
52.167.144.19 - - [22/Jul/2025:18:45:32 +0700] "GET /tools/caulking/X5292579278 HTTP/2" 200 0 "-" "Mozilla/5.0 AppleWebKit/537.36 (KHTML, like Gecko; compatible; bingbot/2.0; +http://www.bing.com/bingbot.htm) Chrome/116.0.1938.76 Safari/537.36"
57.141.2.29 - - [22/Jul/2025:18:45:03 +0700] "GET /musical-instruments/guitars/R5382622818 HTTP/2" 200 0 "-" "meta-externalagent/1.1 (+https://developers.facebook.com/docs/sharing/webmasters/crawler)"
57.141.2.5 - - [22/Jul/2025:18:45:03 +0700] "GET /pet-supplies/dog-supplies/A5344097985 HTTP/2" 200 0 "-" "meta-externalagent/1.1 (+https://developers.facebook.com/docs/sharing/webmasters/crawler)"
66.249.79.197 - - [22/Jul/2025:18:45:04 +0700] "GET /cosmetics/serums/H5353300641 HTTP/1.1" 200 21124 "-" "Mozilla/5.0 (Linux; Android 6.0.1; Nexus 5X Build/MMB29P) AppleWebKit/537.36 (KHTML, like Gecko) Chrome/137.0.7151.103 Mobile Safari/537.36 (compatible; Googlebot/2.1; +http://www.google.com/bot.html)"
66.249.79.197 - - [22/Jul/2025:18:45:05 +0700] "POST /get-message-notify HTTP/1.1" 200 20479 "https://shielddoor.vn/home-appliances/vacuum-cleaners/I532472744" "Mozilla/5.0 (Linux; Android 6.0.1; Nexus 5X Build/MMB29P) AppleWebKit/537.36 (KHTML, like Gecko) Chrome/137.0.7151.119 Mobile Safari/537.36 (compatible; Googlebot/2.1; +http://www.google.com/bot.html)"
57.141.2.6 - - [22/Jul/2025:18:45:10 +0700] "GET /furniture/interior/J5352127667 HTTP/2" 200 0 "-" "meta-externalagent/1.1 (+https://developers.facebook.com/docs/sharing/webmasters/crawler)"
57.141.2.8 - - [22/Jul/2025:18:45:12 +0700] "GET /db.php/shopdetail/cds-asia/Y530913167 HTTP/2" 200 39 "-" "meta-externalagent/1.1 (+https://developers.facebook.com/docs/sharing/webmasters/crawler)"
57.141.2.3 - - [22/Jul/2025:18:45:14 +0700] "GET /db.php/shopdetail/cameras-cameras/P5374162768 HTTP/2" 200 39 "-" "meta-externalagent/1.1 (+https://developers.facebook.com/docs/sharing/webmasters/crawler)"
66.249.79.197 - - [22/Jul/2025:18:45:13 +0700] "GET /smartphones/notebook/L5292693155 HTTP/1.1" 200 21915 "-" "Mozilla/5.0 (Linux; Android 6.0.1; Nexus 5X Build/MMB29P) AppleWebKit/537.36 (KHTML, like Gecko) Chrome/137.0.7151.103 Mobile Safari/537.36 (compatible; Googlebot/2.1; +http://www.google.com/bot.html)"
57.141.2.5 - - [22/Jul/2025:18:45:15 +0700] "GET /smartphones/mobile-phone/A5333792712 HTTP/2" 200 0 "-" "meta-externalagent/1.1 (+https://developers.facebook.com/docs/sharing/webmasters/crawler)"
57.141.2.28 - - [22/Jul/2025:18:45:17 +0700] "GET /beauty/hair-dryers/X5373503476 HTTP/2" 200 0 "-" "meta-externalagent/1.1 (+https://developers.facebook.com/docs/sharing/webmasters/crawler)"
57.141.2.19 - - [22/Jul/2025:18:45:18 +0700] "GET /tickets/discount-coupons/I534427337 HTTP/2" 200 0 "-" "meta-externalagent/1.1 (+https://developers.facebook.com/docs/sharing/webmasters/crawler)"
57.141.2.26 - - [22/Jul/2025:18:45:21 +0700] "GET /drinks/food/R5372919886 HTTP/2" 200 0 "-" "meta-externalagent/1.1 (+https://developers.facebook.com/docs/sharing/webmasters/crawler)"
57.141.2.11 - - [22/Jul/2025:18:45:23 +0700] "GET /db.php/shopdetail/cars-car-audio/A5354038121 HTTP/2" 200 39 "-" "meta-externalagent/1.1 (+https://developers.facebook.com/docs/sharing/webmasters/crawler)"
57.141.2.17 - - [22/Jul/2025:18:45:24 +0700] "GET /db.php/shopdetail/art-rrt/G529381308 HTTP/2" 200 39 "-" "meta-externalagent/1.1 (+https://developers.facebook.com/docs/sharing/webmasters/crawler)"
57.141.2.27 - - [22/Jul/2025:18:45:25 +0700] "GET /interior/interior/L5342068207 HTTP/2" 200 0 "-" "meta-externalagent/1.1 (+https://developers.facebook.com/docs/sharing/webmasters/crawler)"
57.141.2.5 - - [22/Jul/2025:18:45:26 +0700] "GET /db.php/shopdetail/tools-drilling/F5303983177 HTTP/2" 200 39 "-" "meta-externalagent/1.1 (+https://developers.facebook.com/docs/sharing/webmasters/crawler)"
57.141.2.16 - - [22/Jul/2025:18:45:29 +0700] "GET /db.php/shopdetail/sports-futsal/B5301000656 HTTP/2" 200 39 "-" "meta-externalagent/1.1 (+https://developers.facebook.com/docs/sharing/webmasters/crawler)"
57.141.2.11 - - [22/Jul/2025:18:45:33 +0700] "GET /daily-necessities/bulk-sales/L5381733614 HTTP/2" 200 0 "-" "meta-externalagent/1.1 (+https://developers.facebook.com/docs/sharing/webmasters/crawler)"
57.141.2.4 - - [22/Jul/2025:18:40:21 +0700] "GET /alcohol/shochu/W5342346455 HTTP/2" 200 0 "-" "meta-externalagent/1.1 (+https://developers.facebook.com/docs/sharing/webmasters/crawler)"
66.249.79.199 - - [22/Jul/2025:18:40:22 +0700] "GET /diet/aroma-pots/U5343566299 HTTP/1.1" 200 20272 "-" "Mozilla/5.0 (Linux; Android 6.0.1; Nexus 5X Build/MMB29P) AppleWebKit/537.36 (KHTML, like Gecko) Chrome/137.0.7151.103 Mobile Safari/537.36 (compatible; Googlebot/2.1; +http://www.google.com/bot.html)"
66.249.79.198 - - [22/Jul/2025:18:40:22 +0700] "POST /get-message-notify HTTP/1.1" 200 20531 "https://shielddoor.vn/food/alcohol/L5322902458" "Mozilla/5.0 (Linux; Android 6.0.1; Nexus 5X Build/MMB29P) AppleWebKit/537.36 (KHTML, like Gecko) Chrome/137.0.7151.119 Mobile Safari/537.36 (compatible; Googlebot/2.1; +http://www.google.com/bot.html)"
57.141.2.10 - - [22/Jul/2025:18:40:23 +0700] "GET /goods/tapestry/F5303592215 HTTP/2" 200 0 "-" "meta-externalagent/1.1 (+https://developers.facebook.com/docs/sharing/webmasters/crawler)"
66.249.79.198 - - [22/Jul/2025:18:40:24 +0700] "GET /health/vitamins/B529865702 HTTP/1.1" 200 20625 "-" "Mozilla/5.0 (Linux; Android 6.0.1; Nexus 5X Build/MMB29P) AppleWebKit/537.36 (KHTML, like Gecko) Chrome/137.0.7151.103 Mobile Safari/537.36 (compatible; Googlebot/2.1; +http://www.google.com/bot.html)"
57.141.2.13 - - [22/Jul/2025:18:40:25 +0700] "GET /sports/golf/G5354080385 HTTP/2" 200 0 "-" "meta-externalagent/1.1 (+https://developers.facebook.com/docs/sharing/webmasters/crawler)"
66.249.79.199 - - [22/Jul/2025:18:40:25 +0700] "POST /get-message-notify HTTP/1.1" 200 20497 "https://shielddoor.vn/games/pokemon-card-games/D5292095378" "Mozilla/5.0 (Linux; Android 6.0.1; Nexus 5X Build/MMB29P) AppleWebKit/537.36 (KHTML, like Gecko) Chrome/137.0.7151.119 Mobile Safari/537.36 (compatible; Googlebot/2.1; +http://www.google.com/bot.html)"
57.141.2.6 - - [22/Jul/2025:18:40:29 +0700] "GET /tablets/mobile-phone/K5371165082 HTTP/2" 200 0 "-" "meta-externalagent/1.1 (+https://developers.facebook.com/docs/sharing/webmasters/crawler)"
57.141.2.13 - - [22/Jul/2025:18:40:29 +0700] "GET /fashion/womens/N534284084 HTTP/2" 200 0 "-" "meta-externalagent/1.1 (+https://developers.facebook.com/docs/sharing/webmasters/crawler)"
57.141.2.29 - - [22/Jul/2025:18:40:42 +0700] "GET /drinks/whiskey/X534928764 HTTP/2" 200 0 "-" "meta-externalagent/1.1 (+https://developers.facebook.com/docs/sharing/webmasters/crawler)"
57.141.2.4 - - [22/Jul/2025:18:40:43 +0700] "GET /tools/air-tools/D5362010763 HTTP/2" 200 0 "-" "meta-externalagent/1.1 (+https://developers.facebook.com/docs/sharing/webmasters/crawler)"
66.249.79.197 - - [22/Jul/2025:18:40:43 +0700] "GET /computers/windows-notebooks/E5341223741 HTTP/1.1" 200 20915 "-" "Mozilla/5.0 (Linux; Android 6.0.1; Nexus 5X Build/MMB29P) AppleWebKit/537.36 (KHTML, like Gecko) Chrome/137.0.7151.103 Mobile Safari/537.36 (compatible; Googlebot/2.1; +http://www.google.com/bot.html)"
57.141.2.15 - - [22/Jul/2025:18:40:41 +0700] "GET /home-appliances/appliances/K5381269596 HTTP/2" 200 0 "-" "meta-externalagent/1.1 (+https://developers.facebook.com/docs/sharing/webmasters/crawler)"
66.249.79.197 - - [22/Jul/2025:18:45:32 +0700] "GET /flowers/houseplants/O537965643 HTTP/1.1" 200 20570 "-" "Mozilla/5.0 (Linux; Android 6.0.1; Nexus 5X Build/MMB29P) AppleWebKit/537.36 (KHTML, like Gecko) Chrome/137.0.7151.103 Mobile Safari/537.36 (compatible; Googlebot/2.1; +http://www.google.com/bot.html)"
66.249.79.197 - - [22/Jul/2025:18:45:34 +0700] "GET /audio/cameras/C535752179 HTTP/1.1" 200 20950 "-" "Mozilla/5.0 (Linux; Android 6.0.1; Nexus 5X Build/MMB29P) AppleWebKit/537.36 (KHTML, like Gecko) Chrome/137.0.7151.103 Mobile Safari/537.36 (compatible; Googlebot/2.1; +http://www.google.com/bot.html)"
57.141.2.25 - - [22/Jul/2025:18:45:35 +0700] "GET /db.php/shopdetail/tablets-ipads/D5342362639 HTTP/2" 200 39 "-" "meta-externalagent/1.1 (+https://developers.facebook.com/docs/sharing/webmasters/crawler)"
57.141.2.14 - - [22/Jul/2025:18:45:36 +0700] "GET /db.php/shopdetail/fashion-mens/P5362338469 HTTP/2" 200 39 "-" "meta-externalagent/1.1 (+https://developers.facebook.com/docs/sharing/webmasters/crawler)"
66.249.79.197 - - [22/Jul/2025:18:45:35 +0700] "GET /alcohol/rice/E5292791930 HTTP/1.1" 200 20306 "-" "Mozilla/5.0 (Linux; Android 6.0.1; Nexus 5X Build/MMB29P) AppleWebKit/537.36 (KHTML, like Gecko) Chrome/137.0.7151.103 Mobile Safari/537.36 (compatible; Googlebot/2.1; +http://www.google.com/bot.html)"
40.77.167.152 - - [22/Jul/2025:18:45:38 +0700] "GET /hallettsvilleaug.xml HTTP/2" 200 33761 "-" "Mozilla/5.0 AppleWebKit/537.36 (KHTML, like Gecko; compatible; bingbot/2.0; +http://www.bing.com/bingbot.htm) Chrome/116.0.1938.76 Safari/537.36"
57.141.2.28 - - [22/Jul/2025:18:45:42 +0700] "GET /db.php/shopdetail/books-celebrity-photo-books/L5361325536 HTTP/2" 200 39 "-" "meta-externalagent/1.1 (+https://developers.facebook.com/docs/sharing/webmasters/crawler)"
40.77.167.152 - - [22/Jul/2025:18:45:40 +0700] "GET /antigenicallypki.xml HTTP/2" 200 33699 "-" "Mozilla/5.0 AppleWebKit/537.36 (KHTML, like Gecko; compatible; bingbot/2.0; +http://www.bing.com/bingbot.htm) Chrome/116.0.1938.76 Safari/537.36"
57.141.2.5 - - [22/Jul/2025:18:45:42 +0700] "GET /cars/parts/D5383412135 HTTP/2" 200 0 "-" "meta-externalagent/1.1 (+https://developers.facebook.com/docs/sharing/webmasters/crawler)"
57.141.2.25 - - [22/Jul/2025:18:45:42 +0700] "GET /cds/dvd/K529302376 HTTP/2" 200 0 "-" "meta-externalagent/1.1 (+https://developers.facebook.com/docs/sharing/webmasters/crawler)"
57.141.2.15 - - [22/Jul/2025:18:45:42 +0700] "GET /db.php/shopdetail/tickets-amusement-parks/I5293039974 HTTP/2" 200 39 "-" "meta-externalagent/1.1 (+https://developers.facebook.com/docs/sharing/webmasters/crawler)"
57.141.2.17 - - [22/Jul/2025:18:45:43 +0700] "GET /fashion/womens/P5344076620 HTTP/2" 200 0 "-" "meta-externalagent/1.1 (+https://developers.facebook.com/docs/sharing/webmasters/crawler)"
52.167.144.19 - - [22/Jul/2025:18:45:42 +0700] "GET /diabetidcoz.xml HTTP/2" 200 33630 "-" "Mozilla/5.0 AppleWebKit/537.36 (KHTML, like Gecko; compatible; bingbot/2.0; +http://www.bing.com/bingbot.htm) Chrome/116.0.1938.76 Safari/537.36"
40.77.167.152 - - [22/Jul/2025:18:45:42 +0700] "GET /diazoaminige.xml HTTP/2" 200 33840 "-" "Mozilla/5.0 AppleWebKit/537.36 (KHTML, like Gecko; compatible; bingbot/2.0; +http://www.bing.com/bingbot.htm) Chrome/116.0.1938.76 Safari/537.36"
57.141.2.8 - - [22/Jul/2025:18:45:45 +0700] "GET /fashion/yukata/P535463634 HTTP/2" 200 0 "-" "meta-externalagent/1.1 (+https://developers.facebook.com/docs/sharing/webmasters/crawler)"
57.141.2.16 - - [22/Jul/2025:18:45:45 +0700] "GET /toys/character/M534274457 HTTP/2" 200 0 "-" "meta-externalagent/1.1 (+https://developers.facebook.com/docs/sharing/webmasters/crawler)"
57.141.2.23 - - [22/Jul/2025:18:45:45 +0700] "GET /fashion/jackets/F5291926840 HTTP/2" 200 0 "-" "meta-externalagent/1.1 (+https://developers.facebook.com/docs/sharing/webmasters/crawler)"
52.167.144.19 - - [22/Jul/2025:18:45:44 +0700] "GET /fkrisoni.xml HTTP/2" 200 33824 "-" "Mozilla/5.0 AppleWebKit/537.36 (KHTML, like Gecko; compatible; bingbot/2.0; +http://www.bing.com/bingbot.htm) Chrome/116.0.1938.76 Safari/537.36"
57.141.2.29 - - [22/Jul/2025:18:45:34 +0700] "GET /food/alcohol/C5302243518 HTTP/2" 200 0 "-" "meta-externalagent/1.1 (+https://developers.facebook.com/docs/sharing/webmasters/crawler)"
57.141.2.15 - - [22/Jul/2025:18:45:35 +0700] "GET /cars/tires/S5332337196 HTTP/2" 200 0 "-" "meta-externalagent/1.1 (+https://developers.facebook.com/docs/sharing/webmasters/crawler)"
